{"id":218,"date":"2016-10-28T13:34:47","date_gmt":"2016-10-28T11:34:47","guid":{"rendered":"https:\/\/wl.heimpixel.de\/osterstrasse\/fairer-handel\/"},"modified":"2026-01-30T13:14:09","modified_gmt":"2026-01-30T12:14:09","slug":"fairer-handel","status":"publish","type":"page","link":"https:\/\/weltlaeden.de\/osterstrasse\/fairer-handel\/","title":{"rendered":"Fairer Handel"},"content":{"rendered":"<div class=\"wpb-content-wrapper\"><p>[vc_row][vc_column]<div class=\"wl_einzelbild\"><p><img loading=\"lazy\" decoding=\"async\" class=\"alignnone size-full wp-image-nsm-3-15\" src=\"https:\/\/weltlaeden.de\/osterstrasse\/wp-content\/uploads\/sites\/3\/2016\/11\/FairerHandel_ElPuente_Fingerpuppen_EccoExe_Peru.jpg\" alt=\"\" width=\"1200\" height=\"519\" \/><\/p><\/div>[\/vc_column][\/vc_row][vc_row][vc_column][vc_empty_space][vc_column_text]<\/p>\n<h1>Fairer Handel<\/h1>\n<p>[\/vc_column_text][vc_column_text]<\/p>\n<div class=\"wpb_text_column wpb_content_element \">\n<div class=\"wpb_wrapper\">\n<p>Fairer Handel steht f\u00fcr ein w\u00fcrdevolles und selbstbestimmtes Leben aller Menschen. Wir beziehen unsere Produkte ausschlie\u00dflich von anerkannten Fair-Handels-Importeuren, die auf die Einhaltung der Fair-Handels-Kriterien der <a href=\"https:\/\/wfto.com\/\">World Fair Trade Organization (WFTO)<\/a> \u00fcberpr\u00fcft werden. Die komplette Lieferkette ist transparent und daher nachvollziehbar. Im Weltladen steht der Mensch im Mittelpunkt.<\/p>\n<\/div>\n<\/div>\n<p>[\/vc_column_text][vc_empty_space]<blockquote class=\"h4-size shortcode-blockquote\"><h2><span style=\"color: #ff9900\"><em>\u201eMenschenrechte, W\u00fcrde und Gerechtigkeit sind das Herzst\u00fcck unserer Unternehmen.\u201c<\/em><\/span><\/h2>\n<p style=\"text-align: right\"><em>(Roopa Mehta aus Indien, ehem. Pr\u00e4sidentin der WFTO)<\/em><\/p>\n<p>&nbsp;<\/p>\n<p>[\/vc_column][\/vc_row][vc_row][vc_column][vc_empty_space][vc_column_text]<\/p>\n<h2><span style=\"color: #000000\">Fairer Handel der Weltl\u00e4den<\/span><\/h2>\n<p>[\/vc_column_text][vc_column_text]Au\u00dfer dem Weltladen Osterstrasse gibt es mehrere Weltl\u00e4den in Hamburg. Sie sind zum Teil unabh\u00e4ngig, teils bei einzelnen Kirchen angesiedelt.<\/p>\n<p><a href=\"https:\/\/weltlaeden.de\/bergedorf\/\"><span style=\"color: #ff9900\">Weltladen Bergedorf<\/span><\/a><\/p>\n<p><span style=\"color: #ff9900\"><a style=\"color: #ff9900\" href=\"https:\/\/weltlaeden.de\/ottensen\/\">Weltladen Ottensen<\/a><\/span><\/p>\n<p><span style=\"color: #ff9900\"><a style=\"color: #ff9900\" href=\"https:\/\/weltlaeden.de\/harburg\/\">Weltladen Harburg<\/a><\/span><\/p>\n<p><span style=\"color: #ff9900\"><a style=\"color: #ff9900\" href=\"https:\/\/weltlaeden.de\/norderstedt\/\">Weltladen Norderstedt<\/a><\/span><\/p>\n<p><span style=\"color: #ff9900\"><a style=\"color: #ff9900\" href=\"https:\/\/www.bramfelderlaterne.de\/\">Bramfelder Laterne<\/a><\/span><\/p>\n<p><span style=\"color: #ff9900\"><a style=\"color: #ff9900\" href=\"http:\/\/www.weltladen-und-cafe-sasel.de\/\">Vicelin-Kirche Weltladen-Kaffee Sasel<\/a><\/span><\/p>\n<p><span style=\"color: #ff9900\"><a style=\"color: #ff9900\" href=\"https:\/\/www.neugraben-fairaendern.de\/\">Fairkauf Neugraben<\/a><\/span><\/p>\n<p><span style=\"color: #ff9900\"><a style=\"color: #ff9900\" href=\"https:\/\/www.johannesgemeinde.de\/erleben\/eine-welt\">Johannesgemeinde, Rissen<\/a><\/span><\/p>\n<p>&nbsp;<\/p>\n<h3>Der Faire Handel der Weltl\u00e4den beruht auf drei S\u00e4ulen.<\/h3>\n<p><strong>Handel mit Produkten:<\/strong> Der\u00a0Verkauf\u00a0fair gehandelter Produkte verbessert das Leben f\u00fcr die Handelspartner*innen.<\/p>\n<p><strong>Bildung und \u00d6ffentlichkeitsarbeit:<\/strong> Weltl\u00e4den f\u00f6rdern entwicklungspolitisches Bewusstsein und verantwortungsvollen Konsum. Sie thematisieren Fragen des Welthandels und andere relevante Inhalte wie z.B. Ern\u00e4hrungssicherheit und Klimawandel.<\/p>\n<p><strong>Politische Arbeit:<\/strong> Durch Kampagnen und Dialog mit Politik und Wirtschaft ver\u00e4ndern Weltl\u00e4den\u00a0die Rahmenbedingungen f\u00fcr Menschen im Globalen S\u00fcden.<\/p>\n<p>Die <a href=\"https:\/\/www.weltladen.de\/site\/assets\/matterial\/document\/37\/version\/2428\/attachment\/2023-11%20WFTO%20Prinzipien_deutsche%20Fassung.pdf\">Konvention der Weltl\u00e4den<\/a> definiert den Fairen Handel der Weltl\u00e4den und die Anspr\u00fcche an alle, die an diesem Handel beteiligt sind, d.h. sowohl an die Weltl\u00e4den selbst als auch an die anerkannten Fair-Handels-Importorganisation und die Produzent*innen.[\/vc_column_text][vc_empty_space]<blockquote class=\"h4-size shortcode-blockquote\"><\/blockquote><\/p>\n<h2><span style=\"color: #ff9900\"><em>Fairer Handel ist die bewusste Entscheidung f\u00fcr Mensch und Umwelt. Wir setzen uns ein f\u00fcr einen globalen Wandel \u2013 nicht nur mit Produkten, sondern mit Perspektiven. Soziales Miteinander und Solidarit\u00e4t sind uns eine Herzensangelegenheit.<\/em><\/span><\/h2>\n<\/blockquote>[\/vc_column][\/vc_row][vc_row][vc_column][vc_empty_space][vc_column_text]<\/p>\n<h2>Kriterien des Fairen Handels<\/h2>\n<p>[\/vc_column_text][vc_column_text]<\/p>\n<div class=\"wpb_text_column wpb_content_element \">\n<div class=\"wpb_wrapper\">\n<p>Durch partnerschaftliche Handelsbeziehungen \u2013 getragen von gegenseitigem Respekt und Solidarit\u00e4t \u2013 entstehen Zukunftsperspektiven f\u00fcr Menschen in Asien, Afrika und Lateinamerika. Fairer Handel bedeutet f\u00fcr benachteiligte Produzent*innen Weltmarktzugang, langfristige und faire Handelsbeziehungen, gerechte Preise, die St\u00e4rkung von kleinb\u00e4uerlichen Strukturen, die Sicherung der Rechte von Kindern, Gleichberechtigung f\u00fcr Frauen, die F\u00f6rderung des Umweltschutzes und die politische Mitbestimmung f\u00fcr mehr Gerechtigkeit im Welthandel.<\/p>\n<\/div>\n<\/div>\n<p>[\/vc_column_text][vc_empty_space]<div class=\"wl_einzelbild\"><p><img loading=\"lazy\" decoding=\"async\" class=\"aligncenter wp-image-881 size-large\" src=\"https:\/\/weltlaeden.de\/osterstrasse\/wp-content\/uploads\/sites\/17\/2019\/06\/Fair-Trade-Principles-Icons_Deutsch_neueFarben-1024x772.jpg\" alt=\"\" width=\"1024\" height=\"772\" srcset=\"https:\/\/weltlaeden.de\/osterstrasse\/wp-content\/uploads\/sites\/17\/2019\/06\/Fair-Trade-Principles-Icons_Deutsch_neueFarben-1024x772.jpg 1024w, https:\/\/weltlaeden.de\/osterstrasse\/wp-content\/uploads\/sites\/17\/2019\/06\/Fair-Trade-Principles-Icons_Deutsch_neueFarben-300x226.jpg 300w, https:\/\/weltlaeden.de\/osterstrasse\/wp-content\/uploads\/sites\/17\/2019\/06\/Fair-Trade-Principles-Icons_Deutsch_neueFarben-768x579.jpg 768w, https:\/\/weltlaeden.de\/osterstrasse\/wp-content\/uploads\/sites\/17\/2019\/06\/Fair-Trade-Principles-Icons_Deutsch_neueFarben.jpg 1953w\" sizes=\"auto, (max-width: 1024px) 100vw, 1024px\" \/><\/p><\/div>[\/vc_column][\/vc_row][vc_row][vc_column][vc_empty_space][vc_column_text]<\/p>\n<h2><strong>Links zu Akteur*innen des Fairen Handels<\/strong><\/h2>\n<p>[\/vc_column_text][vc_column_text]<\/p>\n<div class=\"wpb_text_column wpb_content_element \">\n<div class=\"wpb_wrapper\">\n<p><strong>Weltl\u00e4den<\/strong><\/p>\n<ul>\n<li><a href=\"http:\/\/www.weltladen.de\" target=\"_blank\" rel=\"noopener noreferrer\">Weltladen-Dachverband<\/a><\/li>\n<\/ul>\n<p><strong>Importorganisationen (Auswahl)<br \/>\n<\/strong><\/p>\n<ul>\n<li><a href=\"http:\/\/www.gepa.de\/\" target=\"_blank\" rel=\"noopener noreferrer\">GEPA \u2013 The Fair Trade Company<\/a><\/li>\n<li><a href=\"http:\/\/www.el-puente.de\" target=\"_blank\" rel=\"noopener noreferrer\">El Puente<\/a><\/li>\n<li><a href=\"https:\/\/www.weltpartner.de\">WeltPartner<\/a><\/li>\n<li><a href=\"http:\/\/www.banafair.de\" target=\"_blank\" rel=\"noopener noreferrer\">BanaFair<\/a><\/li>\n<li><a href=\"http:\/\/www.el-rojito.de\" target=\"_blank\" rel=\"noopener noreferrer\">el rojito<\/a><\/li>\n<\/ul>\n<p><strong>Netzwerke und Infos \u00fcber Produzent*innen<br \/>\n<\/strong><\/p>\n<ul>\n<li><a href=\"http:\/\/www.forum-fairer-handel.de\" target=\"_blank\" rel=\"noopener noreferrer\">Forum Fairer Handel<\/a><\/li>\n<li><a href=\"http:\/\/www.wfto.com\/\" target=\"_blank\" rel=\"noopener noreferrer\">World Fair Trade Organization\u00a0(WFTO)<\/a><\/li>\n<li><a href=\"http:\/\/fairtrade.de\">fairtrade.de<\/a><\/li>\n<\/ul>\n<p><strong>Siegelorganisationen<\/strong><\/p>\n<ul>\n<li><a href=\"http:\/\/www.naturland.de\/index.php?option=com_content&amp;view=category&amp;layout=blog&amp;id=148&amp;Itemid=888&amp;lang=de\">Naturland Fair<\/a><\/li>\n<li><a href=\"http:\/\/www.fairtrade-deutschland.de\" target=\"_blank\" rel=\"noopener noreferrer\">Fairtrade Deutschland<\/a><\/li>\n<li><a href=\"http:\/\/www.fairtrade.net\" target=\"_blank\" rel=\"noopener noreferrer\">Fairtrade International<\/a><\/li>\n<\/ul>\n<\/div>\n<\/div>\n<h3>[\/vc_column_text][\/vc_column][\/vc_row][vc_row][vc_column][vc_empty_space][vc_video link=&#8220;https:\/\/www.youtube.com\/watch?v=SoW5CnS0TmE&#8220; title=&#8220;Zertifizierungen und Kontrollsysteme im Fairen Handel&#8220;][\/vc_column][\/vc_row]<\/h3>\n<\/div>","protected":false},"excerpt":{"rendered":"<p>[vc_row][vc_column][\/vc_column][\/vc_row][vc_row][vc_column][vc_empty_space][vc_column_text] Fairer Handel [\/vc_column_text][vc_column_text] Fairer Handel steht f\u00fcr ein w\u00fcrdevolles und selbstbestimmtes Leben aller Menschen. Wir beziehen unsere Produkte ausschlie\u00dflich von anerkannten Fair-Handels-Importeuren, die auf die Einhaltung der Fair-Handels-Kriterien der World Fair Trade Organization (WFTO) \u00fcberpr\u00fcft werden. Die komplette Lieferkette ist transparent und daher nachvollziehbar. Im Weltladen steht der Mensch im Mittelpunkt. [\/vc_column_text][vc_empty_space][\/vc_column][\/vc_row][vc_row][vc_column][vc_empty_space][vc_column_text] Kriterien des&hellip;<\/p>\n","protected":false},"author":1,"featured_media":0,"parent":0,"menu_order":1,"comment_status":"closed","ping_status":"closed","template":"","meta":{"footnotes":""},"class_list":["post-218","page","type-page","status-publish","hentry","description-off"],"_links":{"self":[{"href":"https:\/\/weltlaeden.de\/osterstrasse\/wp-json\/wp\/v2\/pages\/218","targetHints":{"allow":["GET"]}}],"collection":[{"href":"https:\/\/weltlaeden.de\/osterstrasse\/wp-json\/wp\/v2\/pages"}],"about":[{"href":"https:\/\/weltlaeden.de\/osterstrasse\/wp-json\/wp\/v2\/types\/page"}],"author":[{"embeddable":true,"href":"https:\/\/weltlaeden.de\/osterstrasse\/wp-json\/wp\/v2\/users\/1"}],"replies":[{"embeddable":true,"href":"https:\/\/weltlaeden.de\/osterstrasse\/wp-json\/wp\/v2\/comments?post=218"}],"version-history":[{"count":48,"href":"https:\/\/weltlaeden.de\/osterstrasse\/wp-json\/wp\/v2\/pages\/218\/revisions"}],"predecessor-version":[{"id":3794,"href":"https:\/\/weltlaeden.de\/osterstrasse\/wp-json\/wp\/v2\/pages\/218\/revisions\/3794"}],"wp:attachment":[{"href":"https:\/\/weltlaeden.de\/osterstrasse\/wp-json\/wp\/v2\/media?parent=218"}],"curies":[{"name":"wp","href":"https:\/\/api.w.org\/{rel}","templated":true}]}}

<div class="wpb-content-wrapper"><p>[vc_row][vc_column]<div class="wl_einzelbild"><p><img loading="lazy" decoding="async" class="alignnone size-full wp-image-nsm-3-15" src="https://weltlaeden.de/osterstrasse/wp-content/uploads/sites/3/2016/11/FairerHandel_ElPuente_Fingerpuppen_EccoExe_Peru.jpg" alt="" width="1200" height="519" /></p></div>[/vc_column][/vc_row][vc_row][vc_column][vc_empty_space][vc_column_text]</p>
<h1>Fairer Handel</h1>
<p>[/vc_column_text][vc_column_text]</p>
<div class="wpb_text_column wpb_content_element ">
<div class="wpb_wrapper">
<p>Fairer Handel steht für ein würdevolles und selbstbestimmtes Leben aller Menschen. Wir beziehen unsere Produkte ausschließlich von anerkannten Fair-Handels-Importeuren, die auf die Einhaltung der Fair-Handels-Kriterien der <a href="https://wfto.com/">World Fair Trade Organization (WFTO)</a> überprüft werden. Die komplette Lieferkette ist transparent und daher nachvollziehbar. Im Weltladen steht der Mensch im Mittelpunkt.</p>
</div>
</div>
<p>[/vc_column_text][vc_empty_space]<blockquote class="h4-size shortcode-blockquote"><h2><span style="color: #ff9900"><em>„Menschenrechte, Würde und Gerechtigkeit sind das Herzstück unserer Unternehmen.“</em></span></h2>
<p style="text-align: right"><em>(Roopa Mehta aus Indien, ehem. Präsidentin der WFTO)</em></p>
<p>&nbsp;</p>
<p>[/vc_column][/vc_row][vc_row][vc_column][vc_empty_space][vc_column_text]</p>
<h2><span style="color: #000000">Fairer Handel der Weltläden</span></h2>
<p>[/vc_column_text][vc_column_text]Außer dem Weltladen Osterstrasse gibt es mehrere Weltläden in Hamburg. Sie sind zum Teil unabhängig, teils bei einzelnen Kirchen angesiedelt.</p>
<p><a href="https://weltlaeden.de/bergedorf/"><span style="color: #ff9900">Weltladen Bergedorf</span></a></p>
<p><span style="color: #ff9900"><a style="color: #ff9900" href="https://weltlaeden.de/ottensen/">Weltladen Ottensen</a></span></p>
<p><span style="color: #ff9900"><a style="color: #ff9900" href="https://weltlaeden.de/harburg/">Weltladen Harburg</a></span></p>
<p><span style="color: #ff9900"><a style="color: #ff9900" href="https://weltlaeden.de/norderstedt/">Weltladen Norderstedt</a></span></p>
<p><span style="color: #ff9900"><a style="color: #ff9900" href="https://www.bramfelderlaterne.de/">Bramfelder Laterne</a></span></p>
<p><span style="color: #ff9900"><a style="color: #ff9900" href="http://www.weltladen-und-cafe-sasel.de/">Vicelin-Kirche Weltladen-Kaffee Sasel</a></span></p>
<p><span style="color: #ff9900"><a style="color: #ff9900" href="https://www.neugraben-fairaendern.de/">Fairkauf Neugraben</a></span></p>
<p><span style="color: #ff9900"><a style="color: #ff9900" href="https://www.johannesgemeinde.de/erleben/eine-welt">Johannesgemeinde, Rissen</a></span></p>
<p>&nbsp;</p>
<h3>Der Faire Handel der Weltläden beruht auf drei Säulen.</h3>
<p><strong>Handel mit Produkten:</strong> Der Verkauf fair gehandelter Produkte verbessert das Leben für die Handelspartner*innen.</p>
<p><strong>Bildung und Öffentlichkeitsarbeit:</strong> Weltläden fördern entwicklungspolitisches Bewusstsein und verantwortungsvollen Konsum. Sie thematisieren Fragen des Welthandels und andere relevante Inhalte wie z.B. Ernährungssicherheit und Klimawandel.</p>
<p><strong>Politische Arbeit:</strong> Durch Kampagnen und Dialog mit Politik und Wirtschaft verändern Weltläden die Rahmenbedingungen für Menschen im Globalen Süden.</p>
<p>Die <a href="https://www.weltladen.de/site/assets/matterial/document/37/version/2428/attachment/2023-11%20WFTO%20Prinzipien_deutsche%20Fassung.pdf">Konvention der Weltläden</a> definiert den Fairen Handel der Weltläden und die Ansprüche an alle, die an diesem Handel beteiligt sind, d.h. sowohl an die Weltläden selbst als auch an die anerkannten Fair-Handels-Importorganisation und die Produzent*innen.[/vc_column_text][vc_empty_space]<blockquote class="h4-size shortcode-blockquote"></blockquote></p>
<h2><span style="color: #ff9900"><em>Fairer Handel ist die bewusste Entscheidung für Mensch und Umwelt. Wir setzen uns ein für einen globalen Wandel – nicht nur mit Produkten, sondern mit Perspektiven. Soziales Miteinander und Solidarität sind uns eine Herzensangelegenheit.</em></span></h2>
</blockquote>[/vc_column][/vc_row][vc_row][vc_column][vc_empty_space][vc_column_text]</p>
<h2>Kriterien des Fairen Handels</h2>
<p>[/vc_column_text][vc_column_text]</p>
<div class="wpb_text_column wpb_content_element ">
<div class="wpb_wrapper">
<p>Durch partnerschaftliche Handelsbeziehungen – getragen von gegenseitigem Respekt und Solidarität – entstehen Zukunftsperspektiven für Menschen in Asien, Afrika und Lateinamerika. Fairer Handel bedeutet für benachteiligte Produzent*innen Weltmarktzugang, langfristige und faire Handelsbeziehungen, gerechte Preise, die Stärkung von kleinbäuerlichen Strukturen, die Sicherung der Rechte von Kindern, Gleichberechtigung für Frauen, die Förderung des Umweltschutzes und die politische Mitbestimmung für mehr Gerechtigkeit im Welthandel.</p>
</div>
</div>
<p>[/vc_column_text][vc_empty_space]<div class="wl_einzelbild"><p><img loading="lazy" decoding="async" class="aligncenter wp-image-881 size-large" src="https://weltlaeden.de/osterstrasse/wp-content/uploads/sites/17/2019/06/Fair-Trade-Principles-Icons_Deutsch_neueFarben-1024x772.jpg" alt="" width="1024" height="772" srcset="https://weltlaeden.de/osterstrasse/wp-content/uploads/sites/17/2019/06/Fair-Trade-Principles-Icons_Deutsch_neueFarben-1024x772.jpg 1024w, https://weltlaeden.de/osterstrasse/wp-content/uploads/sites/17/2019/06/Fair-Trade-Principles-Icons_Deutsch_neueFarben-300x226.jpg 300w, https://weltlaeden.de/osterstrasse/wp-content/uploads/sites/17/2019/06/Fair-Trade-Principles-Icons_Deutsch_neueFarben-768x579.jpg 768w, https://weltlaeden.de/osterstrasse/wp-content/uploads/sites/17/2019/06/Fair-Trade-Principles-Icons_Deutsch_neueFarben.jpg 1953w" sizes="auto, (max-width: 1024px) 100vw, 1024px" /></p></div>[/vc_column][/vc_row][vc_row][vc_column][vc_empty_space][vc_column_text]</p>
<h2><strong>Links zu Akteur*innen des Fairen Handels</strong></h2>
<p>[/vc_column_text][vc_column_text]</p>
<div class="wpb_text_column wpb_content_element ">
<div class="wpb_wrapper">
<p><strong>Weltläden</strong></p>
<ul>
<li><a href="http://www.weltladen.de" target="_blank" rel="noopener noreferrer">Weltladen-Dachverband</a></li>
</ul>
<p><strong>Importorganisationen (Auswahl)<br />
</strong></p>
<ul>
<li><a href="http://www.gepa.de/" target="_blank" rel="noopener noreferrer">GEPA – The Fair Trade Company</a></li>
<li><a href="http://www.el-puente.de" target="_blank" rel="noopener noreferrer">El Puente</a></li>
<li><a href="https://www.weltpartner.de">WeltPartner</a></li>
<li><a href="http://www.banafair.de" target="_blank" rel="noopener noreferrer">BanaFair</a></li>
<li><a href="http://www.el-rojito.de" target="_blank" rel="noopener noreferrer">el rojito</a></li>
</ul>
<p><strong>Netzwerke und Infos über Produzent*innen<br />
</strong></p>
<ul>
<li><a href="http://www.forum-fairer-handel.de" target="_blank" rel="noopener noreferrer">Forum Fairer Handel</a></li>
<li><a href="http://www.wfto.com/" target="_blank" rel="noopener noreferrer">World Fair Trade Organization (WFTO)</a></li>
<li><a href="http://fairtrade.de">fairtrade.de</a></li>
</ul>
<p><strong>Siegelorganisationen</strong></p>
<ul>
<li><a href="http://www.naturland.de/index.php?option=com_content&amp;view=category&amp;layout=blog&amp;id=148&amp;Itemid=888&amp;lang=de">Naturland Fair</a></li>
<li><a href="http://www.fairtrade-deutschland.de" target="_blank" rel="noopener noreferrer">Fairtrade Deutschland</a></li>
<li><a href="http://www.fairtrade.net" target="_blank" rel="noopener noreferrer">Fairtrade International</a></li>
</ul>
</div>
</div>
<h3>[/vc_column_text][/vc_column][/vc_row][vc_row][vc_column][vc_empty_space][vc_video link=&#8220;https://www.youtube.com/watch?v=SoW5CnS0TmE&#8220; title=&#8220;Zertifizierungen und Kontrollsysteme im Fairen Handel&#8220;][/vc_column][/vc_row]</h3>
</div>

<p>[vc_row][vc_column][/vc_column][/vc_row][vc_row][vc_column][vc_empty_space][vc_column_text] Fairer Handel [/vc_column_text][vc_column_text] Fairer Handel steht für ein würdevolles und selbstbestimmtes Leben aller Menschen. Wir beziehen unsere Produkte ausschließlich von anerkannten Fair-Handels-Importeuren, die auf die Einhaltung der Fair-Handels-Kriterien der World Fair Trade Organization (WFTO) überprüft werden. Die komplette Lieferkette ist transparent und daher nachvollziehbar. Im Weltladen steht der Mensch im Mittelpunkt. [/vc_column_text][vc_empty_space][/vc_column][/vc_row][vc_row][vc_column][vc_empty_space][vc_column_text] Kriterien des&hellip;</p>
