{"id":2081,"date":"2021-04-01T23:26:05","date_gmt":"2021-04-01T21:26:55","guid":{"rendered":"https:\/\/weltlaeden.de\/osterstrasse\/?page_id=2081"},"modified":"2026-01-30T13:14:09","modified_gmt":"2026-01-30T12:14:09","slug":"levensgaarn","status":"publish","type":"page","link":"https:\/\/weltlaeden.de\/osterstrasse\/fairer-handel\/faire-mode\/levensgaarn\/","title":{"rendered":"Levensgaarn"},"content":{"rendered":"<div class=\"wpb-content-wrapper\"><p>[vc_row][vc_column]<div class=\"wl_einzelbild\"><p><\/p>\n<div id=\"attachment_2082\" style=\"width: 1010px\" class=\"wp-caption alignleft\"><img loading=\"lazy\" decoding=\"async\" aria-describedby=\"caption-attachment-2082\" class=\"wp-image-2082 size-full\" src=\"https:\/\/weltlaeden.de\/osterstrasse\/wp-content\/uploads\/sites\/17\/2021\/04\/Mitarbeiter-innen-von-Kiboko-c-Kipepeo-Clothing-Martin-Kluck.png\" alt=\"\" width=\"1000\" height=\"500\" srcset=\"https:\/\/weltlaeden.de\/osterstrasse\/wp-content\/uploads\/sites\/17\/2021\/04\/Mitarbeiter-innen-von-Kiboko-c-Kipepeo-Clothing-Martin-Kluck.png 1000w, https:\/\/weltlaeden.de\/osterstrasse\/wp-content\/uploads\/sites\/17\/2021\/04\/Mitarbeiter-innen-von-Kiboko-c-Kipepeo-Clothing-Martin-Kluck-300x150.png 300w, https:\/\/weltlaeden.de\/osterstrasse\/wp-content\/uploads\/sites\/17\/2021\/04\/Mitarbeiter-innen-von-Kiboko-c-Kipepeo-Clothing-Martin-Kluck-768x384.png 768w\" sizes=\"auto, (max-width: 1000px) 100vw, 1000px\" \/><p id=\"caption-attachment-2082\" class=\"wp-caption-text\">Rose, Robert, Veronica und Augustine (v.l.n.r) \/ Mitarbeiter*innen von Kiboko Leisure Wear in Nairobi, Kenia (Foto: Kipepeo Clothing \/ Martin Kluck)<\/p><\/div>\n<p><\/p><\/div>[\/vc_column][\/vc_row][vc_row][vc_column][vc_empty_space][\/vc_column][\/vc_row][vc_row][vc_column][vc_column_text]<\/p>\n<h1>LEVENSGAARN, Kenia \/ Tansania \/ Deutschland<\/h1>\n<p>Lebensperspektiven in Ostafrika, das ist das Ziel von <a href=\"https:\/\/www.levensgaarn.de\/\">Levensgaarn<\/a>. Das kleine Social Business aus Hamburg hat sich auf faire und nachhaltige Polohemden spezialisiert, deren gesamte Wertsch\u00f6pfungskette vor Ort liegt: vom Anbau der Baumwolle bis hin zur Endfertigung. Nur das Design stammt aus Hamburg.[\/vc_column_text][\/vc_column][\/vc_row][vc_row][vc_column width=&#8220;1\/6&#8243;][vc_empty_space][\/vc_column][vc_column width=&#8220;5\/6&#8243;][vc_empty_space]<blockquote class=\"text-big shortcode-blockquote\"><h2><em><span style=\"color: #000000\">\u201eWir wollen beweisen, dass in Afrika tolle Mode hergestellt werden kann und zwar zu fairen L\u00f6hnen, umweltschonend und von hochwertiger Qualit\u00e4t. Das Ganze ist ein Social Business als Hilfe zur Selbsthilfe.\u201c<\/span><\/em><\/h2>\n<p style=\"text-align: right\"><em>(Christian und Andrea Sauer, Gr\u00fcnder*innen von Levensgaarn)<\/em><\/p>\n<p style=\"text-align: right\"><em>\u00a0<\/em><\/p>\n<\/blockquote>[vc_empty_space][\/vc_column][\/vc_row][vc_row][vc_column][vc_column_text]<\/p>\n<h2><span style=\"color: #000000\"><strong>Lebensf\u00e4den verl\u00e4ngern<\/strong><\/span><\/h2>\n<p>Levensgaarn ist Plattdeutsch und hei\u00dft \u201eLebensfaden\u201c. Die Idee ist durch eine nachhaltige textile Wertsch\u00f6pfungskette die Lebensf\u00e4den zu verl\u00e4ngern. Die Gr\u00fcnder*innen Christian und Andrea Sauer w\u00e4hlen ihre Partner*innen sorgf\u00e4ltig aus. Neben einer gerechten Bezahlung und der Schaffung von Arbeitspl\u00e4tzen haben sie auch hohe Anforderungen an Umweltschutz und Qualit\u00e4t. Die Polohemden werden in Kenia bei Kiboko Leisure Wear gen\u00e4ht. Das Sozialunternehmen wurde 1996 in Nairobi gegr\u00fcndet und besch\u00e4ftigt mittlerweile 80 Mitarbeiter*innen, die hier ausgebildet und qualifiziert werden. Die Mitarbeiter*innen erhalten Kleinkredite zu fairen Konditionen, mit denen sie u.a. die Schulbildung ihrer Kinder finanzieren oder sich ein St\u00fcck Land kaufen k\u00f6nnen, um Gem\u00fcse und Mais anzubauen.[\/vc_column_text][\/vc_column][\/vc_row][vc_row][vc_column][vc_empty_space]<div class=\"wl_einzelbild\"><p><\/p>\n<div id=\"attachment_2083\" style=\"width: 1780px\" class=\"wp-caption alignleft\"><img loading=\"lazy\" decoding=\"async\" aria-describedby=\"caption-attachment-2083\" class=\"wp-image-2083 size-full\" src=\"https:\/\/weltlaeden.de\/osterstrasse\/wp-content\/uploads\/sites\/17\/2021\/04\/Kiboko-7-zugeschnitten.jpg\" alt=\"\" width=\"1770\" height=\"885\" srcset=\"https:\/\/weltlaeden.de\/osterstrasse\/wp-content\/uploads\/sites\/17\/2021\/04\/Kiboko-7-zugeschnitten.jpg 1770w, https:\/\/weltlaeden.de\/osterstrasse\/wp-content\/uploads\/sites\/17\/2021\/04\/Kiboko-7-zugeschnitten-300x150.jpg 300w, https:\/\/weltlaeden.de\/osterstrasse\/wp-content\/uploads\/sites\/17\/2021\/04\/Kiboko-7-zugeschnitten-768x384.jpg 768w, https:\/\/weltlaeden.de\/osterstrasse\/wp-content\/uploads\/sites\/17\/2021\/04\/Kiboko-7-zugeschnitten-1024x512.jpg 1024w\" sizes=\"auto, (max-width: 1770px) 100vw, 1770px\" \/><p id=\"caption-attachment-2083\" class=\"wp-caption-text\">Mitarbeiter*innen von Kiboko Leisure Wear in Nairobi (Foto: Kipepeo Clothing \/ Martin Kluck)<\/p><\/div>\n<p><\/p><\/div>[vc_empty_space][\/vc_column][\/vc_row][vc_row][vc_column][vc_column_text]Kiboko ist darauf spezialisiert, aus hochwertigen Stoffen sorgf\u00e4ltig gearbeitete Kleidung herzustellen. Sie fertigen nach Vorlage ihrer Auftraggeber*innen, mit denen sie langfristige Handelsbeziehungen pflegen. Die Textilien werden haupts\u00e4chlich aus Naturmaterialien wie Baumwolle und Leinen hergestellt. F\u00fcr die Poloshirts von Levensgaarn stammt die Bio-Baumwolle aus Tansania und die Kn\u00f6pfe bestehen aus Olivenholz (wei\u00dfe Polo) oder Steinnuss (schwarze Polo). Kiboko Leisure Wear erhielt 2004 das <a href=\"https:\/\/global-standard.org\/\">GOTS-Zertifikat<\/a>. Zu dem Zeitpunkt waren sie das einzige Unternehmen in Kenia, das diese Standards bieten konnte. Seit 2014 sind sie Mitglied der <a href=\"https:\/\/wfto.com\/\">World Fair Trade Organisation (WFTO)<\/a>, dem internationalen Dachverband des Fairen Handels.[\/vc_column_text][\/vc_column][\/vc_row][vc_row][vc_column]<div class=\"wl_einzelbild\"><p><img loading=\"lazy\" decoding=\"async\" class=\"alignleft wp-image-2084 size-full\" src=\"https:\/\/weltlaeden.de\/osterstrasse\/wp-content\/uploads\/sites\/17\/2021\/04\/Polos-Levensgaarn.jpg\" alt=\"\" width=\"1280\" height=\"720\" srcset=\"https:\/\/weltlaeden.de\/osterstrasse\/wp-content\/uploads\/sites\/17\/2021\/04\/Polos-Levensgaarn.jpg 1280w, https:\/\/weltlaeden.de\/osterstrasse\/wp-content\/uploads\/sites\/17\/2021\/04\/Polos-Levensgaarn-300x169.jpg 300w, https:\/\/weltlaeden.de\/osterstrasse\/wp-content\/uploads\/sites\/17\/2021\/04\/Polos-Levensgaarn-768x432.jpg 768w, https:\/\/weltlaeden.de\/osterstrasse\/wp-content\/uploads\/sites\/17\/2021\/04\/Polos-Levensgaarn-1024x576.jpg 1024w\" sizes=\"auto, (max-width: 1280px) 100vw, 1280px\" \/><\/p>\n<p><\/p><\/div>[\/vc_column][\/vc_row][vc_row][vc_column][vc_column_text]\u201eWir glauben ganz fest daran, dass faire Handelspraktiken die Welt verbessern k\u00f6nnen\u201c, sagen Christian und Andrea von Levensgaarn. Die Poloshirts aus 100% Bio-Baumwolle gibt es bei uns im Weltladen in verschiedenen Gr\u00f6\u00dfen f\u00fcr Damen und Herren![\/vc_column_text][\/vc_column][\/vc_row][vc_row][vc_column][vc_column_text]Wie bei Kiboko Leisure Wear gearbeitet wird, sehen Sie in diesem Video.[\/vc_column_text][\/vc_column][\/vc_row][vc_row][vc_column][vc_empty_space][vc_video link=&#8220;https:\/\/www.youtube.com\/watch?v=PtewFF3EDQY&#8220;][vc_empty_space][\/vc_column][\/vc_row][vc_row][vc_column width=&#8220;1\/3&#8243;][vc_empty_space]<div class=\"wl_einzelbild\"><p><img loading=\"lazy\" decoding=\"async\" class=\"alignleft wp-image-2085 size-full\" src=\"https:\/\/weltlaeden.de\/osterstrasse\/wp-content\/uploads\/sites\/17\/2021\/04\/levensgaarn-logo.jpg\" alt=\"\" width=\"500\" height=\"500\" srcset=\"https:\/\/weltlaeden.de\/osterstrasse\/wp-content\/uploads\/sites\/17\/2021\/04\/levensgaarn-logo.jpg 500w, https:\/\/weltlaeden.de\/osterstrasse\/wp-content\/uploads\/sites\/17\/2021\/04\/levensgaarn-logo-150x150.jpg 150w, https:\/\/weltlaeden.de\/osterstrasse\/wp-content\/uploads\/sites\/17\/2021\/04\/levensgaarn-logo-300x300.jpg 300w\" sizes=\"auto, (max-width: 500px) 100vw, 500px\" \/><\/p><\/div>[vc_empty_space][\/vc_column][vc_column width=&#8220;2\/3&#8243;][vc_empty_space]<div class=\"wl_einzelbild\"><p><img loading=\"lazy\" decoding=\"async\" class=\"alignleft wp-image-2086 size-full\" src=\"https:\/\/weltlaeden.de\/osterstrasse\/wp-content\/uploads\/sites\/17\/2021\/04\/Kenia-Deutschland.jpg\" alt=\"\" width=\"1280\" height=\"720\" srcset=\"https:\/\/weltlaeden.de\/osterstrasse\/wp-content\/uploads\/sites\/17\/2021\/04\/Kenia-Deutschland.jpg 1280w, https:\/\/weltlaeden.de\/osterstrasse\/wp-content\/uploads\/sites\/17\/2021\/04\/Kenia-Deutschland-300x169.jpg 300w, https:\/\/weltlaeden.de\/osterstrasse\/wp-content\/uploads\/sites\/17\/2021\/04\/Kenia-Deutschland-768x432.jpg 768w, https:\/\/weltlaeden.de\/osterstrasse\/wp-content\/uploads\/sites\/17\/2021\/04\/Kenia-Deutschland-1024x576.jpg 1024w\" sizes=\"auto, (max-width: 1280px) 100vw, 1280px\" \/><\/p><\/div>[vc_empty_space][\/vc_column][\/vc_row][vc_row][vc_column][vc_empty_space][vc_column_text]<\/p>\n<p style=\"text-align: right\"><span style=\"color: #808080\"><em>Verfasserin: Magdalena Gassner<\/em><\/span><\/p>\n<p>[\/vc_column_text][vc_separator][vc_column_text]<span style=\"color: #808080\"><em>Quellen: <\/em><\/span><a href=\"https:\/\/www.levensgaarn.de\/\"><em>Levensgaarn<\/em><\/a><em>, <\/em><a href=\"http:\/\/kibokoleisurewear.com\/\"><em>Kiboko Leisure Wear<\/em><\/a><em>, <\/em><a href=\"https:\/\/www.weltpartner.de\/de\/handelspartner\/afrika\/kenia\/kiboko-leisure-wear\"><em>WeltPartner<\/em><\/a><em><br \/>\n<\/em>[\/vc_column_text][\/vc_column][\/vc_row]<\/p>\n<\/div>","protected":false},"excerpt":{"rendered":"<p>[vc_row][vc_column][\/vc_column][\/vc_row][vc_row][vc_column][vc_empty_space][\/vc_column][\/vc_row][vc_row][vc_column][vc_column_text] LEVENSGAARN, Kenia \/ Tansania \/ Deutschland Lebensperspektiven in Ostafrika, das ist das Ziel von Levensgaarn. Das kleine Social Business aus Hamburg hat sich auf faire und nachhaltige Polohemden spezialisiert, deren gesamte Wertsch\u00f6pfungskette vor Ort liegt: vom Anbau der Baumwolle bis hin zur Endfertigung. Nur das Design stammt aus Hamburg.[\/vc_column_text][\/vc_column][\/vc_row][vc_row][vc_column width=&#8220;1\/6&#8243;][vc_empty_space][\/vc_column][vc_column width=&#8220;5\/6&#8243;][vc_empty_space][vc_empty_space][\/vc_column][\/vc_row][vc_row][vc_column][vc_column_text] Lebensf\u00e4den verl\u00e4ngern Levensgaarn&hellip;<\/p>\n","protected":false},"author":97,"featured_media":2082,"parent":2072,"menu_order":7,"comment_status":"closed","ping_status":"closed","template":"","meta":{"footnotes":""},"class_list":["post-2081","page","type-page","status-publish","has-post-thumbnail","hentry","description-off"],"_links":{"self":[{"href":"https:\/\/weltlaeden.de\/osterstrasse\/wp-json\/wp\/v2\/pages\/2081","targetHints":{"allow":["GET"]}}],"collection":[{"href":"https:\/\/weltlaeden.de\/osterstrasse\/wp-json\/wp\/v2\/pages"}],"about":[{"href":"https:\/\/weltlaeden.de\/osterstrasse\/wp-json\/wp\/v2\/types\/page"}],"author":[{"embeddable":true,"href":"https:\/\/weltlaeden.de\/osterstrasse\/wp-json\/wp\/v2\/users\/97"}],"replies":[{"embeddable":true,"href":"https:\/\/weltlaeden.de\/osterstrasse\/wp-json\/wp\/v2\/comments?post=2081"}],"version-history":[{"count":5,"href":"https:\/\/weltlaeden.de\/osterstrasse\/wp-json\/wp\/v2\/pages\/2081\/revisions"}],"predecessor-version":[{"id":3672,"href":"https:\/\/weltlaeden.de\/osterstrasse\/wp-json\/wp\/v2\/pages\/2081\/revisions\/3672"}],"up":[{"embeddable":true,"href":"https:\/\/weltlaeden.de\/osterstrasse\/wp-json\/wp\/v2\/pages\/2072"}],"wp:featuredmedia":[{"embeddable":true,"href":"https:\/\/weltlaeden.de\/osterstrasse\/wp-json\/wp\/v2\/media\/2082"}],"wp:attachment":[{"href":"https:\/\/weltlaeden.de\/osterstrasse\/wp-json\/wp\/v2\/media?parent=2081"}],"curies":[{"name":"wp","href":"https:\/\/api.w.org\/{rel}","templated":true}]}}