{"id":1974,"date":"2021-09-23T18:53:47","date_gmt":"2021-09-23T16:53:10","guid":{"rendered":"https:\/\/weltlaeden.de\/osterstrasse\/?page_id=1974"},"modified":"2026-01-30T13:14:09","modified_gmt":"2026-01-30T12:14:09","slug":"tpi","status":"publish","type":"page","link":"https:\/\/weltlaeden.de\/osterstrasse\/produkte\/lebensmittel\/tpi\/","title":{"rendered":"Darjeeling Tee von Tea Promoters India"},"content":{"rendered":"<div class=\"wpb-content-wrapper\"><p>[vc_row][vc_column]<div class=\"wl_einzelbild\"><p><\/p>\n<div id=\"attachment_2418\" style=\"width: 1210px\" class=\"wp-caption alignleft\"><img loading=\"lazy\" decoding=\"async\" aria-describedby=\"caption-attachment-2418\" class=\"size-full wp-image-2418\" src=\"https:\/\/weltlaeden.de\/osterstrasse\/wp-content\/uploads\/sites\/17\/2021\/09\/csm_Samabeong-Teegarten-heute-1_big_bceec2b763.jpg\" alt=\"\" width=\"1200\" height=\"500\" srcset=\"https:\/\/weltlaeden.de\/osterstrasse\/wp-content\/uploads\/sites\/17\/2021\/09\/csm_Samabeong-Teegarten-heute-1_big_bceec2b763.jpg 1200w, https:\/\/weltlaeden.de\/osterstrasse\/wp-content\/uploads\/sites\/17\/2021\/09\/csm_Samabeong-Teegarten-heute-1_big_bceec2b763-300x125.jpg 300w, https:\/\/weltlaeden.de\/osterstrasse\/wp-content\/uploads\/sites\/17\/2021\/09\/csm_Samabeong-Teegarten-heute-1_big_bceec2b763-768x320.jpg 768w, https:\/\/weltlaeden.de\/osterstrasse\/wp-content\/uploads\/sites\/17\/2021\/09\/csm_Samabeong-Teegarten-heute-1_big_bceec2b763-1024x427.jpg 1024w\" sizes=\"auto, (max-width: 1200px) 100vw, 1200px\" \/><p id=\"caption-attachment-2418\" class=\"wp-caption-text\">Heute gedeihen im Teegarten Samabeong Teeb\u00fcsche in \u00f6kologischem Anbau. Von insgesamt 485 Hektar sind 132 mit Teeb\u00fcschen bepflanzt. (Foto: GEPA \u2013 The Fair Trade Company\/A. Welsing)<\/p><\/div>\n<p><\/p><\/div>[vc_empty_space][\/vc_column][\/vc_row][vc_row][vc_column][vc_column_text]<\/p>\n<h1>Darjeeling Tee von Tea Promoters India<\/h1>\n<p>Tea Promoters India (TPI) ist eine sozial engagierte Teehandelsfirma in Kolkata, der Pionier im Bio\u00ad-Anbau von Tee und bei der Mitbestimmung der Teearbeiter*innen in den Teeg\u00e4rten. Zu TPI geh\u00f6ren zurzeit acht Teeg\u00e4rten in den Anbaugebieten Darjeeling, Assam, Dooars und Kerala. Der Teegarten Samabeong in Darjeeling ist der bekannteste, wohl der einzige Teegarten Indiens, der von einer Frau geleitet wird. Frauen Aufstiegsm\u00f6glichkeiten zu geben, geh\u00f6rt zur Firmenpolitik bei TPI, ebenso wie die Mitarbeiter*innen ins Management miteinzubeziehen. In Samabeong leben zurzeit 310 Familien (rund 2.000 Menschen). Durch den GEPA\u00ad-Mehrpreis konnten dort f\u00fcr die gesamte Region richtungweisende Projekte umgesetzt werden, wie eine weiterf\u00fchrende Schule, die allen Kindern in der Region offensteht. Kleinb\u00e4uer*innen aus der Region werden von TPI ebenfalls ma\u00dfgeblich beim Teeanbau und der Gr\u00fcndung einer eigenen Kooperative unterst\u00fctzt.[\/vc_column_text][vc_empty_space][\/vc_column][\/vc_row][vc_row][vc_column width=&#8220;1\/2&#8243;]<div class=\"wl_einzelbild\"><p><\/p>\n<div id=\"attachment_1718\" style=\"width: 707px\" class=\"wp-caption alignleft\"><img loading=\"lazy\" decoding=\"async\" aria-describedby=\"caption-attachment-1718\" class=\"size-full wp-image-1718\" src=\"https:\/\/weltlaeden.de\/osterstrasse\/wp-content\/uploads\/sites\/17\/2021\/01\/csm_Gautam-Mohan-Portraet_big_3542143cf5-e1609511380542.jpg\" alt=\"\" width=\"697\" height=\"618\" srcset=\"https:\/\/weltlaeden.de\/osterstrasse\/wp-content\/uploads\/sites\/17\/2021\/01\/csm_Gautam-Mohan-Portraet_big_3542143cf5-e1609511380542.jpg 697w, https:\/\/weltlaeden.de\/osterstrasse\/wp-content\/uploads\/sites\/17\/2021\/01\/csm_Gautam-Mohan-Portraet_big_3542143cf5-e1609511380542-300x266.jpg 300w\" sizes=\"auto, (max-width: 697px) 100vw, 697px\" \/><p id=\"caption-attachment-1718\" class=\"wp-caption-text\">Gautam Mohan, Gesch\u00e4ftsf\u00fchrer von Tea Promoters India (Foto: GEPA &#8211; The Fair Trade Company \/ A. Welsing)<\/p><\/div>\n<p><\/p><\/div>[\/vc_column][vc_column width=&#8220;1\/2&#8243;]<div class=\"wl_einzelbild\"><p><img loading=\"lazy\" decoding=\"async\" class=\"alignleft size-full wp-image-1719\" src=\"https:\/\/weltlaeden.de\/osterstrasse\/wp-content\/uploads\/sites\/17\/2021\/01\/WL_Sprechblasen_01-21_Gautam-Mohan.jpg\" alt=\"\" width=\"1920\" height=\"1920\" srcset=\"https:\/\/weltlaeden.de\/osterstrasse\/wp-content\/uploads\/sites\/17\/2021\/01\/WL_Sprechblasen_01-21_Gautam-Mohan.jpg 1920w, https:\/\/weltlaeden.de\/osterstrasse\/wp-content\/uploads\/sites\/17\/2021\/01\/WL_Sprechblasen_01-21_Gautam-Mohan-150x150.jpg 150w, https:\/\/weltlaeden.de\/osterstrasse\/wp-content\/uploads\/sites\/17\/2021\/01\/WL_Sprechblasen_01-21_Gautam-Mohan-300x300.jpg 300w, https:\/\/weltlaeden.de\/osterstrasse\/wp-content\/uploads\/sites\/17\/2021\/01\/WL_Sprechblasen_01-21_Gautam-Mohan-768x768.jpg 768w, https:\/\/weltlaeden.de\/osterstrasse\/wp-content\/uploads\/sites\/17\/2021\/01\/WL_Sprechblasen_01-21_Gautam-Mohan-1024x1024.jpg 1024w\" sizes=\"auto, (max-width: 1920px) 100vw, 1920px\" \/><\/p><\/div>[\/vc_column][\/vc_row][vc_row][vc_column width=&#8220;1\/2&#8243;][vc_empty_space]<div class=\"wl_einzelbild\"><p><\/p>\n<div id=\"attachment_1717\" style=\"width: 628px\" class=\"wp-caption alignleft\"><img loading=\"lazy\" decoding=\"async\" aria-describedby=\"caption-attachment-1717\" class=\"wp-image-1717 size-full\" src=\"https:\/\/weltlaeden.de\/osterstrasse\/wp-content\/uploads\/sites\/17\/2021\/01\/csm_Bhawana-Rai-Portraet_big_c0be20a08c-e1632415637251.jpg\" alt=\"\" width=\"618\" height=\"618\" srcset=\"https:\/\/weltlaeden.de\/osterstrasse\/wp-content\/uploads\/sites\/17\/2021\/01\/csm_Bhawana-Rai-Portraet_big_c0be20a08c-e1632415637251.jpg 618w, https:\/\/weltlaeden.de\/osterstrasse\/wp-content\/uploads\/sites\/17\/2021\/01\/csm_Bhawana-Rai-Portraet_big_c0be20a08c-e1632415637251-150x150.jpg 150w, https:\/\/weltlaeden.de\/osterstrasse\/wp-content\/uploads\/sites\/17\/2021\/01\/csm_Bhawana-Rai-Portraet_big_c0be20a08c-e1632415637251-300x300.jpg 300w\" sizes=\"auto, (max-width: 618px) 100vw, 618px\" \/><p id=\"caption-attachment-1717\" class=\"wp-caption-text\">Bhawana Rai, Teegartenmanagerin von Tea Promoters India (Foto: GEPA &#8211; The Fair Trade Company \/ A. Welsing)<\/p><\/div>\n<p><\/p><\/div>[\/vc_column][vc_column width=&#8220;1\/2&#8243;][vc_empty_space]<div class=\"wl_einzelbild\"><p><img loading=\"lazy\" decoding=\"async\" class=\"alignleft size-full wp-image-1720\" src=\"https:\/\/weltlaeden.de\/osterstrasse\/wp-content\/uploads\/sites\/17\/2021\/01\/InShot_20210101_144405499.jpg\" alt=\"\" width=\"1920\" height=\"1920\" srcset=\"https:\/\/weltlaeden.de\/osterstrasse\/wp-content\/uploads\/sites\/17\/2021\/01\/InShot_20210101_144405499.jpg 1920w, https:\/\/weltlaeden.de\/osterstrasse\/wp-content\/uploads\/sites\/17\/2021\/01\/InShot_20210101_144405499-150x150.jpg 150w, https:\/\/weltlaeden.de\/osterstrasse\/wp-content\/uploads\/sites\/17\/2021\/01\/InShot_20210101_144405499-300x300.jpg 300w, https:\/\/weltlaeden.de\/osterstrasse\/wp-content\/uploads\/sites\/17\/2021\/01\/InShot_20210101_144405499-768x768.jpg 768w, https:\/\/weltlaeden.de\/osterstrasse\/wp-content\/uploads\/sites\/17\/2021\/01\/InShot_20210101_144405499-1024x1024.jpg 1024w\" sizes=\"auto, (max-width: 1920px) 100vw, 1920px\" \/><\/p><\/div>[\/vc_column][\/vc_row][vc_row][vc_column][vc_empty_space][vc_video link=&#8220;https:\/\/www.youtube.com\/watch?v=z05rMqYHDmw&#8220;][\/vc_column][\/vc_row][vc_column width=&#8220;1\/2&#8243;][\/vc_column]<\/p>\n<\/div>","protected":false},"excerpt":{"rendered":"<p>[vc_row][vc_column][vc_empty_space][\/vc_column][\/vc_row][vc_row][vc_column][vc_column_text] Darjeeling Tee von Tea Promoters India Tea Promoters India (TPI) ist eine sozial engagierte Teehandelsfirma in Kolkata, der Pionier im Bio\u00ad-Anbau von Tee und bei der Mitbestimmung der Teearbeiter*innen in den Teeg\u00e4rten. Zu TPI geh\u00f6ren zurzeit acht Teeg\u00e4rten in den Anbaugebieten Darjeeling, Assam, Dooars und Kerala. Der Teegarten Samabeong in Darjeeling ist der bekannteste,&hellip;<\/p>\n","protected":false},"author":97,"featured_media":2418,"parent":1251,"menu_order":25,"comment_status":"closed","ping_status":"closed","template":"","meta":{"footnotes":""},"class_list":["post-1974","page","type-page","status-publish","has-post-thumbnail","hentry","description-off"],"_links":{"self":[{"href":"https:\/\/weltlaeden.de\/osterstrasse\/wp-json\/wp\/v2\/pages\/1974","targetHints":{"allow":["GET"]}}],"collection":[{"href":"https:\/\/weltlaeden.de\/osterstrasse\/wp-json\/wp\/v2\/pages"}],"about":[{"href":"https:\/\/weltlaeden.de\/osterstrasse\/wp-json\/wp\/v2\/types\/page"}],"author":[{"embeddable":true,"href":"https:\/\/weltlaeden.de\/osterstrasse\/wp-json\/wp\/v2\/users\/97"}],"replies":[{"embeddable":true,"href":"https:\/\/weltlaeden.de\/osterstrasse\/wp-json\/wp\/v2\/comments?post=1974"}],"version-history":[{"count":7,"href":"https:\/\/weltlaeden.de\/osterstrasse\/wp-json\/wp\/v2\/pages\/1974\/revisions"}],"predecessor-version":[{"id":2757,"href":"https:\/\/weltlaeden.de\/osterstrasse\/wp-json\/wp\/v2\/pages\/1974\/revisions\/2757"}],"up":[{"embeddable":true,"href":"https:\/\/weltlaeden.de\/osterstrasse\/wp-json\/wp\/v2\/pages\/1251"}],"wp:featuredmedia":[{"embeddable":true,"href":"https:\/\/weltlaeden.de\/osterstrasse\/wp-json\/wp\/v2\/media\/2418"}],"wp:attachment":[{"href":"https:\/\/weltlaeden.de\/osterstrasse\/wp-json\/wp\/v2\/media?parent=1974"}],"curies":[{"name":"wp","href":"https:\/\/api.w.org\/{rel}","templated":true}]}}