{"id":1797,"date":"2021-02-27T15:14:23","date_gmt":"2021-02-27T14:14:23","guid":{"rendered":"https:\/\/weltlaeden.de\/osterstrasse\/?page_id=1797"},"modified":"2026-01-30T13:14:09","modified_gmt":"2026-01-30T12:14:09","slug":"sekem","status":"publish","type":"page","link":"https:\/\/weltlaeden.de\/osterstrasse\/produkte\/lebensmittel\/sekem\/","title":{"rendered":"Dattel-Tr\u00fcffel von SEKEM aus \u00c4gypten"},"content":{"rendered":"<div class=\"wpb-content-wrapper\"><p>[vc_row][vc_column]<div class=\"wl_einzelbild\"><p><\/p>\n<div id=\"attachment_3374\" style=\"width: 1019px\" class=\"wp-caption alignnone\"><img loading=\"lazy\" decoding=\"async\" aria-describedby=\"caption-attachment-3374\" class=\"wp-image-3374 size-full\" src=\"https:\/\/weltlaeden.de\/osterstrasse\/wp-content\/uploads\/sites\/17\/2024\/06\/sekem.jpg\" alt=\"\" width=\"1009\" height=\"675\" srcset=\"https:\/\/weltlaeden.de\/osterstrasse\/wp-content\/uploads\/sites\/17\/2024\/06\/sekem.jpg 1009w, https:\/\/weltlaeden.de\/osterstrasse\/wp-content\/uploads\/sites\/17\/2024\/06\/sekem-300x201.jpg 300w, https:\/\/weltlaeden.de\/osterstrasse\/wp-content\/uploads\/sites\/17\/2024\/06\/sekem-768x514.jpg 768w\" sizes=\"auto, (max-width: 1009px) 100vw, 1009px\" \/><p id=\"caption-attachment-3374\" class=\"wp-caption-text\">(Foto Weltladen.de)<\/p><\/div>\n<p><\/p><\/div>[vc_empty_space][\/vc_column][\/vc_row][vc_row][vc_column][vc_column_text]<\/p>\n<h1>SEKEM: Feinste Dattel-Tr\u00fcffel aus \u00c4gypten<\/h1>\n<h3>In den \u00e4gyptischen Dattel-Tr\u00fcffeln steckt 100 % Natur<\/h3>\n<p>Die S\u00fc\u00dfe der sonnengereiften Bio-Datteln verfeinert mit verschiedenen biologisch angebauten Zutaten beschert ein Geschmackserlebnis der besonderen Art. Hergestellt werden sie von SEKEM, einer Fair-Handels-Organisation in \u00c4gypten, die sich auf bio-faire Lebensmittel und Textilien spezialisiert hat. SEKEM will die nachhaltige Landwirtschaft f\u00f6rdern und ist f\u00fcr die Mitarbeiter*innen gleichzeitig gesellschaftliches und kulturelles Zentrum.[\/vc_column_text][vc_empty_space][\/vc_column][\/vc_row][vc_row][vc_column width=&#8220;2\/3&#8243;][vc_column_text]Der Gr\u00fcnder von SEKEM und Tr\u00e4ger des \u201eRight Livelihood Award\u201c 2003 (Alternativer Nobelpreis), Dr. Ibrahim Abouleish, hatte vor einigen Jahren damit begonnen, nicht weit von Kairo die W\u00fcste landwirtschaftlich zu nutzen. Der Nachhaltigkeit verpflichtet bietet das Unternehmen Produzent*innen Gesundheitsf\u00fcrsorge und Bildungsangebote.[\/vc_column_text][\/vc_column][vc_column width=&#8220;1\/3&#8243;]<div class=\"wl_einzelbild\"><p><img loading=\"lazy\" decoding=\"async\" class=\"alignleft size-full wp-image-2425\" src=\"https:\/\/weltlaeden.de\/osterstrasse\/wp-content\/uploads\/sites\/17\/2021\/09\/Ibrahim-Abouleish.png\" alt=\"\" width=\"1846\" height=\"1845\" srcset=\"https:\/\/weltlaeden.de\/osterstrasse\/wp-content\/uploads\/sites\/17\/2021\/09\/Ibrahim-Abouleish.png 1846w, https:\/\/weltlaeden.de\/osterstrasse\/wp-content\/uploads\/sites\/17\/2021\/09\/Ibrahim-Abouleish-150x150.png 150w, https:\/\/weltlaeden.de\/osterstrasse\/wp-content\/uploads\/sites\/17\/2021\/09\/Ibrahim-Abouleish-300x300.png 300w, https:\/\/weltlaeden.de\/osterstrasse\/wp-content\/uploads\/sites\/17\/2021\/09\/Ibrahim-Abouleish-768x768.png 768w, https:\/\/weltlaeden.de\/osterstrasse\/wp-content\/uploads\/sites\/17\/2021\/09\/Ibrahim-Abouleish-1024x1024.png 1024w\" sizes=\"auto, (max-width: 1846px) 100vw, 1846px\" \/><\/p><\/div>[\/vc_column][\/vc_row][vc_row][vc_column][vc_empty_space][vc_column_text]<\/p>\n<h2><span style=\"color: #000000\"><strong>Die Dattelpalme ist eine wahre Allesk\u00f6nnerin<\/strong><\/span><\/h2>\n<p>F\u00fcr die Menschen in der W\u00fcste ist die Dattekpalme seit jeher von besonderer Bedeutung: Nach alter Tradition werden auch bei SEKEM alle Teile der Pflanze verwertet. Der Stamm zum Hausbau, die Kerne zur \u00d6lgewinnung oder die Rispen f\u00fcr Stra\u00dfenbesen. Die beliebten Fr\u00fcchte sind nicht nur angenehm weich und s\u00fc\u00df, als Proviant haben sie schon vielen W\u00fcstenbewohner*innen die n\u00f6tige Energie geliefert.[\/vc_column_text][\/vc_column][\/vc_row][vc_row][vc_column][vc_empty_space]<div class=\"wl_einzelbild\"><p><\/p>\n<div id=\"attachment_1753\" style=\"width: 1930px\" class=\"wp-caption alignleft\"><img loading=\"lazy\" decoding=\"async\" aria-describedby=\"caption-attachment-1753\" class=\"wp-image-1753 size-full\" src=\"https:\/\/weltlaeden.de\/osterstrasse\/wp-content\/uploads\/sites\/17\/2021\/01\/Mahmoud_Shams-e1632414089904.jpeg\" alt=\"\" width=\"1920\" height=\"1118\" srcset=\"https:\/\/weltlaeden.de\/osterstrasse\/wp-content\/uploads\/sites\/17\/2021\/01\/Mahmoud_Shams-e1632414089904.jpeg 1920w, https:\/\/weltlaeden.de\/osterstrasse\/wp-content\/uploads\/sites\/17\/2021\/01\/Mahmoud_Shams-e1632414089904-300x175.jpeg 300w, https:\/\/weltlaeden.de\/osterstrasse\/wp-content\/uploads\/sites\/17\/2021\/01\/Mahmoud_Shams-e1632414089904-768x447.jpeg 768w, https:\/\/weltlaeden.de\/osterstrasse\/wp-content\/uploads\/sites\/17\/2021\/01\/Mahmoud_Shams-e1632414089904-1024x596.jpeg 1024w\" sizes=\"auto, (max-width: 1920px) 100vw, 1920px\" \/><p id=\"caption-attachment-1753\" class=\"wp-caption-text\">Mahmoud Shams ist bei SEKEM auf der Farm f\u00fcr die Datteln zust\u00e4ndig (Foto: El Puente)<\/p><\/div>\n<p><\/p><\/div>[vc_column_text]\u201eDie Arbeit auf einer Farm, die ausschlie\u00dflich nach \u00f6kologischen Kriterien anbaut, hat viele Vorteile im Vergleich zu einer konventionellen Farm\u201c, erkl\u00e4rt Mahmoud Shams. Er arbeitet seit Sommer 2020 bei SEKEM auf der Farm und ist f\u00fcr die Datteln zust\u00e4ndig. Bevor er zu SEKEM kam, arbeitete er in Saudi Arabien auf einer konventionellen Farm. Durch die Corona-Krise verlor er seinen Job. Als er dann von einem Freund von SEKEM und der Wahat Farm erfuhr, sah er darin die Chance, an einem guten Ort neu anzufangen. \u201eDie Arbeit macht mir mehr Spa\u00df, da mit nat\u00fcrlichen Materialien gearbeitet wird. Zum Beispiel legen wir Stroh um die B\u00e4ume, um sie vor Unkraut zu sch\u00fctzen. Wir arbeiten nicht mit gef\u00e4hrlichen Pestiziden. Diese Art des Anbaus ist besser f\u00fcr Mensch und Natur. Das merke ich jeden Tag\u201c, sagt Shams.[\/vc_column_text][vc_empty_space][vc_empty_space][\/vc_column][\/vc_row][vc_row][vc_column width=&#8220;1\/3&#8243;]<div class=\"wl_einzelbild\"><p><img loading=\"lazy\" decoding=\"async\" class=\"wp-image-3974 aligncenter\" src=\"https:\/\/weltlaeden.de\/osterstrasse\/wp-content\/uploads\/sites\/17\/2026\/01\/Bildschirmfoto-2026-01-30-um-12.59.04.png\" alt=\"\" width=\"142\" height=\"285\" srcset=\"https:\/\/weltlaeden.de\/osterstrasse\/wp-content\/uploads\/sites\/17\/2026\/01\/Bildschirmfoto-2026-01-30-um-12.59.04.png 564w, https:\/\/weltlaeden.de\/osterstrasse\/wp-content\/uploads\/sites\/17\/2026\/01\/Bildschirmfoto-2026-01-30-um-12.59.04-150x300.png 150w, https:\/\/weltlaeden.de\/osterstrasse\/wp-content\/uploads\/sites\/17\/2026\/01\/Bildschirmfoto-2026-01-30-um-12.59.04-511x1024.png 511w\" sizes=\"auto, (max-width: 142px) 100vw, 142px\" \/><\/p><\/div>[\/vc_column][vc_column width=&#8220;1\/3&#8243; css=&#8220;.vc_custom_1719611301702{border-color: #ffffff !important;}&#8220;][\/vc_column][vc_column width=&#8220;1\/3&#8243;][vc_column_text css=&#8220;&#8220;]<strong>Dattel-Tr\u00fcffel Mandel-Orange<\/strong><\/p>\n<p>Der Geschmack der s\u00fc\u00dfen Dattelkugeln wird von der herb-s\u00fc\u00dfen Orange und den aromatischen Mandeln abgerundet. Die Confiserie schmeckt zu Kaffee, schwarzem Tee oder einem Glas Rotwein.[\/vc_column_text][\/vc_column][\/vc_row][vc_row][vc_column width=&#8220;1\/3&#8243;]<div class=\"wl_einzelbild\"><p><img loading=\"lazy\" decoding=\"async\" class=\"wp-image-3975 aligncenter\" src=\"https:\/\/weltlaeden.de\/osterstrasse\/wp-content\/uploads\/sites\/17\/2026\/01\/Bildschirmfoto-2026-01-30-um-12.59.39.png\" alt=\"\" width=\"131\" height=\"273\" srcset=\"https:\/\/weltlaeden.de\/osterstrasse\/wp-content\/uploads\/sites\/17\/2026\/01\/Bildschirmfoto-2026-01-30-um-12.59.39.png 524w, https:\/\/weltlaeden.de\/osterstrasse\/wp-content\/uploads\/sites\/17\/2026\/01\/Bildschirmfoto-2026-01-30-um-12.59.39-144x300.png 144w, https:\/\/weltlaeden.de\/osterstrasse\/wp-content\/uploads\/sites\/17\/2026\/01\/Bildschirmfoto-2026-01-30-um-12.59.39-490x1024.png 490w\" sizes=\"auto, (max-width: 131px) 100vw, 131px\" \/><\/p>\n<p><\/p><\/div>[\/vc_column][vc_column width=&#8220;1\/3&#8243;][\/vc_column][vc_column width=&#8220;1\/3&#8243;][vc_column_text]<strong>Dattel-Tr\u00fcffel mit Kardamom<\/strong><\/p>\n<p>Der w\u00fcrzig-s\u00fc\u00dfe Kardamom und die s\u00fc\u00dfen Dattelkugeln ergeben eine k\u00f6stliche Geschmacksexplosion. Diese Dattel-Tr\u00fcffel schmecken besonders gut zu mild-floralem Kaffee.[\/vc_column_text][\/vc_column][\/vc_row][vc_row][vc_column width=&#8220;1\/3&#8243;]<div class=\"wl_einzelbild\"><p><img loading=\"lazy\" decoding=\"async\" class=\"aligncenter size-medium wp-image-1761\" src=\"https:\/\/weltlaeden.de\/osterstrasse\/wp-content\/uploads\/sites\/17\/2021\/01\/Dattel-Tr\u00fcffel-Zitrone-182x300.jpg\" alt=\"\" width=\"182\" height=\"300\" srcset=\"https:\/\/weltlaeden.de\/osterstrasse\/wp-content\/uploads\/sites\/17\/2021\/01\/Dattel-Tr\u00fcffel-Zitrone-182x300.jpg 182w, https:\/\/weltlaeden.de\/osterstrasse\/wp-content\/uploads\/sites\/17\/2021\/01\/Dattel-Tr\u00fcffel-Zitrone-768x1267.jpg 768w, https:\/\/weltlaeden.de\/osterstrasse\/wp-content\/uploads\/sites\/17\/2021\/01\/Dattel-Tr\u00fcffel-Zitrone-621x1024.jpg 621w, https:\/\/weltlaeden.de\/osterstrasse\/wp-content\/uploads\/sites\/17\/2021\/01\/Dattel-Tr\u00fcffel-Zitrone.jpg 1146w\" sizes=\"auto, (max-width: 182px) 100vw, 182px\" \/><\/p><\/div>[\/vc_column][vc_column width=&#8220;1\/3&#8243;][\/vc_column][vc_column width=&#8220;1\/3&#8243;][vc_column_text]<strong>Dattel-Tr\u00fcffel mit Zitrone<\/strong><\/p>\n<p>Die fein-s\u00fc\u00dfe Dattelmasse, umh\u00fcllt mit fruchtiger Zitrone und Zitronengras ergeben eine k\u00f6stliche Confiserie. Sie passt besonders zu gr\u00fcnem und schwarzem Tee oder einem Glas Wei\u00dfwein.[\/vc_column_text][\/vc_column][\/vc_row][vc_row][vc_column][vc_empty_space][vc_video link=&#8220;https:\/\/www.youtube.com\/watch?v=i6qq72YVFcA&#8220;][\/vc_column][\/vc_row][vc_column width=&#8220;1\/2&#8243;][\/vc_column]<\/p>\n<\/div>","protected":false},"excerpt":{"rendered":"<p>[vc_row][vc_column][vc_empty_space][\/vc_column][\/vc_row][vc_row][vc_column][vc_column_text] SEKEM: Feinste Dattel-Tr\u00fcffel aus \u00c4gypten In den \u00e4gyptischen Dattel-Tr\u00fcffeln steckt 100 % Natur Die S\u00fc\u00dfe der sonnengereiften Bio-Datteln verfeinert mit verschiedenen biologisch angebauten Zutaten beschert ein Geschmackserlebnis der besonderen Art. Hergestellt werden sie von SEKEM, einer Fair-Handels-Organisation in \u00c4gypten, die sich auf bio-faire Lebensmittel und Textilien spezialisiert hat. SEKEM will die nachhaltige Landwirtschaft f\u00f6rdern&hellip;<\/p>\n","protected":false},"author":97,"featured_media":0,"parent":1251,"menu_order":26,"comment_status":"closed","ping_status":"closed","template":"","meta":{"footnotes":""},"class_list":["post-1797","page","type-page","status-publish","hentry","description-off"],"_links":{"self":[{"href":"https:\/\/weltlaeden.de\/osterstrasse\/wp-json\/wp\/v2\/pages\/1797","targetHints":{"allow":["GET"]}}],"collection":[{"href":"https:\/\/weltlaeden.de\/osterstrasse\/wp-json\/wp\/v2\/pages"}],"about":[{"href":"https:\/\/weltlaeden.de\/osterstrasse\/wp-json\/wp\/v2\/types\/page"}],"author":[{"embeddable":true,"href":"https:\/\/weltlaeden.de\/osterstrasse\/wp-json\/wp\/v2\/users\/97"}],"replies":[{"embeddable":true,"href":"https:\/\/weltlaeden.de\/osterstrasse\/wp-json\/wp\/v2\/comments?post=1797"}],"version-history":[{"count":20,"href":"https:\/\/weltlaeden.de\/osterstrasse\/wp-json\/wp\/v2\/pages\/1797\/revisions"}],"predecessor-version":[{"id":3977,"href":"https:\/\/weltlaeden.de\/osterstrasse\/wp-json\/wp\/v2\/pages\/1797\/revisions\/3977"}],"up":[{"embeddable":true,"href":"https:\/\/weltlaeden.de\/osterstrasse\/wp-json\/wp\/v2\/pages\/1251"}],"wp:attachment":[{"href":"https:\/\/weltlaeden.de\/osterstrasse\/wp-json\/wp\/v2\/media?parent=1797"}],"curies":[{"name":"wp","href":"https:\/\/api.w.org\/{rel}","templated":true}]}}