{"id":2674,"date":"2025-02-27T20:19:46","date_gmt":"2025-02-27T19:19:46","guid":{"rendered":"https:\/\/weltlaeden.de\/oranienburg\/?page_id=2674"},"modified":"2025-02-27T20:19:46","modified_gmt":"2025-02-27T19:19:46","slug":"handelspartner-portrait-turqle-trading-3","status":"publish","type":"page","link":"https:\/\/weltlaeden.de\/oranienburg\/handelspartner-portrait-turqle-trading-3\/","title":{"rendered":"Handelspartner-Portrait: Turqle Trading"},"content":{"rendered":"<div class=\"wpb-content-wrapper\"><p>[vc_row][vc_column]<div class=\"wl_einzelbild\"><p><img loading=\"lazy\" decoding=\"async\" class=\"alignnone\" src=\"https:\/\/weltlaeden.de\/vorlagensammlung\/wp-content\/uploads\/sites\/3\/2021\/05\/Turqle-Trading-II_Laodicea-Okkers_Quelle_St.-Louis_1200x500.jpg\" alt=\"Laodicea Okkers, Qualit\u00e4tsmanagerin bei St. Louis, sitzt am Computer. Neben ihr stehen W\u00fcrzsaucen.\" width=\"1200\" height=\"500\" \/><\/p>\n<p><\/p><\/div>[vc_empty_space][\/vc_column][\/vc_row][vc_row][vc_column][vc_column_text]<span style=\"color: #808080\"><strong><em>Handelspartner-Portrait<\/em><\/strong><\/span><\/p>\n<h1>Fairsch\u00e4rft! Gew\u00fcrzmischungen und Saucen von Turqle Trading in S\u00fcdafrika<\/h1>\n<p>Sonnengereifte Tomaten, feurige Chilis und aromatische Gew\u00fcrze sind das Erfolgsrezept von Turqle Trading. Die Organisation unterst\u00fctzt kleine Betriebe beim Export verarbeiteter Lebensmittel und schafft so zukunftsf\u00e4hige Arbeitspl\u00e4tze und mehr lokale Wertsch\u00f6pfung.<\/p>\n<p>Eine wichtige Aufgabe, denn 50 Prozent der Bev\u00f6lkerung S\u00fcdafrikas sind j\u00fcnger als 25 Jahre und die H\u00e4lfte der jungen Menschen ist arbeitslos; besonders Frauen sind von Armut und Ausbeutung betroffen.[\/vc_column_text][\/vc_column][\/vc_row][vc_row][vc_column][vc_empty_space height=&#8220;15px&#8220;][vc_column_text]<\/p>\n<h2><strong><span style=\"color: #f39800\">Vom Feld bis in die Flasche fair<br \/>\n<\/span><\/strong><\/h2>\n<p>Turqle Trading unterst\u00fctzt zehn Unternehmen in der Region Western Cape bei der Produktentwicklung und fairen Vermarktung von exportfertigen Gew\u00fcrzmischungen, Saucen und Essigen. Das sichert nicht nur mehr als 700 feste Arbeitspl\u00e4tze, sondern erh\u00f6ht auch die Wertsch\u00f6pfung. Alle Betriebe zeichnen sich durch Produkte h\u00f6chster Qualit\u00e4t und faire Arbeitsbedingungen aus. Die Produzent*innen legen gro\u00dfen Wert auf \u00f6kologische Anbaumethoden und verarbeiten frische Chilis und regionales Gem\u00fcse. Als Schl\u00fcssel zu nachhaltig positiven Ver\u00e4nderungen betrachtet Turqle Trading den Zugang zu Bildung.[\/vc_column_text][\/vc_column][\/vc_row][vc_row][vc_column][vc_empty_space height=&#8220;20px&#8220;]<div class=\"wl_einzelbild\"><p><\/p>\n<div class=\"mceTemp\"><\/div>\n<div id=\"attachment_nsm_3_108\" style=\"width: 610px\" class=\"wp-caption alignnone\"><img loading=\"lazy\" decoding=\"async\" aria-describedby=\"caption-attachment-nsm-3-108\" class=\"size-full wp-image-nsm-3-108\" src=\"https:\/\/weltlaeden.de\/vorlagensammlung\/wp-content\/uploads\/sites\/3\/2021\/05\/Turqle-Trading-I_Chili-Verarbeitung_Quelle_Fynbos-Fine-Foods_600x400.jpg\" alt=\"Drei Frauen verarbeiten Chilis\" width=\"600\" height=\"400\" \/><p id=\"caption-attachment-nsm-3-108\" class=\"wp-caption-text\">Mitarbeiterinnen von Fynbos verarbeiten feldfrische Chilis.<\/p><\/div>\n<p><\/p><\/div>[vc_empty_space height=&#8220;20px&#8220;][\/vc_column][\/vc_row][vc_row][vc_column][vc_column_text]<\/p>\n<h2><strong><span style=\"color: #f39800\">Der Fair Trade Trust: Weiter mit Bildung<\/span><\/strong><\/h2>\n<p>Um den Arbeiter*innen und ihren Familien berufliche Perspektiven und Aufstiegschancen zu er\u00f6ffnen, gr\u00fcndete Turqle Trading den Fair Trade Trust. Die Stiftung speist sich aus Verkaufserl\u00f6sen und finanziert vor allem die Schulgeb\u00fchren f\u00fcr die Kinder der Angestellten. Mit gezielten Aus- und Weiterbildungsprogrammen k\u00f6nnen die Angestellten ihre Potentiale entfalten und F\u00e4higkeiten erweitern. Stipendien erm\u00f6glichten bereits einigen Kindern den Besuch einer Universit\u00e4t.[\/vc_column_text][vc_column_text]Auch in der kleinen Firma St. Louis, die W\u00fcrzsaucen herstellt, werden die Mitarbeiter*innen gezielt gef\u00f6rdert. Laodicea Okkers begann als Angestellte in der Lebensmittelkontrolle. Mit Unterst\u00fctzung durch den Fair Trade Trust absolvierte sie mehrere Fortbildungen und arbeitet nun im Alter von 28 Jahren in der Leitung des Qualit\u00e4tsmanagements und der Kundenbetreuung. Sie ist stolz darauf, mit ihren neuen Kompetenzen zum Erfolg der Firma beizutragen.<\/p>\n<p>In der Corona-Krise zeigt sich die St\u00e4rke und Solidarit\u00e4t des Fairen Handels: Die Kapregion lebt vom Tourismus und ist deshalb von den Ma\u00dfnahmen zur Eind\u00e4mmung der Pandemie wirtschaftlich schwer getroffen. Die Lebensmittelproduktion l\u00e4uft aber trotz eines strengen Lockdowns weiter. So konnte Turqle Trading eine lokale Hilfsorganisation unterst\u00fctzen, die Schulkinder mit Lebensmitteln versorgt.<\/p>\n<p>Erfahren Sie hier mehr \u00fcber die Arbeit und Philosophie von Turqle Trading: <a href=\"http:\/\/www.turqle.com\" target=\"_blank\" rel=\"noopener\">www.turqle.com<\/a>[\/vc_column_text][\/vc_column][\/vc_row][vc_row][vc_column][vc_empty_space][vc_separator border_width=&#8220;2&#8243;][\/vc_column][\/vc_row][vc_row][vc_column][vc_column_text]<em>Bildnachweise f\u00fcr diese Seite (von oben nach unten): St. Louis, Fynbos Fine Foods<\/em><em><br \/>\n<\/em><\/p>\n<p>Quellen: <a href=\"http:\/\/www.turqle.com\" target=\"_blank\" rel=\"noopener\">Turqle Trading<\/a>, <a href=\"http:\/\/www.fynbosfoods.com\" target=\"_blank\" rel=\"noopener\">Fynbos Fine Foods<\/a>, <a href=\"https:\/\/www.el-puente.de\/handelspartner\/turqle-trading\" target=\"_blank\" rel=\"noopener\">El Puente GmbH<\/a>[\/vc_column_text][\/vc_column][\/vc_row][vc_row][vc_column][\/vc_column][\/vc_row]<\/p>\n<\/div>","protected":false},"excerpt":{"rendered":"<p>[vc_row][vc_column][vc_empty_space][\/vc_column][\/vc_row][vc_row][vc_column][vc_column_text]Handelspartner-Portrait Fairsch\u00e4rft! Gew\u00fcrzmischungen und Saucen von Turqle Trading in S\u00fcdafrika Sonnengereifte Tomaten, feurige Chilis und aromatische Gew\u00fcrze sind das Erfolgsrezept von Turqle Trading. Die Organisation unterst\u00fctzt kleine Betriebe beim Export verarbeiteter Lebensmittel und schafft so zukunftsf\u00e4hige Arbeitspl\u00e4tze und mehr lokale Wertsch\u00f6pfung. Eine wichtige Aufgabe, denn 50 Prozent der Bev\u00f6lkerung S\u00fcdafrikas sind j\u00fcnger als 25 Jahre&hellip;<\/p>\n","protected":false},"author":185,"featured_media":0,"parent":0,"menu_order":11,"comment_status":"closed","ping_status":"closed","template":"","meta":{"footnotes":""},"class_list":["post-2674","page","type-page","status-publish","hentry","description-off"],"yoast_head":"<!-- This site is optimized with the Yoast SEO plugin v26.8 - https:\/\/yoast.com\/product\/yoast-seo-wordpress\/ -->\n<title>Handelspartner-Portrait: Turqle Trading - Weltladen Oranienburg<\/title>\n<meta name=\"robots\" content=\"index, follow, max-snippet:-1, max-image-preview:large, max-video-preview:-1\" \/>\n<link rel=\"canonical\" href=\"https:\/\/weltlaeden.de\/oranienburg\/handelspartner-portrait-turqle-trading-3\/\" \/>\n<meta property=\"og:locale\" content=\"de_DE\" \/>\n<meta property=\"og:type\" content=\"article\" \/>\n<meta property=\"og:title\" content=\"Handelspartner-Portrait: Turqle Trading - Weltladen Oranienburg\" \/>\n<meta property=\"og:description\" content=\"[vc_row][vc_column][vc_empty_space][\/vc_column][\/vc_row][vc_row][vc_column][vc_column_text]Handelspartner-Portrait Fairsch\u00e4rft! Gew\u00fcrzmischungen und Saucen von Turqle Trading in S\u00fcdafrika Sonnengereifte Tomaten, feurige Chilis und aromatische Gew\u00fcrze sind das Erfolgsrezept von Turqle Trading. Die Organisation unterst\u00fctzt kleine Betriebe beim Export verarbeiteter Lebensmittel und schafft so zukunftsf\u00e4hige Arbeitspl\u00e4tze und mehr lokale Wertsch\u00f6pfung. Eine wichtige Aufgabe, denn 50 Prozent der Bev\u00f6lkerung S\u00fcdafrikas sind j\u00fcnger als 25 Jahre&hellip;\" \/>\n<meta property=\"og:url\" content=\"https:\/\/weltlaeden.de\/oranienburg\/handelspartner-portrait-turqle-trading-3\/\" \/>\n<meta property=\"og:site_name\" content=\"Weltladen Oranienburg\" \/>\n<meta property=\"og:image\" content=\"https:\/\/weltlaeden.de\/vorlagensammlung\/wp-content\/uploads\/sites\/3\/2021\/05\/Turqle-Trading-II_Laodicea-Okkers_Quelle_St.-Louis_1200x500.jpg\" \/>\n<meta name=\"twitter:card\" content=\"summary_large_image\" \/>\n<meta name=\"twitter:label1\" content=\"Gesch\u00e4tzte Lesezeit\" \/>\n\t<meta name=\"twitter:data1\" content=\"3\u00a0Minuten\" \/>\n<script type=\"application\/ld+json\" class=\"yoast-schema-graph\">{\"@context\":\"https:\/\/schema.org\",\"@graph\":[{\"@type\":\"WebPage\",\"@id\":\"https:\/\/weltlaeden.de\/oranienburg\/handelspartner-portrait-turqle-trading-3\/\",\"url\":\"https:\/\/weltlaeden.de\/oranienburg\/handelspartner-portrait-turqle-trading-3\/\",\"name\":\"Handelspartner-Portrait: Turqle Trading - Weltladen Oranienburg\",\"isPartOf\":{\"@id\":\"https:\/\/weltlaeden.de\/oranienburg\/#website\"},\"primaryImageOfPage\":{\"@id\":\"https:\/\/weltlaeden.de\/oranienburg\/handelspartner-portrait-turqle-trading-3\/#primaryimage\"},\"image\":{\"@id\":\"https:\/\/weltlaeden.de\/oranienburg\/handelspartner-portrait-turqle-trading-3\/#primaryimage\"},\"thumbnailUrl\":\"https:\/\/weltlaeden.de\/vorlagensammlung\/wp-content\/uploads\/sites\/3\/2021\/05\/Turqle-Trading-II_Laodicea-Okkers_Quelle_St.-Louis_1200x500.jpg\",\"datePublished\":\"2025-02-27T19:19:46+00:00\",\"breadcrumb\":{\"@id\":\"https:\/\/weltlaeden.de\/oranienburg\/handelspartner-portrait-turqle-trading-3\/#breadcrumb\"},\"inLanguage\":\"de\",\"potentialAction\":[{\"@type\":\"ReadAction\",\"target\":[\"https:\/\/weltlaeden.de\/oranienburg\/handelspartner-portrait-turqle-trading-3\/\"]}]},{\"@type\":\"ImageObject\",\"inLanguage\":\"de\",\"@id\":\"https:\/\/weltlaeden.de\/oranienburg\/handelspartner-portrait-turqle-trading-3\/#primaryimage\",\"url\":\"https:\/\/weltlaeden.de\/vorlagensammlung\/wp-content\/uploads\/sites\/3\/2021\/05\/Turqle-Trading-II_Laodicea-Okkers_Quelle_St.-Louis_1200x500.jpg\",\"contentUrl\":\"https:\/\/weltlaeden.de\/vorlagensammlung\/wp-content\/uploads\/sites\/3\/2021\/05\/Turqle-Trading-II_Laodicea-Okkers_Quelle_St.-Louis_1200x500.jpg\"},{\"@type\":\"BreadcrumbList\",\"@id\":\"https:\/\/weltlaeden.de\/oranienburg\/handelspartner-portrait-turqle-trading-3\/#breadcrumb\",\"itemListElement\":[{\"@type\":\"ListItem\",\"position\":1,\"name\":\"Startseite\",\"item\":\"https:\/\/weltlaeden.de\/oranienburg\/\"},{\"@type\":\"ListItem\",\"position\":2,\"name\":\"Handelspartner-Portrait: Turqle Trading\"}]},{\"@type\":\"WebSite\",\"@id\":\"https:\/\/weltlaeden.de\/oranienburg\/#website\",\"url\":\"https:\/\/weltlaeden.de\/oranienburg\/\",\"name\":\"Weltladen Oranienburg\",\"description\":\"Faire Produkte seit 1990\",\"potentialAction\":[{\"@type\":\"SearchAction\",\"target\":{\"@type\":\"EntryPoint\",\"urlTemplate\":\"https:\/\/weltlaeden.de\/oranienburg\/?s={search_term_string}\"},\"query-input\":{\"@type\":\"PropertyValueSpecification\",\"valueRequired\":true,\"valueName\":\"search_term_string\"}}],\"inLanguage\":\"de\"}]}<\/script>\n<!-- \/ Yoast SEO plugin. -->","yoast_head_json":{"title":"Handelspartner-Portrait: Turqle Trading - Weltladen Oranienburg","robots":{"index":"index","follow":"follow","max-snippet":"max-snippet:-1","max-image-preview":"max-image-preview:large","max-video-preview":"max-video-preview:-1"},"canonical":"https:\/\/weltlaeden.de\/oranienburg\/handelspartner-portrait-turqle-trading-3\/","og_locale":"de_DE","og_type":"article","og_title":"Handelspartner-Portrait: Turqle Trading - Weltladen Oranienburg","og_description":"[vc_row][vc_column][vc_empty_space][\/vc_column][\/vc_row][vc_row][vc_column][vc_column_text]Handelspartner-Portrait Fairsch\u00e4rft! Gew\u00fcrzmischungen und Saucen von Turqle Trading in S\u00fcdafrika Sonnengereifte Tomaten, feurige Chilis und aromatische Gew\u00fcrze sind das Erfolgsrezept von Turqle Trading. Die Organisation unterst\u00fctzt kleine Betriebe beim Export verarbeiteter Lebensmittel und schafft so zukunftsf\u00e4hige Arbeitspl\u00e4tze und mehr lokale Wertsch\u00f6pfung. Eine wichtige Aufgabe, denn 50 Prozent der Bev\u00f6lkerung S\u00fcdafrikas sind j\u00fcnger als 25 Jahre&hellip;","og_url":"https:\/\/weltlaeden.de\/oranienburg\/handelspartner-portrait-turqle-trading-3\/","og_site_name":"Weltladen Oranienburg","og_image":[{"url":"https:\/\/weltlaeden.de\/vorlagensammlung\/wp-content\/uploads\/sites\/3\/2021\/05\/Turqle-Trading-II_Laodicea-Okkers_Quelle_St.-Louis_1200x500.jpg","type":"","width":"","height":""}],"twitter_card":"summary_large_image","twitter_misc":{"Gesch\u00e4tzte Lesezeit":"3\u00a0Minuten"},"schema":{"@context":"https:\/\/schema.org","@graph":[{"@type":"WebPage","@id":"https:\/\/weltlaeden.de\/oranienburg\/handelspartner-portrait-turqle-trading-3\/","url":"https:\/\/weltlaeden.de\/oranienburg\/handelspartner-portrait-turqle-trading-3\/","name":"Handelspartner-Portrait: Turqle Trading - Weltladen Oranienburg","isPartOf":{"@id":"https:\/\/weltlaeden.de\/oranienburg\/#website"},"primaryImageOfPage":{"@id":"https:\/\/weltlaeden.de\/oranienburg\/handelspartner-portrait-turqle-trading-3\/#primaryimage"},"image":{"@id":"https:\/\/weltlaeden.de\/oranienburg\/handelspartner-portrait-turqle-trading-3\/#primaryimage"},"thumbnailUrl":"https:\/\/weltlaeden.de\/vorlagensammlung\/wp-content\/uploads\/sites\/3\/2021\/05\/Turqle-Trading-II_Laodicea-Okkers_Quelle_St.-Louis_1200x500.jpg","datePublished":"2025-02-27T19:19:46+00:00","breadcrumb":{"@id":"https:\/\/weltlaeden.de\/oranienburg\/handelspartner-portrait-turqle-trading-3\/#breadcrumb"},"inLanguage":"de","potentialAction":[{"@type":"ReadAction","target":["https:\/\/weltlaeden.de\/oranienburg\/handelspartner-portrait-turqle-trading-3\/"]}]},{"@type":"ImageObject","inLanguage":"de","@id":"https:\/\/weltlaeden.de\/oranienburg\/handelspartner-portrait-turqle-trading-3\/#primaryimage","url":"https:\/\/weltlaeden.de\/vorlagensammlung\/wp-content\/uploads\/sites\/3\/2021\/05\/Turqle-Trading-II_Laodicea-Okkers_Quelle_St.-Louis_1200x500.jpg","contentUrl":"https:\/\/weltlaeden.de\/vorlagensammlung\/wp-content\/uploads\/sites\/3\/2021\/05\/Turqle-Trading-II_Laodicea-Okkers_Quelle_St.-Louis_1200x500.jpg"},{"@type":"BreadcrumbList","@id":"https:\/\/weltlaeden.de\/oranienburg\/handelspartner-portrait-turqle-trading-3\/#breadcrumb","itemListElement":[{"@type":"ListItem","position":1,"name":"Startseite","item":"https:\/\/weltlaeden.de\/oranienburg\/"},{"@type":"ListItem","position":2,"name":"Handelspartner-Portrait: Turqle Trading"}]},{"@type":"WebSite","@id":"https:\/\/weltlaeden.de\/oranienburg\/#website","url":"https:\/\/weltlaeden.de\/oranienburg\/","name":"Weltladen Oranienburg","description":"Faire Produkte seit 1990","potentialAction":[{"@type":"SearchAction","target":{"@type":"EntryPoint","urlTemplate":"https:\/\/weltlaeden.de\/oranienburg\/?s={search_term_string}"},"query-input":{"@type":"PropertyValueSpecification","valueRequired":true,"valueName":"search_term_string"}}],"inLanguage":"de"}]}},"_links":{"self":[{"href":"https:\/\/weltlaeden.de\/oranienburg\/wp-json\/wp\/v2\/pages\/2674","targetHints":{"allow":["GET"]}}],"collection":[{"href":"https:\/\/weltlaeden.de\/oranienburg\/wp-json\/wp\/v2\/pages"}],"about":[{"href":"https:\/\/weltlaeden.de\/oranienburg\/wp-json\/wp\/v2\/types\/page"}],"author":[{"embeddable":true,"href":"https:\/\/weltlaeden.de\/oranienburg\/wp-json\/wp\/v2\/users\/185"}],"replies":[{"embeddable":true,"href":"https:\/\/weltlaeden.de\/oranienburg\/wp-json\/wp\/v2\/comments?post=2674"}],"version-history":[{"count":1,"href":"https:\/\/weltlaeden.de\/oranienburg\/wp-json\/wp\/v2\/pages\/2674\/revisions"}],"predecessor-version":[{"id":2688,"href":"https:\/\/weltlaeden.de\/oranienburg\/wp-json\/wp\/v2\/pages\/2674\/revisions\/2688"}],"wp:attachment":[{"href":"https:\/\/weltlaeden.de\/oranienburg\/wp-json\/wp\/v2\/media?parent=2674"}],"curies":[{"name":"wp","href":"https:\/\/api.w.org\/{rel}","templated":true}]}}