{"id":2662,"date":"2025-02-27T20:01:15","date_gmt":"2025-02-27T19:01:15","guid":{"rendered":"https:\/\/weltlaeden.de\/oranienburg\/?page_id=2662"},"modified":"2025-02-27T20:01:15","modified_gmt":"2025-02-27T19:01:15","slug":"handelspartner-portrait-canaan-2","status":"publish","type":"page","link":"https:\/\/weltlaeden.de\/oranienburg\/handelspartner-portrait-canaan-2\/","title":{"rendered":"Handelspartner-Portrait: Canaan"},"content":{"rendered":"<div class=\"wpb-content-wrapper\"><p>[vc_row][vc_column]<div class=\"wl_einzelbild\"><p><img loading=\"lazy\" decoding=\"async\" class=\"alignleft\" src=\"https:\/\/weltlaeden.de\/vorlagensammlung\/wp-content\/uploads\/sites\/3\/2021\/08\/Canaan-I_Familie-Jarar_Quelle_WeltPartner-eG_1200x500.jpg\" alt=\"Die Familie von Abu Mahmoud Jarar in ihrem Olivenhain. \" width=\"1200\" height=\"500\" \/><\/p><\/div>[vc_empty_space][\/vc_column][\/vc_row][vc_row][vc_column][vc_column_text]<span style=\"color: #808080\"><strong><em>Handelspartner-Portrait<\/em><\/strong><\/span><\/p>\n<h1>Wachsende Hoffnung: Oliven\u00f6l und Feinkost von Canaan Fair Trade in Pal\u00e4stina<\/h1>\n<p>Die knorrigen, widerstandsf\u00e4higen Olivenb\u00e4ume pr\u00e4gen die Landschaft in Pal\u00e4stina. Aus ihren Fr\u00fcchten stellen die Produzent*innen von Canaan Fair Trade k\u00f6stliches Oliven\u00f6l der h\u00f6chsten G\u00fcteklasse her und erschaffen so Perspektiven f\u00fcr ein selbstbestimmtes Leben.[\/vc_column_text][\/vc_column][\/vc_row][vc_row][vc_column][vc_column_text]Die H\u00e4lfte der landwirtschaftlichen Fl\u00e4che Pal\u00e4stinas ist mit Olivenb\u00e4umen bepflanzt; sie sind bis heute f\u00fcr viele Familien die wichtigste Einnahmequelle. Die politischen Rahmenbedingungen und die Exportlogistik stellen jedoch gro\u00dfe Herausforderungen dar. Zudem hat die israelische Armee viele Olivenhaine zerst\u00f6rt, so dass immer mehr Farmer*innen ihre Felder aufgeben mussten. Vor diesem Hintergrund gr\u00fcndete der Kulturanthropologe Dr. Nasser Abufarha im Jahr 2004 die Fair-Handels-Organisation Canaan Fair Trade. Seine Vision: Ein selbstbestimmtes Leben und langfristige wirtschaftliche Perspektiven f\u00fcr die pal\u00e4stinensische Landbev\u00f6lkerung.[\/vc_column_text][\/vc_column][\/vc_row][vc_row][vc_column][vc_empty_space height=&#8220;15px&#8220;]<blockquote class=\"text-big shortcode-blockquote\"><h2><em>\u201eWir geben benachteiligten Familien in schwierigen wirtschaftlichen Situationen und in der festgefahrenen politischen Lage Pal\u00e4stinas neue Perspektiven. Dazu passt perfekt der Olivenbaum &#8211; als weltweites Symbol der Hoffnung und des Friedens. Seine Fr\u00fcchte gilt es f\u00fcr uns im Fairen Handel zu nutzen: f\u00fcr ein neues, gewaltfreies, aufstrebendes und selbst\u00e4ndiges Pal\u00e4stina.\u201c<\/em><\/h2>\n<p style=\"text-align: right\">(Dr. Nasser Abufarha, Gr\u00fcnder von Canaan Fair Trade)<\/p>\n<\/blockquote>[vc_empty_space height=&#8220;20px&#8220;][vc_column_text]<\/p>\n<h2><strong><span style=\"color: #f39800\">&#8222;Weizen und Oliven\u00f6l sind das Leben des Hauses&#8220;<\/span>\u00a0<\/strong><\/h2>\n<p>[\/vc_column_text][\/vc_column][\/vc_row][vc_row][vc_column][vc_column_text]Canaan Fair Trade arbeitet mit d\u00f6rflichen Genossenschaften im Norden Pal\u00e4stinas zusammen. Die Kleinproduzent*innen bauen Oliven, aber auch Weizen, Mandeln, Sesam und Tomaten an.\u00a0 Die Organisation ber\u00e4t die Farmer*innen bei der Umstellung auf Bio-Landbau, verbessert Produktionsprozesse, kontrolliert und vermarktet die Produkte. Aus den Oliven pressen die Mitarbeiter*innen in einer eigenen Anlage direkt nach der Ernte aromatisches Bio-Oliven\u00f6l \u201eNativ extra\u201c. Auch die anderen landwirtschaftlichen Erzeugnisse werden in den Produktionsst\u00e4tten von Canaan Fair Trade zu hochwertigen Endprodukten weiterverarbeitet und exportfertig verpackt, so dass ein Gro\u00dfteil der Wertsch\u00f6pfung im Land bleibt.[\/vc_column_text][\/vc_column][\/vc_row][vc_row][vc_column][vc_empty_space height=&#8220;20px&#8220;][\/vc_column][\/vc_row][vc_row][vc_column width=&#8220;1\/2&#8243;]<div class=\"wl_einzelbild\"><p><\/p>\n<div id=\"attachment_nsm_3_114\" style=\"width: 610px\" class=\"wp-caption aligncenter\"><img loading=\"lazy\" decoding=\"async\" aria-describedby=\"caption-attachment-nsm-3-114\" class=\"size-full wp-image-nsm-3-114\" src=\"https:\/\/weltlaeden.de\/vorlagensammlung\/wp-content\/uploads\/sites\/3\/2021\/08\/Canaan-III_Ibtissam-Musa-im-WL_Quelle_WeltPartner-eG_600x400.jpg\" alt=\"Maftoul-Produzentin Ibtissam Musa zu Besuch im Weltladen.\" width=\"600\" height=\"400\" \/><p id=\"caption-attachment-nsm-3-114\" class=\"wp-caption-text\">Maftoul-Produzentin Ibtissam Musa zu Besuch im Weltladen.<\/p><\/div>\n<p><\/p><\/div>[\/vc_column][vc_column width=&#8220;1\/2&#8243;]<div class=\"wl_einzelbild\"><p><\/p>\n<div id=\"attachment_nsm_3_115\" style=\"width: 610px\" class=\"wp-caption aligncenter\"><img loading=\"lazy\" decoding=\"async\" aria-describedby=\"caption-attachment-nsm-3-115\" class=\"size-full wp-image-nsm-3-115\" src=\"https:\/\/weltlaeden.de\/vorlagensammlung\/wp-content\/uploads\/sites\/3\/2021\/08\/CA8FC21.jpg\" alt=\"Mitglieder einer Frauenkooperative\" width=\"600\" height=\"400\" \/><p id=\"caption-attachment-nsm-3-115\" class=\"wp-caption-text\">Mitglieder einer Frauenkooperative<\/p><\/div>\n<p><\/p><\/div>[\/vc_column][\/vc_row][vc_row][vc_column][vc_empty_space height=&#8220;15px&#8220;][\/vc_column][\/vc_row][vc_row][vc_column][vc_column_text]Die Mehrerl\u00f6se erm\u00f6glichen auch Mikrokredite f\u00fcr Frauen-Kooperativen, die z. B. sonnengetrocknete Tomaten und handgerollten Couscous herstellen und so mehr Unabh\u00e4ngigkeit erlangen.<\/p>\n<p>Canaan Fair Trade zahlt sowohl den Erzeuger*innen als auch in der Weiterverarbeitung faire Preise und erm\u00f6glicht so nachhaltige Verbesserungen des Lebensstandards. Das Unternehmen unterst\u00fctzt auch die Aufforstung von Olivenhainen mit neuen Setzlingen und die Kultivierung alter Weizensorten. Die vielf\u00e4ltigen Leistungen von Canaan Fair Trade machen die Landwirtschaft wieder attraktiv und rentabel; so k\u00f6nnen mittlerweile mehr als 2.000 kleinb\u00e4uerliche Familienbetriebe sozial und \u00f6kologisch nachhaltig wirtschaften.<\/p>\n<p>Im Weltladen finden Sie ein Sortiment der K\u00f6stlichkeiten von Canaan Fair Trade, mit denen die Produzent*innen in Pal\u00e4stina ihren Lebensunterhalt erwirtschaften und Perspektiven f\u00fcr die Zukunft schaffen.[\/vc_column_text][vc_empty_space height=&#8220;20px&#8220;][\/vc_column][\/vc_row][vc_row][vc_column][vc_column_text]<\/p>\n<h2><span style=\"color: #f39800\"><strong>Zum Weiterlesen<\/strong><\/span><\/h2>\n<p>Erfahren Sie hier mehr \u00fcber die Arbeit und Philosophie von Canaan Fair Trade: <a href=\"http:\/\/www.canaanusa.com\" target=\"_blank\" rel=\"noopener\">www.canaanusa.com<\/a>, <a href=\"http:\/\/www.weltpartner.de\/de\/handelspartner\/asien\/palaestina\/canaan-fair-trade\" target=\"_blank\" rel=\"noopener\">www.weltpartner.de\/de\/handelspartner\/asien\/palaestina\/canaan-fair-trade<\/a>[\/vc_column_text][\/vc_column][\/vc_row][vc_row][vc_column][vc_empty_space height=&#8220;20px&#8220;][vc_separator border_width=&#8220;2&#8243;][vc_column_text]<em>Bildnachweise f\u00fcr diese Seite (von oben nach unten): <\/em><em>WeltPartner eG, Palestine Fair Trade Association, WeltPartner eG<br \/>\n<\/em>[\/vc_column_text][\/vc_column][\/vc_row]<\/p>\n<\/div>","protected":false},"excerpt":{"rendered":"<p>[vc_row][vc_column][vc_empty_space][\/vc_column][\/vc_row][vc_row][vc_column][vc_column_text]Handelspartner-Portrait Wachsende Hoffnung: Oliven\u00f6l und Feinkost von Canaan Fair Trade in Pal\u00e4stina Die knorrigen, widerstandsf\u00e4higen Olivenb\u00e4ume pr\u00e4gen die Landschaft in Pal\u00e4stina. Aus ihren Fr\u00fcchten stellen die Produzent*innen von Canaan Fair Trade k\u00f6stliches Oliven\u00f6l der h\u00f6chsten G\u00fcteklasse her und erschaffen so Perspektiven f\u00fcr ein selbstbestimmtes Leben.[\/vc_column_text][\/vc_column][\/vc_row][vc_row][vc_column][vc_column_text]Die H\u00e4lfte der landwirtschaftlichen Fl\u00e4che Pal\u00e4stinas ist mit Olivenb\u00e4umen bepflanzt; sie&hellip;<\/p>\n","protected":false},"author":185,"featured_media":0,"parent":0,"menu_order":7,"comment_status":"closed","ping_status":"closed","template":"","meta":{"footnotes":""},"class_list":["post-2662","page","type-page","status-publish","hentry","description-off"],"yoast_head":"<!-- This site is optimized with the Yoast SEO plugin v26.8 - https:\/\/yoast.com\/product\/yoast-seo-wordpress\/ -->\n<title>Handelspartner-Portrait: Canaan - Weltladen Oranienburg<\/title>\n<meta name=\"robots\" content=\"index, follow, max-snippet:-1, max-image-preview:large, max-video-preview:-1\" \/>\n<link rel=\"canonical\" href=\"https:\/\/weltlaeden.de\/oranienburg\/handelspartner-portrait-canaan-2\/\" \/>\n<meta property=\"og:locale\" content=\"de_DE\" \/>\n<meta property=\"og:type\" content=\"article\" \/>\n<meta property=\"og:title\" content=\"Handelspartner-Portrait: Canaan - Weltladen Oranienburg\" \/>\n<meta property=\"og:description\" content=\"[vc_row][vc_column][vc_empty_space][\/vc_column][\/vc_row][vc_row][vc_column][vc_column_text]Handelspartner-Portrait Wachsende Hoffnung: Oliven\u00f6l und Feinkost von Canaan Fair Trade in Pal\u00e4stina Die knorrigen, widerstandsf\u00e4higen Olivenb\u00e4ume pr\u00e4gen die Landschaft in Pal\u00e4stina. Aus ihren Fr\u00fcchten stellen die Produzent*innen von Canaan Fair Trade k\u00f6stliches Oliven\u00f6l der h\u00f6chsten G\u00fcteklasse her und erschaffen so Perspektiven f\u00fcr ein selbstbestimmtes Leben.[\/vc_column_text][\/vc_column][\/vc_row][vc_row][vc_column][vc_column_text]Die H\u00e4lfte der landwirtschaftlichen Fl\u00e4che Pal\u00e4stinas ist mit Olivenb\u00e4umen bepflanzt; sie&hellip;\" \/>\n<meta property=\"og:url\" content=\"https:\/\/weltlaeden.de\/oranienburg\/handelspartner-portrait-canaan-2\/\" \/>\n<meta property=\"og:site_name\" content=\"Weltladen Oranienburg\" \/>\n<meta property=\"og:image\" content=\"https:\/\/weltlaeden.de\/vorlagensammlung\/wp-content\/uploads\/sites\/3\/2021\/08\/Canaan-I_Familie-Jarar_Quelle_WeltPartner-eG_1200x500.jpg\" \/>\n<meta name=\"twitter:card\" content=\"summary_large_image\" \/>\n<meta name=\"twitter:label1\" content=\"Gesch\u00e4tzte Lesezeit\" \/>\n\t<meta name=\"twitter:data1\" content=\"4\u00a0Minuten\" \/>\n<script type=\"application\/ld+json\" class=\"yoast-schema-graph\">{\"@context\":\"https:\/\/schema.org\",\"@graph\":[{\"@type\":\"WebPage\",\"@id\":\"https:\/\/weltlaeden.de\/oranienburg\/handelspartner-portrait-canaan-2\/\",\"url\":\"https:\/\/weltlaeden.de\/oranienburg\/handelspartner-portrait-canaan-2\/\",\"name\":\"Handelspartner-Portrait: Canaan - Weltladen Oranienburg\",\"isPartOf\":{\"@id\":\"https:\/\/weltlaeden.de\/oranienburg\/#website\"},\"primaryImageOfPage\":{\"@id\":\"https:\/\/weltlaeden.de\/oranienburg\/handelspartner-portrait-canaan-2\/#primaryimage\"},\"image\":{\"@id\":\"https:\/\/weltlaeden.de\/oranienburg\/handelspartner-portrait-canaan-2\/#primaryimage\"},\"thumbnailUrl\":\"https:\/\/weltlaeden.de\/vorlagensammlung\/wp-content\/uploads\/sites\/3\/2021\/08\/Canaan-I_Familie-Jarar_Quelle_WeltPartner-eG_1200x500.jpg\",\"datePublished\":\"2025-02-27T19:01:15+00:00\",\"breadcrumb\":{\"@id\":\"https:\/\/weltlaeden.de\/oranienburg\/handelspartner-portrait-canaan-2\/#breadcrumb\"},\"inLanguage\":\"de\",\"potentialAction\":[{\"@type\":\"ReadAction\",\"target\":[\"https:\/\/weltlaeden.de\/oranienburg\/handelspartner-portrait-canaan-2\/\"]}]},{\"@type\":\"ImageObject\",\"inLanguage\":\"de\",\"@id\":\"https:\/\/weltlaeden.de\/oranienburg\/handelspartner-portrait-canaan-2\/#primaryimage\",\"url\":\"https:\/\/weltlaeden.de\/vorlagensammlung\/wp-content\/uploads\/sites\/3\/2021\/08\/Canaan-I_Familie-Jarar_Quelle_WeltPartner-eG_1200x500.jpg\",\"contentUrl\":\"https:\/\/weltlaeden.de\/vorlagensammlung\/wp-content\/uploads\/sites\/3\/2021\/08\/Canaan-I_Familie-Jarar_Quelle_WeltPartner-eG_1200x500.jpg\"},{\"@type\":\"BreadcrumbList\",\"@id\":\"https:\/\/weltlaeden.de\/oranienburg\/handelspartner-portrait-canaan-2\/#breadcrumb\",\"itemListElement\":[{\"@type\":\"ListItem\",\"position\":1,\"name\":\"Startseite\",\"item\":\"https:\/\/weltlaeden.de\/oranienburg\/\"},{\"@type\":\"ListItem\",\"position\":2,\"name\":\"Handelspartner-Portrait: Canaan\"}]},{\"@type\":\"WebSite\",\"@id\":\"https:\/\/weltlaeden.de\/oranienburg\/#website\",\"url\":\"https:\/\/weltlaeden.de\/oranienburg\/\",\"name\":\"Weltladen Oranienburg\",\"description\":\"Faire Produkte seit 1990\",\"potentialAction\":[{\"@type\":\"SearchAction\",\"target\":{\"@type\":\"EntryPoint\",\"urlTemplate\":\"https:\/\/weltlaeden.de\/oranienburg\/?s={search_term_string}\"},\"query-input\":{\"@type\":\"PropertyValueSpecification\",\"valueRequired\":true,\"valueName\":\"search_term_string\"}}],\"inLanguage\":\"de\"}]}<\/script>\n<!-- \/ Yoast SEO plugin. -->","yoast_head_json":{"title":"Handelspartner-Portrait: Canaan - Weltladen Oranienburg","robots":{"index":"index","follow":"follow","max-snippet":"max-snippet:-1","max-image-preview":"max-image-preview:large","max-video-preview":"max-video-preview:-1"},"canonical":"https:\/\/weltlaeden.de\/oranienburg\/handelspartner-portrait-canaan-2\/","og_locale":"de_DE","og_type":"article","og_title":"Handelspartner-Portrait: Canaan - Weltladen Oranienburg","og_description":"[vc_row][vc_column][vc_empty_space][\/vc_column][\/vc_row][vc_row][vc_column][vc_column_text]Handelspartner-Portrait Wachsende Hoffnung: Oliven\u00f6l und Feinkost von Canaan Fair Trade in Pal\u00e4stina Die knorrigen, widerstandsf\u00e4higen Olivenb\u00e4ume pr\u00e4gen die Landschaft in Pal\u00e4stina. Aus ihren Fr\u00fcchten stellen die Produzent*innen von Canaan Fair Trade k\u00f6stliches Oliven\u00f6l der h\u00f6chsten G\u00fcteklasse her und erschaffen so Perspektiven f\u00fcr ein selbstbestimmtes Leben.[\/vc_column_text][\/vc_column][\/vc_row][vc_row][vc_column][vc_column_text]Die H\u00e4lfte der landwirtschaftlichen Fl\u00e4che Pal\u00e4stinas ist mit Olivenb\u00e4umen bepflanzt; sie&hellip;","og_url":"https:\/\/weltlaeden.de\/oranienburg\/handelspartner-portrait-canaan-2\/","og_site_name":"Weltladen Oranienburg","og_image":[{"url":"https:\/\/weltlaeden.de\/vorlagensammlung\/wp-content\/uploads\/sites\/3\/2021\/08\/Canaan-I_Familie-Jarar_Quelle_WeltPartner-eG_1200x500.jpg","type":"","width":"","height":""}],"twitter_card":"summary_large_image","twitter_misc":{"Gesch\u00e4tzte Lesezeit":"4\u00a0Minuten"},"schema":{"@context":"https:\/\/schema.org","@graph":[{"@type":"WebPage","@id":"https:\/\/weltlaeden.de\/oranienburg\/handelspartner-portrait-canaan-2\/","url":"https:\/\/weltlaeden.de\/oranienburg\/handelspartner-portrait-canaan-2\/","name":"Handelspartner-Portrait: Canaan - Weltladen Oranienburg","isPartOf":{"@id":"https:\/\/weltlaeden.de\/oranienburg\/#website"},"primaryImageOfPage":{"@id":"https:\/\/weltlaeden.de\/oranienburg\/handelspartner-portrait-canaan-2\/#primaryimage"},"image":{"@id":"https:\/\/weltlaeden.de\/oranienburg\/handelspartner-portrait-canaan-2\/#primaryimage"},"thumbnailUrl":"https:\/\/weltlaeden.de\/vorlagensammlung\/wp-content\/uploads\/sites\/3\/2021\/08\/Canaan-I_Familie-Jarar_Quelle_WeltPartner-eG_1200x500.jpg","datePublished":"2025-02-27T19:01:15+00:00","breadcrumb":{"@id":"https:\/\/weltlaeden.de\/oranienburg\/handelspartner-portrait-canaan-2\/#breadcrumb"},"inLanguage":"de","potentialAction":[{"@type":"ReadAction","target":["https:\/\/weltlaeden.de\/oranienburg\/handelspartner-portrait-canaan-2\/"]}]},{"@type":"ImageObject","inLanguage":"de","@id":"https:\/\/weltlaeden.de\/oranienburg\/handelspartner-portrait-canaan-2\/#primaryimage","url":"https:\/\/weltlaeden.de\/vorlagensammlung\/wp-content\/uploads\/sites\/3\/2021\/08\/Canaan-I_Familie-Jarar_Quelle_WeltPartner-eG_1200x500.jpg","contentUrl":"https:\/\/weltlaeden.de\/vorlagensammlung\/wp-content\/uploads\/sites\/3\/2021\/08\/Canaan-I_Familie-Jarar_Quelle_WeltPartner-eG_1200x500.jpg"},{"@type":"BreadcrumbList","@id":"https:\/\/weltlaeden.de\/oranienburg\/handelspartner-portrait-canaan-2\/#breadcrumb","itemListElement":[{"@type":"ListItem","position":1,"name":"Startseite","item":"https:\/\/weltlaeden.de\/oranienburg\/"},{"@type":"ListItem","position":2,"name":"Handelspartner-Portrait: Canaan"}]},{"@type":"WebSite","@id":"https:\/\/weltlaeden.de\/oranienburg\/#website","url":"https:\/\/weltlaeden.de\/oranienburg\/","name":"Weltladen Oranienburg","description":"Faire Produkte seit 1990","potentialAction":[{"@type":"SearchAction","target":{"@type":"EntryPoint","urlTemplate":"https:\/\/weltlaeden.de\/oranienburg\/?s={search_term_string}"},"query-input":{"@type":"PropertyValueSpecification","valueRequired":true,"valueName":"search_term_string"}}],"inLanguage":"de"}]}},"_links":{"self":[{"href":"https:\/\/weltlaeden.de\/oranienburg\/wp-json\/wp\/v2\/pages\/2662","targetHints":{"allow":["GET"]}}],"collection":[{"href":"https:\/\/weltlaeden.de\/oranienburg\/wp-json\/wp\/v2\/pages"}],"about":[{"href":"https:\/\/weltlaeden.de\/oranienburg\/wp-json\/wp\/v2\/types\/page"}],"author":[{"embeddable":true,"href":"https:\/\/weltlaeden.de\/oranienburg\/wp-json\/wp\/v2\/users\/185"}],"replies":[{"embeddable":true,"href":"https:\/\/weltlaeden.de\/oranienburg\/wp-json\/wp\/v2\/comments?post=2662"}],"version-history":[{"count":1,"href":"https:\/\/weltlaeden.de\/oranienburg\/wp-json\/wp\/v2\/pages\/2662\/revisions"}],"predecessor-version":[{"id":2667,"href":"https:\/\/weltlaeden.de\/oranienburg\/wp-json\/wp\/v2\/pages\/2662\/revisions\/2667"}],"wp:attachment":[{"href":"https:\/\/weltlaeden.de\/oranienburg\/wp-json\/wp\/v2\/media?parent=2662"}],"curies":[{"name":"wp","href":"https:\/\/api.w.org\/{rel}","templated":true}]}}