{"id":219,"date":"2016-10-28T13:34:47","date_gmt":"2016-10-28T11:34:47","guid":{"rendered":"https:\/\/wl.heimpixel.de\/vorlage\/ueber-uns\/"},"modified":"2025-02-07T14:17:12","modified_gmt":"2025-02-07T13:17:12","slug":"ueber-uns","status":"publish","type":"page","link":"https:\/\/weltlaeden.de\/oranienburg\/ueber-uns\/","title":{"rendered":"\u00dcber uns"},"content":{"rendered":"<div class=\"wpb-content-wrapper\"><p>[vc_row][vc_column]<div class=\"wl_einzelbild\"><p><\/p>\n<p><\/p><\/div>[vc_empty_space][vc_column_text]<\/p>\n<h1>\u00dcber den Weltladen Oranienburg<\/h1>\n<p>[\/vc_column_text][vc_column_text]Der Weltladen in Oranienburg befindet sich seit dem 21.8. 2021 in der Bernauer Strasse 24, der Hauptgesch\u00e4ftsstra\u00dfe Oranienburgs, direkt gegen\u00fcber der Sparkasse.<\/p>\n<p>Vom Bahnhof sind es 7 Minuten Fu\u00dfweg und es gibt eine Bushaltestelle direkt vor der dem Weltladen.<\/p>\n<p>Unter dem Dach des &#8222;Eine Welt e.V.&#8220; bringen die ehrenamtlichen Mitarbeiter*innen seit 1992 das Thema Fairer Handel in die \u00d6ffentlichkeit der Kreisstadt und ihrer Umgebung.<br \/>\nMit einer hochwertigen Auswahl an Handwerksprodukten, Kosmetik, bio-fairer Babybekleidung\u00a0 und Genussmitteln l\u00e4dt der gro\u00dfz\u00fcgige Laden zum St\u00f6bern und Entdecken ein.<\/p>\n<p>Kostenlose Infobrosch\u00fcren und das Kundenmagazin erg\u00e4nzen das Angebot.<\/p>\n<p>Mehrmals im Jahr sind wir auf M\u00e4rkten und Gemeindefesten mit Info- und Verkaufsst\u00e4nden unterwegs.<\/p>\n<h3><strong>Unser Themenschaufenster<\/strong><\/h3>\n<p>In den Monaten April bis November bieten wir lokalen Initiativen und Projekten aus den Bereichen Fairer Handel, Nachhaltigkeit, Umweltschutz, Menschenrechtsarbeit, Demokratiebildung etc. die M\u00f6glichkeit ihr Anliegen in unserem Schaufenster zu pr\u00e4sentieren.<\/p>\n<p>Bei Interesse bitte melden unter weltladenorbg@posteo.de<\/p>\n<h3><strong>Unser Bildungsangebot<br \/>\n<\/strong><\/h3>\n<p>Bei der interaktiven Weltladenerkundung lernen Sch\u00fcler*innen der Klassen 6-8 vor Ort die\u00a0 Produkte und Hintergr\u00fcnde des Fairen Handels kennen.<\/p>\n<p>Unser Bildungsteam freut sich\u00a0 auf ihre Anfragen !<\/p>\n<p>[\/vc_column_text][\/vc_column][\/vc_row][vc_row][vc_column][vc_empty_space][vc_column_text]<\/p>\n<h1>Mitmachen im Weltladen Oranienburg<\/h1>\n<p>[\/vc_column_text][vc_column_text]<strong>Wir suchen<\/strong> Menschen, die Lust haben, sich ehrenamtlich f\u00fcr eine offene, transparente, \u00f6kologische und nachhaltige Form des Wirtschaftens zu engagieren. Ob im Verkauf, der Informations- oder Bildungsarbeit &#8211; die M\u00f6glichkeiten, in unserem Team mitzumachen sind vielf\u00e4ltig. Neben regelm\u00e4\u00dfigen Aufgaben gibt es bei uns auch immer wieder einzelne zeitlich befristete Projekte und Aktionen f\u00fcr die wir Unterst\u00fctzer\/innen suchen. Viele Aufgaben erfordern keine speziellen Vorkenntnisse, sondern nur die Bereitschaft, vorhandene\u00a0 F\u00e4higkeiten einzubringen und eventuell in neuen Bereichen dazuzulernen.<\/p>\n<p><strong>Wir bieten<\/strong> ein nettes Team aus Engagierten. Eine Gemeinschaft, die Dich herzlich aufnimmt, einarbeitet und bei Fragen zur Verf\u00fcgung steht. Fortbildungsm\u00f6glichkeiten gibt es je nach Interessen und Aufgaben.<\/p>\n<p><strong>Bitte melde dich unter weltladenorbg@posteo.de<\/strong><\/p>\n<p><strong>Wir freuen uns auf neue Interessent\/innen.<\/strong>[\/vc_column_text][\/vc_column][\/vc_row]<\/p>\n<\/div>","protected":false},"excerpt":{"rendered":"<p>[vc_row][vc_column][vc_empty_space][vc_column_text] \u00dcber den Weltladen Oranienburg [\/vc_column_text][vc_column_text]Der Weltladen in Oranienburg befindet sich seit dem 21.8. 2021 in der Bernauer Strasse 24, der Hauptgesch\u00e4ftsstra\u00dfe Oranienburgs, direkt gegen\u00fcber der Sparkasse. Vom Bahnhof sind es 7 Minuten Fu\u00dfweg und es gibt eine Bushaltestelle direkt vor der dem Weltladen. Unter dem Dach des &#8222;Eine Welt e.V.&#8220; bringen die ehrenamtlichen Mitarbeiter*innen&hellip;<\/p>\n","protected":false},"author":1,"featured_media":0,"parent":0,"menu_order":25,"comment_status":"closed","ping_status":"closed","template":"","meta":{"footnotes":""},"class_list":["post-219","page","type-page","status-publish","hentry","description-off"],"yoast_head":"<!-- This site is optimized with the Yoast SEO plugin v26.8 - https:\/\/yoast.com\/product\/yoast-seo-wordpress\/ -->\n<title>\u00dcber uns - Weltladen Oranienburg<\/title>\n<meta name=\"robots\" content=\"index, follow, max-snippet:-1, max-image-preview:large, max-video-preview:-1\" \/>\n<link rel=\"canonical\" href=\"https:\/\/weltlaeden.de\/oranienburg\/ueber-uns\/\" \/>\n<meta property=\"og:locale\" content=\"de_DE\" \/>\n<meta property=\"og:type\" content=\"article\" \/>\n<meta property=\"og:title\" content=\"\u00dcber uns - Weltladen Oranienburg\" \/>\n<meta property=\"og:description\" content=\"[vc_row][vc_column][vc_empty_space][vc_column_text] \u00dcber den Weltladen Oranienburg [\/vc_column_text][vc_column_text]Der Weltladen in Oranienburg befindet sich seit dem 21.8. 2021 in der Bernauer Strasse 24, der Hauptgesch\u00e4ftsstra\u00dfe Oranienburgs, direkt gegen\u00fcber der Sparkasse. Vom Bahnhof sind es 7 Minuten Fu\u00dfweg und es gibt eine Bushaltestelle direkt vor der dem Weltladen. Unter dem Dach des &#8222;Eine Welt e.V.&#8220; bringen die ehrenamtlichen Mitarbeiter*innen&hellip;\" \/>\n<meta property=\"og:url\" content=\"https:\/\/weltlaeden.de\/oranienburg\/ueber-uns\/\" \/>\n<meta property=\"og:site_name\" content=\"Weltladen Oranienburg\" \/>\n<meta property=\"article:modified_time\" content=\"2025-02-07T13:17:12+00:00\" \/>\n<meta name=\"twitter:card\" content=\"summary_large_image\" \/>\n<meta name=\"twitter:label1\" content=\"Gesch\u00e4tzte Lesezeit\" \/>\n\t<meta name=\"twitter:data1\" content=\"2\u00a0Minuten\" \/>\n<script type=\"application\/ld+json\" class=\"yoast-schema-graph\">{\"@context\":\"https:\/\/schema.org\",\"@graph\":[{\"@type\":\"WebPage\",\"@id\":\"https:\/\/weltlaeden.de\/oranienburg\/ueber-uns\/\",\"url\":\"https:\/\/weltlaeden.de\/oranienburg\/ueber-uns\/\",\"name\":\"\u00dcber uns - Weltladen Oranienburg\",\"isPartOf\":{\"@id\":\"https:\/\/weltlaeden.de\/oranienburg\/#website\"},\"datePublished\":\"2016-10-28T11:34:47+00:00\",\"dateModified\":\"2025-02-07T13:17:12+00:00\",\"breadcrumb\":{\"@id\":\"https:\/\/weltlaeden.de\/oranienburg\/ueber-uns\/#breadcrumb\"},\"inLanguage\":\"de\",\"potentialAction\":[{\"@type\":\"ReadAction\",\"target\":[\"https:\/\/weltlaeden.de\/oranienburg\/ueber-uns\/\"]}]},{\"@type\":\"BreadcrumbList\",\"@id\":\"https:\/\/weltlaeden.de\/oranienburg\/ueber-uns\/#breadcrumb\",\"itemListElement\":[{\"@type\":\"ListItem\",\"position\":1,\"name\":\"Startseite\",\"item\":\"https:\/\/weltlaeden.de\/oranienburg\/\"},{\"@type\":\"ListItem\",\"position\":2,\"name\":\"\u00dcber uns\"}]},{\"@type\":\"WebSite\",\"@id\":\"https:\/\/weltlaeden.de\/oranienburg\/#website\",\"url\":\"https:\/\/weltlaeden.de\/oranienburg\/\",\"name\":\"Weltladen Oranienburg\",\"description\":\"Faire Produkte seit 1990\",\"potentialAction\":[{\"@type\":\"SearchAction\",\"target\":{\"@type\":\"EntryPoint\",\"urlTemplate\":\"https:\/\/weltlaeden.de\/oranienburg\/?s={search_term_string}\"},\"query-input\":{\"@type\":\"PropertyValueSpecification\",\"valueRequired\":true,\"valueName\":\"search_term_string\"}}],\"inLanguage\":\"de\"}]}<\/script>\n<!-- \/ Yoast SEO plugin. -->","yoast_head_json":{"title":"\u00dcber uns - Weltladen Oranienburg","robots":{"index":"index","follow":"follow","max-snippet":"max-snippet:-1","max-image-preview":"max-image-preview:large","max-video-preview":"max-video-preview:-1"},"canonical":"https:\/\/weltlaeden.de\/oranienburg\/ueber-uns\/","og_locale":"de_DE","og_type":"article","og_title":"\u00dcber uns - Weltladen Oranienburg","og_description":"[vc_row][vc_column][vc_empty_space][vc_column_text] \u00dcber den Weltladen Oranienburg [\/vc_column_text][vc_column_text]Der Weltladen in Oranienburg befindet sich seit dem 21.8. 2021 in der Bernauer Strasse 24, der Hauptgesch\u00e4ftsstra\u00dfe Oranienburgs, direkt gegen\u00fcber der Sparkasse. Vom Bahnhof sind es 7 Minuten Fu\u00dfweg und es gibt eine Bushaltestelle direkt vor der dem Weltladen. Unter dem Dach des &#8222;Eine Welt e.V.&#8220; bringen die ehrenamtlichen Mitarbeiter*innen&hellip;","og_url":"https:\/\/weltlaeden.de\/oranienburg\/ueber-uns\/","og_site_name":"Weltladen Oranienburg","article_modified_time":"2025-02-07T13:17:12+00:00","twitter_card":"summary_large_image","twitter_misc":{"Gesch\u00e4tzte Lesezeit":"2\u00a0Minuten"},"schema":{"@context":"https:\/\/schema.org","@graph":[{"@type":"WebPage","@id":"https:\/\/weltlaeden.de\/oranienburg\/ueber-uns\/","url":"https:\/\/weltlaeden.de\/oranienburg\/ueber-uns\/","name":"\u00dcber uns - Weltladen Oranienburg","isPartOf":{"@id":"https:\/\/weltlaeden.de\/oranienburg\/#website"},"datePublished":"2016-10-28T11:34:47+00:00","dateModified":"2025-02-07T13:17:12+00:00","breadcrumb":{"@id":"https:\/\/weltlaeden.de\/oranienburg\/ueber-uns\/#breadcrumb"},"inLanguage":"de","potentialAction":[{"@type":"ReadAction","target":["https:\/\/weltlaeden.de\/oranienburg\/ueber-uns\/"]}]},{"@type":"BreadcrumbList","@id":"https:\/\/weltlaeden.de\/oranienburg\/ueber-uns\/#breadcrumb","itemListElement":[{"@type":"ListItem","position":1,"name":"Startseite","item":"https:\/\/weltlaeden.de\/oranienburg\/"},{"@type":"ListItem","position":2,"name":"\u00dcber uns"}]},{"@type":"WebSite","@id":"https:\/\/weltlaeden.de\/oranienburg\/#website","url":"https:\/\/weltlaeden.de\/oranienburg\/","name":"Weltladen Oranienburg","description":"Faire Produkte seit 1990","potentialAction":[{"@type":"SearchAction","target":{"@type":"EntryPoint","urlTemplate":"https:\/\/weltlaeden.de\/oranienburg\/?s={search_term_string}"},"query-input":{"@type":"PropertyValueSpecification","valueRequired":true,"valueName":"search_term_string"}}],"inLanguage":"de"}]}},"_links":{"self":[{"href":"https:\/\/weltlaeden.de\/oranienburg\/wp-json\/wp\/v2\/pages\/219","targetHints":{"allow":["GET"]}}],"collection":[{"href":"https:\/\/weltlaeden.de\/oranienburg\/wp-json\/wp\/v2\/pages"}],"about":[{"href":"https:\/\/weltlaeden.de\/oranienburg\/wp-json\/wp\/v2\/types\/page"}],"author":[{"embeddable":true,"href":"https:\/\/weltlaeden.de\/oranienburg\/wp-json\/wp\/v2\/users\/1"}],"replies":[{"embeddable":true,"href":"https:\/\/weltlaeden.de\/oranienburg\/wp-json\/wp\/v2\/comments?post=219"}],"version-history":[{"count":36,"href":"https:\/\/weltlaeden.de\/oranienburg\/wp-json\/wp\/v2\/pages\/219\/revisions"}],"predecessor-version":[{"id":2455,"href":"https:\/\/weltlaeden.de\/oranienburg\/wp-json\/wp\/v2\/pages\/219\/revisions\/2455"}],"wp:attachment":[{"href":"https:\/\/weltlaeden.de\/oranienburg\/wp-json\/wp\/v2\/media?parent=219"}],"curies":[{"name":"wp","href":"https:\/\/api.w.org\/{rel}","templated":true}]}}