{"version":"1.0","provider_name":"Weltladen Oranienburg","provider_url":"https:\/\/weltlaeden.de\/oranienburg","title":"Ausstellungser\u00f6ffnung - Weltladen Oranienburg","type":"rich","width":600,"height":338,"html":"<blockquote class=\"wp-embedded-content\" data-secret=\"DUGDT12wow\"><a href=\"https:\/\/weltlaeden.de\/oranienburg\/ausstellungseroeffnung\/\">Ausstellungser\u00f6ffnung<\/a><\/blockquote><iframe sandbox=\"allow-scripts\" security=\"restricted\" src=\"https:\/\/weltlaeden.de\/oranienburg\/ausstellungseroeffnung\/embed\/#?secret=DUGDT12wow\" width=\"600\" height=\"338\" title=\"&#8222;Ausstellungser\u00f6ffnung&#8220; &#8211; Weltladen Oranienburg\" data-secret=\"DUGDT12wow\" frameborder=\"0\" marginwidth=\"0\" marginheight=\"0\" scrolling=\"no\" class=\"wp-embedded-content\"><\/iframe><script>\n\/*! This file is auto-generated *\/\n!function(d,l){\"use strict\";l.querySelector&&d.addEventListener&&\"undefined\"!=typeof URL&&(d.wp=d.wp||{},d.wp.receiveEmbedMessage||(d.wp.receiveEmbedMessage=function(e){var t=e.data;if((t||t.secret||t.message||t.value)&&!\/[^a-zA-Z0-9]\/.test(t.secret)){for(var s,r,n,a=l.querySelectorAll('iframe[data-secret=\"'+t.secret+'\"]'),o=l.querySelectorAll('blockquote[data-secret=\"'+t.secret+'\"]'),c=new RegExp(\"^https?:$\",\"i\"),i=0;i<o.length;i++)o[i].style.display=\"none\";for(i=0;i<a.length;i++)s=a[i],e.source===s.contentWindow&&(s.removeAttribute(\"style\"),\"height\"===t.message?(1e3<(r=parseInt(t.value,10))?r=1e3:~~r<200&&(r=200),s.height=r):\"link\"===t.message&&(r=new URL(s.getAttribute(\"src\")),n=new URL(t.value),c.test(n.protocol))&&n.host===r.host&&l.activeElement===s&&(d.top.location.href=t.value))}},d.addEventListener(\"message\",d.wp.receiveEmbedMessage,!1),l.addEventListener(\"DOMContentLoaded\",function(){for(var e,t,s=l.querySelectorAll(\"iframe.wp-embedded-content\"),r=0;r<s.length;r++)(t=(e=s[r]).getAttribute(\"data-secret\"))||(t=Math.random().toString(36).substring(2,12),e.src+=\"#?secret=\"+t,e.setAttribute(\"data-secret\",t)),e.contentWindow.postMessage({message:\"ready\",secret:t},\"*\")},!1)))}(window,document);\n<\/script>\n","description":"Ein toller Abend mit vielen G\u00e4sten und Interessierten f\u00fcr unser Herzensprojekt Fairer Handel Es ist Zeit, DANKE zu sagen. Ohne das unerm\u00fcdliche Engagement, die M\u00fche und das Herzblut unserer Ehrenamtlichen w\u00e4re so vieles nicht m\u00f6glich, auch eine solche Veranstaltung nicht! Wir bedanken uns auch ganz herzlich bei der Stadtbibliothek Oranienburg f\u00fcr ihre Gastfreundschaft sowie bei&hellip;","thumbnail_url":"https:\/\/weltlaeden.de\/oranienburg\/wp-content\/uploads\/sites\/123\/2023\/11\/Fahrrad_n.jpg"}

Ausstellungseröffnung - Weltladen Oranienburg

<blockquote class="wp-embedded-content" data-secret="DUGDT12wow"><a href="https://weltlaeden.de/oranienburg/ausstellungseroeffnung/">Ausstellungseröffnung</a></blockquote><iframe sandbox="allow-scripts" security="restricted" src="https://weltlaeden.de/oranienburg/ausstellungseroeffnung/embed/#?secret=DUGDT12wow" width="600" height="338" title="&#8222;Ausstellungseröffnung&#8220; &#8211; Weltladen Oranienburg" data-secret="DUGDT12wow" frameborder="0" marginwidth="0" marginheight="0" scrolling="no" class="wp-embedded-content"></iframe><script>
/*! This file is auto-generated */
!function(d,l){"use strict";l.querySelector&&d.addEventListener&&"undefined"!=typeof URL&&(d.wp=d.wp||{},d.wp.receiveEmbedMessage||(d.wp.receiveEmbedMessage=function(e){var t=e.data;if((t||t.secret||t.message||t.value)&&!/[^a-zA-Z0-9]/.test(t.secret)){for(var s,r,n,a=l.querySelectorAll('iframe[data-secret="'+t.secret+'"]'),o=l.querySelectorAll('blockquote[data-secret="'+t.secret+'"]'),c=new RegExp("^https?:$","i"),i=0;i<o.length;i++)o[i].style.display="none";for(i=0;i<a.length;i++)s=a[i],e.source===s.contentWindow&&(s.removeAttribute("style"),"height"===t.message?(1e3<(r=parseInt(t.value,10))?r=1e3:~~r<200&&(r=200),s.height=r):"link"===t.message&&(r=new URL(s.getAttribute("src")),n=new URL(t.value),c.test(n.protocol))&&n.host===r.host&&l.activeElement===s&&(d.top.location.href=t.value))}},d.addEventListener("message",d.wp.receiveEmbedMessage,!1),l.addEventListener("DOMContentLoaded",function(){for(var e,t,s=l.querySelectorAll("iframe.wp-embedded-content"),r=0;r<s.length;r++)(t=(e=s[r]).getAttribute("data-secret"))||(t=Math.random().toString(36).substring(2,12),e.src+="#?secret="+t,e.setAttribute("data-secret",t)),e.contentWindow.postMessage({message:"ready",secret:t},"*")},!1)))}(window,document);
</script>

Ein toller Abend mit vielen Gästen und Interessierten für unser Herzensprojekt Fairer Handel Es ist Zeit, DANKE zu sagen. Ohne das unermüdliche Engagement, die Mühe und das Herzblut unserer Ehrenamtlichen wäre so vieles nicht möglich, auch eine solche Veranstaltung nicht! Wir bedanken uns auch ganz herzlich bei der Stadtbibliothek Oranienburg für ihre Gastfreundschaft sowie bei&hellip;
