{"id":3557,"date":"2026-03-11T11:10:48","date_gmt":"2026-03-11T10:10:48","guid":{"rendered":"https:\/\/weltlaeden.de\/offenburg\/?page_id=3557"},"modified":"2026-03-12T12:04:44","modified_gmt":"2026-03-12T11:04:44","slug":"spenden","status":"publish","type":"page","link":"https:\/\/weltlaeden.de\/offenburg\/spenden\/","title":{"rendered":"Spenden"},"content":{"rendered":"<p><img loading=\"lazy\" decoding=\"async\" class=\"size-medium wp-image-3559 aligncenter\" src=\"https:\/\/weltlaeden.de\/offenburg\/wp-content\/uploads\/sites\/198\/2026\/03\/Spendenkaessle-klein-rotated-e1773223757736-300x263.jpg\" alt=\"\" width=\"300\" height=\"263\" srcset=\"https:\/\/weltlaeden.de\/offenburg\/wp-content\/uploads\/sites\/198\/2026\/03\/Spendenkaessle-klein-rotated-e1773223757736-300x263.jpg 300w, https:\/\/weltlaeden.de\/offenburg\/wp-content\/uploads\/sites\/198\/2026\/03\/Spendenkaessle-klein-rotated-e1773223757736.jpg 600w\" sizes=\"auto, (max-width: 300px) 100vw, 300px\" \/><\/p>\n<p>Mit den \u00dcbersch\u00fcssen aus dem Weltladen und den eingehenden Spenden unterst\u00fctzt\u00a0 <strong>Weltladen Regentropfen Offenburg e.V.\u00a0<\/strong> verschiedene soziale Projekte.<\/p>\n<p>M\u00f6chten Sie gerne spenden? Bitte geben Sie auf dem \u00dcberweisungstr\u00e4ger Ihre Anschrift an, damit Ihnen eine Spendenbescheinigung zugestellt werden kann.<\/p>\n<p>&nbsp;<\/p>\n<h4><strong>Die Spendensumme von \u20ac 2.260,98 in 2025 haben wir f\u00fcr folgende Projekte verwendet:<\/strong><\/h4>\n<p><a href=\"https:\/\/www.banafair.de\/projektarbeit-banafair.html\"><strong>Projekt Banafair<\/strong><\/a><\/p>\n<p><a href=\"https:\/\/www.mangos-fuer-kinderrechte.de\/de\/kinderrechte\"><strong>PREDA Philippinen<\/strong><\/a><\/p>\n<p><strong><a href=\"https:\/\/www.kab-ortenau.eu\/menue-2-1\">KAB Ortenau Kinderprojekt Peru<\/a><\/strong><\/p>\n<p><strong><a href=\"https:\/\/weltlaeden.de\/offenburg\/nocap-tomaten-ohne-ausbeutung\/\">NoCap Projekt Italien<\/a><\/strong><\/p>\n<p><strong><a href=\"https:\/\/dautari.de\/\">Dautari Nepal 314<\/a><\/strong><\/p>\n<p><strong><a href=\"https:\/\/www.fhf-ortenau.de\/\">Frauen helfen Frauen Ortenau e.V.<\/a><\/strong><\/p>\n<p><strong><a href=\"https:\/\/www.zonta-offenburg-ortenau.de\/\">Zonta Club Offenburg<\/a><\/strong><\/p>\n<p><strong><a href=\"http:\/\/afridunga.knaeble.com\/index.html\">Afridunga e.V.<\/a>&#8211;<\/strong> ein Projekt der kaufm. Schulen &#8211; Sachspenden<\/p>\n<p><strong><a href=\"https:\/\/www.asb.de\/unsere-angebote\/auslandshilfe\/news\/asb-leistet-nothilfe-nach-starkregen-honduras-und-el-salvador\">ASB El Salvador Nothilfe Hunger\/Umweltkatastrophen<\/a><\/strong> &#8211; Sachspenden<\/p>\n<p>&nbsp;<\/p>\n<p>Vielen herzlichen Dank f\u00fcr Ihre Unterst\u00fctzung!<\/p>\n<p>&nbsp;<\/p>\n<p><strong>Unsere Bankverbindung:<\/strong><\/p>\n<p><strong>Sparkasse Offenburg<\/strong><\/p>\n<p><strong>DE 19 66 45 00 50 000 000 044 438<\/strong><br \/>\n<strong>BIC SOLADES 1 OFG<\/strong><\/p>\n","protected":false},"excerpt":{"rendered":"<p>Mit den \u00dcbersch\u00fcssen aus dem Weltladen und den eingehenden Spenden unterst\u00fctzt\u00a0 Weltladen Regentropfen Offenburg e.V.\u00a0 verschiedene soziale Projekte. M\u00f6chten Sie gerne spenden? Bitte geben Sie auf dem \u00dcberweisungstr\u00e4ger Ihre Anschrift an, damit Ihnen eine Spendenbescheinigung zugestellt werden kann. &nbsp; Die Spendensumme von \u20ac 2.260,98 in 2025 haben wir f\u00fcr folgende Projekte verwendet: Projekt Banafair PREDA&hellip;<\/p>\n","protected":false},"author":287,"featured_media":0,"parent":0,"menu_order":0,"comment_status":"closed","ping_status":"closed","template":"","meta":{"footnotes":""},"class_list":["post-3557","page","type-page","status-publish","hentry","description-off"],"yoast_head":"<!-- This site is optimized with the Yoast SEO plugin v26.8 - https:\/\/yoast.com\/product\/yoast-seo-wordpress\/ -->\n<title>Spenden - Weltladen Offenburg<\/title>\n<meta name=\"robots\" content=\"index, follow, max-snippet:-1, max-image-preview:large, max-video-preview:-1\" \/>\n<link rel=\"canonical\" href=\"https:\/\/weltlaeden.de\/offenburg\/spenden\/\" \/>\n<meta property=\"og:locale\" content=\"de_DE\" \/>\n<meta property=\"og:type\" content=\"article\" \/>\n<meta property=\"og:title\" content=\"Spenden - Weltladen Offenburg\" \/>\n<meta property=\"og:description\" content=\"Mit den \u00dcbersch\u00fcssen aus dem Weltladen und den eingehenden Spenden unterst\u00fctzt\u00a0 Weltladen Regentropfen Offenburg e.V.\u00a0 verschiedene soziale Projekte. M\u00f6chten Sie gerne spenden? Bitte geben Sie auf dem \u00dcberweisungstr\u00e4ger Ihre Anschrift an, damit Ihnen eine Spendenbescheinigung zugestellt werden kann. &nbsp; Die Spendensumme von \u20ac 2.260,98 in 2025 haben wir f\u00fcr folgende Projekte verwendet: Projekt Banafair PREDA&hellip;\" \/>\n<meta property=\"og:url\" content=\"https:\/\/weltlaeden.de\/offenburg\/spenden\/\" \/>\n<meta property=\"og:site_name\" content=\"Weltladen Offenburg\" \/>\n<meta property=\"article:modified_time\" content=\"2026-03-12T11:04:44+00:00\" \/>\n<meta property=\"og:image\" content=\"https:\/\/weltlaeden.de\/offenburg\/wp-content\/uploads\/sites\/198\/2026\/03\/Spendenkaessle-klein-rotated-e1773223757736.jpg\" \/>\n\t<meta property=\"og:image:width\" content=\"600\" \/>\n\t<meta property=\"og:image:height\" content=\"525\" \/>\n\t<meta property=\"og:image:type\" content=\"image\/jpeg\" \/>\n<meta name=\"twitter:card\" content=\"summary_large_image\" \/>\n<meta name=\"twitter:label1\" content=\"Gesch\u00e4tzte Lesezeit\" \/>\n\t<meta name=\"twitter:data1\" content=\"1\u00a0Minute\" \/>\n<script type=\"application\/ld+json\" class=\"yoast-schema-graph\">{\"@context\":\"https:\/\/schema.org\",\"@graph\":[{\"@type\":\"WebPage\",\"@id\":\"https:\/\/weltlaeden.de\/offenburg\/spenden\/\",\"url\":\"https:\/\/weltlaeden.de\/offenburg\/spenden\/\",\"name\":\"Spenden - Weltladen Offenburg\",\"isPartOf\":{\"@id\":\"https:\/\/weltlaeden.de\/offenburg\/#website\"},\"primaryImageOfPage\":{\"@id\":\"https:\/\/weltlaeden.de\/offenburg\/spenden\/#primaryimage\"},\"image\":{\"@id\":\"https:\/\/weltlaeden.de\/offenburg\/spenden\/#primaryimage\"},\"thumbnailUrl\":\"https:\/\/weltlaeden.de\/offenburg\/wp-content\/uploads\/sites\/198\/2026\/03\/Spendenkaessle-klein-rotated-e1773223757736-300x263.jpg\",\"datePublished\":\"2026-03-11T10:10:48+00:00\",\"dateModified\":\"2026-03-12T11:04:44+00:00\",\"breadcrumb\":{\"@id\":\"https:\/\/weltlaeden.de\/offenburg\/spenden\/#breadcrumb\"},\"inLanguage\":\"de\",\"potentialAction\":[{\"@type\":\"ReadAction\",\"target\":[\"https:\/\/weltlaeden.de\/offenburg\/spenden\/\"]}]},{\"@type\":\"ImageObject\",\"inLanguage\":\"de\",\"@id\":\"https:\/\/weltlaeden.de\/offenburg\/spenden\/#primaryimage\",\"url\":\"https:\/\/weltlaeden.de\/offenburg\/wp-content\/uploads\/sites\/198\/2026\/03\/Spendenkaessle-klein-rotated-e1773223757736.jpg\",\"contentUrl\":\"https:\/\/weltlaeden.de\/offenburg\/wp-content\/uploads\/sites\/198\/2026\/03\/Spendenkaessle-klein-rotated-e1773223757736.jpg\",\"width\":600,\"height\":525},{\"@type\":\"BreadcrumbList\",\"@id\":\"https:\/\/weltlaeden.de\/offenburg\/spenden\/#breadcrumb\",\"itemListElement\":[{\"@type\":\"ListItem\",\"position\":1,\"name\":\"Startseite\",\"item\":\"https:\/\/weltlaeden.de\/offenburg\/\"},{\"@type\":\"ListItem\",\"position\":2,\"name\":\"Spenden\"}]},{\"@type\":\"WebSite\",\"@id\":\"https:\/\/weltlaeden.de\/offenburg\/#website\",\"url\":\"https:\/\/weltlaeden.de\/offenburg\/\",\"name\":\"Weltladen Offenburg\",\"description\":\"Faire Produkte seit 1990\",\"potentialAction\":[{\"@type\":\"SearchAction\",\"target\":{\"@type\":\"EntryPoint\",\"urlTemplate\":\"https:\/\/weltlaeden.de\/offenburg\/?s={search_term_string}\"},\"query-input\":{\"@type\":\"PropertyValueSpecification\",\"valueRequired\":true,\"valueName\":\"search_term_string\"}}],\"inLanguage\":\"de\"}]}<\/script>\n<!-- \/ Yoast SEO plugin. -->","yoast_head_json":{"title":"Spenden - Weltladen Offenburg","robots":{"index":"index","follow":"follow","max-snippet":"max-snippet:-1","max-image-preview":"max-image-preview:large","max-video-preview":"max-video-preview:-1"},"canonical":"https:\/\/weltlaeden.de\/offenburg\/spenden\/","og_locale":"de_DE","og_type":"article","og_title":"Spenden - Weltladen Offenburg","og_description":"Mit den \u00dcbersch\u00fcssen aus dem Weltladen und den eingehenden Spenden unterst\u00fctzt\u00a0 Weltladen Regentropfen Offenburg e.V.\u00a0 verschiedene soziale Projekte. M\u00f6chten Sie gerne spenden? Bitte geben Sie auf dem \u00dcberweisungstr\u00e4ger Ihre Anschrift an, damit Ihnen eine Spendenbescheinigung zugestellt werden kann. &nbsp; Die Spendensumme von \u20ac 2.260,98 in 2025 haben wir f\u00fcr folgende Projekte verwendet: Projekt Banafair PREDA&hellip;","og_url":"https:\/\/weltlaeden.de\/offenburg\/spenden\/","og_site_name":"Weltladen Offenburg","article_modified_time":"2026-03-12T11:04:44+00:00","og_image":[{"width":600,"height":525,"url":"https:\/\/weltlaeden.de\/offenburg\/wp-content\/uploads\/sites\/198\/2026\/03\/Spendenkaessle-klein-rotated-e1773223757736.jpg","type":"image\/jpeg"}],"twitter_card":"summary_large_image","twitter_misc":{"Gesch\u00e4tzte Lesezeit":"1\u00a0Minute"},"schema":{"@context":"https:\/\/schema.org","@graph":[{"@type":"WebPage","@id":"https:\/\/weltlaeden.de\/offenburg\/spenden\/","url":"https:\/\/weltlaeden.de\/offenburg\/spenden\/","name":"Spenden - Weltladen Offenburg","isPartOf":{"@id":"https:\/\/weltlaeden.de\/offenburg\/#website"},"primaryImageOfPage":{"@id":"https:\/\/weltlaeden.de\/offenburg\/spenden\/#primaryimage"},"image":{"@id":"https:\/\/weltlaeden.de\/offenburg\/spenden\/#primaryimage"},"thumbnailUrl":"https:\/\/weltlaeden.de\/offenburg\/wp-content\/uploads\/sites\/198\/2026\/03\/Spendenkaessle-klein-rotated-e1773223757736-300x263.jpg","datePublished":"2026-03-11T10:10:48+00:00","dateModified":"2026-03-12T11:04:44+00:00","breadcrumb":{"@id":"https:\/\/weltlaeden.de\/offenburg\/spenden\/#breadcrumb"},"inLanguage":"de","potentialAction":[{"@type":"ReadAction","target":["https:\/\/weltlaeden.de\/offenburg\/spenden\/"]}]},{"@type":"ImageObject","inLanguage":"de","@id":"https:\/\/weltlaeden.de\/offenburg\/spenden\/#primaryimage","url":"https:\/\/weltlaeden.de\/offenburg\/wp-content\/uploads\/sites\/198\/2026\/03\/Spendenkaessle-klein-rotated-e1773223757736.jpg","contentUrl":"https:\/\/weltlaeden.de\/offenburg\/wp-content\/uploads\/sites\/198\/2026\/03\/Spendenkaessle-klein-rotated-e1773223757736.jpg","width":600,"height":525},{"@type":"BreadcrumbList","@id":"https:\/\/weltlaeden.de\/offenburg\/spenden\/#breadcrumb","itemListElement":[{"@type":"ListItem","position":1,"name":"Startseite","item":"https:\/\/weltlaeden.de\/offenburg\/"},{"@type":"ListItem","position":2,"name":"Spenden"}]},{"@type":"WebSite","@id":"https:\/\/weltlaeden.de\/offenburg\/#website","url":"https:\/\/weltlaeden.de\/offenburg\/","name":"Weltladen Offenburg","description":"Faire Produkte seit 1990","potentialAction":[{"@type":"SearchAction","target":{"@type":"EntryPoint","urlTemplate":"https:\/\/weltlaeden.de\/offenburg\/?s={search_term_string}"},"query-input":{"@type":"PropertyValueSpecification","valueRequired":true,"valueName":"search_term_string"}}],"inLanguage":"de"}]}},"_links":{"self":[{"href":"https:\/\/weltlaeden.de\/offenburg\/wp-json\/wp\/v2\/pages\/3557","targetHints":{"allow":["GET"]}}],"collection":[{"href":"https:\/\/weltlaeden.de\/offenburg\/wp-json\/wp\/v2\/pages"}],"about":[{"href":"https:\/\/weltlaeden.de\/offenburg\/wp-json\/wp\/v2\/types\/page"}],"author":[{"embeddable":true,"href":"https:\/\/weltlaeden.de\/offenburg\/wp-json\/wp\/v2\/users\/287"}],"replies":[{"embeddable":true,"href":"https:\/\/weltlaeden.de\/offenburg\/wp-json\/wp\/v2\/comments?post=3557"}],"version-history":[{"count":8,"href":"https:\/\/weltlaeden.de\/offenburg\/wp-json\/wp\/v2\/pages\/3557\/revisions"}],"predecessor-version":[{"id":3576,"href":"https:\/\/weltlaeden.de\/offenburg\/wp-json\/wp\/v2\/pages\/3557\/revisions\/3576"}],"wp:attachment":[{"href":"https:\/\/weltlaeden.de\/offenburg\/wp-json\/wp\/v2\/media?parent=3557"}],"curies":[{"name":"wp","href":"https:\/\/api.w.org\/{rel}","templated":true}]}}

<p><img loading="lazy" decoding="async" class="size-medium wp-image-3559 aligncenter" src="https://weltlaeden.de/offenburg/wp-content/uploads/sites/198/2026/03/Spendenkaessle-klein-rotated-e1773223757736-300x263.jpg" alt="" width="300" height="263" srcset="https://weltlaeden.de/offenburg/wp-content/uploads/sites/198/2026/03/Spendenkaessle-klein-rotated-e1773223757736-300x263.jpg 300w, https://weltlaeden.de/offenburg/wp-content/uploads/sites/198/2026/03/Spendenkaessle-klein-rotated-e1773223757736.jpg 600w" sizes="auto, (max-width: 300px) 100vw, 300px" /></p>
<p>Mit den Überschüssen aus dem Weltladen und den eingehenden Spenden unterstützt  <strong>Weltladen Regentropfen Offenburg e.V. </strong> verschiedene soziale Projekte.</p>
<p>Möchten Sie gerne spenden? Bitte geben Sie auf dem Überweisungsträger Ihre Anschrift an, damit Ihnen eine Spendenbescheinigung zugestellt werden kann.</p>
<p>&nbsp;</p>
<h4><strong>Die Spendensumme von € 2.260,98 in 2025 haben wir für folgende Projekte verwendet:</strong></h4>
<p><a href="https://www.banafair.de/projektarbeit-banafair.html"><strong>Projekt Banafair</strong></a></p>
<p><a href="https://www.mangos-fuer-kinderrechte.de/de/kinderrechte"><strong>PREDA Philippinen</strong></a></p>
<p><strong><a href="https://www.kab-ortenau.eu/menue-2-1">KAB Ortenau Kinderprojekt Peru</a></strong></p>
<p><strong><a href="https://weltlaeden.de/offenburg/nocap-tomaten-ohne-ausbeutung/">NoCap Projekt Italien</a></strong></p>
<p><strong><a href="https://dautari.de/">Dautari Nepal 314</a></strong></p>
<p><strong><a href="https://www.fhf-ortenau.de/">Frauen helfen Frauen Ortenau e.V.</a></strong></p>
<p><strong><a href="https://www.zonta-offenburg-ortenau.de/">Zonta Club Offenburg</a></strong></p>
<p><strong><a href="http://afridunga.knaeble.com/index.html">Afridunga e.V.</a>&#8211;</strong> ein Projekt der kaufm. Schulen &#8211; Sachspenden</p>
<p><strong><a href="https://www.asb.de/unsere-angebote/auslandshilfe/news/asb-leistet-nothilfe-nach-starkregen-honduras-und-el-salvador">ASB El Salvador Nothilfe Hunger/Umweltkatastrophen</a></strong> &#8211; Sachspenden</p>
<p>&nbsp;</p>
<p>Vielen herzlichen Dank für Ihre Unterstützung!</p>
<p>&nbsp;</p>
<p><strong>Unsere Bankverbindung:</strong></p>
<p><strong>Sparkasse Offenburg</strong></p>
<p><strong>DE 19 66 45 00 50 000 000 044 438</strong><br />
<strong>BIC SOLADES 1 OFG</strong></p>

<p>Mit den Überschüssen aus dem Weltladen und den eingehenden Spenden unterstützt  Weltladen Regentropfen Offenburg e.V.  verschiedene soziale Projekte. Möchten Sie gerne spenden? Bitte geben Sie auf dem Überweisungsträger Ihre Anschrift an, damit Ihnen eine Spendenbescheinigung zugestellt werden kann. &nbsp; Die Spendensumme von € 2.260,98 in 2025 haben wir für folgende Projekte verwendet: Projekt Banafair PREDA&hellip;</p>

<!-- This site is optimized with the Yoast SEO plugin v26.8 - https://yoast.com/product/yoast-seo-wordpress/ -->
<title>Spenden - Weltladen Offenburg</title>
<meta name="robots" content="index, follow, max-snippet:-1, max-image-preview:large, max-video-preview:-1" />
<link rel="canonical" href="https://weltlaeden.de/offenburg/spenden/" />
<meta property="og:locale" content="de_DE" />
<meta property="og:type" content="article" />
<meta property="og:title" content="Spenden - Weltladen Offenburg" />
<meta property="og:description" content="Mit den Überschüssen aus dem Weltladen und den eingehenden Spenden unterstützt  Weltladen Regentropfen Offenburg e.V.  verschiedene soziale Projekte. Möchten Sie gerne spenden? Bitte geben Sie auf dem Überweisungsträger Ihre Anschrift an, damit Ihnen eine Spendenbescheinigung zugestellt werden kann. &nbsp; Die Spendensumme von € 2.260,98 in 2025 haben wir für folgende Projekte verwendet: Projekt Banafair PREDA&hellip;" />
<meta property="og:url" content="https://weltlaeden.de/offenburg/spenden/" />
<meta property="og:site_name" content="Weltladen Offenburg" />
<meta property="article:modified_time" content="2026-03-12T11:04:44+00:00" />
<meta property="og:image" content="https://weltlaeden.de/offenburg/wp-content/uploads/sites/198/2026/03/Spendenkaessle-klein-rotated-e1773223757736.jpg" />
	<meta property="og:image:width" content="600" />
	<meta property="og:image:height" content="525" />
	<meta property="og:image:type" content="image/jpeg" />
<meta name="twitter:card" content="summary_large_image" />
<meta name="twitter:label1" content="Geschätzte Lesezeit" />
	<meta name="twitter:data1" content="1 Minute" />
<script type="application/ld+json" class="yoast-schema-graph">{"@context":"https://schema.org","@graph":[{"@type":"WebPage","@id":"https://weltlaeden.de/offenburg/spenden/","url":"https://weltlaeden.de/offenburg/spenden/","name":"Spenden - Weltladen Offenburg","isPartOf":{"@id":"https://weltlaeden.de/offenburg/#website"},"primaryImageOfPage":{"@id":"https://weltlaeden.de/offenburg/spenden/#primaryimage"},"image":{"@id":"https://weltlaeden.de/offenburg/spenden/#primaryimage"},"thumbnailUrl":"https://weltlaeden.de/offenburg/wp-content/uploads/sites/198/2026/03/Spendenkaessle-klein-rotated-e1773223757736-300x263.jpg","datePublished":"2026-03-11T10:10:48+00:00","dateModified":"2026-03-12T11:04:44+00:00","breadcrumb":{"@id":"https://weltlaeden.de/offenburg/spenden/#breadcrumb"},"inLanguage":"de","potentialAction":[{"@type":"ReadAction","target":["https://weltlaeden.de/offenburg/spenden/"]}]},{"@type":"ImageObject","inLanguage":"de","@id":"https://weltlaeden.de/offenburg/spenden/#primaryimage","url":"https://weltlaeden.de/offenburg/wp-content/uploads/sites/198/2026/03/Spendenkaessle-klein-rotated-e1773223757736.jpg","contentUrl":"https://weltlaeden.de/offenburg/wp-content/uploads/sites/198/2026/03/Spendenkaessle-klein-rotated-e1773223757736.jpg","width":600,"height":525},{"@type":"BreadcrumbList","@id":"https://weltlaeden.de/offenburg/spenden/#breadcrumb","itemListElement":[{"@type":"ListItem","position":1,"name":"Startseite","item":"https://weltlaeden.de/offenburg/"},{"@type":"ListItem","position":2,"name":"Spenden"}]},{"@type":"WebSite","@id":"https://weltlaeden.de/offenburg/#website","url":"https://weltlaeden.de/offenburg/","name":"Weltladen Offenburg","description":"Faire Produkte seit 1990","potentialAction":[{"@type":"SearchAction","target":{"@type":"EntryPoint","urlTemplate":"https://weltlaeden.de/offenburg/?s={search_term_string}"},"query-input":{"@type":"PropertyValueSpecification","valueRequired":true,"valueName":"search_term_string"}}],"inLanguage":"de"}]}</script>
<!-- / Yoast SEO plugin. -->

Mit den Überschüssen aus dem Weltladen und den eingehenden Spenden unterstützt  Weltladen Regentropfen Offenburg e.V.  verschiedene soziale Projekte. Möchten Sie gerne spenden? Bitte geben Sie auf dem Überweisungsträger Ihre Anschrift an, damit Ihnen eine Spendenbescheinigung zugestellt werden kann. &nbsp; Die Spendensumme von € 2.260,98 in 2025 haben wir für folgende Projekte verwendet: Projekt Banafair PREDA&hellip;
