{"id":1775,"date":"2025-03-01T18:10:12","date_gmt":"2025-03-01T17:10:12","guid":{"rendered":"https:\/\/weltlaeden.de\/offenburg\/?page_id=1775"},"modified":"2025-03-01T18:35:03","modified_gmt":"2025-03-01T17:35:03","slug":"nachhaltigkeit-im-weltladen","status":"publish","type":"page","link":"https:\/\/weltlaeden.de\/offenburg\/nachhaltigkeit-im-weltladen\/","title":{"rendered":"Nachhaltigkeit im Weltladen"},"content":{"rendered":"<h1 style=\"text-align: center\"><span id=\"page3R_mcid157\" class=\"markedContent\" style=\"color: #ff6600\"><span dir=\"ltr\" role=\"presentation\">Fairer<\/span> <span dir=\"ltr\" role=\"presentation\">Handel<\/span> <span dir=\"ltr\" role=\"presentation\">und<\/span> <span dir=\"ltr\" role=\"presentation\">Nachhaltigkeit<\/span> <span dir=\"ltr\" role=\"presentation\">gehen<\/span> <span dir=\"ltr\" role=\"presentation\">Hand<\/span> <span dir=\"ltr\" role=\"presentation\">in<\/span> <span dir=\"ltr\" role=\"presentation\">Hand!<\/span><\/span><\/h1>\n<p>&nbsp;<\/p>\n<p style=\"text-align: center\">Auf dem Weg zu globaler Nachhaltigkeit sind die 900 Weltl\u00e4den in Deutschland wichtige Partner f\u00fcr St\u00e4dte,<\/p>\n<p style=\"text-align: center\">Gemeinden und Landkreise. Denn die Angebote der Weltl\u00e4den sind vielf\u00e4ltig \u2026<\/p>\n<p style=\"text-align: center\">Auch wir vom Weltladen Regentropfen in Offenburg legen gro\u00dfen Wert auf Nachhaltigkeit.<\/p>\n<p><a href=\"https:\/\/weltlaeden.de\/offenburg\/wp-content\/uploads\/sites\/198\/2025\/03\/2025-02-12-Nachhaltigkeitsflyer-aktuell.pdf\"><img loading=\"lazy\" decoding=\"async\" class=\"size-medium wp-image-1780 aligncenter\" src=\"https:\/\/weltlaeden.de\/offenburg\/wp-content\/uploads\/sites\/198\/2025\/03\/wordcloud-nachhaltigkeit-300x275.jpg\" alt=\"\" width=\"300\" height=\"275\" srcset=\"https:\/\/weltlaeden.de\/offenburg\/wp-content\/uploads\/sites\/198\/2025\/03\/wordcloud-nachhaltigkeit-300x275.jpg 300w, https:\/\/weltlaeden.de\/offenburg\/wp-content\/uploads\/sites\/198\/2025\/03\/wordcloud-nachhaltigkeit.jpg 318w\" sizes=\"auto, (max-width: 300px) 100vw, 300px\" \/><\/a><\/p>\n<h3 style=\"text-align: center\"><span style=\"color: #ff6600\"><a style=\"color: #ff6600\" href=\"https:\/\/weltlaeden.de\/offenburg\/wp-content\/uploads\/sites\/198\/2025\/03\/2025-02-12-Nachhaltigkeitsflyer-aktuell.pdf\"><strong>Hier finden Sie unser Nachhaltigkeitsflyer als pdf<\/strong><\/a><\/span><\/h3>\n<p>&nbsp;<\/p>\n<h1 style=\"text-align: center\"><span style=\"color: #ff6600\">Damit unser Planet lebenswert bleibt<\/span><\/h1>\n","protected":false},"excerpt":{"rendered":"<p>Fairer Handel und Nachhaltigkeit gehen Hand in Hand! &nbsp; Auf dem Weg zu globaler Nachhaltigkeit sind die 900 Weltl\u00e4den in Deutschland wichtige Partner f\u00fcr St\u00e4dte, Gemeinden und Landkreise. Denn die Angebote der Weltl\u00e4den sind vielf\u00e4ltig \u2026 Auch wir vom Weltladen Regentropfen in Offenburg legen gro\u00dfen Wert auf Nachhaltigkeit. Hier finden Sie unser Nachhaltigkeitsflyer als pdf&hellip;<\/p>\n","protected":false},"author":287,"featured_media":1780,"parent":0,"menu_order":0,"comment_status":"closed","ping_status":"closed","template":"","meta":{"footnotes":""},"class_list":["post-1775","page","type-page","status-publish","has-post-thumbnail","hentry","description-off"],"yoast_head":"<!-- This site is optimized with the Yoast SEO plugin v26.8 - https:\/\/yoast.com\/product\/yoast-seo-wordpress\/ -->\n<title>Nachhaltigkeit im Weltladen - Weltladen Offenburg<\/title>\n<meta name=\"robots\" content=\"index, follow, max-snippet:-1, max-image-preview:large, max-video-preview:-1\" \/>\n<link rel=\"canonical\" href=\"https:\/\/weltlaeden.de\/offenburg\/nachhaltigkeit-im-weltladen\/\" \/>\n<meta property=\"og:locale\" content=\"de_DE\" \/>\n<meta property=\"og:type\" content=\"article\" \/>\n<meta property=\"og:title\" content=\"Nachhaltigkeit im Weltladen - Weltladen Offenburg\" \/>\n<meta property=\"og:description\" content=\"Fairer Handel und Nachhaltigkeit gehen Hand in Hand! &nbsp; Auf dem Weg zu globaler Nachhaltigkeit sind die 900 Weltl\u00e4den in Deutschland wichtige Partner f\u00fcr St\u00e4dte, Gemeinden und Landkreise. Denn die Angebote der Weltl\u00e4den sind vielf\u00e4ltig \u2026 Auch wir vom Weltladen Regentropfen in Offenburg legen gro\u00dfen Wert auf Nachhaltigkeit. Hier finden Sie unser Nachhaltigkeitsflyer als pdf&hellip;\" \/>\n<meta property=\"og:url\" content=\"https:\/\/weltlaeden.de\/offenburg\/nachhaltigkeit-im-weltladen\/\" \/>\n<meta property=\"og:site_name\" content=\"Weltladen Offenburg\" \/>\n<meta property=\"article:modified_time\" content=\"2025-03-01T17:35:03+00:00\" \/>\n<meta property=\"og:image\" content=\"https:\/\/weltlaeden.de\/offenburg\/wp-content\/uploads\/sites\/198\/2025\/03\/wordcloud-nachhaltigkeit.jpg\" \/>\n\t<meta property=\"og:image:width\" content=\"318\" \/>\n\t<meta property=\"og:image:height\" content=\"291\" \/>\n\t<meta property=\"og:image:type\" content=\"image\/jpeg\" \/>\n<meta name=\"twitter:card\" content=\"summary_large_image\" \/>\n<meta name=\"twitter:label1\" content=\"Gesch\u00e4tzte Lesezeit\" \/>\n\t<meta name=\"twitter:data1\" content=\"1\u00a0Minute\" \/>\n<script type=\"application\/ld+json\" class=\"yoast-schema-graph\">{\"@context\":\"https:\/\/schema.org\",\"@graph\":[{\"@type\":\"WebPage\",\"@id\":\"https:\/\/weltlaeden.de\/offenburg\/nachhaltigkeit-im-weltladen\/\",\"url\":\"https:\/\/weltlaeden.de\/offenburg\/nachhaltigkeit-im-weltladen\/\",\"name\":\"Nachhaltigkeit im Weltladen - Weltladen Offenburg\",\"isPartOf\":{\"@id\":\"https:\/\/weltlaeden.de\/offenburg\/#website\"},\"primaryImageOfPage\":{\"@id\":\"https:\/\/weltlaeden.de\/offenburg\/nachhaltigkeit-im-weltladen\/#primaryimage\"},\"image\":{\"@id\":\"https:\/\/weltlaeden.de\/offenburg\/nachhaltigkeit-im-weltladen\/#primaryimage\"},\"thumbnailUrl\":\"https:\/\/weltlaeden.de\/offenburg\/wp-content\/uploads\/sites\/198\/2025\/03\/wordcloud-nachhaltigkeit.jpg\",\"datePublished\":\"2025-03-01T17:10:12+00:00\",\"dateModified\":\"2025-03-01T17:35:03+00:00\",\"breadcrumb\":{\"@id\":\"https:\/\/weltlaeden.de\/offenburg\/nachhaltigkeit-im-weltladen\/#breadcrumb\"},\"inLanguage\":\"de\",\"potentialAction\":[{\"@type\":\"ReadAction\",\"target\":[\"https:\/\/weltlaeden.de\/offenburg\/nachhaltigkeit-im-weltladen\/\"]}]},{\"@type\":\"ImageObject\",\"inLanguage\":\"de\",\"@id\":\"https:\/\/weltlaeden.de\/offenburg\/nachhaltigkeit-im-weltladen\/#primaryimage\",\"url\":\"https:\/\/weltlaeden.de\/offenburg\/wp-content\/uploads\/sites\/198\/2025\/03\/wordcloud-nachhaltigkeit.jpg\",\"contentUrl\":\"https:\/\/weltlaeden.de\/offenburg\/wp-content\/uploads\/sites\/198\/2025\/03\/wordcloud-nachhaltigkeit.jpg\",\"width\":318,\"height\":291},{\"@type\":\"BreadcrumbList\",\"@id\":\"https:\/\/weltlaeden.de\/offenburg\/nachhaltigkeit-im-weltladen\/#breadcrumb\",\"itemListElement\":[{\"@type\":\"ListItem\",\"position\":1,\"name\":\"Startseite\",\"item\":\"https:\/\/weltlaeden.de\/offenburg\/\"},{\"@type\":\"ListItem\",\"position\":2,\"name\":\"Nachhaltigkeit im Weltladen\"}]},{\"@type\":\"WebSite\",\"@id\":\"https:\/\/weltlaeden.de\/offenburg\/#website\",\"url\":\"https:\/\/weltlaeden.de\/offenburg\/\",\"name\":\"Weltladen Offenburg\",\"description\":\"Faire Produkte seit 1990\",\"potentialAction\":[{\"@type\":\"SearchAction\",\"target\":{\"@type\":\"EntryPoint\",\"urlTemplate\":\"https:\/\/weltlaeden.de\/offenburg\/?s={search_term_string}\"},\"query-input\":{\"@type\":\"PropertyValueSpecification\",\"valueRequired\":true,\"valueName\":\"search_term_string\"}}],\"inLanguage\":\"de\"}]}<\/script>\n<!-- \/ Yoast SEO plugin. -->","yoast_head_json":{"title":"Nachhaltigkeit im Weltladen - Weltladen Offenburg","robots":{"index":"index","follow":"follow","max-snippet":"max-snippet:-1","max-image-preview":"max-image-preview:large","max-video-preview":"max-video-preview:-1"},"canonical":"https:\/\/weltlaeden.de\/offenburg\/nachhaltigkeit-im-weltladen\/","og_locale":"de_DE","og_type":"article","og_title":"Nachhaltigkeit im Weltladen - Weltladen Offenburg","og_description":"Fairer Handel und Nachhaltigkeit gehen Hand in Hand! &nbsp; Auf dem Weg zu globaler Nachhaltigkeit sind die 900 Weltl\u00e4den in Deutschland wichtige Partner f\u00fcr St\u00e4dte, Gemeinden und Landkreise. Denn die Angebote der Weltl\u00e4den sind vielf\u00e4ltig \u2026 Auch wir vom Weltladen Regentropfen in Offenburg legen gro\u00dfen Wert auf Nachhaltigkeit. Hier finden Sie unser Nachhaltigkeitsflyer als pdf&hellip;","og_url":"https:\/\/weltlaeden.de\/offenburg\/nachhaltigkeit-im-weltladen\/","og_site_name":"Weltladen Offenburg","article_modified_time":"2025-03-01T17:35:03+00:00","og_image":[{"width":318,"height":291,"url":"https:\/\/weltlaeden.de\/offenburg\/wp-content\/uploads\/sites\/198\/2025\/03\/wordcloud-nachhaltigkeit.jpg","type":"image\/jpeg"}],"twitter_card":"summary_large_image","twitter_misc":{"Gesch\u00e4tzte Lesezeit":"1\u00a0Minute"},"schema":{"@context":"https:\/\/schema.org","@graph":[{"@type":"WebPage","@id":"https:\/\/weltlaeden.de\/offenburg\/nachhaltigkeit-im-weltladen\/","url":"https:\/\/weltlaeden.de\/offenburg\/nachhaltigkeit-im-weltladen\/","name":"Nachhaltigkeit im Weltladen - Weltladen Offenburg","isPartOf":{"@id":"https:\/\/weltlaeden.de\/offenburg\/#website"},"primaryImageOfPage":{"@id":"https:\/\/weltlaeden.de\/offenburg\/nachhaltigkeit-im-weltladen\/#primaryimage"},"image":{"@id":"https:\/\/weltlaeden.de\/offenburg\/nachhaltigkeit-im-weltladen\/#primaryimage"},"thumbnailUrl":"https:\/\/weltlaeden.de\/offenburg\/wp-content\/uploads\/sites\/198\/2025\/03\/wordcloud-nachhaltigkeit.jpg","datePublished":"2025-03-01T17:10:12+00:00","dateModified":"2025-03-01T17:35:03+00:00","breadcrumb":{"@id":"https:\/\/weltlaeden.de\/offenburg\/nachhaltigkeit-im-weltladen\/#breadcrumb"},"inLanguage":"de","potentialAction":[{"@type":"ReadAction","target":["https:\/\/weltlaeden.de\/offenburg\/nachhaltigkeit-im-weltladen\/"]}]},{"@type":"ImageObject","inLanguage":"de","@id":"https:\/\/weltlaeden.de\/offenburg\/nachhaltigkeit-im-weltladen\/#primaryimage","url":"https:\/\/weltlaeden.de\/offenburg\/wp-content\/uploads\/sites\/198\/2025\/03\/wordcloud-nachhaltigkeit.jpg","contentUrl":"https:\/\/weltlaeden.de\/offenburg\/wp-content\/uploads\/sites\/198\/2025\/03\/wordcloud-nachhaltigkeit.jpg","width":318,"height":291},{"@type":"BreadcrumbList","@id":"https:\/\/weltlaeden.de\/offenburg\/nachhaltigkeit-im-weltladen\/#breadcrumb","itemListElement":[{"@type":"ListItem","position":1,"name":"Startseite","item":"https:\/\/weltlaeden.de\/offenburg\/"},{"@type":"ListItem","position":2,"name":"Nachhaltigkeit im Weltladen"}]},{"@type":"WebSite","@id":"https:\/\/weltlaeden.de\/offenburg\/#website","url":"https:\/\/weltlaeden.de\/offenburg\/","name":"Weltladen Offenburg","description":"Faire Produkte seit 1990","potentialAction":[{"@type":"SearchAction","target":{"@type":"EntryPoint","urlTemplate":"https:\/\/weltlaeden.de\/offenburg\/?s={search_term_string}"},"query-input":{"@type":"PropertyValueSpecification","valueRequired":true,"valueName":"search_term_string"}}],"inLanguage":"de"}]}},"_links":{"self":[{"href":"https:\/\/weltlaeden.de\/offenburg\/wp-json\/wp\/v2\/pages\/1775","targetHints":{"allow":["GET"]}}],"collection":[{"href":"https:\/\/weltlaeden.de\/offenburg\/wp-json\/wp\/v2\/pages"}],"about":[{"href":"https:\/\/weltlaeden.de\/offenburg\/wp-json\/wp\/v2\/types\/page"}],"author":[{"embeddable":true,"href":"https:\/\/weltlaeden.de\/offenburg\/wp-json\/wp\/v2\/users\/287"}],"replies":[{"embeddable":true,"href":"https:\/\/weltlaeden.de\/offenburg\/wp-json\/wp\/v2\/comments?post=1775"}],"version-history":[{"count":11,"href":"https:\/\/weltlaeden.de\/offenburg\/wp-json\/wp\/v2\/pages\/1775\/revisions"}],"predecessor-version":[{"id":1789,"href":"https:\/\/weltlaeden.de\/offenburg\/wp-json\/wp\/v2\/pages\/1775\/revisions\/1789"}],"wp:featuredmedia":[{"embeddable":true,"href":"https:\/\/weltlaeden.de\/offenburg\/wp-json\/wp\/v2\/media\/1780"}],"wp:attachment":[{"href":"https:\/\/weltlaeden.de\/offenburg\/wp-json\/wp\/v2\/media?parent=1775"}],"curies":[{"name":"wp","href":"https:\/\/api.w.org\/{rel}","templated":true}]}}

<h1 style="text-align: center"><span id="page3R_mcid157" class="markedContent" style="color: #ff6600"><span dir="ltr" role="presentation">Fairer</span> <span dir="ltr" role="presentation">Handel</span> <span dir="ltr" role="presentation">und</span> <span dir="ltr" role="presentation">Nachhaltigkeit</span> <span dir="ltr" role="presentation">gehen</span> <span dir="ltr" role="presentation">Hand</span> <span dir="ltr" role="presentation">in</span> <span dir="ltr" role="presentation">Hand!</span></span></h1>
<p>&nbsp;</p>
<p style="text-align: center">Auf dem Weg zu globaler Nachhaltigkeit sind die 900 Weltläden in Deutschland wichtige Partner für Städte,</p>
<p style="text-align: center">Gemeinden und Landkreise. Denn die Angebote der Weltläden sind vielfältig …</p>
<p style="text-align: center">Auch wir vom Weltladen Regentropfen in Offenburg legen großen Wert auf Nachhaltigkeit.</p>
<p><a href="https://weltlaeden.de/offenburg/wp-content/uploads/sites/198/2025/03/2025-02-12-Nachhaltigkeitsflyer-aktuell.pdf"><img loading="lazy" decoding="async" class="size-medium wp-image-1780 aligncenter" src="https://weltlaeden.de/offenburg/wp-content/uploads/sites/198/2025/03/wordcloud-nachhaltigkeit-300x275.jpg" alt="" width="300" height="275" srcset="https://weltlaeden.de/offenburg/wp-content/uploads/sites/198/2025/03/wordcloud-nachhaltigkeit-300x275.jpg 300w, https://weltlaeden.de/offenburg/wp-content/uploads/sites/198/2025/03/wordcloud-nachhaltigkeit.jpg 318w" sizes="auto, (max-width: 300px) 100vw, 300px" /></a></p>
<h3 style="text-align: center"><span style="color: #ff6600"><a style="color: #ff6600" href="https://weltlaeden.de/offenburg/wp-content/uploads/sites/198/2025/03/2025-02-12-Nachhaltigkeitsflyer-aktuell.pdf"><strong>Hier finden Sie unser Nachhaltigkeitsflyer als pdf</strong></a></span></h3>
<p>&nbsp;</p>
<h1 style="text-align: center"><span style="color: #ff6600">Damit unser Planet lebenswert bleibt</span></h1>

<p>Fairer Handel und Nachhaltigkeit gehen Hand in Hand! &nbsp; Auf dem Weg zu globaler Nachhaltigkeit sind die 900 Weltläden in Deutschland wichtige Partner für Städte, Gemeinden und Landkreise. Denn die Angebote der Weltläden sind vielfältig … Auch wir vom Weltladen Regentropfen in Offenburg legen großen Wert auf Nachhaltigkeit. Hier finden Sie unser Nachhaltigkeitsflyer als pdf&hellip;</p>

<!-- This site is optimized with the Yoast SEO plugin v26.8 - https://yoast.com/product/yoast-seo-wordpress/ -->
<title>Nachhaltigkeit im Weltladen - Weltladen Offenburg</title>
<meta name="robots" content="index, follow, max-snippet:-1, max-image-preview:large, max-video-preview:-1" />
<link rel="canonical" href="https://weltlaeden.de/offenburg/nachhaltigkeit-im-weltladen/" />
<meta property="og:locale" content="de_DE" />
<meta property="og:type" content="article" />
<meta property="og:title" content="Nachhaltigkeit im Weltladen - Weltladen Offenburg" />
<meta property="og:description" content="Fairer Handel und Nachhaltigkeit gehen Hand in Hand! &nbsp; Auf dem Weg zu globaler Nachhaltigkeit sind die 900 Weltläden in Deutschland wichtige Partner für Städte, Gemeinden und Landkreise. Denn die Angebote der Weltläden sind vielfältig … Auch wir vom Weltladen Regentropfen in Offenburg legen großen Wert auf Nachhaltigkeit. Hier finden Sie unser Nachhaltigkeitsflyer als pdf&hellip;" />
<meta property="og:url" content="https://weltlaeden.de/offenburg/nachhaltigkeit-im-weltladen/" />
<meta property="og:site_name" content="Weltladen Offenburg" />
<meta property="article:modified_time" content="2025-03-01T17:35:03+00:00" />
<meta property="og:image" content="https://weltlaeden.de/offenburg/wp-content/uploads/sites/198/2025/03/wordcloud-nachhaltigkeit.jpg" />
	<meta property="og:image:width" content="318" />
	<meta property="og:image:height" content="291" />
	<meta property="og:image:type" content="image/jpeg" />
<meta name="twitter:card" content="summary_large_image" />
<meta name="twitter:label1" content="Geschätzte Lesezeit" />
	<meta name="twitter:data1" content="1 Minute" />
<script type="application/ld+json" class="yoast-schema-graph">{"@context":"https://schema.org","@graph":[{"@type":"WebPage","@id":"https://weltlaeden.de/offenburg/nachhaltigkeit-im-weltladen/","url":"https://weltlaeden.de/offenburg/nachhaltigkeit-im-weltladen/","name":"Nachhaltigkeit im Weltladen - Weltladen Offenburg","isPartOf":{"@id":"https://weltlaeden.de/offenburg/#website"},"primaryImageOfPage":{"@id":"https://weltlaeden.de/offenburg/nachhaltigkeit-im-weltladen/#primaryimage"},"image":{"@id":"https://weltlaeden.de/offenburg/nachhaltigkeit-im-weltladen/#primaryimage"},"thumbnailUrl":"https://weltlaeden.de/offenburg/wp-content/uploads/sites/198/2025/03/wordcloud-nachhaltigkeit.jpg","datePublished":"2025-03-01T17:10:12+00:00","dateModified":"2025-03-01T17:35:03+00:00","breadcrumb":{"@id":"https://weltlaeden.de/offenburg/nachhaltigkeit-im-weltladen/#breadcrumb"},"inLanguage":"de","potentialAction":[{"@type":"ReadAction","target":["https://weltlaeden.de/offenburg/nachhaltigkeit-im-weltladen/"]}]},{"@type":"ImageObject","inLanguage":"de","@id":"https://weltlaeden.de/offenburg/nachhaltigkeit-im-weltladen/#primaryimage","url":"https://weltlaeden.de/offenburg/wp-content/uploads/sites/198/2025/03/wordcloud-nachhaltigkeit.jpg","contentUrl":"https://weltlaeden.de/offenburg/wp-content/uploads/sites/198/2025/03/wordcloud-nachhaltigkeit.jpg","width":318,"height":291},{"@type":"BreadcrumbList","@id":"https://weltlaeden.de/offenburg/nachhaltigkeit-im-weltladen/#breadcrumb","itemListElement":[{"@type":"ListItem","position":1,"name":"Startseite","item":"https://weltlaeden.de/offenburg/"},{"@type":"ListItem","position":2,"name":"Nachhaltigkeit im Weltladen"}]},{"@type":"WebSite","@id":"https://weltlaeden.de/offenburg/#website","url":"https://weltlaeden.de/offenburg/","name":"Weltladen Offenburg","description":"Faire Produkte seit 1990","potentialAction":[{"@type":"SearchAction","target":{"@type":"EntryPoint","urlTemplate":"https://weltlaeden.de/offenburg/?s={search_term_string}"},"query-input":{"@type":"PropertyValueSpecification","valueRequired":true,"valueName":"search_term_string"}}],"inLanguage":"de"}]}</script>
<!-- / Yoast SEO plugin. -->

Fairer Handel und Nachhaltigkeit gehen Hand in Hand! &nbsp; Auf dem Weg zu globaler Nachhaltigkeit sind die 900 Weltläden in Deutschland wichtige Partner für Städte, Gemeinden und Landkreise. Denn die Angebote der Weltläden sind vielfältig … Auch wir vom Weltladen Regentropfen in Offenburg legen großen Wert auf Nachhaltigkeit. Hier finden Sie unser Nachhaltigkeitsflyer als pdf&hellip;
