{"version":"1.0","provider_name":"Weltladen Offenburg","provider_url":"https:\/\/weltlaeden.de\/offenburg","title":"Weltladentag 2026 - Weltladen Offenburg","type":"rich","width":600,"height":338,"html":"<blockquote class=\"wp-embedded-content\" data-secret=\"QTtblrBwfR\"><a href=\"https:\/\/weltlaeden.de\/offenburg\/weltladentag-2026\/\">Weltladentag 2026<\/a><\/blockquote><iframe sandbox=\"allow-scripts\" security=\"restricted\" src=\"https:\/\/weltlaeden.de\/offenburg\/weltladentag-2026\/embed\/#?secret=QTtblrBwfR\" width=\"600\" height=\"338\" title=\"&#8222;Weltladentag 2026&#8220; &#8211; Weltladen Offenburg\" data-secret=\"QTtblrBwfR\" frameborder=\"0\" marginwidth=\"0\" marginheight=\"0\" scrolling=\"no\" class=\"wp-embedded-content\"><\/iframe><script>\n\/*! This file is auto-generated *\/\n!function(d,l){\"use strict\";l.querySelector&&d.addEventListener&&\"undefined\"!=typeof URL&&(d.wp=d.wp||{},d.wp.receiveEmbedMessage||(d.wp.receiveEmbedMessage=function(e){var t=e.data;if((t||t.secret||t.message||t.value)&&!\/[^a-zA-Z0-9]\/.test(t.secret)){for(var s,r,n,a=l.querySelectorAll('iframe[data-secret=\"'+t.secret+'\"]'),o=l.querySelectorAll('blockquote[data-secret=\"'+t.secret+'\"]'),c=new RegExp(\"^https?:$\",\"i\"),i=0;i<o.length;i++)o[i].style.display=\"none\";for(i=0;i<a.length;i++)s=a[i],e.source===s.contentWindow&&(s.removeAttribute(\"style\"),\"height\"===t.message?(1e3<(r=parseInt(t.value,10))?r=1e3:~~r<200&&(r=200),s.height=r):\"link\"===t.message&&(r=new URL(s.getAttribute(\"src\")),n=new URL(t.value),c.test(n.protocol))&&n.host===r.host&&l.activeElement===s&&(d.top.location.href=t.value))}},d.addEventListener(\"message\",d.wp.receiveEmbedMessage,!1),l.addEventListener(\"DOMContentLoaded\",function(){for(var e,t,s=l.querySelectorAll(\"iframe.wp-embedded-content\"),r=0;r<s.length;r++)(t=(e=s[r]).getAttribute(\"data-secret\"))||(t=Math.random().toString(36).substring(2,12),e.src+=\"#?secret=\"+t,e.setAttribute(\"data-secret\",t)),e.contentWindow.postMessage({message:\"ready\",secret:t},\"*\")},!1)))}(window,document);\n<\/script>\n","thumbnail_url":"https:\/\/weltlaeden.de\/offenburg\/wp-content\/uploads\/sites\/198\/2026\/04\/wlt26_header_schmal-scaled.jpg","thumbnail_width":2560,"thumbnail_height":853,"description":"Fair fruchtet! Fr\u00fcchte stehen f\u00fcr Vielfalt, Genuss und Lebensfreude. Doch hinter dem, was bei uns selbstverst\u00e4ndlich im Einkaufskorb landet, steckt viel Arbeit unter schwierigen Bedingungen. Am Weltladentag am 09. Mai 2026 nehmen wir diese Themen in den Blick. Bananen, Orangen, Ananas und Mangos geh\u00f6ren weltweit zu den beliebtesten Fr\u00fcchten. Doch ihre Produktion ist oft mit&hellip;"}

Fair fruchtet! Früchte stehen für Vielfalt, Genuss und Lebensfreude. Doch hinter dem, was bei uns selbstverständlich im Einkaufskorb landet, steckt viel Arbeit unter schwierigen Bedingungen. Am Weltladentag am 09. Mai 2026 nehmen wir diese Themen in den Blick. Bananen, Orangen, Ananas und Mangos gehören weltweit zu den beliebtesten Früchten. Doch ihre Produktion ist oft mit&hellip;
