{"id":23,"date":"2016-10-14T09:05:21","date_gmt":"2016-10-14T07:05:21","guid":{"rendered":"https:\/\/wl.heimpixel.de\/vorlage\/termine\/"},"modified":"2018-08-10T10:34:16","modified_gmt":"2018-08-10T08:34:16","slug":"termine","status":"publish","type":"page","link":"https:\/\/weltlaeden.de\/oase-weinheim\/termine\/","title":{"rendered":"Termine"},"content":{"rendered":"<div class=\"wpb-content-wrapper\"><p>[vc_row][vc_column]<div class=\"wl_einzelbild\"><p><img loading=\"lazy\" decoding=\"async\" class=\"aligncenter size-full wp-image-nsm-3-33\" src=\"https:\/\/weltlaeden.de\/oase-weinheim\/wp-content\/uploads\/sites\/3\/2018\/07\/pocket-watch-1637396_1920_pixabay.png\" alt=\"\" width=\"787\" height=\"340\" \/><\/p><\/div>[vc_empty_space height=&#8220;30px&#8220;][vc_column_text]<\/p>\n<h1>Termine<\/h1>\n<h4><\/h4>\n<p>[\/vc_column_text][vc_empty_space height=&#8220;30px&#8220;][\/vc_column][\/vc_row][vc_row][vc_column width=&#8220;2\/3&#8243;][vc_column_text]<\/p>\n<h2>Kommende Termine<\/h2>\n<p>[\/vc_column_text]<ul class=\"termine-page current aktuell\"><li><h5 class=\"termine-titel\"><a href=\"https:\/\/weltlaeden.de\/oase-weinheim\/termin\/teamtreffen-5\/\">Teamtreffen<\/a><\/h5><p class=\"termine-date\">Do., 16.04.2026, 18:15<\/p><p class=\"termine-auszug\">Um Termine, Ladendienste und Neuigkeiten aus dem Fairen Handel auszutauschen, treffen wir uns regelm\u00e4\u00dfig im Weltladen OASE, Beginn jeweils um 18:15 Uhr.<\/li><li><h5 class=\"termine-titel\"><a href=\"https:\/\/weltlaeden.de\/oase-weinheim\/termin\/teamtreffen-6\/\">Teamtreffen<\/a><\/h5><p class=\"termine-date\">Do., 21.05.2026, 18:15<\/p><p class=\"termine-auszug\">Um Termine, Ladendienste und Neuigkeiten aus dem Fairen Handel auszutauschen, treffen wir uns regelm\u00e4\u00dfig im Weltladen OASE, Beginn jeweils um 18:15 Uhr.<\/li><li><h5 class=\"termine-titel\"><a href=\"https:\/\/weltlaeden.de\/oase-weinheim\/termin\/teamtreffen-11\/\">Teamtreffen<\/a><\/h5><p class=\"termine-date\">Do., 18.06.2026, 18:15<\/p><p class=\"termine-auszug\">Um Termine, Ladendienste und Neuigkeiten aus dem Fairen Handel auszutauschen, treffen wir uns regelm\u00e4\u00dfig im Weltladen OASE, Beginn jeweils um 18:15 Uhr.<\/li><li><h5 class=\"termine-titel\"><a href=\"https:\/\/weltlaeden.de\/oase-weinheim\/termin\/teamtreeffen\/\">Teamtreeffen<\/a><\/h5><p class=\"termine-date\">Do., 16.07.2026, 18:15<\/p><p class=\"termine-auszug\">Um Termine, Ladendienste und Neuigkeiten aus dem Fairen Handel auszutauschen, treffen wir uns regelm\u00e4\u00dfig im Weltladen OASE, Beginn jeweils um 18:15 Uhr.<\/li><li><h5 class=\"termine-titel\"><a href=\"https:\/\/weltlaeden.de\/oase-weinheim\/termin\/teamtreffen-12\/\">Teamtreffen<\/a><\/h5><p class=\"termine-date\">Do., 17.09.2026, 18:15<\/p><p class=\"termine-auszug\">Um Termine, Ladendienste und Neuigkeiten aus dem Fairen Handel auszutauschen, treffen wir uns regelm\u00e4\u00dfig im Weltladen OASE, Beginn jeweils um 18:15 Uhr.<\/li><li><h5 class=\"termine-titel\"><a href=\"https:\/\/weltlaeden.de\/oase-weinheim\/termin\/teamtreffen-13\/\">Teamtreffen<\/a><\/h5><p class=\"termine-date\">Do., 15.10.2026, 18:15<\/p><p class=\"termine-auszug\">Um Termine, Ladendienste und Neuigkeiten aus dem Fairen Handel auszutauschen, treffen wir uns regelm\u00e4\u00dfig im Weltladen OASE, Beginn jeweils um 18:15 Uhr.<\/li><li><h5 class=\"termine-titel\"><a href=\"https:\/\/weltlaeden.de\/oase-weinheim\/termin\/teamtreffen-14\/\">Teamtreffen<\/a><\/h5><p class=\"termine-date\">Do., 12.11.2026, 18:15<\/p><p class=\"termine-auszug\">Um Termine, Ladendienste und Neuigkeiten aus dem Fairen Handel auszutauschen, treffen wir uns regelm\u00e4\u00dfig im Weltladen OASE, Beginn jeweils um 18:15 Uhr.<\/li><li><h5 class=\"termine-titel\"><a href=\"https:\/\/weltlaeden.de\/oase-weinheim\/termin\/teamtreffen-15\/\">Teamtreffen<\/a><\/h5><p class=\"termine-date\">Do., 10.12.2026, 18:15<\/p><p class=\"termine-auszug\">Um Termine, Ladendienste und Neuigkeiten aus dem Fairen Handel auszutauschen, treffen wir uns regelm\u00e4\u00dfig im Weltladen OASE, Beginn jeweils um 18:15 Uhr.<\/li><\/ul>[vc_empty_space height=&#8220;30px&#8220;][vc_column_text]<\/p>\n<h2>Vergangene Termine<\/h2>\n<p>[\/vc_column_text]<ul class=\"termine-page past vergangen\"><li><h5 class=\"termine-titel\"><a href=\"https:\/\/weltlaeden.de\/oase-weinheim\/termin\/teamtreffen-9\/\">Teamtreffen<\/a><\/h5><p class=\"termine-date\">Do., 05.03.2026, 18:15<\/p><p class=\"termine-auszug\">Um Termine, Ladendienste und Neuigkeiten aus dem Fairen Handel auszutauschen, treffen wir uns regelm\u00e4\u00dfig im Weltladen OASE, Beginn jeweils um 18:15 Uhr.<\/li><li><h5 class=\"termine-titel\"><a href=\"https:\/\/weltlaeden.de\/oase-weinheim\/termin\/weihnachtsmarkt-in-luetzelsachsen\/\">Weihnachtsmarkt in L\u00fctzelsachsen<\/a><\/h5><p class=\"termine-date\">So., 14.12.2025, 18:00<\/p><p class=\"termine-auszug\">Am 3. Advent ist wieder Weihnachtsmarkt in L\u00fctzelsachsen! Auf dem Dorfplatz neben der Winzerhalle trifft sich Jung und Alt von 14 - 20 Uhr. Der Weltladen OASE befindet sich diesmal in der Scheune.<\/li><li><h5 class=\"termine-titel\"><a href=\"https:\/\/weltlaeden.de\/oase-weinheim\/termin\/teamtreffen-10\/\">Teamtreffen<\/a><\/h5><p class=\"termine-date\">Do., 04.12.2025, 18:00<\/p><p class=\"termine-auszug\">Um Termine, Ladendienste und Neuigkeiten aus dem Fairen Handel auszutauschen, treffen wir uns regelm\u00e4\u00dfig im Weltladen OASE, Weinheimer Stra\u00dfe 13. Beginn ist jeweils um 18 Uhr.<\/li><li><h5 class=\"termine-titel\"><a href=\"https:\/\/weltlaeden.de\/oase-weinheim\/termin\/kaffeekraenzel-zum-1-advent\/\">Kaffeekr\u00e4nzel zum 1. Advent<\/a><\/h5><p class=\"termine-date\">So., 30.11.2025<\/p><p class=\"termine-auszug\">Wie jedes Jahr veranstaltet der Frauenverein das Kaffeekr\u00e4nzel zum 1. Advent im ev. Gemeindehaus, Kurpfalzstra\u00dfe 4. Neben einem bunten Programm ist auch der Weltladen OASE vertreten und bietet Leckereinen und Handwerk aus fairem Handel.<\/li><li><h5 class=\"termine-titel\"><a href=\"https:\/\/weltlaeden.de\/oase-weinheim\/termin\/weihnachtsmarkt-in-hohensachsen\/\">Weihnachtsmarkt in Hohensachsen<\/a><\/h5><p class=\"termine-date\">Sa., 29.11.2025, 15:00<\/p><p class=\"termine-auszug\">Am Samstag, 29. November von 15 - 20 Uhr findet der diesj\u00e4hrige Weihnachtsmarkt in Hohensachsen statt. Unser Weltladen OASE ist wieder mit einem Stand vertreten und bietet Leckereinen und Handwerk aus fairem Handel.\u00a0<\/li><li><h5 class=\"termine-titel\"><a href=\"https:\/\/weltlaeden.de\/oase-weinheim\/termin\/teamtreffen-8\/\">Teamtreffen<\/a><\/h5><p class=\"termine-date\">Do., 09.10.2025, 17:30<\/p><p class=\"termine-auszug\">Um Termine, Ladendienste und Neuigkeiten aus dem Fairen Handel auszutauschen, treffen wir uns ausnahmsweise im L\u00fctzeltreff, Kurpfalz 4 um 17:30 Uhr.<\/li><li><h5 class=\"termine-titel\"><a href=\"https:\/\/weltlaeden.de\/oase-weinheim\/termin\/teamtreffen-7\/\">Teamtreffen<\/a><\/h5><p class=\"termine-date\">Do., 11.09.2025, 16:00<\/p><p class=\"termine-auszug\">Um Termine, Ladendienste und Neuigkeiten aus dem Fairen Handel auszutauschen, treffen wir uns regelm\u00e4\u00dfig im Weltladen OASE, Beginn jeweils um 17:45 Uhr.<\/li><li><h5 class=\"termine-titel\"><a href=\"https:\/\/weltlaeden.de\/oase-weinheim\/termin\/teamtreffen-4\/\">Teamtreffen<\/a><\/h5><p class=\"termine-date\">Do., 15.05.2025, 17:45<\/p><p class=\"termine-auszug\">Um Termine, Ladendienste und Neuigkeiten aus dem Fairen Handel auszutauschen, treffen wir uns regelm\u00e4\u00dfig im Weltladen OASE, Beginn jeweils um 17:45 Uhr.<\/li><li><h5 class=\"termine-titel\"><a href=\"https:\/\/weltlaeden.de\/oase-weinheim\/termin\/unsere-aktion-zum-weltladentag\/\">Unsere Aktion zum Weltladentag<\/a><\/h5><p class=\"termine-date\">Sa., 10.05.2025, 10:00 bis 10.05.2025, 13:00<\/p><p class=\"termine-auszug\"><strong>Weltl\u00e4den fordern faire Preise f\u00fcr Kakaob\u00e4uer*innen<\/strong> <strong>Am kommenden Samstag ist Weltladentag \u2013 der politische Aktionstag der Weltl\u00e4den. Unter dem Motto \u201eSchoki f\u00fcrs Klima? Kauf ich euch ab!\u201c weisen mehrere hundert Weltl\u00e4den in diesem Jahr auf die dramatische Situation vieler Kakaobauern und -b\u00e4uerinnen hin.<\/strong> <strong>\u00a0<\/strong> <strong>Weinheim<\/strong> Auch der Weltladen OASE aus L\u00fctzelsachsen macht bei der Weinheimer Reiterin mit einer Installation auf die Situation im Kakaoanbau aufmerksam. Am 10. Mai von 10 \u2013 13 Uhr kann man sich \u00fcber den Kakaoanbau und seine Probleme informieren. \u201eDen Bauern und B\u00e4uerinnen machen vor allem ihre Einkommen zu schaffen, die oftmals ihre Kosten nicht decken\u201c, erl\u00e4utert Bettina Trilsbach, Leiterin des Weltladen OASE in L\u00fctzelsachsen. Eine Folge: H\u00e4ufig m\u00fcssen Kinder bei der Kakaoproduktion mithelfen und k\u00f6nnen somit nicht in die Schule gehen. Dringend erforderlich seien au\u00dferdem Investitionen in nachhaltige Anbaumethoden auf den Kakaofarmen, um sie an die ver\u00e4nderten klimatischen Bedingungen anzupassen. Auch daf\u00fcr seien h\u00f6here Erl\u00f6se [...] <a href=\"https:\/\/weltlaeden.de\/oase-weinheim\/termin\/unsere-aktion-zum-weltladentag\/\"><small>[WEITERLESEN]<\/small><\/a><\/p><\/li><li><h5 class=\"termine-titel\"><a href=\"https:\/\/weltlaeden.de\/oase-weinheim\/termin\/teamtreffen-3\/\">Teamtreffen<\/a><\/h5><p class=\"termine-date\">Do., 03.04.2025, 17:45<\/p><p class=\"termine-auszug\">Um Termine, Ladendienste und Neuigkeiten aus dem Fairen Handel auszutauschen, treffen wir uns regelm\u00e4\u00dfig im Weltladen OASE, Beginn jeweils um 17:45 Uhr.<\/li><li><h5 class=\"termine-titel\"><a href=\"https:\/\/weltlaeden.de\/oase-weinheim\/termin\/teamtreffen-33\/\">Teamtreffen<\/a><\/h5><p class=\"termine-date\">Do., 06.03.2025, 17:45<\/p><p class=\"termine-auszug\">Um Termine, Ladendienste und Neuigkeiten aus dem Fairen Handel auszutauschen, treffen wir uns regelm\u00e4\u00dfig im Weltladen OASE, Beginn jeweils um 17:45 Uhr.<\/li><li><h5 class=\"termine-titel\"><a href=\"https:\/\/weltlaeden.de\/oase-weinheim\/termin\/705\/\">Sonntag geschlossen<\/a><\/h5><p class=\"termine-date\">So., 23.02.2025, 09:30<\/p><p class=\"termine-auszug\">Am Sonntag, 23. Februar findet ein Abendgottesdienst statt. Daher haben wir geschlossen.<\/li><li><h5 class=\"termine-titel\"><a href=\"https:\/\/weltlaeden.de\/oase-weinheim\/termin\/701\/\">Die OASE im L\u00fctzeltreff<\/a><\/h5><p class=\"termine-date\">Do., 13.02.2025, 15:30 bis 13.02.2025, 17:30<\/p><p class=\"termine-auszug\">Am Donnerstag, 13. Februar von 15:30 - 17:30 Uhr beteiligen wir uns an der Ideenschmiede im Begegnungshaus L\u00fctzeltreff, Kurpfalzstra\u00dfe 4. Unsere OASE bleibt daher geschlossen. Aber Sie\/Ihr k\u00f6nnt dort einen fairen Kaffee oder Tee trinken und mit uns Ideen schmieden wie unserem Dorf weiter belebt werden k\u00f6nnte . Kuchen gibt es nat\u00fcrlich auch. &nbsp; &nbsp; &nbsp; &nbsp; &nbsp; &nbsp;<p class=termine-ort\"><small>Ort: <i>Begegnungshaus L\u00fctzeltreff<\/i><\/small><\/p><\/li><li><h5 class=\"termine-titel\"><a href=\"https:\/\/weltlaeden.de\/oase-weinheim\/termin\/teamtreffen\/\">Teamtreffen<\/a><\/h5><p class=\"termine-date\">Do., 06.02.2025, 17:45<\/p><p class=\"termine-auszug\">Um Termine, Ladendienste und Neuigkeiten aus dem Fairen Handel auszutauschen, treffen wir uns regelm\u00e4\u00dfig im Weltladen OASE, Beginn jeweils um 17:45 Uhr.<\/li><li><h5 class=\"termine-titel\"><a href=\"https:\/\/weltlaeden.de\/oase-weinheim\/termin\/teamtreffen-2\/\">Teamtreffen<\/a><\/h5><p class=\"termine-date\">Do., 09.01.2025, 17:45<\/p><p class=\"termine-auszug\">Um Termine, Ladendienste und Neuigkeiten aus dem Fairen Handel auszutauschen, treffen wir uns regelm\u00e4\u00dfig im Weltladen OASE, Beginn jeweils um 17:45 Uhr.<\/li><\/ul>[\/vc_column][\/vc_row]<\/p>\n<\/div>","protected":false},"excerpt":{"rendered":"<p>[vc_row][vc_column][vc_empty_space height=&#8220;30px&#8220;][vc_column_text] Termine [\/vc_column_text][vc_empty_space height=&#8220;30px&#8220;][\/vc_column][\/vc_row][vc_row][vc_column width=&#8220;2\/3&#8243;][vc_column_text] Kommende Termine [\/vc_column_text][vc_empty_space height=&#8220;30px&#8220;][vc_column_text] Vergangene Termine [\/vc_column_text][\/vc_column][\/vc_row]<\/p>\n","protected":false},"author":1,"featured_media":0,"parent":0,"menu_order":5,"comment_status":"closed","ping_status":"closed","template":"","meta":{"footnotes":""},"class_list":["post-23","page","type-page","status-publish","hentry","description-off"],"yoast_head":"<!-- This site is optimized with the Yoast SEO plugin v26.8 - https:\/\/yoast.com\/product\/yoast-seo-wordpress\/ -->\n<title>Termine - Weltladen Oase Weinheim<\/title>\n<meta name=\"robots\" content=\"index, follow, max-snippet:-1, max-image-preview:large, max-video-preview:-1\" \/>\n<link rel=\"canonical\" href=\"https:\/\/weltlaeden.de\/oase-weinheim\/termine\/\" \/>\n<meta property=\"og:locale\" content=\"de_DE\" \/>\n<meta property=\"og:type\" content=\"article\" \/>\n<meta property=\"og:title\" content=\"Termine - Weltladen Oase Weinheim\" \/>\n<meta property=\"og:description\" content=\"[vc_row][vc_column][vc_empty_space height=&#8220;30px&#8220;][vc_column_text] Termine [\/vc_column_text][vc_empty_space height=&#8220;30px&#8220;][\/vc_column][\/vc_row][vc_row][vc_column width=&#8220;2\/3&#8243;][vc_column_text] Kommende Termine [\/vc_column_text][vc_empty_space height=&#8220;30px&#8220;][vc_column_text] Vergangene Termine [\/vc_column_text][\/vc_column][\/vc_row]\" \/>\n<meta property=\"og:url\" content=\"https:\/\/weltlaeden.de\/oase-weinheim\/termine\/\" \/>\n<meta property=\"og:site_name\" content=\"Weltladen Oase Weinheim\" \/>\n<meta property=\"article:modified_time\" content=\"2018-08-10T08:34:16+00:00\" \/>\n<meta property=\"og:image\" content=\"https:\/\/weltlaeden.de\/oase-weinheim\/wp-content\/uploads\/sites\/3\/2018\/07\/pocket-watch-1637396_1920_pixabay.png\" \/>\n<meta name=\"twitter:card\" content=\"summary_large_image\" \/>\n<script type=\"application\/ld+json\" class=\"yoast-schema-graph\">{\"@context\":\"https:\/\/schema.org\",\"@graph\":[{\"@type\":\"WebPage\",\"@id\":\"https:\/\/weltlaeden.de\/oase-weinheim\/termine\/\",\"url\":\"https:\/\/weltlaeden.de\/oase-weinheim\/termine\/\",\"name\":\"Termine - Weltladen Oase Weinheim\",\"isPartOf\":{\"@id\":\"https:\/\/weltlaeden.de\/oase-weinheim\/#website\"},\"primaryImageOfPage\":{\"@id\":\"https:\/\/weltlaeden.de\/oase-weinheim\/termine\/#primaryimage\"},\"image\":{\"@id\":\"https:\/\/weltlaeden.de\/oase-weinheim\/termine\/#primaryimage\"},\"thumbnailUrl\":\"https:\/\/weltlaeden.de\/oase-weinheim\/wp-content\/uploads\/sites\/3\/2018\/07\/pocket-watch-1637396_1920_pixabay.png\",\"datePublished\":\"2016-10-14T07:05:21+00:00\",\"dateModified\":\"2018-08-10T08:34:16+00:00\",\"breadcrumb\":{\"@id\":\"https:\/\/weltlaeden.de\/oase-weinheim\/termine\/#breadcrumb\"},\"inLanguage\":\"de\",\"potentialAction\":[{\"@type\":\"ReadAction\",\"target\":[\"https:\/\/weltlaeden.de\/oase-weinheim\/termine\/\"]}]},{\"@type\":\"ImageObject\",\"inLanguage\":\"de\",\"@id\":\"https:\/\/weltlaeden.de\/oase-weinheim\/termine\/#primaryimage\",\"url\":\"https:\/\/weltlaeden.de\/oase-weinheim\/wp-content\/uploads\/sites\/3\/2018\/07\/pocket-watch-1637396_1920_pixabay.png\",\"contentUrl\":\"https:\/\/weltlaeden.de\/oase-weinheim\/wp-content\/uploads\/sites\/3\/2018\/07\/pocket-watch-1637396_1920_pixabay.png\"},{\"@type\":\"BreadcrumbList\",\"@id\":\"https:\/\/weltlaeden.de\/oase-weinheim\/termine\/#breadcrumb\",\"itemListElement\":[{\"@type\":\"ListItem\",\"position\":1,\"name\":\"Startseite\",\"item\":\"https:\/\/weltlaeden.de\/oase-weinheim\/\"},{\"@type\":\"ListItem\",\"position\":2,\"name\":\"Termine\"}]},{\"@type\":\"WebSite\",\"@id\":\"https:\/\/weltlaeden.de\/oase-weinheim\/#website\",\"url\":\"https:\/\/weltlaeden.de\/oase-weinheim\/\",\"name\":\"Weltladen Oase Weinheim\",\"description\":\"Faire Produkte seit 1990\",\"potentialAction\":[{\"@type\":\"SearchAction\",\"target\":{\"@type\":\"EntryPoint\",\"urlTemplate\":\"https:\/\/weltlaeden.de\/oase-weinheim\/?s={search_term_string}\"},\"query-input\":{\"@type\":\"PropertyValueSpecification\",\"valueRequired\":true,\"valueName\":\"search_term_string\"}}],\"inLanguage\":\"de\"}]}<\/script>\n<!-- \/ Yoast SEO plugin. -->","yoast_head_json":{"title":"Termine - Weltladen Oase Weinheim","robots":{"index":"index","follow":"follow","max-snippet":"max-snippet:-1","max-image-preview":"max-image-preview:large","max-video-preview":"max-video-preview:-1"},"canonical":"https:\/\/weltlaeden.de\/oase-weinheim\/termine\/","og_locale":"de_DE","og_type":"article","og_title":"Termine - Weltladen Oase Weinheim","og_description":"[vc_row][vc_column][vc_empty_space height=&#8220;30px&#8220;][vc_column_text] Termine [\/vc_column_text][vc_empty_space height=&#8220;30px&#8220;][\/vc_column][\/vc_row][vc_row][vc_column width=&#8220;2\/3&#8243;][vc_column_text] Kommende Termine [\/vc_column_text][vc_empty_space height=&#8220;30px&#8220;][vc_column_text] Vergangene Termine [\/vc_column_text][\/vc_column][\/vc_row]","og_url":"https:\/\/weltlaeden.de\/oase-weinheim\/termine\/","og_site_name":"Weltladen Oase Weinheim","article_modified_time":"2018-08-10T08:34:16+00:00","og_image":[{"url":"https:\/\/weltlaeden.de\/oase-weinheim\/wp-content\/uploads\/sites\/3\/2018\/07\/pocket-watch-1637396_1920_pixabay.png","type":"","width":"","height":""}],"twitter_card":"summary_large_image","schema":{"@context":"https:\/\/schema.org","@graph":[{"@type":"WebPage","@id":"https:\/\/weltlaeden.de\/oase-weinheim\/termine\/","url":"https:\/\/weltlaeden.de\/oase-weinheim\/termine\/","name":"Termine - Weltladen Oase Weinheim","isPartOf":{"@id":"https:\/\/weltlaeden.de\/oase-weinheim\/#website"},"primaryImageOfPage":{"@id":"https:\/\/weltlaeden.de\/oase-weinheim\/termine\/#primaryimage"},"image":{"@id":"https:\/\/weltlaeden.de\/oase-weinheim\/termine\/#primaryimage"},"thumbnailUrl":"https:\/\/weltlaeden.de\/oase-weinheim\/wp-content\/uploads\/sites\/3\/2018\/07\/pocket-watch-1637396_1920_pixabay.png","datePublished":"2016-10-14T07:05:21+00:00","dateModified":"2018-08-10T08:34:16+00:00","breadcrumb":{"@id":"https:\/\/weltlaeden.de\/oase-weinheim\/termine\/#breadcrumb"},"inLanguage":"de","potentialAction":[{"@type":"ReadAction","target":["https:\/\/weltlaeden.de\/oase-weinheim\/termine\/"]}]},{"@type":"ImageObject","inLanguage":"de","@id":"https:\/\/weltlaeden.de\/oase-weinheim\/termine\/#primaryimage","url":"https:\/\/weltlaeden.de\/oase-weinheim\/wp-content\/uploads\/sites\/3\/2018\/07\/pocket-watch-1637396_1920_pixabay.png","contentUrl":"https:\/\/weltlaeden.de\/oase-weinheim\/wp-content\/uploads\/sites\/3\/2018\/07\/pocket-watch-1637396_1920_pixabay.png"},{"@type":"BreadcrumbList","@id":"https:\/\/weltlaeden.de\/oase-weinheim\/termine\/#breadcrumb","itemListElement":[{"@type":"ListItem","position":1,"name":"Startseite","item":"https:\/\/weltlaeden.de\/oase-weinheim\/"},{"@type":"ListItem","position":2,"name":"Termine"}]},{"@type":"WebSite","@id":"https:\/\/weltlaeden.de\/oase-weinheim\/#website","url":"https:\/\/weltlaeden.de\/oase-weinheim\/","name":"Weltladen Oase Weinheim","description":"Faire Produkte seit 1990","potentialAction":[{"@type":"SearchAction","target":{"@type":"EntryPoint","urlTemplate":"https:\/\/weltlaeden.de\/oase-weinheim\/?s={search_term_string}"},"query-input":{"@type":"PropertyValueSpecification","valueRequired":true,"valueName":"search_term_string"}}],"inLanguage":"de"}]}},"_links":{"self":[{"href":"https:\/\/weltlaeden.de\/oase-weinheim\/wp-json\/wp\/v2\/pages\/23","targetHints":{"allow":["GET"]}}],"collection":[{"href":"https:\/\/weltlaeden.de\/oase-weinheim\/wp-json\/wp\/v2\/pages"}],"about":[{"href":"https:\/\/weltlaeden.de\/oase-weinheim\/wp-json\/wp\/v2\/types\/page"}],"author":[{"embeddable":true,"href":"https:\/\/weltlaeden.de\/oase-weinheim\/wp-json\/wp\/v2\/users\/1"}],"replies":[{"embeddable":true,"href":"https:\/\/weltlaeden.de\/oase-weinheim\/wp-json\/wp\/v2\/comments?post=23"}],"version-history":[{"count":14,"href":"https:\/\/weltlaeden.de\/oase-weinheim\/wp-json\/wp\/v2\/pages\/23\/revisions"}],"predecessor-version":[{"id":414,"href":"https:\/\/weltlaeden.de\/oase-weinheim\/wp-json\/wp\/v2\/pages\/23\/revisions\/414"}],"wp:attachment":[{"href":"https:\/\/weltlaeden.de\/oase-weinheim\/wp-json\/wp\/v2\/media?parent=23"}],"curies":[{"name":"wp","href":"https:\/\/api.w.org\/{rel}","templated":true}]}}