{"id":217,"date":"2016-10-28T13:34:47","date_gmt":"2016-10-28T11:34:47","guid":{"rendered":"https:\/\/wl.heimpixel.de\/vorlage\/produkte\/"},"modified":"2026-03-11T09:45:22","modified_gmt":"2026-03-11T08:45:22","slug":"produkte","status":"publish","type":"page","link":"https:\/\/weltlaeden.de\/nordhorn\/produkte\/","title":{"rendered":"Produkte"},"content":{"rendered":"<div class=\"wpb-content-wrapper\"><p>[vc_row][vc_column]<div class=\"wl_einzelbild\"><p><\/p><\/div>[vc_empty_space][vc_column_text]<\/p>\n<h1>Unsere Lieblingsprodukte<\/h1>\n<p>[\/vc_column_text][vc_column_text css=&#8220;&#8220;]An dieser Stelle m\u00f6chten wir euch einige der Lieblingsprodukte unserer Mitarbeiter*innen im Weltladen vorstellen. <em>Jede*r <\/em>von uns hat besondere Sch\u00e4tze gefunden, die nicht nur fair gehandelt und nachhaltig produziert sind, sondern auch eine einzigartige Geschichte erz\u00e4hlen. Lasst Euch inspirieren und entdeckt unsere pers\u00f6nlichen Favoriten, die mit Sorgfalt und Liebe ausgew\u00e4hlt wurden. Kommt vorbei und findet Euer eigenes Lieblingsprodukt im Weltladen![\/vc_column_text][vc_empty_space][vc_row_inner][vc_column_inner width=&#8220;1\/2&#8243;][vc_column_text css=&#8220;&#8220;]<\/p>\n<blockquote><p><a class=\"dt-pswp-item\" href=\"https:\/\/weltlaeden.de\/nordhorn\/wp-content\/uploads\/sites\/213\/2025\/08\/MinaProdukt.jpg\" data-dt-img-description=\"\" data-large_image_width=\"1155\" data-large_image_height=\"1780\"><img loading=\"lazy\" decoding=\"async\" class=\"aligncenter size-medium wp-image-946\" src=\"https:\/\/weltlaeden.de\/nordhorn\/wp-content\/uploads\/sites\/213\/2025\/08\/MinaProdukt-195x300.jpg\" alt=\"\" width=\"195\" height=\"300\" srcset=\"https:\/\/weltlaeden.de\/nordhorn\/wp-content\/uploads\/sites\/213\/2025\/08\/MinaProdukt-195x300.jpg 195w, https:\/\/weltlaeden.de\/nordhorn\/wp-content\/uploads\/sites\/213\/2025\/08\/MinaProdukt-664x1024.jpg 664w, https:\/\/weltlaeden.de\/nordhorn\/wp-content\/uploads\/sites\/213\/2025\/08\/MinaProdukt-768x1184.jpg 768w, https:\/\/weltlaeden.de\/nordhorn\/wp-content\/uploads\/sites\/213\/2025\/08\/MinaProdukt-997x1536.jpg 997w, https:\/\/weltlaeden.de\/nordhorn\/wp-content\/uploads\/sites\/213\/2025\/08\/MinaProdukt.jpg 1155w\" sizes=\"auto, (max-width: 195px) 100vw, 195px\" \/><\/a><\/p>\n<p>&#8222;Baum des Lebens&#8220; nennt man in Sri Lanka die Kokospalme. Das Familienunternehmen Ma\u00b4s Tropical Food verarbeitet seine N\u00fcsse zu cremiger Kokosmilch, die \u00fcber den Fairen Handel verkauft wird.\u00a0So habe nicht nur ich etwas Leckeres davon, sondern Pfl\u00fcckerInnen und Mitarbeitende ein stabiles Einkommen. &#8211; Mina Vrielmann<\/p><\/blockquote>\n<p>[\/vc_column_text][vc_column_text css=&#8220;&#8220;][\/vc_column_text][vc_column_text css=&#8220;&#8220;]<\/p>\n<blockquote><p><a class=\"dt-pswp-item\" href=\"https:\/\/weltlaeden.de\/nordhorn\/wp-content\/uploads\/sites\/213\/2025\/08\/FrederikeProdukt.jpg\" data-dt-img-description=\"\" data-large_image_width=\"1303\" data-large_image_height=\"1855\"><img loading=\"lazy\" decoding=\"async\" class=\"aligncenter size-medium wp-image-928\" src=\"https:\/\/weltlaeden.de\/nordhorn\/wp-content\/uploads\/sites\/213\/2025\/08\/FrederikeProdukt-211x300.jpg\" alt=\"\" width=\"211\" height=\"300\" srcset=\"https:\/\/weltlaeden.de\/nordhorn\/wp-content\/uploads\/sites\/213\/2025\/08\/FrederikeProdukt-211x300.jpg 211w, https:\/\/weltlaeden.de\/nordhorn\/wp-content\/uploads\/sites\/213\/2025\/08\/FrederikeProdukt-719x1024.jpg 719w, https:\/\/weltlaeden.de\/nordhorn\/wp-content\/uploads\/sites\/213\/2025\/08\/FrederikeProdukt-768x1093.jpg 768w, https:\/\/weltlaeden.de\/nordhorn\/wp-content\/uploads\/sites\/213\/2025\/08\/FrederikeProdukt-1079x1536.jpg 1079w, https:\/\/weltlaeden.de\/nordhorn\/wp-content\/uploads\/sites\/213\/2025\/08\/FrederikeProdukt.jpg 1303w\" sizes=\"auto, (max-width: 211px) 100vw, 211px\" \/><\/a><\/p>\n<p>Mein Lieblingsprodukt sind diese wiederverwertbaren Dauerfiltert\u00fcten f\u00fcr alle Handfilter und Kaffeemaschinen. Hergestellt werden sie durch eine Fair Trade Organisation aus Indien, die Menschen mit Behinderung und Leprakranke durch sinnvolle Besch\u00e4ftigung in die Gemeinschaft integriert. &#8211; Hendrike Aasman<\/p><\/blockquote>\n<p>[\/vc_column_text][vc_column_text css=&#8220;&#8220;][\/vc_column_text][vc_column_text css=&#8220;&#8220;]<\/p>\n<blockquote><p><a class=\"dt-pswp-item\" href=\"https:\/\/weltlaeden.de\/nordhorn\/wp-content\/uploads\/sites\/213\/2025\/08\/ConnyProdukt.jpg\" data-dt-img-description=\"\" data-large_image_width=\"1512\" data-large_image_height=\"2016\"><img loading=\"lazy\" decoding=\"async\" class=\"aligncenter size-medium wp-image-951\" src=\"https:\/\/weltlaeden.de\/nordhorn\/wp-content\/uploads\/sites\/213\/2025\/08\/ConnyProdukt-225x300.jpg\" alt=\"\" width=\"225\" height=\"300\" srcset=\"https:\/\/weltlaeden.de\/nordhorn\/wp-content\/uploads\/sites\/213\/2025\/08\/ConnyProdukt-225x300.jpg 225w, https:\/\/weltlaeden.de\/nordhorn\/wp-content\/uploads\/sites\/213\/2025\/08\/ConnyProdukt-768x1024.jpg 768w, https:\/\/weltlaeden.de\/nordhorn\/wp-content\/uploads\/sites\/213\/2025\/08\/ConnyProdukt-1152x1536.jpg 1152w, https:\/\/weltlaeden.de\/nordhorn\/wp-content\/uploads\/sites\/213\/2025\/08\/ConnyProdukt.jpg 1512w\" sizes=\"auto, (max-width: 225px) 100vw, 225px\" \/><\/a><\/p>\n<p>Was man aus recyceltem Papier Besonderes gestalten kann, beweist diese Halskette der Firma Sundara. &#8222;Sundara&#8220; bedeutet &#8222;Sch\u00f6n&#8220; und das gilt f\u00fcr die gesamte Schmuckkollektion des Unternehmens. Traditionelle indische Handwerkskunst . gepaart mit modernem Design und fr\u00f6hlicher Farbgebung. Ich finde sie ganz wunderbar! &#8211; Conny Bergner<\/p><\/blockquote>\n<p>&nbsp;<\/p>\n<blockquote><p><img loading=\"lazy\" decoding=\"async\" class=\"alignnone size-medium wp-image-729\" src=\"https:\/\/weltlaeden.de\/nordhorn\/wp-content\/uploads\/sites\/213\/2024\/06\/Lieblingsprodukt-Elfi-274x300.jpg\" alt=\"\" width=\"274\" height=\"300\" srcset=\"https:\/\/weltlaeden.de\/nordhorn\/wp-content\/uploads\/sites\/213\/2024\/06\/Lieblingsprodukt-Elfi-274x300.jpg 274w, https:\/\/weltlaeden.de\/nordhorn\/wp-content\/uploads\/sites\/213\/2024\/06\/Lieblingsprodukt-Elfi-935x1024.jpg 935w, https:\/\/weltlaeden.de\/nordhorn\/wp-content\/uploads\/sites\/213\/2024\/06\/Lieblingsprodukt-Elfi-768x841.jpg 768w, https:\/\/weltlaeden.de\/nordhorn\/wp-content\/uploads\/sites\/213\/2024\/06\/Lieblingsprodukt-Elfi-1403x1536.jpg 1403w, https:\/\/weltlaeden.de\/nordhorn\/wp-content\/uploads\/sites\/213\/2024\/06\/Lieblingsprodukt-Elfi.jpg 1870w\" sizes=\"auto, (max-width: 274px) 100vw, 274px\" \/><\/p>\n<p>&#8222;Die veganen Bio Fruchtgummis aus Mango-P\u00fcree von Weltpartner esse ich am liebsten&#8220; &#8211; Elfi Funk<\/p><\/blockquote>\n<p>[\/vc_column_text]<div class=\"wl_einzelbild\"><p><\/p><\/div>[vc_column_text][\/vc_column_text][vc_column_text css=&#8220;&#8220;]<\/p>\n<blockquote><p><a class=\"dt-pswp-item\" href=\"https:\/\/weltlaeden.de\/nordhorn\/wp-content\/uploads\/sites\/213\/2025\/08\/MargretProdukt.jpg\" data-dt-img-description=\"\" data-large_image_width=\"1356\" data-large_image_height=\"1744\"><img loading=\"lazy\" decoding=\"async\" class=\"aligncenter size-medium wp-image-916\" src=\"https:\/\/weltlaeden.de\/nordhorn\/wp-content\/uploads\/sites\/213\/2025\/08\/MargretProdukt-233x300.jpg\" alt=\"\" width=\"233\" height=\"300\" srcset=\"https:\/\/weltlaeden.de\/nordhorn\/wp-content\/uploads\/sites\/213\/2025\/08\/MargretProdukt-233x300.jpg 233w, https:\/\/weltlaeden.de\/nordhorn\/wp-content\/uploads\/sites\/213\/2025\/08\/MargretProdukt-796x1024.jpg 796w, https:\/\/weltlaeden.de\/nordhorn\/wp-content\/uploads\/sites\/213\/2025\/08\/MargretProdukt-768x988.jpg 768w, https:\/\/weltlaeden.de\/nordhorn\/wp-content\/uploads\/sites\/213\/2025\/08\/MargretProdukt-1194x1536.jpg 1194w, https:\/\/weltlaeden.de\/nordhorn\/wp-content\/uploads\/sites\/213\/2025\/08\/MargretProdukt.jpg 1356w\" sizes=\"auto, (max-width: 233px) 100vw, 233px\" \/><\/a><\/p>\n<p>Ich liebe die Nuss Nougart Creme von Cocoba. Sie wird mit Kakao von Kleinbauern u.a. aus der Dominikanischen Republik und unraffiniertem Rohrzucker aus Paraguay hergestellt und schmeckt wirklich super.- Margret Sch\u00e4fer<\/p><\/blockquote>\n<p>[\/vc_column_text][vc_column_text css=&#8220;&#8220;]<\/p>\n<blockquote><p><a class=\"dt-pswp-item\" href=\"https:\/\/weltlaeden.de\/nordhorn\/wp-content\/uploads\/sites\/213\/2025\/08\/CarolaProdukt.jpg\" data-dt-img-description=\"\" data-large_image_width=\"1512\" data-large_image_height=\"2016\"><img loading=\"lazy\" decoding=\"async\" class=\"size-medium wp-image-918 alignnone\" src=\"https:\/\/weltlaeden.de\/nordhorn\/wp-content\/uploads\/sites\/213\/2025\/08\/CarolaProdukt-225x300.jpg\" alt=\"\" width=\"225\" height=\"300\" srcset=\"https:\/\/weltlaeden.de\/nordhorn\/wp-content\/uploads\/sites\/213\/2025\/08\/CarolaProdukt-225x300.jpg 225w, https:\/\/weltlaeden.de\/nordhorn\/wp-content\/uploads\/sites\/213\/2025\/08\/CarolaProdukt-768x1024.jpg 768w, https:\/\/weltlaeden.de\/nordhorn\/wp-content\/uploads\/sites\/213\/2025\/08\/CarolaProdukt-1152x1536.jpg 1152w, https:\/\/weltlaeden.de\/nordhorn\/wp-content\/uploads\/sites\/213\/2025\/08\/CarolaProdukt.jpg 1512w\" sizes=\"auto, (max-width: 225px) 100vw, 225px\" \/><\/a><\/p>\n<p>Von diesen Tellern zu essen macht wirklich Freude. Jedes einzelne St\u00fcck ist ein Unikat, da handgemalt. Das Unternehmen &#8222;Gall und Zick&#8220; wird mit seiner Produktpalette dem eigenen Motto gerecht: bunt, fr\u00f6hlich, beseelt, und das unter fairen Bedingungen von der Produktion bis zum Vertrieb.- Carola von Witzenhausen<\/p><\/blockquote>\n<p>&nbsp;<\/p>\n<p>&nbsp;<\/p>\n<p>[\/vc_column_text][vc_column_text css=&#8220;&#8220;]<\/p>\n<blockquote><p><a class=\"dt-pswp-item\" href=\"https:\/\/weltlaeden.de\/nordhorn\/wp-content\/uploads\/sites\/213\/2025\/08\/FenniProdukt.jpg\" data-dt-img-description=\"\" data-large_image_width=\"1512\" data-large_image_height=\"2016\"><img loading=\"lazy\" decoding=\"async\" class=\"size-medium wp-image-943 aligncenter\" src=\"https:\/\/weltlaeden.de\/nordhorn\/wp-content\/uploads\/sites\/213\/2025\/08\/FenniProdukt-225x300.jpg\" alt=\"\" width=\"225\" height=\"300\" srcset=\"https:\/\/weltlaeden.de\/nordhorn\/wp-content\/uploads\/sites\/213\/2025\/08\/FenniProdukt-225x300.jpg 225w, https:\/\/weltlaeden.de\/nordhorn\/wp-content\/uploads\/sites\/213\/2025\/08\/FenniProdukt-768x1024.jpg 768w, https:\/\/weltlaeden.de\/nordhorn\/wp-content\/uploads\/sites\/213\/2025\/08\/FenniProdukt-1152x1536.jpg 1152w, https:\/\/weltlaeden.de\/nordhorn\/wp-content\/uploads\/sites\/213\/2025\/08\/FenniProdukt.jpg 1512w\" sizes=\"auto, (max-width: 225px) 100vw, 225px\" \/><\/a><\/p>\n<p>Diese Aleppo-Seife finde ich super, da sie sehr sanft und perfekt zum Reinigen des Gesichts und K\u00f6rpers ist. Was mir auch sehr wichtig ist, ist, dass sie vegan und tierversuchsfrei ist.\u00a0 -Fenja Wolterink<\/p><\/blockquote>\n<p>&nbsp;<\/p>\n<p>&nbsp;<\/p>\n<p>[\/vc_column_text][\/vc_column_inner][vc_column_inner width=&#8220;1\/2&#8243;][vc_column_text css=&#8220;&#8220;]<\/p>\n<blockquote><p><a class=\"dt-pswp-item\" href=\"https:\/\/weltlaeden.de\/nordhorn\/wp-content\/uploads\/sites\/213\/2025\/08\/AgiProdukt.jpg\" data-dt-img-description=\"\" data-large_image_width=\"1512\" data-large_image_height=\"2016\"><img loading=\"lazy\" decoding=\"async\" class=\"aligncenter size-medium wp-image-926\" src=\"https:\/\/weltlaeden.de\/nordhorn\/wp-content\/uploads\/sites\/213\/2025\/08\/AgiProdukt-225x300.jpg\" alt=\"\" width=\"225\" height=\"300\" srcset=\"https:\/\/weltlaeden.de\/nordhorn\/wp-content\/uploads\/sites\/213\/2025\/08\/AgiProdukt-225x300.jpg 225w, https:\/\/weltlaeden.de\/nordhorn\/wp-content\/uploads\/sites\/213\/2025\/08\/AgiProdukt-768x1024.jpg 768w, https:\/\/weltlaeden.de\/nordhorn\/wp-content\/uploads\/sites\/213\/2025\/08\/AgiProdukt-1152x1536.jpg 1152w, https:\/\/weltlaeden.de\/nordhorn\/wp-content\/uploads\/sites\/213\/2025\/08\/AgiProdukt.jpg 1512w\" sizes=\"auto, (max-width: 225px) 100vw, 225px\" \/><\/a><\/p>\n<p>Recycling in seiner sch\u00f6nsten Form: Die wasserdichten Fahrradtaschen (und Sattel\u00fcberz\u00fcge) aus recycelten Reiss\u00e4cken finde ich klasse. Durch die verwendeten Materialien sind sie sehr robust und zu 100% vegan, da auf tierische Produkte wie Leder oder Filz verzichtet wurde. &#8211; B\u00e4rbel Krebs<\/p><\/blockquote>\n<p>[\/vc_column_text][vc_column_text css=&#8220;&#8220;][\/vc_column_text]<div class=\"wl_einzelbild\"><p><\/p><\/div>[vc_column_text css=&#8220;&#8220;][\/vc_column_text][vc_column_text css=&#8220;&#8220;]<\/p>\n<blockquote><p><a class=\"dt-pswp-item\" href=\"https:\/\/weltlaeden.de\/nordhorn\/wp-content\/uploads\/sites\/213\/2025\/08\/IMG_2006-rotated.jpg\" data-dt-img-description=\"\" data-large_image_width=\"1512\" data-large_image_height=\"2016\"><img loading=\"lazy\" decoding=\"async\" class=\"aligncenter size-medium wp-image-953\" src=\"https:\/\/weltlaeden.de\/nordhorn\/wp-content\/uploads\/sites\/213\/2025\/08\/IMG_2006-225x300.jpg\" alt=\"\" width=\"225\" height=\"300\" srcset=\"https:\/\/weltlaeden.de\/nordhorn\/wp-content\/uploads\/sites\/213\/2025\/08\/IMG_2006-225x300.jpg 225w, https:\/\/weltlaeden.de\/nordhorn\/wp-content\/uploads\/sites\/213\/2025\/08\/IMG_2006-768x1024.jpg 768w, https:\/\/weltlaeden.de\/nordhorn\/wp-content\/uploads\/sites\/213\/2025\/08\/IMG_2006-1152x1536.jpg 1152w, https:\/\/weltlaeden.de\/nordhorn\/wp-content\/uploads\/sites\/213\/2025\/08\/IMG_2006-rotated.jpg 1512w\" sizes=\"auto, (max-width: 225px) 100vw, 225px\" \/><\/a><\/p>\n<p>Diese Untersetzer sind handgemacht aus gefilzter Wolle und versch\u00f6nern jeden Tisch. Sie werden in D\u00f6rfern rings um Kathmandu hergestellt. Die Mitarbeitenden der Firma Hatale erhalten fairen St\u00fccklohn, eine medizinische Versorgung und eine Altersvorsorge. Deshalb ist dies mein Lieblingsprodukt. &#8211; Anneliese Oink<\/p>\n<p>&nbsp;<\/p>\n<p><img loading=\"lazy\" decoding=\"async\" class=\"alignnone size-medium wp-image-767\" src=\"https:\/\/weltlaeden.de\/nordhorn\/wp-content\/uploads\/sites\/213\/2024\/10\/Lieblingsprodukt-Christel-297x300.jpg\" alt=\"\" width=\"297\" height=\"300\" srcset=\"https:\/\/weltlaeden.de\/nordhorn\/wp-content\/uploads\/sites\/213\/2024\/10\/Lieblingsprodukt-Christel-297x300.jpg 297w, https:\/\/weltlaeden.de\/nordhorn\/wp-content\/uploads\/sites\/213\/2024\/10\/Lieblingsprodukt-Christel-1015x1024.jpg 1015w, https:\/\/weltlaeden.de\/nordhorn\/wp-content\/uploads\/sites\/213\/2024\/10\/Lieblingsprodukt-Christel-768x775.jpg 768w, https:\/\/weltlaeden.de\/nordhorn\/wp-content\/uploads\/sites\/213\/2024\/10\/Lieblingsprodukt-Christel-1523x1536.jpg 1523w, https:\/\/weltlaeden.de\/nordhorn\/wp-content\/uploads\/sites\/213\/2024\/10\/Lieblingsprodukt-Christel.jpg 2030w\" sizes=\"auto, (max-width: 297px) 100vw, 297px\" \/><\/p>\n<p>&#8222;Farbenfrohe Gl\u00fcckwunsch-Pop-up-Karten f\u00fcr gleichgeschlechtliche Paare. Aus einer schlichten, hochwertigen Karte wird beim Aufklappen ein dreidimensionales Kunstwerk &#8211; wundersch\u00f6n, filigran und handgemacht. Die Karten werden in einem kleinen Betrieb in Vietnam gefertigt, der Menschen mit Einschr\u00e4nkungen und ohne Ausbildung besch\u00e4ftigt, die mit dieser Arbeit ihren Lebensunterhalt verdienen.&#8220; &#8211; Christel Nordholt<\/p><\/blockquote>\n<p>[\/vc_column_text][vc_column_text css=&#8220;&#8220;][\/vc_column_text][vc_column_text css=&#8220;&#8220;]<\/p>\n<blockquote><p><a class=\"dt-pswp-item\" href=\"https:\/\/weltlaeden.de\/nordhorn\/wp-content\/uploads\/sites\/213\/2025\/08\/FriederikeProdukt.jpg\" data-dt-img-description=\"\" data-large_image_width=\"1512\" data-large_image_height=\"2016\"><img loading=\"lazy\" decoding=\"async\" class=\"aligncenter size-medium wp-image-929\" src=\"https:\/\/weltlaeden.de\/nordhorn\/wp-content\/uploads\/sites\/213\/2025\/08\/FriederikeProdukt-225x300.jpg\" alt=\"\" width=\"225\" height=\"300\" srcset=\"https:\/\/weltlaeden.de\/nordhorn\/wp-content\/uploads\/sites\/213\/2025\/08\/FriederikeProdukt-225x300.jpg 225w, https:\/\/weltlaeden.de\/nordhorn\/wp-content\/uploads\/sites\/213\/2025\/08\/FriederikeProdukt-768x1024.jpg 768w, https:\/\/weltlaeden.de\/nordhorn\/wp-content\/uploads\/sites\/213\/2025\/08\/FriederikeProdukt-1152x1536.jpg 1152w, https:\/\/weltlaeden.de\/nordhorn\/wp-content\/uploads\/sites\/213\/2025\/08\/FriederikeProdukt.jpg 1512w\" sizes=\"auto, (max-width: 225px) 100vw, 225px\" \/><\/a><\/p>\n<p>Passend f\u00fcr Radfahrfans und passend f\u00fcr BewohnerInnen unseres fahrradfreundlichen Landkreises gibt es bei uns im Weltladen diese T-Shirt mit handgezeichneten (Fahrrad-) Motiven. Nat\u00fcrlich langlebig, nachhaltig und fair produziert. &#8211; Friederike Nordlohne<\/p><\/blockquote>\n<p>[\/vc_column_text][vc_column_text css=&#8220;&#8220;]<\/p>\n<blockquote><p><a class=\"dt-pswp-item\" href=\"https:\/\/weltlaeden.de\/nordhorn\/wp-content\/uploads\/sites\/213\/2025\/08\/BaerbelProdukt-rotated.jpg\" data-dt-img-description=\"\" data-large_image_width=\"1512\" data-large_image_height=\"2016\"><img loading=\"lazy\" decoding=\"async\" class=\"aligncenter size-medium wp-image-927\" src=\"https:\/\/weltlaeden.de\/nordhorn\/wp-content\/uploads\/sites\/213\/2025\/08\/BaerbelProdukt-225x300.jpg\" alt=\"\" width=\"225\" height=\"300\" srcset=\"https:\/\/weltlaeden.de\/nordhorn\/wp-content\/uploads\/sites\/213\/2025\/08\/BaerbelProdukt-225x300.jpg 225w, https:\/\/weltlaeden.de\/nordhorn\/wp-content\/uploads\/sites\/213\/2025\/08\/BaerbelProdukt-768x1024.jpg 768w, https:\/\/weltlaeden.de\/nordhorn\/wp-content\/uploads\/sites\/213\/2025\/08\/BaerbelProdukt-1152x1536.jpg 1152w, https:\/\/weltlaeden.de\/nordhorn\/wp-content\/uploads\/sites\/213\/2025\/08\/BaerbelProdukt-rotated.jpg 1512w\" sizes=\"auto, (max-width: 225px) 100vw, 225px\" \/><\/a><\/p>\n<p>Zum Fr\u00fchst\u00fcck mag ich gern Schokoaufstrich. Dabei liebe ich die fair gehandelte Zartbitter-Schokocreme von Cocoba. Sie wird nur aus nat\u00fcrlichen Zutaten und Aromen hergestellt &#8211; ohne Milchpulver, als auch f\u00fcr Veganer geeignet. Sie schmeckt mir wegen ihres hohen Kakaoanteils wunderbar.- Agnes Deitermann<\/p><\/blockquote>\n<p>[\/vc_column_text][\/vc_column_inner][\/vc_row_inner][vc_column_text css=&#8220;&#8220;][\/vc_column_text][\/vc_column][\/vc_row]<\/p>\n<\/div>","protected":false},"excerpt":{"rendered":"<p>[vc_row][vc_column][vc_empty_space][vc_column_text] Unsere Lieblingsprodukte [\/vc_column_text][vc_column_text css=&#8220;&#8220;]An dieser Stelle m\u00f6chten wir euch einige der Lieblingsprodukte unserer Mitarbeiter*innen im Weltladen vorstellen. Jede*r von uns hat besondere Sch\u00e4tze gefunden, die nicht nur fair gehandelt und nachhaltig produziert sind, sondern auch eine einzigartige Geschichte erz\u00e4hlen. Lasst Euch inspirieren und entdeckt unsere pers\u00f6nlichen Favoriten, die mit Sorgfalt und Liebe ausgew\u00e4hlt wurden.&hellip;<\/p>\n","protected":false},"author":1,"featured_media":0,"parent":0,"menu_order":6,"comment_status":"closed","ping_status":"closed","template":"","meta":{"footnotes":""},"class_list":["post-217","page","type-page","status-publish","hentry","description-off"],"yoast_head":"<!-- This site is optimized with the Yoast SEO plugin v26.8 - https:\/\/yoast.com\/product\/yoast-seo-wordpress\/ -->\n<title>Produkte - Weltladen Nordhorn<\/title>\n<meta name=\"robots\" content=\"index, follow, max-snippet:-1, max-image-preview:large, max-video-preview:-1\" \/>\n<link rel=\"canonical\" href=\"https:\/\/weltlaeden.de\/nordhorn\/produkte\/\" \/>\n<meta property=\"og:locale\" content=\"de_DE\" \/>\n<meta property=\"og:type\" content=\"article\" \/>\n<meta property=\"og:title\" content=\"Produkte - Weltladen Nordhorn\" \/>\n<meta property=\"og:description\" content=\"[vc_row][vc_column][vc_empty_space][vc_column_text] Unsere Lieblingsprodukte [\/vc_column_text][vc_column_text css=&#8220;&#8220;]An dieser Stelle m\u00f6chten wir euch einige der Lieblingsprodukte unserer Mitarbeiter*innen im Weltladen vorstellen. Jede*r von uns hat besondere Sch\u00e4tze gefunden, die nicht nur fair gehandelt und nachhaltig produziert sind, sondern auch eine einzigartige Geschichte erz\u00e4hlen. Lasst Euch inspirieren und entdeckt unsere pers\u00f6nlichen Favoriten, die mit Sorgfalt und Liebe ausgew\u00e4hlt wurden.&hellip;\" \/>\n<meta property=\"og:url\" content=\"https:\/\/weltlaeden.de\/nordhorn\/produkte\/\" \/>\n<meta property=\"og:site_name\" content=\"Weltladen Nordhorn\" \/>\n<meta property=\"article:modified_time\" content=\"2026-03-11T08:45:22+00:00\" \/>\n<meta property=\"og:image\" content=\"https:\/\/weltlaeden.de\/nordhorn\/wp-content\/uploads\/sites\/213\/2025\/08\/MinaProdukt.jpg\" \/>\n\t<meta property=\"og:image:width\" content=\"1155\" \/>\n\t<meta property=\"og:image:height\" content=\"1780\" \/>\n\t<meta property=\"og:image:type\" content=\"image\/jpeg\" \/>\n<meta name=\"twitter:card\" content=\"summary_large_image\" \/>\n<meta name=\"twitter:label1\" content=\"Gesch\u00e4tzte Lesezeit\" \/>\n\t<meta name=\"twitter:data1\" content=\"1\u00a0Minute\" \/>\n<script type=\"application\/ld+json\" class=\"yoast-schema-graph\">{\"@context\":\"https:\/\/schema.org\",\"@graph\":[{\"@type\":\"WebPage\",\"@id\":\"https:\/\/weltlaeden.de\/nordhorn\/produkte\/\",\"url\":\"https:\/\/weltlaeden.de\/nordhorn\/produkte\/\",\"name\":\"Produkte - Weltladen Nordhorn\",\"isPartOf\":{\"@id\":\"https:\/\/weltlaeden.de\/nordhorn\/#website\"},\"primaryImageOfPage\":{\"@id\":\"https:\/\/weltlaeden.de\/nordhorn\/produkte\/#primaryimage\"},\"image\":{\"@id\":\"https:\/\/weltlaeden.de\/nordhorn\/produkte\/#primaryimage\"},\"thumbnailUrl\":\"https:\/\/weltlaeden.de\/nordhorn\/wp-content\/uploads\/sites\/213\/2025\/08\/MinaProdukt-195x300.jpg\",\"datePublished\":\"2016-10-28T11:34:47+00:00\",\"dateModified\":\"2026-03-11T08:45:22+00:00\",\"breadcrumb\":{\"@id\":\"https:\/\/weltlaeden.de\/nordhorn\/produkte\/#breadcrumb\"},\"inLanguage\":\"de\",\"potentialAction\":[{\"@type\":\"ReadAction\",\"target\":[\"https:\/\/weltlaeden.de\/nordhorn\/produkte\/\"]}]},{\"@type\":\"ImageObject\",\"inLanguage\":\"de\",\"@id\":\"https:\/\/weltlaeden.de\/nordhorn\/produkte\/#primaryimage\",\"url\":\"https:\/\/weltlaeden.de\/nordhorn\/wp-content\/uploads\/sites\/213\/2025\/08\/MinaProdukt.jpg\",\"contentUrl\":\"https:\/\/weltlaeden.de\/nordhorn\/wp-content\/uploads\/sites\/213\/2025\/08\/MinaProdukt.jpg\",\"width\":1155,\"height\":1780},{\"@type\":\"BreadcrumbList\",\"@id\":\"https:\/\/weltlaeden.de\/nordhorn\/produkte\/#breadcrumb\",\"itemListElement\":[{\"@type\":\"ListItem\",\"position\":1,\"name\":\"Startseite\",\"item\":\"https:\/\/weltlaeden.de\/nordhorn\/\"},{\"@type\":\"ListItem\",\"position\":2,\"name\":\"Produkte\"}]},{\"@type\":\"WebSite\",\"@id\":\"https:\/\/weltlaeden.de\/nordhorn\/#website\",\"url\":\"https:\/\/weltlaeden.de\/nordhorn\/\",\"name\":\"Weltladen Nordhorn\",\"description\":\"Faire Produkte seit 1990\",\"potentialAction\":[{\"@type\":\"SearchAction\",\"target\":{\"@type\":\"EntryPoint\",\"urlTemplate\":\"https:\/\/weltlaeden.de\/nordhorn\/?s={search_term_string}\"},\"query-input\":{\"@type\":\"PropertyValueSpecification\",\"valueRequired\":true,\"valueName\":\"search_term_string\"}}],\"inLanguage\":\"de\"}]}<\/script>\n<!-- \/ Yoast SEO plugin. -->","yoast_head_json":{"title":"Produkte - Weltladen Nordhorn","robots":{"index":"index","follow":"follow","max-snippet":"max-snippet:-1","max-image-preview":"max-image-preview:large","max-video-preview":"max-video-preview:-1"},"canonical":"https:\/\/weltlaeden.de\/nordhorn\/produkte\/","og_locale":"de_DE","og_type":"article","og_title":"Produkte - Weltladen Nordhorn","og_description":"[vc_row][vc_column][vc_empty_space][vc_column_text] Unsere Lieblingsprodukte [\/vc_column_text][vc_column_text css=&#8220;&#8220;]An dieser Stelle m\u00f6chten wir euch einige der Lieblingsprodukte unserer Mitarbeiter*innen im Weltladen vorstellen. Jede*r von uns hat besondere Sch\u00e4tze gefunden, die nicht nur fair gehandelt und nachhaltig produziert sind, sondern auch eine einzigartige Geschichte erz\u00e4hlen. Lasst Euch inspirieren und entdeckt unsere pers\u00f6nlichen Favoriten, die mit Sorgfalt und Liebe ausgew\u00e4hlt wurden.&hellip;","og_url":"https:\/\/weltlaeden.de\/nordhorn\/produkte\/","og_site_name":"Weltladen Nordhorn","article_modified_time":"2026-03-11T08:45:22+00:00","og_image":[{"width":1155,"height":1780,"url":"https:\/\/weltlaeden.de\/nordhorn\/wp-content\/uploads\/sites\/213\/2025\/08\/MinaProdukt.jpg","type":"image\/jpeg"}],"twitter_card":"summary_large_image","twitter_misc":{"Gesch\u00e4tzte Lesezeit":"1\u00a0Minute"},"schema":{"@context":"https:\/\/schema.org","@graph":[{"@type":"WebPage","@id":"https:\/\/weltlaeden.de\/nordhorn\/produkte\/","url":"https:\/\/weltlaeden.de\/nordhorn\/produkte\/","name":"Produkte - Weltladen Nordhorn","isPartOf":{"@id":"https:\/\/weltlaeden.de\/nordhorn\/#website"},"primaryImageOfPage":{"@id":"https:\/\/weltlaeden.de\/nordhorn\/produkte\/#primaryimage"},"image":{"@id":"https:\/\/weltlaeden.de\/nordhorn\/produkte\/#primaryimage"},"thumbnailUrl":"https:\/\/weltlaeden.de\/nordhorn\/wp-content\/uploads\/sites\/213\/2025\/08\/MinaProdukt-195x300.jpg","datePublished":"2016-10-28T11:34:47+00:00","dateModified":"2026-03-11T08:45:22+00:00","breadcrumb":{"@id":"https:\/\/weltlaeden.de\/nordhorn\/produkte\/#breadcrumb"},"inLanguage":"de","potentialAction":[{"@type":"ReadAction","target":["https:\/\/weltlaeden.de\/nordhorn\/produkte\/"]}]},{"@type":"ImageObject","inLanguage":"de","@id":"https:\/\/weltlaeden.de\/nordhorn\/produkte\/#primaryimage","url":"https:\/\/weltlaeden.de\/nordhorn\/wp-content\/uploads\/sites\/213\/2025\/08\/MinaProdukt.jpg","contentUrl":"https:\/\/weltlaeden.de\/nordhorn\/wp-content\/uploads\/sites\/213\/2025\/08\/MinaProdukt.jpg","width":1155,"height":1780},{"@type":"BreadcrumbList","@id":"https:\/\/weltlaeden.de\/nordhorn\/produkte\/#breadcrumb","itemListElement":[{"@type":"ListItem","position":1,"name":"Startseite","item":"https:\/\/weltlaeden.de\/nordhorn\/"},{"@type":"ListItem","position":2,"name":"Produkte"}]},{"@type":"WebSite","@id":"https:\/\/weltlaeden.de\/nordhorn\/#website","url":"https:\/\/weltlaeden.de\/nordhorn\/","name":"Weltladen Nordhorn","description":"Faire Produkte seit 1990","potentialAction":[{"@type":"SearchAction","target":{"@type":"EntryPoint","urlTemplate":"https:\/\/weltlaeden.de\/nordhorn\/?s={search_term_string}"},"query-input":{"@type":"PropertyValueSpecification","valueRequired":true,"valueName":"search_term_string"}}],"inLanguage":"de"}]}},"_links":{"self":[{"href":"https:\/\/weltlaeden.de\/nordhorn\/wp-json\/wp\/v2\/pages\/217","targetHints":{"allow":["GET"]}}],"collection":[{"href":"https:\/\/weltlaeden.de\/nordhorn\/wp-json\/wp\/v2\/pages"}],"about":[{"href":"https:\/\/weltlaeden.de\/nordhorn\/wp-json\/wp\/v2\/types\/page"}],"author":[{"embeddable":true,"href":"https:\/\/weltlaeden.de\/nordhorn\/wp-json\/wp\/v2\/users\/1"}],"replies":[{"embeddable":true,"href":"https:\/\/weltlaeden.de\/nordhorn\/wp-json\/wp\/v2\/comments?post=217"}],"version-history":[{"count":65,"href":"https:\/\/weltlaeden.de\/nordhorn\/wp-json\/wp\/v2\/pages\/217\/revisions"}],"predecessor-version":[{"id":1047,"href":"https:\/\/weltlaeden.de\/nordhorn\/wp-json\/wp\/v2\/pages\/217\/revisions\/1047"}],"wp:attachment":[{"href":"https:\/\/weltlaeden.de\/nordhorn\/wp-json\/wp\/v2\/media?parent=217"}],"curies":[{"name":"wp","href":"https:\/\/api.w.org\/{rel}","templated":true}]}}