{"id":218,"date":"2016-10-28T13:34:47","date_gmt":"2016-10-28T11:34:47","guid":{"rendered":"https:\/\/wl.heimpixel.de\/norderstedt\/fairer-handel\/"},"modified":"2024-01-30T11:55:52","modified_gmt":"2024-01-30T10:55:52","slug":"fairer-handel","status":"publish","type":"page","link":"https:\/\/weltlaeden.de\/norderstedt\/fairer-handel\/","title":{"rendered":"Fairer Handel"},"content":{"rendered":"<div class=\"wpb-content-wrapper\"><p>[vc_row][vc_column]<div class=\"wl_einzelbild\"><p><img loading=\"lazy\" decoding=\"async\" class=\"alignnone size-full wp-image-nsm-3-15\" src=\"https:\/\/weltlaeden.de\/norderstedt\/wp-content\/uploads\/sites\/3\/2016\/11\/FairerHandel_ElPuente_Fingerpuppen_EccoExe_Peru.jpg\" alt=\"\" width=\"1200\" height=\"519\" \/><\/p><\/div>[\/vc_column][\/vc_row][vc_row][vc_column][vc_empty_space][vc_column_text]<\/p>\n<h1>Was Fairer Handel bedeutet&#8230;<\/h1>\n<p>[\/vc_column_text][vc_column_text]<\/p>\n<div class=\"wpb_text_column wpb_content_element \">\n<div class=\"wpb_wrapper\">\n<p>&#8222;Fairer Handel ist eine Handelspartnerschaft, die auf Dialog, Transparenz und Respekt beruht und nach mehr Gerechtigkeit im internationalen Handel strebt. Durch bessere Handelsbedingungen und die Sicherung sozialer Rechte f\u00fcr benachteiligte ProduzentInnen und ArbeiterInnen \u2013 insbesondere in den L\u00e4ndern des S\u00fcdens \u2013 leistet der Faire Handel einen Beitrag zu nachhaltiger Entwicklung.&#8220;<br \/>\n(Definition der internationalen Dachorganisationen FLO, EFTA,WFTO, NEWS).<\/p>\n<p>Ziel des Fairen Handels ist u.a. die Unterst\u00fctzung von Kleinb\u00e4uerInnen und kleinen HandwerkerInnen<\/p>\n<p>Die Mittel hierf\u00fcr:<\/p>\n<ul>\n<li>Der Fairtrade-Preis: ProduzentInnen sollen einen Preis f\u00fcr ihre Rohstoffe bekommen, der ihnen hilft, die Kosten einer nachhaltigen Produktion zu decken.<\/li>\n<li>Die Fairtrade-Pr\u00e4mie: Die Fairtrade-Pr\u00e4mie bietet den ProduzentInnenorganisationen die M\u00f6glichkeit, in gemeinsame Projekte aus Bereichen wie Bildung, Gesundheit oder Infrastruktur zu investieren.<\/li>\n<li>Bei Bedarf soll den Produzentengruppen durch die Fairtrade-Standards eine Vorfinanzierung erm\u00f6glicht werden.<\/li>\n<li>Langfristige Handelsbeziehungen und bessere Einblicke.<\/li>\n<li>Durch klare Mindestanforderungen soll sichergestellt werden, dass die Produktionsweise und der Handel aller Fairtrade-zertifizierten Produkte verantwortungsvoll in Hinblick auf Soziales, \u00d6konomie und Umwelt erfolgen.<\/li>\n<\/ul>\n<h1>Was Fairer Handel f\u00fcr Weltl\u00e4den bedeutet&#8230;<\/h1>\n<p><strong>Verkaufen: <\/strong>Weil der Verkauf fair gehandelter Produkte das Leben f\u00fcr die ProduzentInnen verbessert.<\/p>\n<p><strong>Informieren: <\/strong>Weil politische Kampagnen die Rahmenbedingungen f\u00fcr die Menschen im S\u00fcden ver\u00e4ndern k\u00f6nnen.<\/p>\n<p><strong>Lernen:<\/strong> Weil die MitarbeiterInnen und die KundInnen viel \u00fcber die globalisierte Welt wissen sollten, um zu verstehen, wie unser Konsum die Welt ver\u00e4ndert \u2013 zum Guten oder zum Schlechten.<\/p>\n<\/div>\n<\/div>\n<p>[\/vc_column_text][\/vc_column][\/vc_row][vc_row][vc_column][vc_empty_space][vc_column_text]<\/p>\n<h1>Kriterien des Fairen Handels<\/h1>\n<p>[\/vc_column_text][vc_column_text]<\/p>\n<div class=\"wpb_text_column wpb_content_element \">\n<div class=\"wpb_wrapper\">\n<p><span class=\"normal\"><strong>Die Konvention der Weltl\u00e4den<\/strong> ist das Grundsatzpapier f\u00fcr den Fairen Handel der Weltl\u00e4den und Fair-Handels-Gruppen. Sie wurde in einem jahrelangen Dialog gemeinsam entwickelt und erstmals 1997 von der Mitgliederversammlung des Weltladen-Dachverbands beschlossen. Die Konvention der Weltl\u00e4den passt in der aktuellen Version zu den mittlerweile entwickelten, international g\u00fcltigen zehn Prinzipien der World Fair Trade Organization (<a href=\"http:\/\/www.wfto.com\">WFTO<\/a>).<br \/>\n<\/span><\/p>\n<p><span class=\"normal\">Fairer Handel, wie ihn die Weltl\u00e4den betreiben, strebt eine gleichberechtigte Partnerschaft des Nordens mit dem S\u00fcden an. Daher wendet die Konvention die Kriterien auf alle wesentlichen Akteure im Fairen Handel an: auf ProduzentInnen, Importeure sowie Weltl\u00e4den und Fair-Handels-Gruppen.<\/span><\/p>\n<\/div>\n<\/div>\n<p>[\/vc_column_text][vc_column_text]<span class=\"normal\"><strong>Grundkriterien der Konvention:<\/strong><\/span><\/p>\n<ul>\n<li>Sozial- und Umweltvertr\u00e4glichkeit<\/li>\n<li>Transparenz<\/li>\n<li>demokratische Organisationsform<\/li>\n<li>not-for-Profit-Ausrichtung<\/li>\n<li>Informations- und Bildungsarbeit<\/li>\n<li>Kontinuit\u00e4t<\/li>\n<li>besondere Regeln f\u00fcr Erg\u00e4nzungsprodukte (z.B. B\u00fccher)<\/li>\n<\/ul>\n<h1>Fair + Bio<\/h1>\n<p>Neben den \u00fcblichen fairen Produkten bieten wir in unserem Weltladen auch Produkte an, die fair gehandelt sind und gleichzeitig biologischem Landbau entstammen.<\/p>\n<p>Die Standards des Fairen Handels enthalten zwar auch \u00f6kologische Aspekte, diese decken sich aber nicht ganz mit den Richtlinien des biologischen Landbaus. Diesem sind vor allem der Erhalt der nat\u00fcrlichen Lebensgrundlage wichtig, w\u00e4hrend sich der Faire Handel f\u00fcr mehr Gerechtigkeit und bessere Lebens- und Arbeitsbedingungen der ProduzentInnen im S\u00fcden einsetzt.<\/p>\n<p>Da aber beide Bereiche \u00fcber \u00e4hnliche Ans\u00e4tze verf\u00fcgen, lassen sich diese gut miteinander verbinden und weiter ausbauen. Zu einer guten Lebensgrundlage geh\u00f6rt auch die Umwelt und um diese zu erhalten bedarf es an Menschen. So hat z.B. das Verbot der Verwendung von Pestiziden f\u00fcr Mensch<\/p>\n<p>und Umwelt einen Vorteil: die Lebensmittel enthalten keine giftigen Stoffe und k\u00f6nnen den Menschen somit auch nicht krank machen. Zudem kommt es den Bauern zugute, die oft ungesch\u00fctzt auf den Feldern arbeiten w\u00e4hrend Flugzeuge dar\u00fcber Pestizide verspr\u00fchen.<\/p>\n<p>Auch in der Bev\u00f6lkerung ist das Bewusstsein f\u00fcr soziale und \u00f6kologische Hintergr\u00fcnde gestiegen. Und dank der guten Grundlage zur Zusammenarbeit, kommen heute bereits \u00fcber 70 % der Lebensmittel im Fairen Handel aus biologischem Landbau.[\/vc_column_text][\/vc_column][\/vc_row][vc_row][vc_column][vc_empty_space][vc_column_text]<\/p>\n<h1>Links zu Akteuren des Fairen Handels und unseren Partnern<\/h1>\n<p>[\/vc_column_text][vc_column_text]<\/p>\n<div class=\"wpb_text_column wpb_content_element \">\n<div class=\"wpb_wrapper\">\n<p><strong>Weltl\u00e4den<\/strong><\/p>\n<ul>\n<li><a href=\"http:\/\/www.weltladen.de\" target=\"_blank\" rel=\"noopener\">Weltladen-Dachverband<\/a><\/li>\n<\/ul>\n<p><strong>Importorganisationen (Auswahl)<br \/>\n<\/strong><\/p>\n<ul>\n<li><a href=\"http:\/\/www.gepa.de\/\" target=\"_blank\" rel=\"noopener\">GEPA \u2013 The Fair Trade Company<\/a><\/li>\n<li><a href=\"http:\/\/www.el-puente.de\" target=\"_blank\" rel=\"noopener\">El Puente<\/a><\/li>\n<li><a href=\"http:\/\/www.weltpartner.de\">Welt<b>P<\/b>artner<\/a><\/li>\n<li><a href=\"http:\/\/www.banafair.de\" target=\"_blank\" rel=\"noopener\">BanaFair<\/a><\/li>\n<li><a href=\"http:\/\/www.el-rojito.de\" target=\"_blank\" rel=\"noopener\">el rojito<\/a><\/li>\n<\/ul>\n<p><strong>Netzwerke und Infos \u00fcber Produzent_innen<br \/>\n<\/strong><\/p>\n<ul>\n<li><a href=\"http:\/\/www.forum-fairer-handel.de\" target=\"_blank\" rel=\"noopener\">Forum Fairer Handel<\/a><\/li>\n<li><a href=\"http:\/\/www.wfto.com\/\" target=\"_blank\" rel=\"noopener\">World Fair Trade Organization\u00a0(WFTO)<\/a><\/li>\n<li><a href=\"http:\/\/fairtrade.de\">fairtrade.de<\/a><\/li>\n<\/ul>\n<p><strong>Siegelorganisationen<\/strong><\/p>\n<ul>\n<li><a href=\"http:\/\/www.naturland.de\/index.php?option=com_content&amp;view=category&amp;layout=blog&amp;id=148&amp;Itemid=888&amp;lang=de\">Naturland Fair<\/a><\/li>\n<li><a href=\"http:\/\/www.fairtrade-deutschland.de\" target=\"_blank\" rel=\"noopener\">Fairtrade Deutschland<\/a><\/li>\n<li><a href=\"http:\/\/www.fairtrade.net\" target=\"_blank\" rel=\"noopener\">Fairtrade International<br \/>\n<\/a><\/li>\n<\/ul>\n<p><strong>Von der Theorie in die Praxis: einfach mal hereinschauen und genie\u00dfen<\/strong><\/p>\n<p>Wenn Sie in Norderstedt unterwegs sind, freuen wir uns auf Ihren Besuch, um im Weltladen mehr \u00fcber Fairtrade zu erfahren oder fair produzierte Leckereien zu genie\u00dfen. Oder besuchen Sie einen der vielen Weltl\u00e4den, weltweit, oder in Ihrer N\u00e4he in <a href=\"https:\/\/www.weltladen.de\/ueber-weltlaeden\/weltladen-finden\/\" target=\"_blank\" rel=\"noopener\">Deutschland<\/a>, <a href=\"https:\/\/www.weltladen.at\/weltlaeden\/weltladen-finden\/\" target=\"_blank\" rel=\"noopener\">\u00d6sterreich<\/a> oder in der Schweiz, wo sie meist <a href=\"https:\/\/www.claroweltladen.ch\/index.php\/weltlaeden\" target=\"_blank\" rel=\"noopener\">Claro Weltl\u00e4den<\/a> hei\u00dfen.<\/p>\n<p>In Deutschland wurde <a href=\"https:\/\/www.stuttgarter-nachrichten.de\/inhalt.50-jahre-weltlaeden-nummer-eins-war-in-stuttgart.aaf61330-f18f-4505-95a8-06f3cc827cc0.html\" target=\"_blank\" rel=\"noopener\">1973 der erste Weltladen<\/a> gegr\u00fcndet, in der Auto-, aber auch Fahrrad- und Fairtrade-Pionierstadt <a href=\"https:\/\/www.bajabikes.eu\/blog\/de\/was-machen-in-stuttgart\/#penci-Fair-shoppen-das-besondere-Souvenir\" target=\"_blank\" rel=\"noopener\">Stuttgart<\/a>, wie ein Radreiseblog sie nennt. Heute gibt es \u00fcber 900 Weltl\u00e4den in ganz Deutschland, schon seit 1994 auch in Norderstedt!<\/p>\n<\/div>\n<\/div>\n<p>[\/vc_column_text][\/vc_column][\/vc_row]<\/p>\n<\/div>","protected":false},"excerpt":{"rendered":"<p>[vc_row][vc_column][\/vc_column][\/vc_row][vc_row][vc_column][vc_empty_space][vc_column_text] Was Fairer Handel bedeutet&#8230; [\/vc_column_text][vc_column_text] &#8222;Fairer Handel ist eine Handelspartnerschaft, die auf Dialog, Transparenz und Respekt beruht und nach mehr Gerechtigkeit im internationalen Handel strebt. Durch bessere Handelsbedingungen und die Sicherung sozialer Rechte f\u00fcr benachteiligte ProduzentInnen und ArbeiterInnen \u2013 insbesondere in den L\u00e4ndern des S\u00fcdens \u2013 leistet der Faire Handel einen Beitrag zu nachhaltiger&hellip;<\/p>\n","protected":false},"author":1,"featured_media":0,"parent":0,"menu_order":4,"comment_status":"closed","ping_status":"closed","template":"","meta":{"footnotes":""},"class_list":["post-218","page","type-page","status-publish","hentry","description-off"],"yoast_head":"<!-- This site is optimized with the Yoast SEO plugin v26.8 - https:\/\/yoast.com\/product\/yoast-seo-wordpress\/ -->\n<title>Fairer Handel &#183; Weltladen Norderstedt<\/title>\n<meta name=\"robots\" content=\"index, follow, max-snippet:-1, max-image-preview:large, max-video-preview:-1\" \/>\n<link rel=\"canonical\" href=\"https:\/\/weltlaeden.de\/norderstedt\/fairer-handel\/\" \/>\n<meta property=\"og:locale\" content=\"de_DE\" \/>\n<meta property=\"og:type\" content=\"article\" \/>\n<meta property=\"og:title\" content=\"Fairer Handel &#183; Weltladen Norderstedt\" \/>\n<meta property=\"og:description\" content=\"[vc_row][vc_column][\/vc_column][\/vc_row][vc_row][vc_column][vc_empty_space][vc_column_text] Was Fairer Handel bedeutet&#8230; [\/vc_column_text][vc_column_text] &#8222;Fairer Handel ist eine Handelspartnerschaft, die auf Dialog, Transparenz und Respekt beruht und nach mehr Gerechtigkeit im internationalen Handel strebt. Durch bessere Handelsbedingungen und die Sicherung sozialer Rechte f\u00fcr benachteiligte ProduzentInnen und ArbeiterInnen \u2013 insbesondere in den L\u00e4ndern des S\u00fcdens \u2013 leistet der Faire Handel einen Beitrag zu nachhaltiger&hellip;\" \/>\n<meta property=\"og:url\" content=\"https:\/\/weltlaeden.de\/norderstedt\/fairer-handel\/\" \/>\n<meta property=\"og:site_name\" content=\"Weltladen Norderstedt\" \/>\n<meta property=\"article:publisher\" content=\"https:\/\/de-de.facebook.com\/Weltladen-Norderstedt-645783178910420\/\" \/>\n<meta property=\"article:modified_time\" content=\"2024-01-30T10:55:52+00:00\" \/>\n<meta property=\"og:image\" content=\"https:\/\/weltlaeden.de\/norderstedt\/wp-content\/uploads\/sites\/3\/2016\/11\/FairerHandel_ElPuente_Fingerpuppen_EccoExe_Peru.jpg\" \/>\n<meta name=\"twitter:card\" content=\"summary_large_image\" \/>\n<meta name=\"twitter:label1\" content=\"Gesch\u00e4tzte Lesezeit\" \/>\n\t<meta name=\"twitter:data1\" content=\"4\u00a0Minuten\" \/>\n<script type=\"application\/ld+json\" class=\"yoast-schema-graph\">{\"@context\":\"https:\/\/schema.org\",\"@graph\":[{\"@type\":\"WebPage\",\"@id\":\"https:\/\/weltlaeden.de\/norderstedt\/fairer-handel\/\",\"url\":\"https:\/\/weltlaeden.de\/norderstedt\/fairer-handel\/\",\"name\":\"Fairer Handel &#183; Weltladen Norderstedt\",\"isPartOf\":{\"@id\":\"https:\/\/weltlaeden.de\/norderstedt\/#website\"},\"primaryImageOfPage\":{\"@id\":\"https:\/\/weltlaeden.de\/norderstedt\/fairer-handel\/#primaryimage\"},\"image\":{\"@id\":\"https:\/\/weltlaeden.de\/norderstedt\/fairer-handel\/#primaryimage\"},\"thumbnailUrl\":\"https:\/\/weltlaeden.de\/norderstedt\/wp-content\/uploads\/sites\/3\/2016\/11\/FairerHandel_ElPuente_Fingerpuppen_EccoExe_Peru.jpg\",\"datePublished\":\"2016-10-28T11:34:47+00:00\",\"dateModified\":\"2024-01-30T10:55:52+00:00\",\"breadcrumb\":{\"@id\":\"https:\/\/weltlaeden.de\/norderstedt\/fairer-handel\/#breadcrumb\"},\"inLanguage\":\"de\",\"potentialAction\":[{\"@type\":\"ReadAction\",\"target\":[\"https:\/\/weltlaeden.de\/norderstedt\/fairer-handel\/\"]}]},{\"@type\":\"ImageObject\",\"inLanguage\":\"de\",\"@id\":\"https:\/\/weltlaeden.de\/norderstedt\/fairer-handel\/#primaryimage\",\"url\":\"https:\/\/weltlaeden.de\/norderstedt\/wp-content\/uploads\/sites\/3\/2016\/11\/FairerHandel_ElPuente_Fingerpuppen_EccoExe_Peru.jpg\",\"contentUrl\":\"https:\/\/weltlaeden.de\/norderstedt\/wp-content\/uploads\/sites\/3\/2016\/11\/FairerHandel_ElPuente_Fingerpuppen_EccoExe_Peru.jpg\"},{\"@type\":\"BreadcrumbList\",\"@id\":\"https:\/\/weltlaeden.de\/norderstedt\/fairer-handel\/#breadcrumb\",\"itemListElement\":[{\"@type\":\"ListItem\",\"position\":1,\"name\":\"Startseite\",\"item\":\"https:\/\/weltlaeden.de\/norderstedt\/\"},{\"@type\":\"ListItem\",\"position\":2,\"name\":\"Fairer Handel\"}]},{\"@type\":\"WebSite\",\"@id\":\"https:\/\/weltlaeden.de\/norderstedt\/#website\",\"url\":\"https:\/\/weltlaeden.de\/norderstedt\/\",\"name\":\"Weltladen Norderstedt\",\"description\":\"Faire Produkte seit 1990\",\"potentialAction\":[{\"@type\":\"SearchAction\",\"target\":{\"@type\":\"EntryPoint\",\"urlTemplate\":\"https:\/\/weltlaeden.de\/norderstedt\/?s={search_term_string}\"},\"query-input\":{\"@type\":\"PropertyValueSpecification\",\"valueRequired\":true,\"valueName\":\"search_term_string\"}}],\"inLanguage\":\"de\"}]}<\/script>\n<!-- \/ Yoast SEO plugin. -->","yoast_head_json":{"title":"Fairer Handel &#183; Weltladen Norderstedt","robots":{"index":"index","follow":"follow","max-snippet":"max-snippet:-1","max-image-preview":"max-image-preview:large","max-video-preview":"max-video-preview:-1"},"canonical":"https:\/\/weltlaeden.de\/norderstedt\/fairer-handel\/","og_locale":"de_DE","og_type":"article","og_title":"Fairer Handel &#183; Weltladen Norderstedt","og_description":"[vc_row][vc_column][\/vc_column][\/vc_row][vc_row][vc_column][vc_empty_space][vc_column_text] Was Fairer Handel bedeutet&#8230; [\/vc_column_text][vc_column_text] &#8222;Fairer Handel ist eine Handelspartnerschaft, die auf Dialog, Transparenz und Respekt beruht und nach mehr Gerechtigkeit im internationalen Handel strebt. Durch bessere Handelsbedingungen und die Sicherung sozialer Rechte f\u00fcr benachteiligte ProduzentInnen und ArbeiterInnen \u2013 insbesondere in den L\u00e4ndern des S\u00fcdens \u2013 leistet der Faire Handel einen Beitrag zu nachhaltiger&hellip;","og_url":"https:\/\/weltlaeden.de\/norderstedt\/fairer-handel\/","og_site_name":"Weltladen Norderstedt","article_publisher":"https:\/\/de-de.facebook.com\/Weltladen-Norderstedt-645783178910420\/","article_modified_time":"2024-01-30T10:55:52+00:00","og_image":[{"url":"https:\/\/weltlaeden.de\/norderstedt\/wp-content\/uploads\/sites\/3\/2016\/11\/FairerHandel_ElPuente_Fingerpuppen_EccoExe_Peru.jpg","type":"","width":"","height":""}],"twitter_card":"summary_large_image","twitter_misc":{"Gesch\u00e4tzte Lesezeit":"4\u00a0Minuten"},"schema":{"@context":"https:\/\/schema.org","@graph":[{"@type":"WebPage","@id":"https:\/\/weltlaeden.de\/norderstedt\/fairer-handel\/","url":"https:\/\/weltlaeden.de\/norderstedt\/fairer-handel\/","name":"Fairer Handel &#183; Weltladen Norderstedt","isPartOf":{"@id":"https:\/\/weltlaeden.de\/norderstedt\/#website"},"primaryImageOfPage":{"@id":"https:\/\/weltlaeden.de\/norderstedt\/fairer-handel\/#primaryimage"},"image":{"@id":"https:\/\/weltlaeden.de\/norderstedt\/fairer-handel\/#primaryimage"},"thumbnailUrl":"https:\/\/weltlaeden.de\/norderstedt\/wp-content\/uploads\/sites\/3\/2016\/11\/FairerHandel_ElPuente_Fingerpuppen_EccoExe_Peru.jpg","datePublished":"2016-10-28T11:34:47+00:00","dateModified":"2024-01-30T10:55:52+00:00","breadcrumb":{"@id":"https:\/\/weltlaeden.de\/norderstedt\/fairer-handel\/#breadcrumb"},"inLanguage":"de","potentialAction":[{"@type":"ReadAction","target":["https:\/\/weltlaeden.de\/norderstedt\/fairer-handel\/"]}]},{"@type":"ImageObject","inLanguage":"de","@id":"https:\/\/weltlaeden.de\/norderstedt\/fairer-handel\/#primaryimage","url":"https:\/\/weltlaeden.de\/norderstedt\/wp-content\/uploads\/sites\/3\/2016\/11\/FairerHandel_ElPuente_Fingerpuppen_EccoExe_Peru.jpg","contentUrl":"https:\/\/weltlaeden.de\/norderstedt\/wp-content\/uploads\/sites\/3\/2016\/11\/FairerHandel_ElPuente_Fingerpuppen_EccoExe_Peru.jpg"},{"@type":"BreadcrumbList","@id":"https:\/\/weltlaeden.de\/norderstedt\/fairer-handel\/#breadcrumb","itemListElement":[{"@type":"ListItem","position":1,"name":"Startseite","item":"https:\/\/weltlaeden.de\/norderstedt\/"},{"@type":"ListItem","position":2,"name":"Fairer Handel"}]},{"@type":"WebSite","@id":"https:\/\/weltlaeden.de\/norderstedt\/#website","url":"https:\/\/weltlaeden.de\/norderstedt\/","name":"Weltladen Norderstedt","description":"Faire Produkte seit 1990","potentialAction":[{"@type":"SearchAction","target":{"@type":"EntryPoint","urlTemplate":"https:\/\/weltlaeden.de\/norderstedt\/?s={search_term_string}"},"query-input":{"@type":"PropertyValueSpecification","valueRequired":true,"valueName":"search_term_string"}}],"inLanguage":"de"}]}},"_links":{"self":[{"href":"https:\/\/weltlaeden.de\/norderstedt\/wp-json\/wp\/v2\/pages\/218","targetHints":{"allow":["GET"]}}],"collection":[{"href":"https:\/\/weltlaeden.de\/norderstedt\/wp-json\/wp\/v2\/pages"}],"about":[{"href":"https:\/\/weltlaeden.de\/norderstedt\/wp-json\/wp\/v2\/types\/page"}],"author":[{"embeddable":true,"href":"https:\/\/weltlaeden.de\/norderstedt\/wp-json\/wp\/v2\/users\/1"}],"replies":[{"embeddable":true,"href":"https:\/\/weltlaeden.de\/norderstedt\/wp-json\/wp\/v2\/comments?post=218"}],"version-history":[{"count":19,"href":"https:\/\/weltlaeden.de\/norderstedt\/wp-json\/wp\/v2\/pages\/218\/revisions"}],"predecessor-version":[{"id":2196,"href":"https:\/\/weltlaeden.de\/norderstedt\/wp-json\/wp\/v2\/pages\/218\/revisions\/2196"}],"wp:attachment":[{"href":"https:\/\/weltlaeden.de\/norderstedt\/wp-json\/wp\/v2\/media?parent=218"}],"curies":[{"name":"wp","href":"https:\/\/api.w.org\/{rel}","templated":true}]}}