{"id":2626,"date":"2025-08-11T13:41:03","date_gmt":"2025-08-11T11:41:03","guid":{"rendered":"https:\/\/weltlaeden.de\/nierstein\/archiv-2024-2\/"},"modified":"2026-05-03T15:58:22","modified_gmt":"2026-05-03T13:58:22","slug":"archiv-2025","status":"publish","type":"page","link":"https:\/\/weltlaeden.de\/nierstein\/archiv-2025\/","title":{"rendered":"Archiv 2025"},"content":{"rendered":"<div class=\"wpb-content-wrapper\"><p>[vc_row][vc_column][vc_column_text css=&#8220;&#8220;]<\/p>\n<h1><span style=\"color: #800000\"><strong>Unser Archiv 2025<\/strong><\/span><\/h1>\n<p>[\/vc_column_text][\/vc_column][\/vc_row][vc_row][vc_column][vc_empty_space height=&#8220;20px&#8220;][\/vc_column][\/vc_row][vc_row][vc_column][vc_column_text css=&#8220;&#8220;]<\/p>\n<h1><span style=\"color: #000000\">Rechte Ideen? Nicht unser Geschmack!<\/span><\/h1>\n<p>[\/vc_column_text][vc_column_text css=&#8220;&#8220;]<em>08. Januar 2025<\/em>\u00a0 \u00a0Der Weltladen Nierstein unterst\u00fctzt die Initiative des Lieferanten El Puente <span style=\"color: #800000\"><strong>&#8222;R\u00f6stung gegen Rechts&#8220;<\/strong><\/span>! Dieser Kaffee ist f\u00fcr alle, die an eine offene Welt glauben, die Vielfalt als St\u00e4rke sch\u00e4tzen und die sich f\u00fcr Demokratie und Menschenrechte einsetzen. Wir setzen ein Zeichen gegen rechtsextreme, populistische, faschistische und rassistische Parteien und m\u00f6chten dazu anregen, aktiv zu werden, sich zu vernetzen oder einfach durch den Kauf des <span style=\"color: #800000\"><strong>Kaffees, 250 g Bio-Arabica<\/strong><\/span>, nat\u00fcrlich aus Fairem Handel. El Puente unterst\u00fctzt mit einem kleinen Teil des Erl\u00f6ses die Kampagne <a href=\"https:\/\/www.aufstehen-gegen-rassismus.de\/\" target=\"_blank\" rel=\"noopener\">Aufstehen gegen Rassismus!<\/a>.\u00a0 Mehr im <a href=\"https:\/\/www.el-puente.de\/media\/wysiwyg\/2024_Positionspapier_R_stung_gegen_Rechts.pdf\" target=\"_blank\" rel=\"noopener\">Positionspapier<\/a> von El Puente. <em>Quelle: El Puente<\/em>[\/vc_column_text][\/vc_column][\/vc_row][vc_row][vc_column][vc_empty_space height=&#8220;20px&#8220;][\/vc_column][\/vc_row][vc_row][vc_column][vc_column_text css=&#8220;&#8220;]<\/p>\n<h1>1000 Euro f\u00fcr den Regenwald<\/h1>\n<p>[\/vc_column_text][vc_column_text css=&#8220;&#8220;]<span style=\"color: #000000\"><em>2. Februar 2025\u00a0 \u00a0<\/em>Die Regenwaldbox auf unserer Theke wurde im vergangenen Jahr 2024 von unseren Kund*innen mit insgesamt 470 Euro gef\u00fcllt. Vielen Dank! Das Team des Weltladens hat diesen Betrag auf 1000 Euro aufgerundet. Dies ist m\u00f6glich durch das ausschlie\u00dflich ehrenamtliche Engagement aller Mitarbeitenden im Weltladen. Der Betrag kommt den Bem\u00fchungen zum Erhalt des Regenwaldes und somit dem Klimaschutz zugute. F\u00fcr weitere Infos empfehlen wir die Seite von &#8222;Rettet den Regenwald e.V.&#8220; <a href=\"https:\/\/www.regenwald.org\/\" target=\"_blank\" rel=\"noopener\">https:\/\/www.regenwald.org\/<\/a>.<\/span>[\/vc_column_text][\/vc_column][\/vc_row][vc_row][vc_column][vc_empty_space height=&#8220;20px&#8220;][\/vc_column][\/vc_row][vc_row][vc_column][vc_column_text css=&#8220;&#8220;]<\/p>\n<h1>Wir w\u00e4hlen fair &#8211; und Du?<\/h1>\n<p>[\/vc_column_text][vc_column_text css=&#8220;&#8220;]<span style=\"color: #000000\"><em>12. Februar 2025\u00a0 \u00a0<\/em><\/span><span data-contrast=\"auto\">Wir als Weltladen setzen uns gemeinsam mit dem Weltladen-Dachverband @weltladen,\u00a0<\/span>@fairtrade und dem @forumfairerhandel<span data-contrast=\"auto\"> f\u00fcr eine gerechte und nachhaltige Zukunft ein. Deine<\/span><span data-contrast=\"auto\"> Stimme kann den Unterschied machen: <\/span><span style=\"color: #800000\"><strong>F\u00fcr mehr Demokratie, Menschenrechte und Gerechtigkeit weltweit! <\/strong><\/span><span data-contrast=\"auto\">Lasst uns zeigen, dass wir Verantwortung \u00fcbernehmen \u2013 im Alltag und an der Wahlurne. W\u00e4hle fair!\u00a0 \u00a0<\/span><span data-contrast=\"auto\">#WirW\u00e4hlenFair\u00a0 \u00a0#FairerHandel\u00a0 \u00a0#Weltladen\u00a0 \u00a0#BTW2025<\/span><span data-ccp-props=\"{&quot;201341983&quot;:0,&quot;335559739&quot;:0,&quot;335559740&quot;:240}\">\u00a0<\/span>[\/vc_column_text][\/vc_column][\/vc_row][vc_row][vc_column][vc_empty_space height=&#8220;20px&#8220;][\/vc_column][\/vc_row][vc_row][vc_column][vc_column_text css=&#8220;&#8220;]<\/p>\n<h1>21. Juli bis 09. August reduzierte \u00d6ffnungszeiten<\/h1>\n<p>[\/vc_column_text][vc_column_text css=&#8220;&#8220;]In den obengenannten Sommerwochen haben wir unsere \u00d6ffnungszeiten reduziert.<br \/>\n<strong>Montag, Dienstag, Mittwoch: geschlossen<br \/>\nGe\u00f6ffnet ist:<br \/>\n<\/strong><strong>Donnerstag: 10 &#8211; 13 Uhr und 15 &#8211; 18 Uhr<br \/>\nFreitag: 10 &#8211; 13 und 15 &#8211; 18 Uhr<\/strong><br \/>\n<strong>Samstag: 10 bis 13 Uhr<br \/>\n<\/strong>Vielen Dank f\u00fcr Ihr Verst\u00e4ndnis![\/vc_column_text][\/vc_column][\/vc_row][vc_row][vc_column][vc_empty_space height=&#8220;20px&#8220;][\/vc_column][\/vc_row][vc_row][vc_column][vc_column_text css=&#8220;&#8220;]<\/p>\n<h1 style=\"text-align: left\"><span style=\"color: #000000\">SchokoSchatz &#8211; das faire \u00dcberraschungs-&#8222;Ei&#8220;<\/span><\/h1>\n<p>[\/vc_column_text][vc_column_text css=&#8220;&#8220;]<span style=\"color: #000000\">Die <span style=\"color: #800000\"><strong>\u00dcberraschungs&#8220;eier&#8220;<\/strong><\/span>\u00a0entz\u00fccken Kinder mit ihrer schokoladigen Ummantellung und ihrem Inhalt. <strong>Nachhaltig, lecker und plastikfrei<\/strong> setzt der SchokoSchatz neue Ma\u00dfst\u00e4be f\u00fcr die beliebten <strong>Kinder-\u00dcberraschungen.<\/strong>\u00a0Der SchokoSchatz ist nicht nur\u00a0<strong>Bio- und Fairtrade-zertifiziert<\/strong>, sondern auch komplett nachhaltig. Die\u00a0<strong>tollen \u00dcberraschungen im Inneren\u00a0<\/strong>werden<strong>\u00a0aus 100% Naturmaterialien\u00a0<\/strong>gefertigt. Der SchokoSchatz stellt zu vielen Anl\u00e4ssen \u00fcber das ganze Jahr das perfekte Geschenk dar. Und <strong>Lieblingsmenschen<\/strong> k\u00f6nnen Sie mit einem SchokoSchatz <strong>Danke<\/strong> sagen, <strong>Gl\u00fcck<\/strong> w\u00fcnschen oder ein <strong>Herz<\/strong> verschenken. <em>Foto\/Quelle: Contigo<\/em><\/span>[\/vc_column_text][\/vc_column][\/vc_row][vc_row][vc_column][vc_empty_space height=&#8220;20px&#8220;][\/vc_column][\/vc_row][vc_row][vc_column][vc_column_text css=&#8220;&#8220;]<\/p>\n<h1>Plastikfrei(er) im Badezimmer<\/h1>\n<p>[\/vc_column_text][vc_column_text css=&#8220;&#8220;]<em>24. Februar 2025\u00a0 <\/em>\u00a0Haben Sie schon ein plastikfrei(er)es Badezimmer? Aktuell finden Sie im Weltladen Nierstein eine breite Auswahl an plastikfreien Produkten f\u00fcrs Bad: verschiedene Seifen, G\u00e4stehandt\u00fccher, Zahnbecher und Seifenschalen aus Keramik, Zahnb\u00fcrsten aus Holz, Box f\u00fcr Kosmetikt\u00fccher, Kulturbeutel, Utensilio, W\u00e4schek\u00f6rbe u.a. Leisten wir gemeinsam einen kleinen Beitrag gegen die Verschmutzung der Umwelt und der Meere mit Plastikm\u00fcll. Denn die Zahlen sind erschreckend: 150 Mio. Tonnen Plastik schwimmen im Meer, 4,5 bis 12,5 Mio. Tonnen kommen j\u00e4hrlich hinzu. Mikroplastik verschmutzt B\u00f6den und Gew\u00e4sser. Es kommt \u00fcber Umwelt und Tiere auch in die menschliche Nahrung. Jeder noch so kleine Schritt dagegen z\u00e4hlt![\/vc_column_text][\/vc_column][\/vc_row][vc_row][vc_column][vc_empty_space height=&#8220;20px&#8220;][\/vc_column][\/vc_row][vc_row][vc_column][vc_column_text css=&#8220;&#8220;]<\/p>\n<h1>Minenfeldhonig aus der Ukraine<\/h1>\n<p>[\/vc_column_text][vc_column_text css=&#8220;&#8220;]<em>12. M\u00e4rz 2025\u00a0 \u00a0<\/em><strong><em>Minefield Honey<\/em><\/strong><strong> ist mehr als nur Honig \u2013 <\/strong>es ist ein Symbol des Wiederaufbaus. Der gesamte Gewinn flie\u00dft in einen Fonds zur Minenr\u00e4umung, um verseuchte landwirtschaftliche Fl\u00e4chen wieder sicher und nutzbar zu machen. Die Kosten f\u00fcr die Entminung eines Hektars belaufen sich auf rund 5.000 Euro \u2013 und jeder Kauf bringt uns diesem Ziel ein St\u00fcck n\u00e4her.<br \/>\nMehr Infos zur Gewinnung dieses 100% reinen Honigs:<br \/>\n<a href=\"https:\/\/www.fairtradecenter.info\/Honig-von-den-Minenfeldern-in-der-Ukraine-450g\" target=\"_blank\" rel=\"noopener\">https:\/\/www.fairtradecenter.info\/Honig-von-den-Minenfeldern-in-der-Ukraine-450g<\/a>[\/vc_column_text][\/vc_column][\/vc_row][vc_row][vc_column][vc_empty_space height=&#8220;20px&#8220;][\/vc_column][\/vc_row][vc_row][vc_column][vc_column_text css=&#8220;&#8220;]<\/p>\n<h1>Fairer Osterhase l\u00e4sst gr\u00fc\u00dfen<\/h1>\n<p>[\/vc_column_text][vc_column_text css=&#8220;&#8220;]<em>23. M\u00e4rz 2025\u00a0 <\/em>\u00a0Nicht zu \u00fcbersehen &#8211; im Weltladen ist Osterstimmung. Farbenfrohe Handwerkskunst f\u00fcr die Osterdekoration und Geschenke aus Papier, Filz, Holz und Leckeres f\u00fcrs Osternest. Osterhase, Osterlamm und Ostereier aus Bio-Schokolade, handgesch\u00f6pfte Zotter-Schokoladen mit lustigen Motiven, Schoko-Schatz mit einer \u00dcberraschung f\u00fcr Gro\u00df und Klein bereichern unser Sortiment. Es gibt viel zu st\u00f6bern &#8211; kommt vorbei![\/vc_column_text][\/vc_column][\/vc_row][vc_row][vc_column][vc_empty_space height=&#8220;20px&#8220;][\/vc_column][\/vc_row][vc_row][vc_column][vc_column_text css=&#8220;&#8220;]<\/p>\n<h1>Weltladentag am 10. Mai 2025\u00a0 |\u00a0 10 bis 13 Uhr<br \/>\n&#8222;Schoki f\u00fcrs Klima?!&#8220;<\/h1>\n<p>[\/vc_column_text][vc_column_text css=&#8220;&#8220;]<em>15. April 2025\u00a0 <\/em>\u00a0Zum diesj\u00e4hrigen Weltladentag freuen wir uns ganz besonders auf die Teilnahme des <strong>Vereins <\/strong><a href=\"https:\/\/casadelsol.de\" target=\"_blank\" rel=\"noopener\"><strong>Casa del Sol <\/strong><\/a><strong>aus Klein-Winternheim, der zum Probieren von <\/strong><strong>hei\u00dfen Schokoladen aus Mexiko, Peru und Kolumbien einl\u00e4dt <\/strong>und uns eine besondere sinnliche Erfahrung von Kakao verspricht. Kinder k\u00f6nnen ihre eigene Schokocreme herstellen. Das passt perfekt zur diesj\u00e4hrigen Kampagne des Weltladentages: <a href=\"https:\/\/www.weltladen.de\/politik-veraendern\/kampagne\/2025\/weltladentag2025\/\" target=\"_blank\" rel=\"noopener\"><strong>SCHOKI F\u00dcRS KLIMA? KAUF ICH EUCH AB!<\/strong><\/a>\u00a0 Denn der Klimawandel bedroht den Kakaoanbau massiv. D\u00fcrren und Unwetter vernichten Ernten und die Einkommen der Kakaob\u00e4uer*innen. Nur mit fairen Preisen l\u00e4sst sich Kakao nachhaltig und klimaschonend anbauen. Wie jedes Jahr l\u00e4dt der Weltladen Nierstein herzlich ein zu einem <strong>Fairen Fr\u00fchst\u00fcck mit Schokoladenverkostung<\/strong> und viel Information rund um das Thema Kakao. Kommt vorbei am <strong>Samstag, 10. Mai 2025 von 10 bis 13 Uhr<\/strong>!<em> (Foto: Casa del Sol e.V.)<\/em>[\/vc_column_text][\/vc_column][\/vc_row][vc_row][vc_column][vc_empty_space height=&#8220;20px&#8220;][\/vc_column][\/vc_row][vc_row][vc_column][vc_column_text css=&#8220;&#8220;]<\/p>\n<h1>Thema &#8222;Klimawandel&#8220; bei den Drachenkindern<\/h1>\n<p>[\/vc_column_text][vc_column_text css=&#8220;&#8220;]<em>10. Mai 2025\u00a0 <\/em>\u00a0Das Motto des diesj\u00e4hrigen Weltladentags <a href=\"https:\/\/www.weltladen.de\/politik-veraendern\/kampagne\/2025\/weltladentag2025\/\" target=\"_blank\" rel=\"noopener\"><strong>SCHOKI F\u00dcRS KLIMA? KAUF ICH EUCH AB!<\/strong><\/a>\u00a0 haben die Drachenkinder der <strong>Klasse 2d der Grundschule Nierstein<\/strong> mit ihrer Lehrerin Britta Kram-Heller zum Anlass genommen, sich mit dem Klimawandel zu besch\u00e4ftigen. Sie haben \u00fcberlegt, wie jeder Mensch dazu beitragen kann, dass sich die Erde nicht so schnell erw\u00e4rmt und ihre Ideen und W\u00fcnsche auf Karten geschrieben. &#8222;Bitte fahrt weniger Auto, bitte Strom sparen, bitte weniger fliegen&#8220; &#8211; das waren einige der W\u00fcnsche. Die Eisb\u00e4ren der Kinder durften mit ihren Besitzer*innen einen Ausflug in den Weltladen machen und dort einige Tage im Schaufenster verbringen. Ein<strong> RIESEN DANKESCH\u00d6N<\/strong> f\u00fcr die Unterst\u00fctzung des Weltladens kommt vom gesamten Team![\/vc_column_text][\/vc_column][\/vc_row][vc_row][vc_column][vc_empty_space height=&#8220;20px&#8220;][\/vc_column][\/vc_row][vc_row][vc_column][vc_column_text css=&#8220;&#8220;]<\/p>\n<h1>Bunter Weltladentag mit Schoko-Verkostung<\/h1>\n<p>[\/vc_column_text][vc_column_text css=&#8220;&#8220;]<em>10. Mai 2025\u00a0 \u00a0<\/em>Unsere G\u00e4ste beim Weltladentag wurden in diesem Jahr mit einem besonderen &#8222;Bonbon&#8220; \u00fcberrascht. Der <strong>Verein Casa del Sol aus Klein-Winternheim<\/strong> lud zum Probieren von\u00a0 Schokoladen aus Peru, Mexiko und Kolumbien ein und pr\u00e4sentierte diese in landestypischem Outfit. Kinder konnten eine leckere Schokocreme selbst herstellen und naschen. Wir danken dem Verein Casa del Sol f\u00fcr das Engagement auf unserem Weltladentag![\/vc_column_text][\/vc_column][\/vc_row][vc_row][vc_column][vc_empty_space height=&#8220;20px&#8220;][\/vc_column][\/vc_row][vc_row][vc_column][vc_column_text css=&#8220;&#8220;]<\/p>\n<h1>Saucen, Senf, Balsamico &#8211; f\u00fcr Grill und K\u00fcche<\/h1>\n<p>[\/vc_column_text][vc_column_text css=&#8220;&#8220;]<em>17. Juni 2025\u00a0<\/em> \u00a0 Sonnengereifte Tomaten, feurige Chilis und feine Gew\u00fcrze sind die Basis f\u00fcr die handgemachten K\u00f6stlichkeiten von Turqle Trading. <strong>Aromatische Saucen, pikanter Senf und Balsamico &#8211; von mild bis feurig &#8211; zum Grillen, Dippen und W\u00fcrzen, v<\/strong><strong>om Feld in die Flasche und fair produziert in S\u00fcdafrika!<\/strong>\u00a0Durch die Verarbeitung vor Ort entstehen qualifizierte Arbeitspl\u00e4tze und mehr Geld bleibt im Land. Bildungsangebote von Turqle Trading er\u00f6ffnen den Angestellten und ihren Kindern Perspektiven f\u00fcr die Zukunft. Dazu zahlt das Unternehmen 2,5% des Umsatzes in einen Fair Trade Fonds. (Quelle: Weltladen-Dachverband, Foto: Fynbos Fine Foods)[\/vc_column_text][\/vc_column][\/vc_row][vc_row][vc_column][vc_empty_space height=&#8220;20px&#8220;][\/vc_column][\/vc_row][vc_row][vc_column][vc_column_text css=&#8220;&#8220;]<\/p>\n<h1>Rabattaktion im Juni\u00a0 \u00a0 Faire 20% auf Geschirr<\/h1>\n<p>[\/vc_column_text][\/vc_column][\/vc_row][vc_row][vc_column][vc_empty_space height=&#8220;20px&#8220;][\/vc_column][\/vc_row][vc_row][vc_column][vc_column_text css=&#8220;&#8220;]<\/p>\n<h1>Schult\u00fcte\u00a0 &#8211;\u00a0 fair gef\u00fcllt<\/h1>\n<p>[\/vc_column_text][vc_column_text css=&#8220;&#8220;]<em>6. Juli 2025<\/em>\u00a0 \u00a0Die Sommerferien sind da, und in sechs Wochen startet das neue Schuljahr. F\u00fcr die Schult\u00fcte hat der Weltladen einiges zu bieten: neben S\u00fc\u00dfigkeiten auch kleine Geschenke wie <strong>bunte Stifte-Becher und Spitzer aus Holz, Filzm\u00e4ppchen, Um-die-Ecke-Gucker, <\/strong><strong>Wackeltiere, Sorgenp\u00fcppchen etc. <\/strong>\u00a0&#8211; nat\u00fcrlich alles aus fairem Handel, der sich daf\u00fcr einsetzt, dass Kinder im globalen S\u00fcden auch in die Schule gehen k\u00f6nnen, was nicht immer und \u00fcberall selbstverst\u00e4ndlich ist.[\/vc_column_text][\/vc_column][\/vc_row][vc_row][vc_column][vc_empty_space height=&#8220;20px&#8220;][\/vc_column][\/vc_row]<\/p>\n<\/div>","protected":false},"excerpt":{"rendered":"<p>[vc_row][vc_column][vc_column_text css=&#8220;&#8220;] Unser Archiv 2025 [\/vc_column_text][\/vc_column][\/vc_row][vc_row][vc_column][vc_empty_space height=&#8220;20px&#8220;][\/vc_column][\/vc_row][vc_row][vc_column][vc_column_text css=&#8220;&#8220;] Rechte Ideen? Nicht unser Geschmack! [\/vc_column_text][vc_column_text css=&#8220;&#8220;]08. Januar 2025\u00a0 \u00a0Der Weltladen Nierstein unterst\u00fctzt die Initiative des Lieferanten El Puente &#8222;R\u00f6stung gegen Rechts&#8220;! Dieser Kaffee ist f\u00fcr alle, die an eine offene Welt glauben, die Vielfalt als St\u00e4rke sch\u00e4tzen und die sich f\u00fcr Demokratie und Menschenrechte einsetzen. Wir&hellip;<\/p>\n","protected":false},"author":14,"featured_media":0,"parent":0,"menu_order":2,"comment_status":"closed","ping_status":"closed","template":"","meta":{"footnotes":""},"class_list":["post-2626","page","type-page","status-publish","hentry","description-off"],"yoast_head":"<!-- This site is optimized with the Yoast SEO plugin v26.8 - https:\/\/yoast.com\/product\/yoast-seo-wordpress\/ -->\n<title>Archiv 2025 - Weltladen Nierstein<\/title>\n<meta name=\"robots\" content=\"index, follow, max-snippet:-1, max-image-preview:large, max-video-preview:-1\" \/>\n<link rel=\"canonical\" href=\"https:\/\/weltlaeden.de\/nierstein\/archiv-2025\/\" \/>\n<meta property=\"og:locale\" content=\"de_DE\" \/>\n<meta property=\"og:type\" content=\"article\" \/>\n<meta property=\"og:title\" content=\"Archiv 2025 - Weltladen Nierstein\" \/>\n<meta property=\"og:description\" content=\"[vc_row][vc_column][vc_column_text css=&#8220;&#8220;] Unser Archiv 2025 [\/vc_column_text][\/vc_column][\/vc_row][vc_row][vc_column][vc_empty_space height=&#8220;20px&#8220;][\/vc_column][\/vc_row][vc_row][vc_column][vc_column_text css=&#8220;&#8220;] Rechte Ideen? Nicht unser Geschmack! [\/vc_column_text][vc_column_text css=&#8220;&#8220;]08. Januar 2025\u00a0 \u00a0Der Weltladen Nierstein unterst\u00fctzt die Initiative des Lieferanten El Puente &#8222;R\u00f6stung gegen Rechts&#8220;! Dieser Kaffee ist f\u00fcr alle, die an eine offene Welt glauben, die Vielfalt als St\u00e4rke sch\u00e4tzen und die sich f\u00fcr Demokratie und Menschenrechte einsetzen. Wir&hellip;\" \/>\n<meta property=\"og:url\" content=\"https:\/\/weltlaeden.de\/nierstein\/archiv-2025\/\" \/>\n<meta property=\"og:site_name\" content=\"Weltladen Nierstein\" \/>\n<meta property=\"article:modified_time\" content=\"2026-05-03T13:58:22+00:00\" \/>\n<meta name=\"twitter:card\" content=\"summary_large_image\" \/>\n<meta name=\"twitter:label1\" content=\"Gesch\u00e4tzte Lesezeit\" \/>\n\t<meta name=\"twitter:data1\" content=\"7\u00a0Minuten\" \/>\n<script type=\"application\/ld+json\" class=\"yoast-schema-graph\">{\"@context\":\"https:\/\/schema.org\",\"@graph\":[{\"@type\":\"WebPage\",\"@id\":\"https:\/\/weltlaeden.de\/nierstein\/archiv-2025\/\",\"url\":\"https:\/\/weltlaeden.de\/nierstein\/archiv-2025\/\",\"name\":\"Archiv 2025 - Weltladen Nierstein\",\"isPartOf\":{\"@id\":\"https:\/\/weltlaeden.de\/nierstein\/#website\"},\"datePublished\":\"2025-08-11T11:41:03+00:00\",\"dateModified\":\"2026-05-03T13:58:22+00:00\",\"breadcrumb\":{\"@id\":\"https:\/\/weltlaeden.de\/nierstein\/archiv-2025\/#breadcrumb\"},\"inLanguage\":\"de\",\"potentialAction\":[{\"@type\":\"ReadAction\",\"target\":[\"https:\/\/weltlaeden.de\/nierstein\/archiv-2025\/\"]}]},{\"@type\":\"BreadcrumbList\",\"@id\":\"https:\/\/weltlaeden.de\/nierstein\/archiv-2025\/#breadcrumb\",\"itemListElement\":[{\"@type\":\"ListItem\",\"position\":1,\"name\":\"Startseite\",\"item\":\"https:\/\/weltlaeden.de\/nierstein\/\"},{\"@type\":\"ListItem\",\"position\":2,\"name\":\"Archiv 2025\"}]},{\"@type\":\"WebSite\",\"@id\":\"https:\/\/weltlaeden.de\/nierstein\/#website\",\"url\":\"https:\/\/weltlaeden.de\/nierstein\/\",\"name\":\"Vorlage\",\"description\":\"Faire Produkte seit 1983\",\"potentialAction\":[{\"@type\":\"SearchAction\",\"target\":{\"@type\":\"EntryPoint\",\"urlTemplate\":\"https:\/\/weltlaeden.de\/nierstein\/?s={search_term_string}\"},\"query-input\":{\"@type\":\"PropertyValueSpecification\",\"valueRequired\":true,\"valueName\":\"search_term_string\"}}],\"inLanguage\":\"de\"}]}<\/script>\n<!-- \/ Yoast SEO plugin. -->","yoast_head_json":{"title":"Archiv 2025 - Weltladen Nierstein","robots":{"index":"index","follow":"follow","max-snippet":"max-snippet:-1","max-image-preview":"max-image-preview:large","max-video-preview":"max-video-preview:-1"},"canonical":"https:\/\/weltlaeden.de\/nierstein\/archiv-2025\/","og_locale":"de_DE","og_type":"article","og_title":"Archiv 2025 - Weltladen Nierstein","og_description":"[vc_row][vc_column][vc_column_text css=&#8220;&#8220;] Unser Archiv 2025 [\/vc_column_text][\/vc_column][\/vc_row][vc_row][vc_column][vc_empty_space height=&#8220;20px&#8220;][\/vc_column][\/vc_row][vc_row][vc_column][vc_column_text css=&#8220;&#8220;] Rechte Ideen? Nicht unser Geschmack! [\/vc_column_text][vc_column_text css=&#8220;&#8220;]08. Januar 2025\u00a0 \u00a0Der Weltladen Nierstein unterst\u00fctzt die Initiative des Lieferanten El Puente &#8222;R\u00f6stung gegen Rechts&#8220;! Dieser Kaffee ist f\u00fcr alle, die an eine offene Welt glauben, die Vielfalt als St\u00e4rke sch\u00e4tzen und die sich f\u00fcr Demokratie und Menschenrechte einsetzen. Wir&hellip;","og_url":"https:\/\/weltlaeden.de\/nierstein\/archiv-2025\/","og_site_name":"Weltladen Nierstein","article_modified_time":"2026-05-03T13:58:22+00:00","twitter_card":"summary_large_image","twitter_misc":{"Gesch\u00e4tzte Lesezeit":"7\u00a0Minuten"},"schema":{"@context":"https:\/\/schema.org","@graph":[{"@type":"WebPage","@id":"https:\/\/weltlaeden.de\/nierstein\/archiv-2025\/","url":"https:\/\/weltlaeden.de\/nierstein\/archiv-2025\/","name":"Archiv 2025 - Weltladen Nierstein","isPartOf":{"@id":"https:\/\/weltlaeden.de\/nierstein\/#website"},"datePublished":"2025-08-11T11:41:03+00:00","dateModified":"2026-05-03T13:58:22+00:00","breadcrumb":{"@id":"https:\/\/weltlaeden.de\/nierstein\/archiv-2025\/#breadcrumb"},"inLanguage":"de","potentialAction":[{"@type":"ReadAction","target":["https:\/\/weltlaeden.de\/nierstein\/archiv-2025\/"]}]},{"@type":"BreadcrumbList","@id":"https:\/\/weltlaeden.de\/nierstein\/archiv-2025\/#breadcrumb","itemListElement":[{"@type":"ListItem","position":1,"name":"Startseite","item":"https:\/\/weltlaeden.de\/nierstein\/"},{"@type":"ListItem","position":2,"name":"Archiv 2025"}]},{"@type":"WebSite","@id":"https:\/\/weltlaeden.de\/nierstein\/#website","url":"https:\/\/weltlaeden.de\/nierstein\/","name":"Vorlage","description":"Faire Produkte seit 1983","potentialAction":[{"@type":"SearchAction","target":{"@type":"EntryPoint","urlTemplate":"https:\/\/weltlaeden.de\/nierstein\/?s={search_term_string}"},"query-input":{"@type":"PropertyValueSpecification","valueRequired":true,"valueName":"search_term_string"}}],"inLanguage":"de"}]}},"_links":{"self":[{"href":"https:\/\/weltlaeden.de\/nierstein\/wp-json\/wp\/v2\/pages\/2626","targetHints":{"allow":["GET"]}}],"collection":[{"href":"https:\/\/weltlaeden.de\/nierstein\/wp-json\/wp\/v2\/pages"}],"about":[{"href":"https:\/\/weltlaeden.de\/nierstein\/wp-json\/wp\/v2\/types\/page"}],"author":[{"embeddable":true,"href":"https:\/\/weltlaeden.de\/nierstein\/wp-json\/wp\/v2\/users\/14"}],"replies":[{"embeddable":true,"href":"https:\/\/weltlaeden.de\/nierstein\/wp-json\/wp\/v2\/comments?post=2626"}],"version-history":[{"count":37,"href":"https:\/\/weltlaeden.de\/nierstein\/wp-json\/wp\/v2\/pages\/2626\/revisions"}],"predecessor-version":[{"id":2867,"href":"https:\/\/weltlaeden.de\/nierstein\/wp-json\/wp\/v2\/pages\/2626\/revisions\/2867"}],"wp:attachment":[{"href":"https:\/\/weltlaeden.de\/nierstein\/wp-json\/wp\/v2\/media?parent=2626"}],"curies":[{"name":"wp","href":"https:\/\/api.w.org\/{rel}","templated":true}]}}