{"id":1946,"date":"2022-09-08T09:42:24","date_gmt":"2022-09-08T07:42:24","guid":{"rendered":"https:\/\/weltlaeden.de\/nierstein\/?page_id=1946"},"modified":"2023-07-17T21:33:49","modified_gmt":"2023-07-17T19:33:49","slug":"archiv-2021","status":"publish","type":"page","link":"https:\/\/weltlaeden.de\/nierstein\/rechte-ideen-nicht-unser-geschmack\/archiv-2021\/","title":{"rendered":"Archiv 2022"},"content":{"rendered":"<div class=\"wpb-content-wrapper\"><p>[vc_row][vc_column][vc_empty_space height=&#8220;20px&#8220;][\/vc_column][vc_column][vc_column_text]<\/p>\n<h1><span style=\"color: #800000\"><strong>Unser Archiv 2022<\/strong><\/span><\/h1>\n<p>[\/vc_column_text][\/vc_column][\/vc_row][vc_row][vc_column][vc_empty_space height=&#8220;20px&#8220;][\/vc_column][\/vc_row][vc_row][vc_column][vc_column_text]<\/p>\n<h1><span style=\"color: #000000\">Kaffee-Testsieger &#8222;GEPA Faires Pfund&#8220;<\/span><\/h1>\n<p>[\/vc_column_text][vc_column_text]<em>6. Januar 2022\u00a0 \u00a0<span style=\"color: #000000\">\u00a0<\/span><\/em><span style=\"color: #000000\">NEU im Weltladen! Der Sieger des Kaffee-Tests der Zeitschrift \u00d6kotest im November 2021 ist <a style=\"color: #000000\" href=\"https:\/\/www.gepa.de\/home\/meldungen\/oeko-test-faires-pfund-kaffee-das-beste-produkt-im-test.html\" target=\"_blank\" rel=\"noopener\">Gepa Faires Pfund Bio Kaffee\u00a0<\/a>mit dem Gesamturteil &#8222;gut&#8220;. Sowohl die Inhaltsstoffe als auch die Sensorik bekamen die Note &#8222;gut&#8220;. &#8222;Sehr gut&#8220; und die damit beste Bewertung erhielt das Gepa Faire Pfund f\u00fcr den Kaffeeanbau und die Transparenz. Besser auf Klasse statt auf Masse setzen. Denn Kaffeeanbau tr\u00e4gt zur Entwaldung bei. Ein gutes Zeichen ist, wenn Kaffee sowohl ein Bio-Label als auch eines f\u00fcr Fairen Handel tr\u00e4gt. Der Test liegt im Weltladen zur Einsicht f\u00fcr Sie bereit. (Quelle: \u00d6kotest November 2021)<\/span>[\/vc_column_text][\/vc_column][\/vc_row][vc_row][vc_column][vc_empty_space height=&#8220;20px&#8220;][\/vc_column][\/vc_row][vc_row][vc_column][vc_column_text]<\/p>\n<h1><span style=\"color: #000000\">Spende f\u00fcr den Regenwald 2021<\/span><\/h1>\n<p>[\/vc_column_text][vc_column_text]<em>18. Januar 2022\u00a0 \u00a0 \u00a0<\/em>In die Regenwaldbox auf unserer Theke &#8222;wanderten&#8220; im Laufe des 2021 von unseren Kund*innen <span style=\"color: #000000\">380 Euro, d<\/span>ie den Bem\u00fchungen zum Erhalt des Regenwaldes zugutekommen. Vielen Dank daf\u00fcr![\/vc_column_text][\/vc_column][\/vc_row][vc_row][vc_column][vc_empty_space height=&#8220;20px&#8220;][\/vc_column][\/vc_row][vc_row][vc_column][vc_column_text]<\/p>\n<h1><span style=\"color: #000000\">S\u00fc\u00dfes und Dekoratives f\u00fcr die Osterzeit<\/span><\/h1>\n<p>[\/vc_column_text][vc_column_text]<em>17. M\u00e4rz 2022\u00a0 \u00a0 <\/em><span style=\"color: #000000\">Osterstimmung im Weltladen Nierstein! <\/span>Ob Schoko-Osterhasen, Schoko-Eier, edle Schokoladen, farbenfrohe Deko aus Filz und anderen Materialien &#8211; im Weltladen Nierstein werden Sie f\u00fcndig.\u00a0\u00a0Mit Kreativit\u00e4t und einer \u00fcberraschenden Vielfalt an Materialien haben unsere Fair-Handels-Partner wundersch\u00f6ne Artikel gezaubert &#8211; f\u00fcr Ihr Zuhause oder als Geschenk. Kommen Sie vorbei zum St\u00f6bern und erleben Sie ein wenig Vorfreude auf die Ostertage. Wir freuen uns auf Sie![\/vc_column_text][\/vc_column][\/vc_row][vc_row][vc_column][vc_empty_space height=&#8220;20px&#8220;][\/vc_column][\/vc_row][vc_row][vc_column][vc_column_text]<\/p>\n<h1><span style=\"color: #000000\">Fairer KaffeeTreff am Weltladentag 14. Mai 2022<\/span><\/h1>\n<p>[\/vc_column_text][vc_column_text]<em>7. Mai 2022\u00a0\u00a0<\/em><span style=\"color: #000000\"> M\u00c4CHTIG unfair <\/span>ist, wenn Unternehmen hohe Gewinne erzielen, w\u00e4hrend die Produzierenden zu niedrige Preise erhalten, um ihre Kosten f\u00fcr die Produktion decken zu k\u00f6nnen, geschweige denn, davon gut leben zu k\u00f6nnen. Die Macht der gro\u00dfen Unternehmen ist schwer zu beeinflussen. Trotzdem leistet der faire Handel seinen Beitrag \u00fcber Gesetzesinitiativen f\u00fcr das Lieferkettengesetz und f\u00fcr das Verbot unfairer Handelspraktiken. Und Einkaufen bedeutet im Weltladen immer auch Fair\u00c4ndern! Unterst\u00fctzen Sie uns! Kommen Sie am 14. Mai von 10 bis 13 Uhr in den Weltladen Nierstein zu Information und Austausch bei einer Tasse fairen Kaffee und kleinen K\u00f6stlichkeiten.[\/vc_column_text][\/vc_column][\/vc_row][vc_row][vc_column][vc_empty_space height=&#8220;20px&#8220;][\/vc_column][\/vc_row][vc_row][vc_column][vc_column_text]<\/p>\n<h1><span style=\"color: #000000\">Kundeninformation Schokolade<\/span><\/h1>\n<p>[\/vc_column_text][vc_column_text]<em>9. Juni 2022\u00a0\u00a0<\/em><span style=\"color: #000000\"> Aufgrund fehlender K\u00fchlm\u00f6glichkeiten verkaufen wir in den Sommermonaten Juli und August keine Schokolade und schokoladehaltigen Produkte. Wie w\u00e4re es mit leckeren und dazu noch gesunden Nasch-Alternativen? Wir haben getrocknete Fr\u00fcchte wie Mangos, Aprikosen, Pflaumen, Nussriegel, Erdn\u00fcsse, Macadamian\u00fcsse und Cashewkerne im Angebot.<\/span>[\/vc_column_text][\/vc_column][\/vc_row][vc_row][vc_column][vc_empty_space height=&#8220;20px&#8220;][\/vc_column][\/vc_row][vc_row][vc_column][vc_column_text]<\/p>\n<h1><span style=\"color: #000000\">Neue Sommerartikel<\/span><\/h1>\n<p>[\/vc_column_text][vc_column_text]<em>5. Juli 2022<\/em>\u00a0 \u00a0 <span style=\"color: #800000\"><span style=\"color: #333333\">Lassen Sie<\/span> <\/span>K\u00f6rper und Seele baumeln in einem farbenfrohen <strong><span style=\"color: #800000\">H\u00e4ngesitz aus El Salvador<\/span><\/strong>. F\u00fcr rund 200 ProduzentInnen und ihre Familien sorgen Produktion und Vertrieb zu fairen Preisen f\u00fcr sichere Arbeitspl\u00e4tze, gute Arbeitsbedingungen und ein ausreichendes Einkommen. Infos <a href=\"https:\/\/www.globo-fairtrade.com\/haengematten\" target=\"_blank\" rel=\"noopener\">https:\/\/www.globo-fairtrade.com\/haengematten<\/a><\/p>\n<p>Freiheit f\u00fcr die F\u00fc\u00dfe mit phlip phlops aus Sri Lanka: Unsere <strong><span style=\"color: #800000\">Green&amp;Fair phlip phlops<\/span><\/strong> sind superbequem und stylisch zugleich. Sie sind zu 100% aus fair gehandeltem und FSC\u00ae zertifiziertem Naturkautschuk, verpackt in Netzbeuteln aus Bio-Baumwolle. Infos <a href=\"https:\/\/www.fairtradecenter.info\/Green-Fair-phlip-phlops-blue-green-38\" target=\"_blank\" rel=\"noopener\">https:\/\/www.fairtradecenter.info\/Green-Fair-phlip-phlops-blue-green-38<\/a>[\/vc_column_text][\/vc_column][\/vc_row][vc_row][vc_column][vc_empty_space height=&#8220;20px&#8220;][\/vc_column][\/vc_row][vc_row][vc_column][vc_column_text]<\/p>\n<h1><span style=\"color: #000000\">Reduzierte \u00d6ffnungszeiten im August 2022<\/span><\/h1>\n<p>[\/vc_column_text][vc_column_text]<em>8. Juli 2022<\/em>\u00a0 \u00a0 <span style=\"color: #333333\">Im Ferienmonat August haben wir unsere \u00d6ffnungszeiten etwas reduziert<br \/>\n<\/span><span style=\"color: #000000\">Montag: geschlossen<\/span><br \/>\n<span style=\"color: #000000\">Dienstag: 10 bis 13 Uhr<\/span><br \/>\n<span style=\"color: #000000\">Mittwoch: 10 bis 13 Uhr<\/span><br \/>\n<span style=\"color: #000000\">Donnerstag: 10 bis 13 Uhr<\/span><br \/>\n<span style=\"color: #000000\">Freitag: 10 bis 13 + 15 bis 18 Uhr<\/span><br \/>\n<span style=\"color: #000000\">Samstag: 10 bis 13 Uhr<\/span><\/p>\n<p><span style=\"color: #000000\">Danke f\u00fcr Ihr Verst\u00e4ndnis!<\/span>[\/vc_column_text][\/vc_column][\/vc_row][vc_row][vc_column][vc_empty_space height=&#8220;20px&#8220;][\/vc_column][\/vc_row][vc_row][vc_column][vc_column_text]<\/p>\n<h1><span style=\"color: #000000\">Ahoi! Gesegelter Bio-Kaffee aus Nicaragua<\/span><\/h1>\n<p>[\/vc_column_text][vc_column_text]<em>10. September 2022\u00a0 \u00a0<\/em><span style=\"color: #000000\">Kaffee Ahoi!: Mit dem Segelfrachter von Nicaragua nach Hamburg<br \/>\nUm ein Zeichen f\u00fcr den umweltfreundlichen Warentransport zu setzen, reist der Kaffee Ahoi! per Segelschiff. Der deutsche Segelfrachter Avontuur hat die gr\u00fcnen Kaffeebohnen von Nicaragua bis nach Hamburg nahezu ausschlie\u00dflich mit Windkraft transportiert. \u00dcber 18.000 Seemeilen hinweg verbindet das Segelschiff das nachhaltige Engagement der Produzent*innen in Lateinamerika mit dem der europ\u00e4ischen Kund*innen. Ab sofort im Weltladen Nierstein zum Kennenlernpreis von 8,80 Euro\/250 g &#8211; Bio, vegan, als Bohnen oder gemahlen.<\/span><\/p>\n<p>[\/vc_column_text][\/vc_column][\/vc_row][vc_row][vc_column][vc_empty_space height=&#8220;20px&#8220;][\/vc_column][\/vc_row][vc_row][vc_column][vc_column_text]<\/p>\n<h1><span style=\"color: #000000\">Aktionstag zur Fairen Woche 2022<\/span><\/h1>\n<p>[\/vc_column_text][vc_column_text]Anl\u00e4sslich der diesj\u00e4hrigen Fairen Wochen hatte der Weltladen Nierstein f\u00fcr Samstag, 24. September 2022 zu einem Fairen Fr\u00fchst\u00fcck eingeladen. Interessierte aus Kundschaft und Politik sind der Einladung gefolgt. Die Ausstellung &#8222;Welchen Weg legt meine Jeans zur\u00fcck?&#8220; lud bei Kaffee, Tee und selbstgemachten Speisen zu Gespr\u00e4chen \u00fcber das diesj\u00e4hrige Motto <span style=\"color: #800000\">&#8222;Fair steht dir \u2013 #fairhandeln f\u00fcr Menschenrechte weltweit\u201c <span style=\"color: #000000\">\u00fcber<\/span><\/span>Arbeitsbedingungen in der Bekleidungsindustrie und Fairtrade-Labels ein. Weitere Infos auf\u00a0 <a href=\"https:\/\/www.faire-woche.de\/faire-woche-2022\/jahresthema\">Jahresthema\u00a0|\u00a0Faire Woche 2022\u00a0|\u00a0Faire Woche (faire-woche.de)<\/a>[\/vc_column_text][\/vc_column][\/vc_row][vc_row][vc_column][vc_empty_space height=&#8220;20px&#8220;][\/vc_column][\/vc_row]<\/p>\n<\/div>","protected":false},"excerpt":{"rendered":"<p>[vc_row][vc_column][vc_empty_space height=&#8220;20px&#8220;][\/vc_column][vc_column][vc_column_text] Unser Archiv 2022 [\/vc_column_text][\/vc_column][\/vc_row][vc_row][vc_column][vc_empty_space height=&#8220;20px&#8220;][\/vc_column][\/vc_row][vc_row][vc_column][vc_column_text] Kaffee-Testsieger &#8222;GEPA Faires Pfund&#8220; [\/vc_column_text][vc_column_text]6. Januar 2022\u00a0 \u00a0\u00a0NEU im Weltladen! Der Sieger des Kaffee-Tests der Zeitschrift \u00d6kotest im November 2021 ist Gepa Faires Pfund Bio Kaffee\u00a0mit dem Gesamturteil &#8222;gut&#8220;. Sowohl die Inhaltsstoffe als auch die Sensorik bekamen die Note &#8222;gut&#8220;. &#8222;Sehr gut&#8220; und die damit beste Bewertung erhielt&hellip;<\/p>\n","protected":false},"author":14,"featured_media":0,"parent":361,"menu_order":4,"comment_status":"closed","ping_status":"closed","template":"","meta":{"footnotes":""},"class_list":["post-1946","page","type-page","status-publish","hentry","description-off"],"yoast_head":"<!-- This site is optimized with the Yoast SEO plugin v26.8 - https:\/\/yoast.com\/product\/yoast-seo-wordpress\/ -->\n<title>Archiv 2022 - Weltladen Nierstein<\/title>\n<meta name=\"robots\" content=\"index, follow, max-snippet:-1, max-image-preview:large, max-video-preview:-1\" \/>\n<link rel=\"canonical\" href=\"https:\/\/weltlaeden.de\/nierstein\/aktuelles\/archiv-2021\/\" \/>\n<meta property=\"og:locale\" content=\"de_DE\" \/>\n<meta property=\"og:type\" content=\"article\" \/>\n<meta property=\"og:title\" content=\"Archiv 2022 - Weltladen Nierstein\" \/>\n<meta property=\"og:description\" content=\"[vc_row][vc_column][vc_empty_space height=&#8220;20px&#8220;][\/vc_column][vc_column][vc_column_text] Unser Archiv 2022 [\/vc_column_text][\/vc_column][\/vc_row][vc_row][vc_column][vc_empty_space height=&#8220;20px&#8220;][\/vc_column][\/vc_row][vc_row][vc_column][vc_column_text] Kaffee-Testsieger &#8222;GEPA Faires Pfund&#8220; [\/vc_column_text][vc_column_text]6. Januar 2022\u00a0 \u00a0\u00a0NEU im Weltladen! Der Sieger des Kaffee-Tests der Zeitschrift \u00d6kotest im November 2021 ist Gepa Faires Pfund Bio Kaffee\u00a0mit dem Gesamturteil &#8222;gut&#8220;. Sowohl die Inhaltsstoffe als auch die Sensorik bekamen die Note &#8222;gut&#8220;. &#8222;Sehr gut&#8220; und die damit beste Bewertung erhielt&hellip;\" \/>\n<meta property=\"og:url\" content=\"https:\/\/weltlaeden.de\/nierstein\/aktuelles\/archiv-2021\/\" \/>\n<meta property=\"og:site_name\" content=\"Weltladen Nierstein\" \/>\n<meta property=\"article:modified_time\" content=\"2023-07-17T19:33:49+00:00\" \/>\n<meta name=\"twitter:card\" content=\"summary_large_image\" \/>\n<meta name=\"twitter:label1\" content=\"Gesch\u00e4tzte Lesezeit\" \/>\n\t<meta name=\"twitter:data1\" content=\"4\u00a0Minuten\" \/>\n<script type=\"application\/ld+json\" class=\"yoast-schema-graph\">{\"@context\":\"https:\/\/schema.org\",\"@graph\":[{\"@type\":\"WebPage\",\"@id\":\"https:\/\/weltlaeden.de\/nierstein\/aktuelles\/archiv-2021\/\",\"url\":\"https:\/\/weltlaeden.de\/nierstein\/aktuelles\/archiv-2021\/\",\"name\":\"Archiv 2022 - Weltladen Nierstein\",\"isPartOf\":{\"@id\":\"https:\/\/weltlaeden.de\/nierstein\/#website\"},\"datePublished\":\"2022-09-08T07:42:24+00:00\",\"dateModified\":\"2023-07-17T19:33:49+00:00\",\"breadcrumb\":{\"@id\":\"https:\/\/weltlaeden.de\/nierstein\/aktuelles\/archiv-2021\/#breadcrumb\"},\"inLanguage\":\"de\",\"potentialAction\":[{\"@type\":\"ReadAction\",\"target\":[\"https:\/\/weltlaeden.de\/nierstein\/aktuelles\/archiv-2021\/\"]}]},{\"@type\":\"BreadcrumbList\",\"@id\":\"https:\/\/weltlaeden.de\/nierstein\/aktuelles\/archiv-2021\/#breadcrumb\",\"itemListElement\":[{\"@type\":\"ListItem\",\"position\":1,\"name\":\"Startseite\",\"item\":\"https:\/\/weltlaeden.de\/nierstein\/\"},{\"@type\":\"ListItem\",\"position\":2,\"name\":\"Aktuelles\",\"item\":\"https:\/\/weltlaeden.de\/nierstein\/\"},{\"@type\":\"ListItem\",\"position\":3,\"name\":\"Archiv 2022\"}]},{\"@type\":\"WebSite\",\"@id\":\"https:\/\/weltlaeden.de\/nierstein\/#website\",\"url\":\"https:\/\/weltlaeden.de\/nierstein\/\",\"name\":\"Vorlage\",\"description\":\"Faire Produkte seit 1983\",\"potentialAction\":[{\"@type\":\"SearchAction\",\"target\":{\"@type\":\"EntryPoint\",\"urlTemplate\":\"https:\/\/weltlaeden.de\/nierstein\/?s={search_term_string}\"},\"query-input\":{\"@type\":\"PropertyValueSpecification\",\"valueRequired\":true,\"valueName\":\"search_term_string\"}}],\"inLanguage\":\"de\"}]}<\/script>\n<!-- \/ Yoast SEO plugin. -->","yoast_head_json":{"title":"Archiv 2022 - Weltladen Nierstein","robots":{"index":"index","follow":"follow","max-snippet":"max-snippet:-1","max-image-preview":"max-image-preview:large","max-video-preview":"max-video-preview:-1"},"canonical":"https:\/\/weltlaeden.de\/nierstein\/aktuelles\/archiv-2021\/","og_locale":"de_DE","og_type":"article","og_title":"Archiv 2022 - Weltladen Nierstein","og_description":"[vc_row][vc_column][vc_empty_space height=&#8220;20px&#8220;][\/vc_column][vc_column][vc_column_text] Unser Archiv 2022 [\/vc_column_text][\/vc_column][\/vc_row][vc_row][vc_column][vc_empty_space height=&#8220;20px&#8220;][\/vc_column][\/vc_row][vc_row][vc_column][vc_column_text] Kaffee-Testsieger &#8222;GEPA Faires Pfund&#8220; [\/vc_column_text][vc_column_text]6. Januar 2022\u00a0 \u00a0\u00a0NEU im Weltladen! Der Sieger des Kaffee-Tests der Zeitschrift \u00d6kotest im November 2021 ist Gepa Faires Pfund Bio Kaffee\u00a0mit dem Gesamturteil &#8222;gut&#8220;. Sowohl die Inhaltsstoffe als auch die Sensorik bekamen die Note &#8222;gut&#8220;. &#8222;Sehr gut&#8220; und die damit beste Bewertung erhielt&hellip;","og_url":"https:\/\/weltlaeden.de\/nierstein\/aktuelles\/archiv-2021\/","og_site_name":"Weltladen Nierstein","article_modified_time":"2023-07-17T19:33:49+00:00","twitter_card":"summary_large_image","twitter_misc":{"Gesch\u00e4tzte Lesezeit":"4\u00a0Minuten"},"schema":{"@context":"https:\/\/schema.org","@graph":[{"@type":"WebPage","@id":"https:\/\/weltlaeden.de\/nierstein\/aktuelles\/archiv-2021\/","url":"https:\/\/weltlaeden.de\/nierstein\/aktuelles\/archiv-2021\/","name":"Archiv 2022 - Weltladen Nierstein","isPartOf":{"@id":"https:\/\/weltlaeden.de\/nierstein\/#website"},"datePublished":"2022-09-08T07:42:24+00:00","dateModified":"2023-07-17T19:33:49+00:00","breadcrumb":{"@id":"https:\/\/weltlaeden.de\/nierstein\/aktuelles\/archiv-2021\/#breadcrumb"},"inLanguage":"de","potentialAction":[{"@type":"ReadAction","target":["https:\/\/weltlaeden.de\/nierstein\/aktuelles\/archiv-2021\/"]}]},{"@type":"BreadcrumbList","@id":"https:\/\/weltlaeden.de\/nierstein\/aktuelles\/archiv-2021\/#breadcrumb","itemListElement":[{"@type":"ListItem","position":1,"name":"Startseite","item":"https:\/\/weltlaeden.de\/nierstein\/"},{"@type":"ListItem","position":2,"name":"Aktuelles","item":"https:\/\/weltlaeden.de\/nierstein\/"},{"@type":"ListItem","position":3,"name":"Archiv 2022"}]},{"@type":"WebSite","@id":"https:\/\/weltlaeden.de\/nierstein\/#website","url":"https:\/\/weltlaeden.de\/nierstein\/","name":"Vorlage","description":"Faire Produkte seit 1983","potentialAction":[{"@type":"SearchAction","target":{"@type":"EntryPoint","urlTemplate":"https:\/\/weltlaeden.de\/nierstein\/?s={search_term_string}"},"query-input":{"@type":"PropertyValueSpecification","valueRequired":true,"valueName":"search_term_string"}}],"inLanguage":"de"}]}},"_links":{"self":[{"href":"https:\/\/weltlaeden.de\/nierstein\/wp-json\/wp\/v2\/pages\/1946","targetHints":{"allow":["GET"]}}],"collection":[{"href":"https:\/\/weltlaeden.de\/nierstein\/wp-json\/wp\/v2\/pages"}],"about":[{"href":"https:\/\/weltlaeden.de\/nierstein\/wp-json\/wp\/v2\/types\/page"}],"author":[{"embeddable":true,"href":"https:\/\/weltlaeden.de\/nierstein\/wp-json\/wp\/v2\/users\/14"}],"replies":[{"embeddable":true,"href":"https:\/\/weltlaeden.de\/nierstein\/wp-json\/wp\/v2\/comments?post=1946"}],"version-history":[{"count":37,"href":"https:\/\/weltlaeden.de\/nierstein\/wp-json\/wp\/v2\/pages\/1946\/revisions"}],"predecessor-version":[{"id":2109,"href":"https:\/\/weltlaeden.de\/nierstein\/wp-json\/wp\/v2\/pages\/1946\/revisions\/2109"}],"up":[{"embeddable":true,"href":"https:\/\/weltlaeden.de\/nierstein\/wp-json\/wp\/v2\/pages\/361"}],"wp:attachment":[{"href":"https:\/\/weltlaeden.de\/nierstein\/wp-json\/wp\/v2\/media?parent=1946"}],"curies":[{"name":"wp","href":"https:\/\/api.w.org\/{rel}","templated":true}]}}