{"id":1615,"date":"2020-11-09T19:36:08","date_gmt":"2020-11-09T18:36:08","guid":{"rendered":"https:\/\/weltlaeden.de\/nierstein\/?page_id=1615"},"modified":"2023-07-17T21:33:49","modified_gmt":"2023-07-17T19:33:49","slug":"archiv","status":"publish","type":"page","link":"https:\/\/weltlaeden.de\/nierstein\/rechte-ideen-nicht-unser-geschmack\/archiv\/","title":{"rendered":"Archiv 2020"},"content":{"rendered":"<div class=\"wpb-content-wrapper\"><p>[vc_row][vc_column][vc_empty_space height=&#8220;20px&#8220;][\/vc_column][\/vc_row][vc_row][vc_column][vc_column_text]<\/p>\n<h1><strong><span style=\"color: #800000\">Unser Archiv 2020<\/span><\/strong><\/h1>\n<p>[\/vc_column_text][\/vc_column][\/vc_row][vc_row][vc_column][vc_empty_space height=&#8220;20px&#8220;][\/vc_column][\/vc_row][vc_row][vc_column][vc_column_text]<\/p>\n<h1>UTAMTSI-Kaffee\u00a0 &#8211;\u00a0 Produkt des Monats Januar 2020<\/h1>\n<p>[\/vc_column_text][vc_column_text]Von Plantagen im Hochland Kameruns und Ugandas stammt der direkt und fair gehandelte Kaffee der Marke <a href=\"http:\/\/www.utamtsi.com\/\">UTAMTSI<\/a>: wild gewachsen, biologisch angebaut und von Hand geerntet. Utamtsi-Kaffee ist echter Genuss: schonend ger\u00f6stet, mild, s\u00e4urearm und wohlschmeckend. Kaffeegenie\u00dfern bietet sich eine spannende Vielfalt: kernig-kr\u00e4ftiger Espresso, vollmundiger Sch\u00fcmli, ausgewogene Mischungen. \u00dcberzeugen Sie sich selbst! Kaffee, Tee, N\u00fcsse aus Kamerun gibt es ab Dienstag, 7. Januar 2020 im Weltladen Nierstein.[\/vc_column_text][\/vc_column][\/vc_row][vc_row][vc_column][vc_empty_space height=&#8220;20px&#8220;][\/vc_column][\/vc_row][vc_row][vc_column][vc_column_text]<\/p>\n<h1>Filz &#8211; Produkt des Monats Februar 2020<\/h1>\n<p>[\/vc_column_text][vc_column_text]Filzblumen zum <em>FAIR<\/em> lieben, Dekoratives und Praktisches aus 100% Wolle. Von unserem langj\u00e4hrigen Partner <a href=\"https:\/\/www.akarfairtrade.de\/\">AKAR<\/a> beziehen wir die handgearbeiteten Filzprodukte aus Nepal und Bangladesh. Komplett wird der Fr\u00fchlingstisch durch das Geschirr Blumenwiese von <a href=\"https:\/\/www.el-puente.de\/\">El Puente<\/a>.[\/vc_column_text][\/vc_column][\/vc_row][vc_row][vc_column][vc_empty_space height=&#8220;20px&#8220;][\/vc_column][\/vc_row][vc_row][vc_column][vc_column_text]<\/p>\n<h1><span style=\"color: #000000\">Solidarit\u00e4t 2020 &#8211; Gemeinsam durch die Krise<\/span><\/h1>\n<p>[\/vc_column_text][vc_column_text]Unterst\u00fctzung in der Corona-Krise f\u00fcr die vielfach geschlossenen Weltl\u00e4den und vor allem f\u00fcr die kleinen Bauern- und Handwerksbetriebe des S\u00fcdens kommt dieser Tage von unseren Lieferanten.\u00a0 Lassen Sie sich Ihre Lieblingsprodukte direkt nach Hause liefern und bestellen Sie online. Wenn Sie bei Ihrer Online-Bestellung den Weltladen Nierstein angeben, erhalten wir eine f\u00fcr uns wichtige Provision. Vielen Dank und auf ein baldiges Wiedersehen im Weltladen Nierstein!<\/p>\n<p>Der Weltladen-Dachverband hat die <a href=\"https:\/\/www.weltladen.de\/produkte-handelspartner\/aktion-fairsorgung\/\" target=\"_blank\" rel=\"noopener\">Aktion #fairsorgung<\/a> gestartet und bietet auf seiner Homepage die entsprechenden Links zu den Lieferanten.[\/vc_column_text][\/vc_column][\/vc_row][vc_row][vc_column][vc_empty_space height=&#8220;20px&#8220;][\/vc_column][\/vc_row][vc_row][vc_column][vc_column_text]<\/p>\n<h1><span style=\"color: #000000\">fairafric Schokolade &#8211;<\/span> Produkt des Monats M\u00e4rz 2020<\/h1>\n<p>[\/vc_column_text][vc_column_text]&#8220;Die wahrscheinlich fairste Schokolade der Welt&#8220; &#8211; denn sie ist vom Kakaobaum bis zur Tafel &#8222;<span style=\"color: #800000\">Made in Africa&#8220;<span style=\"color: #000000\">! Ob Milchschoko<\/span><\/span><span style=\"color: #800000\"><span style=\"color: #000000\">lade, Zartbitter, Fleur de Sel, Nibs &#8211; bei uns finden Sie das ganze Angebot. Mit jedem Kauf helfen Sie, qualifizierte Arbeitspl\u00e4tze in Afrika zu schaffen, die zu h\u00f6herem Einkommen, besserem Zugang zu Bildung und Gesundheitsvorsorge f\u00fchren. Denn beim Export der fertigen Schokoladetafeln verf\u00fcnffacht sich das Einkommen auf \u00fcber 10.000 Dollar je Tonne Kakao. Keine Entwicklungshilfe, sondern eine echte Chance!\u00a0 <a href=\"https:\/\/fairafric.com\/de\/\" target=\"_blank\" rel=\"noopener\">Mehr<\/a>&#8230;<\/span><\/span>[\/vc_column_text][\/vc_column][\/vc_row][vc_row][vc_column][vc_empty_space height=&#8220;20px&#8220;][\/vc_column][\/vc_row][vc_row][vc_column][vc_column_text]<\/p>\n<h1>Weltgebetstag am 6. M\u00e4rz 2020 &#8211; Simbabwe<\/h1>\n<p>[\/vc_column_text][vc_column_text]Die Frauen aus Simbabwe rufen mit dem diesj\u00e4hrigen Weltgebetstags-Motto &#8222;Steh auf und geh!&#8220; dazu auf, mit ihnen zusammen f\u00fcr eine bessere Zukunft einzustehen. Damit wollen sie auf die Situation in ihrem Land aufmerksam machen und zeigen, was bewegt werden kann, wenn alle gemeinsam aufstehen. Weitere Infos auf\u00a0<a href=\"https:\/\/weltgebetstag.de\/aktueller-wgt\/simbabwe\/\" target=\"_blank\" rel=\"noopener\">Weltgebetstag der Frauen<\/a>[\/vc_column_text][\/vc_column][\/vc_row][vc_row][vc_column][vc_empty_space height=&#8220;20px&#8220;][\/vc_column][\/vc_row][vc_row][vc_column][vc_column_text]<\/p>\n<h1><span style=\"color: #000000\">NEU IM MAI &#8211; Seifen, Seifenschalen, Handcremes<\/span><\/h1>\n<p>[\/vc_column_text][vc_column_text]Handgemachte, vegane Seifenst\u00fccke aus Indien und Thailand in sinnlichen Duftrichtungen, dekorative Seifenschalen aus Keramik und pflegende Handcremes. Nat\u00fcrlich aus fairem Handel, denn die Seifenmanufakturen in Thailand und Indien schaffen Arbeitspl\u00e4tze, die Verarbeitung von zertifiziertem Palm\u00f6l sorgt f\u00fcr \u00f6kologische Nachhaltigkeit.[\/vc_column_text][\/vc_column][\/vc_row][vc_row][vc_column][vc_empty_space height=&#8220;20px&#8220;][\/vc_column][\/vc_row][vc_row][vc_column][vc_column_text]<\/p>\n<h1><span style=\"color: #000000\">Produkt des Monats September<br \/>\nSeidenschals aus gewaltfreier Produktion<\/span><\/h1>\n<p>[\/vc_column_text][vc_column_text]Warme Herbstfarben, kr\u00e4ftige Blaut\u00f6ne, k\u00fchles Grau &#8211; wir haben eine gro\u00dfe Auswahl Seidenschals f\u00fcr Sie im Angebot. Inspiriert von Mahatma Ghandis Idee der Gewaltlosigkeit wurde eine alternative Art der Seidenraupenz\u00fcchtung entwickelt: das Endprodukt dieser besonderen Verarbeitungsart ist die <strong><span style=\"color: #993300\">Ahimsa-Seide<\/span><\/strong>. &#8222;Ahimsa&#8220; bedeutet auf Sanskrit &#8222;nicht verletzend&#8220;. W\u00e4hrend bei der konventionellen Seidengewinnung der Kokon mit der Raupe ins hei\u00dfe Wasser gegeben wird und das Tier somit stirbt, verarbeiten unsere Produzent*innen der Organisation MESH den Kokon erst, nachdem der Falter geschl\u00fcpft ist. Auf diese Weise wird den Raupen kein Schaden zugef\u00fcgt. Da der Kokon beim Schl\u00fcpfen aber besch\u00e4digt wird, ist der Faden deutlich k\u00fcrzer und die Weiterverarbeitung wesentlich aufwendiger.\u00a0\u00a0<a href=\"https:\/\/shop.el-puente.de\/mode\/accessoires\/tucher-schals\/seidenschals-tucher\/schals.html\" target=\"_blank\" rel=\"noopener\">mehr zu den Schals &#8230;<\/a>[\/vc_column_text][\/vc_column][\/vc_row][vc_row][vc_column][vc_empty_space height=&#8220;20px&#8220;][\/vc_column][\/vc_row][vc_row][vc_column][vc_column_text]<\/p>\n<h1><span style=\"color: #000000\">Weltladen Nierstein unterst\u00fctzt Genossenschaft<\/span><\/h1>\n<p>[\/vc_column_text][vc_column_text]<span style=\"color: #000000\"><em>September 2020<\/em> &#8211; Mit dem Kauf von Genossenschaftsanteilen wurde der Weltladen Nierstein im September 2020 Mitglied in der Weltladen-Betreiber Genossenschaft. Damit m\u00f6chte das Team des Weltladens den Fairen Handel weiter voranbringen und die Produzenten unterst\u00fctzen. Der finanzielle Beitrag ist m\u00f6glich, da alle Mitarbeiter*innen ehrenamtlich im Weltladen arbeiten und so \u00dcbersch\u00fcsse erwirtschaftet werden k\u00f6nnen. Gesch\u00e4ftsidee und Ziel der WELTLADEN-BETREIBER eG ist es, professionelle Weltl\u00e4den in guten Innenstadtlagen zu gr\u00fcnden und in der Folge zu betreiben. Denn es gibt einerseits eine gro\u00dfe Akzeptanz fair gehandelter Produkte in unserer Gesellschaft und andererseits ein steigendes Angebot von Produzentenseite. Diese beiden Gruppen werden in Weltl\u00e4den als Fachgesch\u00e4fte des Fairen Handels miteinander in Verbindung gebracht. <a href=\"https:\/\/weltladen-betreiber.de\/genossenschaft\/\" target=\"_blank\" rel=\"noopener\">Mehr Information &#8230;<\/a><\/span>[\/vc_column_text][\/vc_column][\/vc_row][vc_row][vc_column][vc_empty_space height=&#8220;20px&#8220;][\/vc_column][\/vc_row][vc_row][vc_column][vc_column_text]<\/p>\n<h1><span style=\"color: #000000\">Frau Merkel, wir brauchen ein Lieferkettengesetz!<\/span><\/h1>\n<p>[\/vc_column_text][vc_column_text]<strong><span style=\"color: #993300\">Der Faire Handel als Best-Practice-Beispiel<\/span>\u00a0<\/strong> <a href=\"https:\/\/www.weltladen.de\/politik-veraendern\/aktuelles\/der-faire-handel-darf-nicht-die-ausnahme-bleiben\/\" target=\"_blank\" rel=\"noopener\">mehr&#8230;<\/a><br \/>\nDie aktuelle Situation zeigt uns deutlich, warum Menschenrechte entlang globaler Lieferketten st\u00e4rker in den Fokus m\u00fcssen. Gerade am Anfang der Lieferkette sind Produzent*innen und Arbeiter*innen aufgrund fehlender Absicherung besonders gef\u00e4hrdet. Seit 50 Jahren zeigen Fair-Handels-Unternehmen, dass es m\u00f6glich ist, Menschenrechte entlang globaler Lieferketten zu achten. Deshalb fordern der Weltladen-Dachverband und das Forum Fairer Handel ein Lieferkettengesetz. Wie das Lieferkettengesetz aussehen m\u00fcsste, wird im <a href=\"https:\/\/www.youtube.com\/watch?v=YOIyZNq_w5c\" target=\"_blank\" rel=\"noopener\">Video<\/a> erkl\u00e4rt. Unterst\u00fctzen Sie die Initiative mit Ihrer Unterschrift, im Weltladen Nierstein oder per <a href=\"https:\/\/www.weltladen.de\/politik-veraendern\/petition\/\" target=\"_blank\" rel=\"noopener\">Online-Petition<\/a>![\/vc_column_text][\/vc_column][\/vc_row][vc_row][vc_column][vc_empty_space height=&#8220;20px&#8220;][\/vc_column][\/vc_row][vc_row][vc_column][vc_column_text]<\/p>\n<h1><span style=\"color: #000000\">Aktion &#8222;Nick doch mal!&#8220; am 18. September 2020<\/span><\/h1>\n<p>[\/vc_column_text][vc_column_text]Aktion des Weltladens Nierstein zum Lieferkettengesetz!\u00a0 \u00a0<span style=\"color: #993300\"><strong>Menschen sollen von ihrer Arbeit leben k\u00f6nnen und Unternehmen sollen weltweit Menschenrechte einhalten.\u00a0 \u00a0<\/strong><span style=\"color: #000000\">F\u00fcr diese Forderung gab es viel Zustimmung\u00a0an der B9 in Nierstein von den vorbeifahrenden Autofahrern mit Daumen hoch und zugenickt. Das passt zu einer aktuellen Umfrage, nach der 75% der Bev\u00f6lkerung f\u00fcr ein Lieferkettengesetz sind. (Quelle: Initiative Lieferkettengesetz)\u00a0 <\/span><\/span><a href=\"https:\/\/lieferkettengesetz.de\/aktuelles\/\" target=\"_blank\" rel=\"noopener\">mehr lesen&#8230;<\/a>[\/vc_column_text][\/vc_column][\/vc_row][vc_row][vc_column][vc_empty_space height=&#8220;20px&#8220;][\/vc_column][\/vc_row][vc_row][vc_column][vc_column_text]<\/p>\n<h1><span style=\"color: #000000\">Gespr\u00e4chsrunde am 19. September 2020<\/span><\/h1>\n<p>[\/vc_column_text][vc_column_text]Unter dem Motto \u201eFair statt mehr\u201c fragt die Aktionswoche des Fairen Handels in diesem Jahr, was wir f\u00fcr ein gutes Leben brauchen und wie wir dazu beitragen k\u00f6nnen, dass auch Andere ein gutes Leben f\u00fchren k\u00f6nnen. Hier\u00fcber, \u00fcber die Forderung eines Lieferkettengesetzes und die Initiative &#8222;Fairtrade Towns&#8220; haben mit uns diskutiert von links\u00a0<span style=\"color: #993300\"><strong>Pia Schellhammer<\/strong><\/span>, MdL f\u00fcr B\u00fcndnis 90\/Die Gr\u00fcnen,<strong>\u00a0<\/strong><span style=\"color: #993300\"><strong>Torsten Kram<\/strong><\/span>, Fraktionsvorsitzender B\u00fcndnis 90\/Die Gr\u00fcnen im Rat der VG Rhein-Selz und Vorsitzender der WfO,\u00a0<strong><span style=\"color: #993300\">Christina Bitz<\/span><\/strong>, Beigeordnete der VG Rhein-Selz, B\u00fcndnis 90\/Die Gr\u00fcnen\u00a0und\u00a0<span style=\"color: #993300\"><strong>Markus Frank<\/strong><\/span>, Fraktionssprecher f\u00fcr die SPD, Stadt Nierstein (hinten Mitte).\u00a0<a href=\"https:\/\/www.weltladen.de\/aktuelles\/2020-09\/was-braucht-man-fuer-ein-gutes-leben-1\/\" target=\"_blank\" rel=\"noopener\">Mehr zum guten Leben &#8230;<\/a><\/p>\n<p><a href=\"https:\/\/weltlaeden.de\/nierstein\/wp-content\/uploads\/sites\/60\/2020\/10\/Weltladen_Artikel-FW-2020.pdf\" target=\"_blank\" rel=\"noopener\">Zum Bericht der Allgemeinen Zeitung<\/a>[\/vc_column_text][\/vc_column][\/vc_row][vc_row][vc_column][vc_empty_space height=&#8220;20px&#8220;][\/vc_column][\/vc_row][vc_row][vc_column][vc_column_text]<\/p>\n<h1><span style=\"color: #000000\">Rabatt auf Taschen und Geldb\u00f6rsen<\/span><\/h1>\n<p>[\/vc_column_text][vc_column_text]Im Oktober und November erhalten Sie\u00a0<span style=\"color: #000000\">20% Rabatt auf alle<br \/>\nTaschen\u00a0und Geldb\u00f6rsen aus Leder.<\/span>[\/vc_column_text][\/vc_column][\/vc_row][vc_row][vc_column][vc_empty_space height=&#8220;20px&#8220;][\/vc_column][\/vc_row][vc_row][vc_column][vc_column_text]<\/p>\n<h1><span style=\"color: #000000\">Faire Weihnachtsgeschenke und Leckereien<\/span><\/h1>\n<p>[\/vc_column_text][vc_column_text]<span style=\"color: #000000\"><em>Dezember 2020 &#8211;\u00a0<\/em>Lassen Sie sich von der Handwerkskunst unserer Produzenten aus aller Welt inspirieren und st\u00f6bern Sie in entspannter Atmosph\u00e4re. Ob <strong>Weihnachtsdekoration<\/strong>, ein <strong>besonderes Geschenk<\/strong> oder ein <strong>Einkaufsgutschein<\/strong> &#8211; die Auswahl ist vielf\u00e4ltig.\u00a0Das Team des Weltladens freut sich auf Ihren Besuch zu den gewohnten \u00d6ffnungszeiten und w\u00fcnscht eine entspannte Adventszeit!<\/span>[\/vc_column_text][\/vc_column][\/vc_row][vc_row][vc_column][vc_column_text][\/vc_column_text][vc_empty_space height=&#8220;20px&#8220;][\/vc_column][\/vc_row][vc_row][vc_column][vc_column_text]<\/p>\n<h1><span style=\"color: #000000\">Dankesch\u00f6n und Weihnachtsgr\u00fc\u00dfe<\/span><\/h1>\n<p>[\/vc_column_text][vc_column_text]<em><span style=\"color: #000000\">Dezember 2020\u00a0 <\/span><\/em><span style=\"color: #000000\">&#8211;\u00a0 Das gesamte Team des Weltladens Nierstein w\u00fcnscht seinen Kundinnen und Kunden, Unterst\u00fctzern und Freunden friedliche und besinnliche Weihnachtstage. Wir bedanken uns f\u00fcr die gro\u00dfe Unterst\u00fctzung in diesem schwierigen Jahr auch im Namen unserer Handelspartner. Denn die Menschen im Globalen S\u00fcden profitieren oftmals nicht von einem guten Gesundheitssystem und staatlicher Unterst\u00fctzung. Sie sind besonders von der Corona-Pandemie betroffen. Durch Ihre Eink\u00e4ufe bei uns und den Verzicht auf die gesenkte Mehrwertsteuer haben Sie, liebe Kundinnen und Kunden, zur Einkommenssicherung der Produzenten beigetragen! Vielen Dank!<\/span><\/p>\n<p><span style=\"color: #000000\"> Ihnen und Ihren Familien w\u00fcnschen wir einen guten Start ins neue Jahr 2021, bleiben Sie gesund und zuversichtlich!<\/span>[\/vc_column_text][\/vc_column][\/vc_row][vc_row][vc_column][vc_column_text][\/vc_column_text][vc_empty_space height=&#8220;20px&#8220;][\/vc_column][\/vc_row]<\/p>\n<\/div>","protected":false},"excerpt":{"rendered":"<p>[vc_row][vc_column][vc_empty_space height=&#8220;20px&#8220;][\/vc_column][\/vc_row][vc_row][vc_column][vc_column_text] Unser Archiv 2020 [\/vc_column_text][\/vc_column][\/vc_row][vc_row][vc_column][vc_empty_space height=&#8220;20px&#8220;][\/vc_column][\/vc_row][vc_row][vc_column][vc_column_text] UTAMTSI-Kaffee\u00a0 &#8211;\u00a0 Produkt des Monats Januar 2020 [\/vc_column_text][vc_column_text]Von Plantagen im Hochland Kameruns und Ugandas stammt der direkt und fair gehandelte Kaffee der Marke UTAMTSI: wild gewachsen, biologisch angebaut und von Hand geerntet. Utamtsi-Kaffee ist echter Genuss: schonend ger\u00f6stet, mild, s\u00e4urearm und wohlschmeckend. Kaffeegenie\u00dfern bietet sich eine spannende Vielfalt:&hellip;<\/p>\n","protected":false},"author":89,"featured_media":0,"parent":361,"menu_order":6,"comment_status":"closed","ping_status":"closed","template":"","meta":{"footnotes":""},"class_list":["post-1615","page","type-page","status-publish","hentry","description-off"],"yoast_head":"<!-- This site is optimized with the Yoast SEO plugin v26.8 - https:\/\/yoast.com\/product\/yoast-seo-wordpress\/ -->\n<title>Archiv 2020 - Weltladen Nierstein<\/title>\n<meta name=\"robots\" content=\"index, follow, max-snippet:-1, max-image-preview:large, max-video-preview:-1\" \/>\n<link rel=\"canonical\" href=\"https:\/\/weltlaeden.de\/nierstein\/aktuelles\/archiv\/\" \/>\n<meta property=\"og:locale\" content=\"de_DE\" \/>\n<meta property=\"og:type\" content=\"article\" \/>\n<meta property=\"og:title\" content=\"Archiv 2020 - Weltladen Nierstein\" \/>\n<meta property=\"og:description\" content=\"[vc_row][vc_column][vc_empty_space height=&#8220;20px&#8220;][\/vc_column][\/vc_row][vc_row][vc_column][vc_column_text] Unser Archiv 2020 [\/vc_column_text][\/vc_column][\/vc_row][vc_row][vc_column][vc_empty_space height=&#8220;20px&#8220;][\/vc_column][\/vc_row][vc_row][vc_column][vc_column_text] UTAMTSI-Kaffee\u00a0 &#8211;\u00a0 Produkt des Monats Januar 2020 [\/vc_column_text][vc_column_text]Von Plantagen im Hochland Kameruns und Ugandas stammt der direkt und fair gehandelte Kaffee der Marke UTAMTSI: wild gewachsen, biologisch angebaut und von Hand geerntet. Utamtsi-Kaffee ist echter Genuss: schonend ger\u00f6stet, mild, s\u00e4urearm und wohlschmeckend. Kaffeegenie\u00dfern bietet sich eine spannende Vielfalt:&hellip;\" \/>\n<meta property=\"og:url\" content=\"https:\/\/weltlaeden.de\/nierstein\/aktuelles\/archiv\/\" \/>\n<meta property=\"og:site_name\" content=\"Weltladen Nierstein\" \/>\n<meta property=\"article:modified_time\" content=\"2023-07-17T19:33:49+00:00\" \/>\n<meta name=\"twitter:card\" content=\"summary_large_image\" \/>\n<meta name=\"twitter:label1\" content=\"Gesch\u00e4tzte Lesezeit\" \/>\n\t<meta name=\"twitter:data1\" content=\"8\u00a0Minuten\" \/>\n<script type=\"application\/ld+json\" class=\"yoast-schema-graph\">{\"@context\":\"https:\/\/schema.org\",\"@graph\":[{\"@type\":\"WebPage\",\"@id\":\"https:\/\/weltlaeden.de\/nierstein\/aktuelles\/archiv\/\",\"url\":\"https:\/\/weltlaeden.de\/nierstein\/aktuelles\/archiv\/\",\"name\":\"Archiv 2020 - Weltladen Nierstein\",\"isPartOf\":{\"@id\":\"https:\/\/weltlaeden.de\/nierstein\/#website\"},\"datePublished\":\"2020-11-09T18:36:08+00:00\",\"dateModified\":\"2023-07-17T19:33:49+00:00\",\"breadcrumb\":{\"@id\":\"https:\/\/weltlaeden.de\/nierstein\/aktuelles\/archiv\/#breadcrumb\"},\"inLanguage\":\"de\",\"potentialAction\":[{\"@type\":\"ReadAction\",\"target\":[\"https:\/\/weltlaeden.de\/nierstein\/aktuelles\/archiv\/\"]}]},{\"@type\":\"BreadcrumbList\",\"@id\":\"https:\/\/weltlaeden.de\/nierstein\/aktuelles\/archiv\/#breadcrumb\",\"itemListElement\":[{\"@type\":\"ListItem\",\"position\":1,\"name\":\"Startseite\",\"item\":\"https:\/\/weltlaeden.de\/nierstein\/\"},{\"@type\":\"ListItem\",\"position\":2,\"name\":\"Aktuelles\",\"item\":\"https:\/\/weltlaeden.de\/nierstein\/\"},{\"@type\":\"ListItem\",\"position\":3,\"name\":\"Archiv 2020\"}]},{\"@type\":\"WebSite\",\"@id\":\"https:\/\/weltlaeden.de\/nierstein\/#website\",\"url\":\"https:\/\/weltlaeden.de\/nierstein\/\",\"name\":\"Vorlage\",\"description\":\"Faire Produkte seit 1983\",\"potentialAction\":[{\"@type\":\"SearchAction\",\"target\":{\"@type\":\"EntryPoint\",\"urlTemplate\":\"https:\/\/weltlaeden.de\/nierstein\/?s={search_term_string}\"},\"query-input\":{\"@type\":\"PropertyValueSpecification\",\"valueRequired\":true,\"valueName\":\"search_term_string\"}}],\"inLanguage\":\"de\"}]}<\/script>\n<!-- \/ Yoast SEO plugin. -->","yoast_head_json":{"title":"Archiv 2020 - Weltladen Nierstein","robots":{"index":"index","follow":"follow","max-snippet":"max-snippet:-1","max-image-preview":"max-image-preview:large","max-video-preview":"max-video-preview:-1"},"canonical":"https:\/\/weltlaeden.de\/nierstein\/aktuelles\/archiv\/","og_locale":"de_DE","og_type":"article","og_title":"Archiv 2020 - Weltladen Nierstein","og_description":"[vc_row][vc_column][vc_empty_space height=&#8220;20px&#8220;][\/vc_column][\/vc_row][vc_row][vc_column][vc_column_text] Unser Archiv 2020 [\/vc_column_text][\/vc_column][\/vc_row][vc_row][vc_column][vc_empty_space height=&#8220;20px&#8220;][\/vc_column][\/vc_row][vc_row][vc_column][vc_column_text] UTAMTSI-Kaffee\u00a0 &#8211;\u00a0 Produkt des Monats Januar 2020 [\/vc_column_text][vc_column_text]Von Plantagen im Hochland Kameruns und Ugandas stammt der direkt und fair gehandelte Kaffee der Marke UTAMTSI: wild gewachsen, biologisch angebaut und von Hand geerntet. Utamtsi-Kaffee ist echter Genuss: schonend ger\u00f6stet, mild, s\u00e4urearm und wohlschmeckend. Kaffeegenie\u00dfern bietet sich eine spannende Vielfalt:&hellip;","og_url":"https:\/\/weltlaeden.de\/nierstein\/aktuelles\/archiv\/","og_site_name":"Weltladen Nierstein","article_modified_time":"2023-07-17T19:33:49+00:00","twitter_card":"summary_large_image","twitter_misc":{"Gesch\u00e4tzte Lesezeit":"8\u00a0Minuten"},"schema":{"@context":"https:\/\/schema.org","@graph":[{"@type":"WebPage","@id":"https:\/\/weltlaeden.de\/nierstein\/aktuelles\/archiv\/","url":"https:\/\/weltlaeden.de\/nierstein\/aktuelles\/archiv\/","name":"Archiv 2020 - Weltladen Nierstein","isPartOf":{"@id":"https:\/\/weltlaeden.de\/nierstein\/#website"},"datePublished":"2020-11-09T18:36:08+00:00","dateModified":"2023-07-17T19:33:49+00:00","breadcrumb":{"@id":"https:\/\/weltlaeden.de\/nierstein\/aktuelles\/archiv\/#breadcrumb"},"inLanguage":"de","potentialAction":[{"@type":"ReadAction","target":["https:\/\/weltlaeden.de\/nierstein\/aktuelles\/archiv\/"]}]},{"@type":"BreadcrumbList","@id":"https:\/\/weltlaeden.de\/nierstein\/aktuelles\/archiv\/#breadcrumb","itemListElement":[{"@type":"ListItem","position":1,"name":"Startseite","item":"https:\/\/weltlaeden.de\/nierstein\/"},{"@type":"ListItem","position":2,"name":"Aktuelles","item":"https:\/\/weltlaeden.de\/nierstein\/"},{"@type":"ListItem","position":3,"name":"Archiv 2020"}]},{"@type":"WebSite","@id":"https:\/\/weltlaeden.de\/nierstein\/#website","url":"https:\/\/weltlaeden.de\/nierstein\/","name":"Vorlage","description":"Faire Produkte seit 1983","potentialAction":[{"@type":"SearchAction","target":{"@type":"EntryPoint","urlTemplate":"https:\/\/weltlaeden.de\/nierstein\/?s={search_term_string}"},"query-input":{"@type":"PropertyValueSpecification","valueRequired":true,"valueName":"search_term_string"}}],"inLanguage":"de"}]}},"_links":{"self":[{"href":"https:\/\/weltlaeden.de\/nierstein\/wp-json\/wp\/v2\/pages\/1615","targetHints":{"allow":["GET"]}}],"collection":[{"href":"https:\/\/weltlaeden.de\/nierstein\/wp-json\/wp\/v2\/pages"}],"about":[{"href":"https:\/\/weltlaeden.de\/nierstein\/wp-json\/wp\/v2\/types\/page"}],"author":[{"embeddable":true,"href":"https:\/\/weltlaeden.de\/nierstein\/wp-json\/wp\/v2\/users\/89"}],"replies":[{"embeddable":true,"href":"https:\/\/weltlaeden.de\/nierstein\/wp-json\/wp\/v2\/comments?post=1615"}],"version-history":[{"count":47,"href":"https:\/\/weltlaeden.de\/nierstein\/wp-json\/wp\/v2\/pages\/1615\/revisions"}],"predecessor-version":[{"id":1717,"href":"https:\/\/weltlaeden.de\/nierstein\/wp-json\/wp\/v2\/pages\/1615\/revisions\/1717"}],"up":[{"embeddable":true,"href":"https:\/\/weltlaeden.de\/nierstein\/wp-json\/wp\/v2\/pages\/361"}],"wp:attachment":[{"href":"https:\/\/weltlaeden.de\/nierstein\/wp-json\/wp\/v2\/media?parent=1615"}],"curies":[{"name":"wp","href":"https:\/\/api.w.org\/{rel}","templated":true}]}}