{"id":1165,"date":"2025-03-01T11:03:08","date_gmt":"2025-03-01T10:03:08","guid":{"rendered":"https:\/\/weltlaeden.de\/neustadt-weinstrasse\/?page_id=1165"},"modified":"2025-05-01T22:08:07","modified_gmt":"2025-05-01T20:08:07","slug":"presse","status":"publish","type":"page","link":"https:\/\/weltlaeden.de\/neustadt-weinstrasse\/presse\/","title":{"rendered":"Presse"},"content":{"rendered":"<h1>Presseartikel aus der Zeitung<\/h1>\n<p><img loading=\"lazy\" decoding=\"async\" class=\"size-medium wp-image-1163\" src=\"https:\/\/weltlaeden.de\/neustadt-weinstrasse\/wp-content\/uploads\/sites\/31\/2025\/03\/Die-Rheinpfalz-300x35.png\" alt=\"Die Rheinpfalz - Zeitung f\u00fcr die Pfalz\" width=\"300\" height=\"35\" srcset=\"https:\/\/weltlaeden.de\/neustadt-weinstrasse\/wp-content\/uploads\/sites\/31\/2025\/03\/Die-Rheinpfalz-300x35.png 300w, https:\/\/weltlaeden.de\/neustadt-weinstrasse\/wp-content\/uploads\/sites\/31\/2025\/03\/Die-Rheinpfalz.png 600w\" sizes=\"auto, (max-width: 300px) 100vw, 300px\" \/><\/p>\n<table style=\"width: 100%\" border=\"0\" cellspacing=\"2\" cellpadding=\"2\">\n<tbody>\n<tr>\n<td style=\"width: 102px\">01.03.2025<\/td>\n<td style=\"width: 100%;height: 0%;background-color: white\">\n<p class=\"nfy-detail-headline\"><a title=\"Zieht faier Handel noch?\" href=\"https:\/\/www.rheinpfalz.de\/lokal\/neustadt_artikel,-zieht-fairer-handel-noch-so-geht-es-dem-weltladen-_arid,5748839.html\" target=\"_blank\" rel=\"noopener\">Zieht fairer Handel noch? So geht es dem Weltladen<\/a><\/p>\n<\/td>\n<\/tr>\n<tr>\n<td>19.11.2023<\/td>\n<td style=\"width: 100%;height: 0%;background-color: white\">\n<p class=\"nfy-detail-headline\"><a href=\"https:\/\/www.rheinpfalz.de\/lokal\/neustadt_artikel,-weltladen-durchgehend-erreichbar-_arid,5588296.html\" target=\"_blank\" rel=\"noopener\">Weltladen durchgehend erreichbar<\/a><\/p>\n<\/td>\n<\/tr>\n<tr>\n<td>15.11.2023<\/td>\n<td style=\"width: 100%;height: 0%;background-color: white\">\n<p class=\"nfy-detail-headline\"><a href=\"https:\/\/www.rheinpfalz.de\/lokal\/neustadt_artikel,-weltladen-trotz-baustelle-regul%C3%A4r-ge%C3%B6ffnet-_arid,5579501.html\" target=\"_blank\" rel=\"noopener\">Weltladen: Trotz Baustelle regul\u00e4r ge\u00f6ffnet<\/a><\/p>\n<\/td>\n<\/tr>\n<tr>\n<td>10.11.2022<\/td>\n<td style=\"width: 100%;height: 0%;background-color: white\">\n<p class=\"nfy-detail-headline\"><a href=\"https:\/\/www.rheinpfalz.de\/lokal\/neustadt_artikel,-weltladen-im-advent-auch-montags-ge%C3%B6ffnet-_arid,5428504.html\" target=\"_blank\" rel=\"noopener\">Weltladen: Im Advent auch montags ge\u00f6ffnet<\/a><\/p>\n<\/td>\n<\/tr>\n<tr>\n<td>29.10.2020<\/td>\n<td style=\"width: 100%;height: 0%;background-color: white\">\n<p class=\"nfy-detail-headline\"><a href=\"https:\/\/www.rheinpfalz.de\/lokal\/neustadt_artikel,-weltladen-ehrenamtliche-bietet-bringservice-f%C3%BCr-heimatgemeinde-an-_arid,5128206.html\" target=\"_blank\" rel=\"noopener\">Weltladen: Ehrenamtliche bietet Bringservice f\u00fcr Heimatgemeinde an<\/a><\/p>\n<\/td>\n<\/tr>\n<tr>\n<td>16.09.2019<\/td>\n<td style=\"width: 100%;height: 0%;background-color: white\">\n<p class=\"nfy-detail-headline\"><a title=\"Weltladen nach Umbau wieder ge\u00f6ffnet\" href=\"https:\/\/www.rheinpfalz.de\/lokal\/neustadt_artikel,-neustadt-weltladen-nach-umbau-wieder-ge%C3%B6ffnet-_arid,1514870.htmlhttps:\/\/www.rheinpfalz.de\/lokal\/neustadt_artikel,-neustadt-weltladen-nach-umbau-wieder-ge%C3%B6ffnet-_arid,1514870.html\" target=\"_blank\" rel=\"noopener\">Weltladen nach Umbau wieder ge\u00f6ffnet<\/a><\/p>\n<\/td>\n<\/tr>\n<tr>\n<td>25.07.2019<\/td>\n<td style=\"width: 100%;height: 0%;background-color: white\">\n<p class=\"nfy-detail-headline\"><a href=\"https:\/\/www.rheinpfalz.de\/lokal\/neustadt_artikel,-neustadt-umzug-des-weltladenskein-thema-mehr-_arid,1488626.html\" target=\"_blank\" rel=\"noopener\">Umzug des Weltladens kein Thema mehr<\/a><\/p>\n<\/td>\n<\/tr>\n<\/tbody>\n<\/table>\n","protected":false},"excerpt":{"rendered":"<p>Presseartikel aus der Zeitung 01.03.2025 Zieht fairer Handel noch? So geht es dem Weltladen 19.11.2023 Weltladen durchgehend erreichbar 15.11.2023 Weltladen: Trotz Baustelle regul\u00e4r ge\u00f6ffnet 10.11.2022 Weltladen: Im Advent auch montags ge\u00f6ffnet 29.10.2020 Weltladen: Ehrenamtliche bietet Bringservice f\u00fcr Heimatgemeinde an 16.09.2019 Weltladen nach Umbau wieder ge\u00f6ffnet 25.07.2019 Umzug des Weltladens kein Thema mehr<\/p>\n","protected":false},"author":53,"featured_media":0,"parent":0,"menu_order":5,"comment_status":"closed","ping_status":"closed","template":"","meta":{"footnotes":""},"class_list":["post-1165","page","type-page","status-publish","hentry","description-off"],"yoast_head":"<!-- This site is optimized with the Yoast SEO plugin v26.8 - https:\/\/yoast.com\/product\/yoast-seo-wordpress\/ -->\n<title>Presse - Weltladen Neustadt\/Weinstrasse<\/title>\n<meta name=\"robots\" content=\"index, follow, max-snippet:-1, max-image-preview:large, max-video-preview:-1\" \/>\n<link rel=\"canonical\" href=\"https:\/\/weltlaeden.de\/neustadt-weinstrasse\/presse\/\" \/>\n<meta property=\"og:locale\" content=\"de_DE\" \/>\n<meta property=\"og:type\" content=\"article\" \/>\n<meta property=\"og:title\" content=\"Presse - Weltladen Neustadt\/Weinstrasse\" \/>\n<meta property=\"og:description\" content=\"Presseartikel aus der Zeitung 01.03.2025 Zieht fairer Handel noch? So geht es dem Weltladen 19.11.2023 Weltladen durchgehend erreichbar 15.11.2023 Weltladen: Trotz Baustelle regul\u00e4r ge\u00f6ffnet 10.11.2022 Weltladen: Im Advent auch montags ge\u00f6ffnet 29.10.2020 Weltladen: Ehrenamtliche bietet Bringservice f\u00fcr Heimatgemeinde an 16.09.2019 Weltladen nach Umbau wieder ge\u00f6ffnet 25.07.2019 Umzug des Weltladens kein Thema mehr\" \/>\n<meta property=\"og:url\" content=\"https:\/\/weltlaeden.de\/neustadt-weinstrasse\/presse\/\" \/>\n<meta property=\"og:site_name\" content=\"Weltladen Neustadt\/Weinstrasse\" \/>\n<meta property=\"article:modified_time\" content=\"2025-05-01T20:08:07+00:00\" \/>\n<meta property=\"og:image\" content=\"https:\/\/weltlaeden.de\/neustadt-weinstrasse\/wp-content\/uploads\/sites\/31\/2025\/03\/Die-Rheinpfalz.png\" \/>\n\t<meta property=\"og:image:width\" content=\"600\" \/>\n\t<meta property=\"og:image:height\" content=\"70\" \/>\n\t<meta property=\"og:image:type\" content=\"image\/png\" \/>\n<meta name=\"twitter:card\" content=\"summary_large_image\" \/>\n<meta name=\"twitter:label1\" content=\"Gesch\u00e4tzte Lesezeit\" \/>\n\t<meta name=\"twitter:data1\" content=\"1\u00a0Minute\" \/>\n<script type=\"application\/ld+json\" class=\"yoast-schema-graph\">{\"@context\":\"https:\/\/schema.org\",\"@graph\":[{\"@type\":\"WebPage\",\"@id\":\"https:\/\/weltlaeden.de\/neustadt-weinstrasse\/presse\/\",\"url\":\"https:\/\/weltlaeden.de\/neustadt-weinstrasse\/presse\/\",\"name\":\"Presse - Weltladen Neustadt\/Weinstrasse\",\"isPartOf\":{\"@id\":\"https:\/\/weltlaeden.de\/neustadt-weinstrasse\/#website\"},\"primaryImageOfPage\":{\"@id\":\"https:\/\/weltlaeden.de\/neustadt-weinstrasse\/presse\/#primaryimage\"},\"image\":{\"@id\":\"https:\/\/weltlaeden.de\/neustadt-weinstrasse\/presse\/#primaryimage\"},\"thumbnailUrl\":\"https:\/\/weltlaeden.de\/neustadt-weinstrasse\/wp-content\/uploads\/sites\/31\/2025\/03\/Die-Rheinpfalz-300x35.png\",\"datePublished\":\"2025-03-01T10:03:08+00:00\",\"dateModified\":\"2025-05-01T20:08:07+00:00\",\"breadcrumb\":{\"@id\":\"https:\/\/weltlaeden.de\/neustadt-weinstrasse\/presse\/#breadcrumb\"},\"inLanguage\":\"de\",\"potentialAction\":[{\"@type\":\"ReadAction\",\"target\":[\"https:\/\/weltlaeden.de\/neustadt-weinstrasse\/presse\/\"]}]},{\"@type\":\"ImageObject\",\"inLanguage\":\"de\",\"@id\":\"https:\/\/weltlaeden.de\/neustadt-weinstrasse\/presse\/#primaryimage\",\"url\":\"https:\/\/weltlaeden.de\/neustadt-weinstrasse\/wp-content\/uploads\/sites\/31\/2025\/03\/Die-Rheinpfalz.png\",\"contentUrl\":\"https:\/\/weltlaeden.de\/neustadt-weinstrasse\/wp-content\/uploads\/sites\/31\/2025\/03\/Die-Rheinpfalz.png\",\"width\":600,\"height\":70,\"caption\":\"die\"},{\"@type\":\"BreadcrumbList\",\"@id\":\"https:\/\/weltlaeden.de\/neustadt-weinstrasse\/presse\/#breadcrumb\",\"itemListElement\":[{\"@type\":\"ListItem\",\"position\":1,\"name\":\"Startseite\",\"item\":\"https:\/\/weltlaeden.de\/neustadt-weinstrasse\/\"},{\"@type\":\"ListItem\",\"position\":2,\"name\":\"Presse\"}]},{\"@type\":\"WebSite\",\"@id\":\"https:\/\/weltlaeden.de\/neustadt-weinstrasse\/#website\",\"url\":\"https:\/\/weltlaeden.de\/neustadt-weinstrasse\/\",\"name\":\"Weltladen Neustadt\/Weinstrasse\",\"description\":\"Faire Produkte seit 1990\",\"potentialAction\":[{\"@type\":\"SearchAction\",\"target\":{\"@type\":\"EntryPoint\",\"urlTemplate\":\"https:\/\/weltlaeden.de\/neustadt-weinstrasse\/?s={search_term_string}\"},\"query-input\":{\"@type\":\"PropertyValueSpecification\",\"valueRequired\":true,\"valueName\":\"search_term_string\"}}],\"inLanguage\":\"de\"}]}<\/script>\n<!-- \/ Yoast SEO plugin. -->","yoast_head_json":{"title":"Presse - Weltladen Neustadt\/Weinstrasse","robots":{"index":"index","follow":"follow","max-snippet":"max-snippet:-1","max-image-preview":"max-image-preview:large","max-video-preview":"max-video-preview:-1"},"canonical":"https:\/\/weltlaeden.de\/neustadt-weinstrasse\/presse\/","og_locale":"de_DE","og_type":"article","og_title":"Presse - Weltladen Neustadt\/Weinstrasse","og_description":"Presseartikel aus der Zeitung 01.03.2025 Zieht fairer Handel noch? So geht es dem Weltladen 19.11.2023 Weltladen durchgehend erreichbar 15.11.2023 Weltladen: Trotz Baustelle regul\u00e4r ge\u00f6ffnet 10.11.2022 Weltladen: Im Advent auch montags ge\u00f6ffnet 29.10.2020 Weltladen: Ehrenamtliche bietet Bringservice f\u00fcr Heimatgemeinde an 16.09.2019 Weltladen nach Umbau wieder ge\u00f6ffnet 25.07.2019 Umzug des Weltladens kein Thema mehr","og_url":"https:\/\/weltlaeden.de\/neustadt-weinstrasse\/presse\/","og_site_name":"Weltladen Neustadt\/Weinstrasse","article_modified_time":"2025-05-01T20:08:07+00:00","og_image":[{"width":600,"height":70,"url":"https:\/\/weltlaeden.de\/neustadt-weinstrasse\/wp-content\/uploads\/sites\/31\/2025\/03\/Die-Rheinpfalz.png","type":"image\/png"}],"twitter_card":"summary_large_image","twitter_misc":{"Gesch\u00e4tzte Lesezeit":"1\u00a0Minute"},"schema":{"@context":"https:\/\/schema.org","@graph":[{"@type":"WebPage","@id":"https:\/\/weltlaeden.de\/neustadt-weinstrasse\/presse\/","url":"https:\/\/weltlaeden.de\/neustadt-weinstrasse\/presse\/","name":"Presse - Weltladen Neustadt\/Weinstrasse","isPartOf":{"@id":"https:\/\/weltlaeden.de\/neustadt-weinstrasse\/#website"},"primaryImageOfPage":{"@id":"https:\/\/weltlaeden.de\/neustadt-weinstrasse\/presse\/#primaryimage"},"image":{"@id":"https:\/\/weltlaeden.de\/neustadt-weinstrasse\/presse\/#primaryimage"},"thumbnailUrl":"https:\/\/weltlaeden.de\/neustadt-weinstrasse\/wp-content\/uploads\/sites\/31\/2025\/03\/Die-Rheinpfalz-300x35.png","datePublished":"2025-03-01T10:03:08+00:00","dateModified":"2025-05-01T20:08:07+00:00","breadcrumb":{"@id":"https:\/\/weltlaeden.de\/neustadt-weinstrasse\/presse\/#breadcrumb"},"inLanguage":"de","potentialAction":[{"@type":"ReadAction","target":["https:\/\/weltlaeden.de\/neustadt-weinstrasse\/presse\/"]}]},{"@type":"ImageObject","inLanguage":"de","@id":"https:\/\/weltlaeden.de\/neustadt-weinstrasse\/presse\/#primaryimage","url":"https:\/\/weltlaeden.de\/neustadt-weinstrasse\/wp-content\/uploads\/sites\/31\/2025\/03\/Die-Rheinpfalz.png","contentUrl":"https:\/\/weltlaeden.de\/neustadt-weinstrasse\/wp-content\/uploads\/sites\/31\/2025\/03\/Die-Rheinpfalz.png","width":600,"height":70,"caption":"die"},{"@type":"BreadcrumbList","@id":"https:\/\/weltlaeden.de\/neustadt-weinstrasse\/presse\/#breadcrumb","itemListElement":[{"@type":"ListItem","position":1,"name":"Startseite","item":"https:\/\/weltlaeden.de\/neustadt-weinstrasse\/"},{"@type":"ListItem","position":2,"name":"Presse"}]},{"@type":"WebSite","@id":"https:\/\/weltlaeden.de\/neustadt-weinstrasse\/#website","url":"https:\/\/weltlaeden.de\/neustadt-weinstrasse\/","name":"Weltladen Neustadt\/Weinstrasse","description":"Faire Produkte seit 1990","potentialAction":[{"@type":"SearchAction","target":{"@type":"EntryPoint","urlTemplate":"https:\/\/weltlaeden.de\/neustadt-weinstrasse\/?s={search_term_string}"},"query-input":{"@type":"PropertyValueSpecification","valueRequired":true,"valueName":"search_term_string"}}],"inLanguage":"de"}]}},"_links":{"self":[{"href":"https:\/\/weltlaeden.de\/neustadt-weinstrasse\/wp-json\/wp\/v2\/pages\/1165","targetHints":{"allow":["GET"]}}],"collection":[{"href":"https:\/\/weltlaeden.de\/neustadt-weinstrasse\/wp-json\/wp\/v2\/pages"}],"about":[{"href":"https:\/\/weltlaeden.de\/neustadt-weinstrasse\/wp-json\/wp\/v2\/types\/page"}],"author":[{"embeddable":true,"href":"https:\/\/weltlaeden.de\/neustadt-weinstrasse\/wp-json\/wp\/v2\/users\/53"}],"replies":[{"embeddable":true,"href":"https:\/\/weltlaeden.de\/neustadt-weinstrasse\/wp-json\/wp\/v2\/comments?post=1165"}],"version-history":[{"count":7,"href":"https:\/\/weltlaeden.de\/neustadt-weinstrasse\/wp-json\/wp\/v2\/pages\/1165\/revisions"}],"predecessor-version":[{"id":1175,"href":"https:\/\/weltlaeden.de\/neustadt-weinstrasse\/wp-json\/wp\/v2\/pages\/1165\/revisions\/1175"}],"wp:attachment":[{"href":"https:\/\/weltlaeden.de\/neustadt-weinstrasse\/wp-json\/wp\/v2\/media?parent=1165"}],"curies":[{"name":"wp","href":"https:\/\/api.w.org\/{rel}","templated":true}]}}

<h1>Presseartikel aus der Zeitung</h1>
<p><img loading="lazy" decoding="async" class="size-medium wp-image-1163" src="https://weltlaeden.de/neustadt-weinstrasse/wp-content/uploads/sites/31/2025/03/Die-Rheinpfalz-300x35.png" alt="Die Rheinpfalz - Zeitung für die Pfalz" width="300" height="35" srcset="https://weltlaeden.de/neustadt-weinstrasse/wp-content/uploads/sites/31/2025/03/Die-Rheinpfalz-300x35.png 300w, https://weltlaeden.de/neustadt-weinstrasse/wp-content/uploads/sites/31/2025/03/Die-Rheinpfalz.png 600w" sizes="auto, (max-width: 300px) 100vw, 300px" /></p>
<table style="width: 100%" border="0" cellspacing="2" cellpadding="2">
<tbody>
<tr>
<td style="width: 102px">01.03.2025</td>
<td style="width: 100%;height: 0%;background-color: white">
<p class="nfy-detail-headline"><a title="Zieht faier Handel noch?" href="https://www.rheinpfalz.de/lokal/neustadt_artikel,-zieht-fairer-handel-noch-so-geht-es-dem-weltladen-_arid,5748839.html" target="_blank" rel="noopener">Zieht fairer Handel noch? So geht es dem Weltladen</a></p>
</td>
</tr>
<tr>
<td>19.11.2023</td>
<td style="width: 100%;height: 0%;background-color: white">
<p class="nfy-detail-headline"><a href="https://www.rheinpfalz.de/lokal/neustadt_artikel,-weltladen-durchgehend-erreichbar-_arid,5588296.html" target="_blank" rel="noopener">Weltladen durchgehend erreichbar</a></p>
</td>
</tr>
<tr>
<td>15.11.2023</td>
<td style="width: 100%;height: 0%;background-color: white">
<p class="nfy-detail-headline"><a href="https://www.rheinpfalz.de/lokal/neustadt_artikel,-weltladen-trotz-baustelle-regul%C3%A4r-ge%C3%B6ffnet-_arid,5579501.html" target="_blank" rel="noopener">Weltladen: Trotz Baustelle regulär geöffnet</a></p>
</td>
</tr>
<tr>
<td>10.11.2022</td>
<td style="width: 100%;height: 0%;background-color: white">
<p class="nfy-detail-headline"><a href="https://www.rheinpfalz.de/lokal/neustadt_artikel,-weltladen-im-advent-auch-montags-ge%C3%B6ffnet-_arid,5428504.html" target="_blank" rel="noopener">Weltladen: Im Advent auch montags geöffnet</a></p>
</td>
</tr>
<tr>
<td>29.10.2020</td>
<td style="width: 100%;height: 0%;background-color: white">
<p class="nfy-detail-headline"><a href="https://www.rheinpfalz.de/lokal/neustadt_artikel,-weltladen-ehrenamtliche-bietet-bringservice-f%C3%BCr-heimatgemeinde-an-_arid,5128206.html" target="_blank" rel="noopener">Weltladen: Ehrenamtliche bietet Bringservice für Heimatgemeinde an</a></p>
</td>
</tr>
<tr>
<td>16.09.2019</td>
<td style="width: 100%;height: 0%;background-color: white">
<p class="nfy-detail-headline"><a title="Weltladen nach Umbau wieder geöffnet" href="https://www.rheinpfalz.de/lokal/neustadt_artikel,-neustadt-weltladen-nach-umbau-wieder-ge%C3%B6ffnet-_arid,1514870.htmlhttps://www.rheinpfalz.de/lokal/neustadt_artikel,-neustadt-weltladen-nach-umbau-wieder-ge%C3%B6ffnet-_arid,1514870.html" target="_blank" rel="noopener">Weltladen nach Umbau wieder geöffnet</a></p>
</td>
</tr>
<tr>
<td>25.07.2019</td>
<td style="width: 100%;height: 0%;background-color: white">
<p class="nfy-detail-headline"><a href="https://www.rheinpfalz.de/lokal/neustadt_artikel,-neustadt-umzug-des-weltladenskein-thema-mehr-_arid,1488626.html" target="_blank" rel="noopener">Umzug des Weltladens kein Thema mehr</a></p>
</td>
</tr>
</tbody>
</table>

<p>Presseartikel aus der Zeitung 01.03.2025 Zieht fairer Handel noch? So geht es dem Weltladen 19.11.2023 Weltladen durchgehend erreichbar 15.11.2023 Weltladen: Trotz Baustelle regulär geöffnet 10.11.2022 Weltladen: Im Advent auch montags geöffnet 29.10.2020 Weltladen: Ehrenamtliche bietet Bringservice für Heimatgemeinde an 16.09.2019 Weltladen nach Umbau wieder geöffnet 25.07.2019 Umzug des Weltladens kein Thema mehr</p>

<!-- This site is optimized with the Yoast SEO plugin v26.8 - https://yoast.com/product/yoast-seo-wordpress/ -->
<title>Presse - Weltladen Neustadt/Weinstrasse</title>
<meta name="robots" content="index, follow, max-snippet:-1, max-image-preview:large, max-video-preview:-1" />
<link rel="canonical" href="https://weltlaeden.de/neustadt-weinstrasse/presse/" />
<meta property="og:locale" content="de_DE" />
<meta property="og:type" content="article" />
<meta property="og:title" content="Presse - Weltladen Neustadt/Weinstrasse" />
<meta property="og:description" content="Presseartikel aus der Zeitung 01.03.2025 Zieht fairer Handel noch? So geht es dem Weltladen 19.11.2023 Weltladen durchgehend erreichbar 15.11.2023 Weltladen: Trotz Baustelle regulär geöffnet 10.11.2022 Weltladen: Im Advent auch montags geöffnet 29.10.2020 Weltladen: Ehrenamtliche bietet Bringservice für Heimatgemeinde an 16.09.2019 Weltladen nach Umbau wieder geöffnet 25.07.2019 Umzug des Weltladens kein Thema mehr" />
<meta property="og:url" content="https://weltlaeden.de/neustadt-weinstrasse/presse/" />
<meta property="og:site_name" content="Weltladen Neustadt/Weinstrasse" />
<meta property="article:modified_time" content="2025-05-01T20:08:07+00:00" />
<meta property="og:image" content="https://weltlaeden.de/neustadt-weinstrasse/wp-content/uploads/sites/31/2025/03/Die-Rheinpfalz.png" />
	<meta property="og:image:width" content="600" />
	<meta property="og:image:height" content="70" />
	<meta property="og:image:type" content="image/png" />
<meta name="twitter:card" content="summary_large_image" />
<meta name="twitter:label1" content="Geschätzte Lesezeit" />
	<meta name="twitter:data1" content="1 Minute" />
<script type="application/ld+json" class="yoast-schema-graph">{"@context":"https://schema.org","@graph":[{"@type":"WebPage","@id":"https://weltlaeden.de/neustadt-weinstrasse/presse/","url":"https://weltlaeden.de/neustadt-weinstrasse/presse/","name":"Presse - Weltladen Neustadt/Weinstrasse","isPartOf":{"@id":"https://weltlaeden.de/neustadt-weinstrasse/#website"},"primaryImageOfPage":{"@id":"https://weltlaeden.de/neustadt-weinstrasse/presse/#primaryimage"},"image":{"@id":"https://weltlaeden.de/neustadt-weinstrasse/presse/#primaryimage"},"thumbnailUrl":"https://weltlaeden.de/neustadt-weinstrasse/wp-content/uploads/sites/31/2025/03/Die-Rheinpfalz-300x35.png","datePublished":"2025-03-01T10:03:08+00:00","dateModified":"2025-05-01T20:08:07+00:00","breadcrumb":{"@id":"https://weltlaeden.de/neustadt-weinstrasse/presse/#breadcrumb"},"inLanguage":"de","potentialAction":[{"@type":"ReadAction","target":["https://weltlaeden.de/neustadt-weinstrasse/presse/"]}]},{"@type":"ImageObject","inLanguage":"de","@id":"https://weltlaeden.de/neustadt-weinstrasse/presse/#primaryimage","url":"https://weltlaeden.de/neustadt-weinstrasse/wp-content/uploads/sites/31/2025/03/Die-Rheinpfalz.png","contentUrl":"https://weltlaeden.de/neustadt-weinstrasse/wp-content/uploads/sites/31/2025/03/Die-Rheinpfalz.png","width":600,"height":70,"caption":"die"},{"@type":"BreadcrumbList","@id":"https://weltlaeden.de/neustadt-weinstrasse/presse/#breadcrumb","itemListElement":[{"@type":"ListItem","position":1,"name":"Startseite","item":"https://weltlaeden.de/neustadt-weinstrasse/"},{"@type":"ListItem","position":2,"name":"Presse"}]},{"@type":"WebSite","@id":"https://weltlaeden.de/neustadt-weinstrasse/#website","url":"https://weltlaeden.de/neustadt-weinstrasse/","name":"Weltladen Neustadt/Weinstrasse","description":"Faire Produkte seit 1990","potentialAction":[{"@type":"SearchAction","target":{"@type":"EntryPoint","urlTemplate":"https://weltlaeden.de/neustadt-weinstrasse/?s={search_term_string}"},"query-input":{"@type":"PropertyValueSpecification","valueRequired":true,"valueName":"search_term_string"}}],"inLanguage":"de"}]}</script>
<!-- / Yoast SEO plugin. -->

Presseartikel aus der Zeitung 01.03.2025 Zieht fairer Handel noch? So geht es dem Weltladen 19.11.2023 Weltladen durchgehend erreichbar 15.11.2023 Weltladen: Trotz Baustelle regulär geöffnet 10.11.2022 Weltladen: Im Advent auch montags geöffnet 29.10.2020 Weltladen: Ehrenamtliche bietet Bringservice für Heimatgemeinde an 16.09.2019 Weltladen nach Umbau wieder geöffnet 25.07.2019 Umzug des Weltladens kein Thema mehr
