{"id":217,"date":"2016-10-28T13:34:47","date_gmt":"2016-10-28T11:34:47","guid":{"rendered":"https:\/\/wl.heimpixel.de\/vorlage\/produkte\/"},"modified":"2020-06-26T09:20:28","modified_gmt":"2020-06-26T07:20:28","slug":"produkte","status":"publish","type":"page","link":"https:\/\/weltlaeden.de\/neunkirchen-am-brand\/produkte\/","title":{"rendered":"Produkte"},"content":{"rendered":"<div class=\"wpb-content-wrapper\"><p>[vc_row][vc_column][vc_column_text]<\/p>\n<h1>Unser Sortiment<\/h1>\n<p>[\/vc_column_text][vc_row_inner][vc_column_inner width=&#8220;1\/2&#8243;][vc_column_text]<\/p>\n<h2>Lebensmittel<\/h2>\n<p>[\/vc_column_text]<div class=\"wl_einzelbild\"><p><img loading=\"lazy\" decoding=\"async\" class=\"alignnone wp-image-490 size-full\" src=\"https:\/\/weltlaeden.de\/neunkirchen-am-brand\/wp-content\/uploads\/sites\/132\/2020\/05\/996CDAA2-7C95-412B-BE6C-CFF3E9A9D4C6-e1593096156356.jpeg\" alt=\"\" width=\"1325\" height=\"1325\" srcset=\"https:\/\/weltlaeden.de\/neunkirchen-am-brand\/wp-content\/uploads\/sites\/132\/2020\/05\/996CDAA2-7C95-412B-BE6C-CFF3E9A9D4C6-e1593096156356.jpeg 1325w, https:\/\/weltlaeden.de\/neunkirchen-am-brand\/wp-content\/uploads\/sites\/132\/2020\/05\/996CDAA2-7C95-412B-BE6C-CFF3E9A9D4C6-e1593096156356-150x150.jpeg 150w, https:\/\/weltlaeden.de\/neunkirchen-am-brand\/wp-content\/uploads\/sites\/132\/2020\/05\/996CDAA2-7C95-412B-BE6C-CFF3E9A9D4C6-e1593096156356-300x300.jpeg 300w, https:\/\/weltlaeden.de\/neunkirchen-am-brand\/wp-content\/uploads\/sites\/132\/2020\/05\/996CDAA2-7C95-412B-BE6C-CFF3E9A9D4C6-e1593096156356-768x768.jpeg 768w, https:\/\/weltlaeden.de\/neunkirchen-am-brand\/wp-content\/uploads\/sites\/132\/2020\/05\/996CDAA2-7C95-412B-BE6C-CFF3E9A9D4C6-e1593096156356-1024x1024.jpeg 1024w\" sizes=\"auto, (max-width: 1325px) 100vw, 1325px\" \/><\/p><\/div>[vc_column_text]<\/p>\n<ul>\n<li><strong>Kaffee <\/strong>(ganze Bohne, gemahlen oder entkoffeiniert)<strong> und Neunkirchner Kaffee<\/strong><\/li>\n<li>verschiedene Sorten <strong>Tee<\/strong> (schwarzer Tee, Roibostee, wei\u00dfer Tee, Fr\u00fcchtetee\u00a0 oder Kr\u00e4utertee)<\/li>\n<li>verschiedene Sorten\u00a0 <strong>Gew\u00fcrze<\/strong><\/li>\n<li>verschiedene <strong>Schokolade<\/strong> und <strong>Neunkirchner<\/strong> Schokoloade<\/li>\n<li><strong>Kakao<\/strong><\/li>\n<li><strong>Zucker<\/strong><\/li>\n<li><strong>Honig<\/strong> und <strong>Schokoladenaufstriche<\/strong><\/li>\n<li><strong>S\u00fc\u00dfwaren<\/strong> (Gummib\u00e4rchen, Bonbons)<\/li>\n<li><strong>Geb\u00e4ck<\/strong> und <strong>Kekse<\/strong><\/li>\n<li><strong>Chips<\/strong><\/li>\n<li><strong>N\u00fcsse<\/strong> und <strong>Trockenfr\u00fcchte<\/strong><\/li>\n<li><strong>Reis<\/strong> und <strong>H\u00fclsenfr\u00fcchte<\/strong><\/li>\n<li><strong>\u00d6le<\/strong> und <strong>Essig<\/strong><\/li>\n<li><strong>Weine<\/strong><\/li>\n<li><strong>S\u00e4fte<\/strong> und <strong>Fruchtso\u00dfen<\/strong><\/li>\n<\/ul>\n<p>[\/vc_column_text][\/vc_column_inner][vc_column_inner width=&#8220;1\/2&#8243;][vc_column_text]<\/p>\n<h2>Kunsthandwerk &amp; Textilien<\/h2>\n<p>[\/vc_column_text]<div class=\"wl_einzelbild\"><p><img loading=\"lazy\" decoding=\"async\" class=\"alignnone wp-image-496 size-full\" src=\"https:\/\/weltlaeden.de\/neunkirchen-am-brand\/wp-content\/uploads\/sites\/132\/2020\/05\/3F8AFC5E-946B-44FF-80FD-5D4E31D46A85-e1593096253219.jpeg\" alt=\"\" width=\"1325\" height=\"1325\" \/><\/p><\/div>[vc_column_text]<\/p>\n<div class=\"wpb_text_column wpb_content_element \">\n<div class=\"wpb_wrapper\">\n<ul>\n<li><strong>Schmuck<\/strong> (Ketten, Ohrringe, Armb\u00e4nder) aus verschiedenen Materialien, handgearbeitet<\/li>\n<li><strong>T\u00fccher,<\/strong> <strong>Schals<\/strong>, <strong>M\u00fctzen<\/strong> und <strong>Handschuhe<\/strong><\/li>\n<li><strong>Taschen<\/strong> und <strong>Einkaufsk\u00f6rbe<\/strong>, hergestellt aus verschiedenen Materialien<\/li>\n<li><strong>Geldbeutel<\/strong><\/li>\n<li><strong>Kosmetiktaschen<\/strong><\/li>\n<li><strong>Geschenkboxen<\/strong><\/li>\n<li><strong>Schl\u00fcsselanh\u00e4nger<\/strong><\/li>\n<li><strong>Briefkarten und<\/strong> <strong>Geschenkpapiere<\/strong><\/li>\n<li><strong>Stofftiere<\/strong> und <strong>Stoffpuppen<\/strong><\/li>\n<li><strong>Schalen<\/strong> und <strong>Tassen<\/strong><\/li>\n<li><strong>Gl\u00e4ser<\/strong> und <strong>Kr\u00fcge<\/strong><\/li>\n<li><b>Kerzen und Seifen<\/b><\/li>\n<li><strong>Traumf\u00e4nger<\/strong><\/li>\n<li><strong>H\u00e4ngematten<\/strong><\/li>\n<li><strong>Fussmatten<\/strong><\/li>\n<li><strong>Waschn\u00fcsse<\/strong><\/li>\n<\/ul>\n<\/div>\n<\/div>\n<p>[\/vc_column_text][\/vc_column_inner][\/vc_row_inner][\/vc_column][\/vc_row]<\/p>\n<\/div>","protected":false},"excerpt":{"rendered":"<p>[vc_row][vc_column][vc_column_text] Unser Sortiment [\/vc_column_text][vc_row_inner][vc_column_inner width=&#8220;1\/2&#8243;][vc_column_text] Lebensmittel [\/vc_column_text][vc_column_text] Kaffee (ganze Bohne, gemahlen oder entkoffeiniert) und Neunkirchner Kaffee verschiedene Sorten Tee (schwarzer Tee, Roibostee, wei\u00dfer Tee, Fr\u00fcchtetee\u00a0 oder Kr\u00e4utertee) verschiedene Sorten\u00a0 Gew\u00fcrze verschiedene Schokolade und Neunkirchner Schokoloade Kakao Zucker Honig und Schokoladenaufstriche S\u00fc\u00dfwaren (Gummib\u00e4rchen, Bonbons) Geb\u00e4ck und Kekse Chips N\u00fcsse und Trockenfr\u00fcchte Reis und H\u00fclsenfr\u00fcchte \u00d6le und&hellip;<\/p>\n","protected":false},"author":1,"featured_media":0,"parent":0,"menu_order":3,"comment_status":"closed","ping_status":"closed","template":"","meta":{"footnotes":""},"class_list":["post-217","page","type-page","status-publish","hentry","description-off"],"yoast_head":"<!-- This site is optimized with the Yoast SEO plugin v26.8 - https:\/\/yoast.com\/product\/yoast-seo-wordpress\/ -->\n<title>Produkte - Weltladen Neunkirchen am Brand<\/title>\n<meta name=\"robots\" content=\"index, follow, max-snippet:-1, max-image-preview:large, max-video-preview:-1\" \/>\n<link rel=\"canonical\" href=\"https:\/\/weltlaeden.de\/neunkirchen-am-brand\/produkte\/\" \/>\n<meta property=\"og:locale\" content=\"de_DE\" \/>\n<meta property=\"og:type\" content=\"article\" \/>\n<meta property=\"og:title\" content=\"Produkte - Weltladen Neunkirchen am Brand\" \/>\n<meta property=\"og:description\" content=\"[vc_row][vc_column][vc_column_text] Unser Sortiment [\/vc_column_text][vc_row_inner][vc_column_inner width=&#8220;1\/2&#8243;][vc_column_text] Lebensmittel [\/vc_column_text][vc_column_text] Kaffee (ganze Bohne, gemahlen oder entkoffeiniert) und Neunkirchner Kaffee verschiedene Sorten Tee (schwarzer Tee, Roibostee, wei\u00dfer Tee, Fr\u00fcchtetee\u00a0 oder Kr\u00e4utertee) verschiedene Sorten\u00a0 Gew\u00fcrze verschiedene Schokolade und Neunkirchner Schokoloade Kakao Zucker Honig und Schokoladenaufstriche S\u00fc\u00dfwaren (Gummib\u00e4rchen, Bonbons) Geb\u00e4ck und Kekse Chips N\u00fcsse und Trockenfr\u00fcchte Reis und H\u00fclsenfr\u00fcchte \u00d6le und&hellip;\" \/>\n<meta property=\"og:url\" content=\"https:\/\/weltlaeden.de\/neunkirchen-am-brand\/produkte\/\" \/>\n<meta property=\"og:site_name\" content=\"Weltladen Neunkirchen am Brand\" \/>\n<meta property=\"article:modified_time\" content=\"2020-06-26T07:20:28+00:00\" \/>\n<meta property=\"og:image\" content=\"https:\/\/weltlaeden.de\/neunkirchen-am-brand\/wp-content\/uploads\/sites\/132\/2020\/05\/996CDAA2-7C95-412B-BE6C-CFF3E9A9D4C6-e1593096156356.jpeg\" \/>\n<meta name=\"twitter:card\" content=\"summary_large_image\" \/>\n<meta name=\"twitter:label1\" content=\"Gesch\u00e4tzte Lesezeit\" \/>\n\t<meta name=\"twitter:data1\" content=\"1\u00a0Minute\" \/>\n<script type=\"application\/ld+json\" class=\"yoast-schema-graph\">{\"@context\":\"https:\/\/schema.org\",\"@graph\":[{\"@type\":\"WebPage\",\"@id\":\"https:\/\/weltlaeden.de\/neunkirchen-am-brand\/produkte\/\",\"url\":\"https:\/\/weltlaeden.de\/neunkirchen-am-brand\/produkte\/\",\"name\":\"Produkte - Weltladen Neunkirchen am Brand\",\"isPartOf\":{\"@id\":\"https:\/\/weltlaeden.de\/neunkirchen-am-brand\/#website\"},\"primaryImageOfPage\":{\"@id\":\"https:\/\/weltlaeden.de\/neunkirchen-am-brand\/produkte\/#primaryimage\"},\"image\":{\"@id\":\"https:\/\/weltlaeden.de\/neunkirchen-am-brand\/produkte\/#primaryimage\"},\"thumbnailUrl\":\"https:\/\/weltlaeden.de\/neunkirchen-am-brand\/wp-content\/uploads\/sites\/132\/2020\/05\/996CDAA2-7C95-412B-BE6C-CFF3E9A9D4C6-e1593096156356.jpeg\",\"datePublished\":\"2016-10-28T11:34:47+00:00\",\"dateModified\":\"2020-06-26T07:20:28+00:00\",\"breadcrumb\":{\"@id\":\"https:\/\/weltlaeden.de\/neunkirchen-am-brand\/produkte\/#breadcrumb\"},\"inLanguage\":\"de\",\"potentialAction\":[{\"@type\":\"ReadAction\",\"target\":[\"https:\/\/weltlaeden.de\/neunkirchen-am-brand\/produkte\/\"]}]},{\"@type\":\"ImageObject\",\"inLanguage\":\"de\",\"@id\":\"https:\/\/weltlaeden.de\/neunkirchen-am-brand\/produkte\/#primaryimage\",\"url\":\"https:\/\/weltlaeden.de\/neunkirchen-am-brand\/wp-content\/uploads\/sites\/132\/2020\/05\/996CDAA2-7C95-412B-BE6C-CFF3E9A9D4C6-e1593096156356.jpeg\",\"contentUrl\":\"https:\/\/weltlaeden.de\/neunkirchen-am-brand\/wp-content\/uploads\/sites\/132\/2020\/05\/996CDAA2-7C95-412B-BE6C-CFF3E9A9D4C6-e1593096156356.jpeg\",\"width\":1325,\"height\":1325},{\"@type\":\"BreadcrumbList\",\"@id\":\"https:\/\/weltlaeden.de\/neunkirchen-am-brand\/produkte\/#breadcrumb\",\"itemListElement\":[{\"@type\":\"ListItem\",\"position\":1,\"name\":\"Startseite\",\"item\":\"https:\/\/weltlaeden.de\/neunkirchen-am-brand\/\"},{\"@type\":\"ListItem\",\"position\":2,\"name\":\"Produkte\"}]},{\"@type\":\"WebSite\",\"@id\":\"https:\/\/weltlaeden.de\/neunkirchen-am-brand\/#website\",\"url\":\"https:\/\/weltlaeden.de\/neunkirchen-am-brand\/\",\"name\":\"Weltladen Neunkirchen am Brand\",\"description\":\"Faire Produkte seit 2005\",\"potentialAction\":[{\"@type\":\"SearchAction\",\"target\":{\"@type\":\"EntryPoint\",\"urlTemplate\":\"https:\/\/weltlaeden.de\/neunkirchen-am-brand\/?s={search_term_string}\"},\"query-input\":{\"@type\":\"PropertyValueSpecification\",\"valueRequired\":true,\"valueName\":\"search_term_string\"}}],\"inLanguage\":\"de\"}]}<\/script>\n<!-- \/ Yoast SEO plugin. -->","yoast_head_json":{"title":"Produkte - Weltladen Neunkirchen am Brand","robots":{"index":"index","follow":"follow","max-snippet":"max-snippet:-1","max-image-preview":"max-image-preview:large","max-video-preview":"max-video-preview:-1"},"canonical":"https:\/\/weltlaeden.de\/neunkirchen-am-brand\/produkte\/","og_locale":"de_DE","og_type":"article","og_title":"Produkte - Weltladen Neunkirchen am Brand","og_description":"[vc_row][vc_column][vc_column_text] Unser Sortiment [\/vc_column_text][vc_row_inner][vc_column_inner width=&#8220;1\/2&#8243;][vc_column_text] Lebensmittel [\/vc_column_text][vc_column_text] Kaffee (ganze Bohne, gemahlen oder entkoffeiniert) und Neunkirchner Kaffee verschiedene Sorten Tee (schwarzer Tee, Roibostee, wei\u00dfer Tee, Fr\u00fcchtetee\u00a0 oder Kr\u00e4utertee) verschiedene Sorten\u00a0 Gew\u00fcrze verschiedene Schokolade und Neunkirchner Schokoloade Kakao Zucker Honig und Schokoladenaufstriche S\u00fc\u00dfwaren (Gummib\u00e4rchen, Bonbons) Geb\u00e4ck und Kekse Chips N\u00fcsse und Trockenfr\u00fcchte Reis und H\u00fclsenfr\u00fcchte \u00d6le und&hellip;","og_url":"https:\/\/weltlaeden.de\/neunkirchen-am-brand\/produkte\/","og_site_name":"Weltladen Neunkirchen am Brand","article_modified_time":"2020-06-26T07:20:28+00:00","og_image":[{"url":"https:\/\/weltlaeden.de\/neunkirchen-am-brand\/wp-content\/uploads\/sites\/132\/2020\/05\/996CDAA2-7C95-412B-BE6C-CFF3E9A9D4C6-e1593096156356.jpeg","type":"","width":"","height":""}],"twitter_card":"summary_large_image","twitter_misc":{"Gesch\u00e4tzte Lesezeit":"1\u00a0Minute"},"schema":{"@context":"https:\/\/schema.org","@graph":[{"@type":"WebPage","@id":"https:\/\/weltlaeden.de\/neunkirchen-am-brand\/produkte\/","url":"https:\/\/weltlaeden.de\/neunkirchen-am-brand\/produkte\/","name":"Produkte - Weltladen Neunkirchen am Brand","isPartOf":{"@id":"https:\/\/weltlaeden.de\/neunkirchen-am-brand\/#website"},"primaryImageOfPage":{"@id":"https:\/\/weltlaeden.de\/neunkirchen-am-brand\/produkte\/#primaryimage"},"image":{"@id":"https:\/\/weltlaeden.de\/neunkirchen-am-brand\/produkte\/#primaryimage"},"thumbnailUrl":"https:\/\/weltlaeden.de\/neunkirchen-am-brand\/wp-content\/uploads\/sites\/132\/2020\/05\/996CDAA2-7C95-412B-BE6C-CFF3E9A9D4C6-e1593096156356.jpeg","datePublished":"2016-10-28T11:34:47+00:00","dateModified":"2020-06-26T07:20:28+00:00","breadcrumb":{"@id":"https:\/\/weltlaeden.de\/neunkirchen-am-brand\/produkte\/#breadcrumb"},"inLanguage":"de","potentialAction":[{"@type":"ReadAction","target":["https:\/\/weltlaeden.de\/neunkirchen-am-brand\/produkte\/"]}]},{"@type":"ImageObject","inLanguage":"de","@id":"https:\/\/weltlaeden.de\/neunkirchen-am-brand\/produkte\/#primaryimage","url":"https:\/\/weltlaeden.de\/neunkirchen-am-brand\/wp-content\/uploads\/sites\/132\/2020\/05\/996CDAA2-7C95-412B-BE6C-CFF3E9A9D4C6-e1593096156356.jpeg","contentUrl":"https:\/\/weltlaeden.de\/neunkirchen-am-brand\/wp-content\/uploads\/sites\/132\/2020\/05\/996CDAA2-7C95-412B-BE6C-CFF3E9A9D4C6-e1593096156356.jpeg","width":1325,"height":1325},{"@type":"BreadcrumbList","@id":"https:\/\/weltlaeden.de\/neunkirchen-am-brand\/produkte\/#breadcrumb","itemListElement":[{"@type":"ListItem","position":1,"name":"Startseite","item":"https:\/\/weltlaeden.de\/neunkirchen-am-brand\/"},{"@type":"ListItem","position":2,"name":"Produkte"}]},{"@type":"WebSite","@id":"https:\/\/weltlaeden.de\/neunkirchen-am-brand\/#website","url":"https:\/\/weltlaeden.de\/neunkirchen-am-brand\/","name":"Weltladen Neunkirchen am Brand","description":"Faire Produkte seit 2005","potentialAction":[{"@type":"SearchAction","target":{"@type":"EntryPoint","urlTemplate":"https:\/\/weltlaeden.de\/neunkirchen-am-brand\/?s={search_term_string}"},"query-input":{"@type":"PropertyValueSpecification","valueRequired":true,"valueName":"search_term_string"}}],"inLanguage":"de"}]}},"_links":{"self":[{"href":"https:\/\/weltlaeden.de\/neunkirchen-am-brand\/wp-json\/wp\/v2\/pages\/217","targetHints":{"allow":["GET"]}}],"collection":[{"href":"https:\/\/weltlaeden.de\/neunkirchen-am-brand\/wp-json\/wp\/v2\/pages"}],"about":[{"href":"https:\/\/weltlaeden.de\/neunkirchen-am-brand\/wp-json\/wp\/v2\/types\/page"}],"author":[{"embeddable":true,"href":"https:\/\/weltlaeden.de\/neunkirchen-am-brand\/wp-json\/wp\/v2\/users\/1"}],"replies":[{"embeddable":true,"href":"https:\/\/weltlaeden.de\/neunkirchen-am-brand\/wp-json\/wp\/v2\/comments?post=217"}],"version-history":[{"count":27,"href":"https:\/\/weltlaeden.de\/neunkirchen-am-brand\/wp-json\/wp\/v2\/pages\/217\/revisions"}],"predecessor-version":[{"id":550,"href":"https:\/\/weltlaeden.de\/neunkirchen-am-brand\/wp-json\/wp\/v2\/pages\/217\/revisions\/550"}],"wp:attachment":[{"href":"https:\/\/weltlaeden.de\/neunkirchen-am-brand\/wp-json\/wp\/v2\/media?parent=217"}],"curies":[{"name":"wp","href":"https:\/\/api.w.org\/{rel}","templated":true}]}}