{"id":23,"date":"2016-10-14T09:05:21","date_gmt":"2016-10-14T07:05:21","guid":{"rendered":"https:\/\/wl.heimpixel.de\/vorlage\/termine\/"},"modified":"2018-08-10T10:34:16","modified_gmt":"2018-08-10T08:34:16","slug":"termine","status":"publish","type":"page","link":"https:\/\/weltlaeden.de\/neumuenster\/termine\/","title":{"rendered":"Termine"},"content":{"rendered":"<div class=\"wpb-content-wrapper\"><p>[vc_row][vc_column]<div class=\"wl_einzelbild\"><p><img loading=\"lazy\" decoding=\"async\" class=\"aligncenter size-full wp-image-nsm-3-33\" src=\"https:\/\/weltlaeden.de\/neumuenster\/wp-content\/uploads\/sites\/3\/2018\/07\/pocket-watch-1637396_1920_pixabay.png\" alt=\"\" width=\"787\" height=\"340\" \/><\/p><\/div>[vc_empty_space height=&#8220;30px&#8220;][vc_column_text]<\/p>\n<h1>Termine<\/h1>\n<h4><\/h4>\n<p>[\/vc_column_text][vc_empty_space height=&#8220;30px&#8220;][\/vc_column][\/vc_row][vc_row][vc_column width=&#8220;2\/3&#8243;][vc_column_text]<\/p>\n<h2>Kommende Termine<\/h2>\n<p>[\/vc_column_text]<ul class=\"termine-page current aktuell\"><li><h5 class=\"termine-titel\"><a href=\"https:\/\/weltlaeden.de\/neumuenster\/termin\/weltladen-tag\/\">Weltladen-Tag<\/a><\/h5><p class=\"termine-date\">Sa., 09.05.2026, 10:00<\/p><p class=\"termine-auszug\">Zum Internationalen Fair Trade Tag l\u00e4dt der Weltladen Neum\u00fcnster am 9. Mai von 10:00 - 17:00 Uhr herzlich dazu ein, auf dem Gro\u00dfflecken gemeinsam zu feiern und ein Zeichen f\u00fcr Gerechtigkeit im Handel zu setzen. F\u00fcr Gro\u00df und Klein gibt es Live-Musik, faires Essen &amp; Trinken, ein Kinderprogramm mit H\u00fcpfkissen und Kinderschminken sowie Infos, Spiele und Aktionen rund um den Fairen Handel. Kommt vorbei - wir freuen uns auch euch! &nbsp; \u00a0 \u00a0 \u00a0 \u00a0 &nbsp;<p class=termine-ort\"><small>Ort: <i>Gro\u00dfflecken, Neum\u00fcnster<\/i><\/small><\/p><\/li><li><h5 class=\"termine-titel\"><a href=\"https:\/\/weltlaeden.de\/neumuenster\/termin\/kultournacht-2026-wurzelnvisionen-die-vielfalt-afrikas\/\">KULToURNACHT 2026: Wurzeln+Visionen &#8211; die Vielfalt Afrikas<\/a><\/h5><p class=\"termine-date\">Sa., 30.05.2026, 18:00<\/p><p class=\"termine-auszug\"><p class=\"p1\">Afrika im Weltladen zur KULToURNACHT: Der senegalesische\u00a0Djembe-Spieler Bacar Gadj wird zwischen 18 und 22 Uhr f\u00fcr\u00a0Stimmung sorgen und l\u00e4dt auch zum Mitmachen ein. Zus\u00e4tzlich stellen Sybille Fliegner und Sven Reents unter dem Titel \u201eAfrikanische Impressionen\u201c Fotos ihrer Afrika-Reisen vor.<\/p> &nbsp; Von 18 Uhr bis Mitternacht gibt es in diesem Jahr an 22 Kultur-Stationen etwas zu erleben - von Kunstinstallationen \u00fcber Malerei, Fotografie, Keramik und mehr. Der Eintritt kostet einmalig 5 Euro, die an der ersten Station bezahlt werden. Daf\u00fcr gibt es einen Stempelabdruck, mit dem der Eintritt an allen weiteren Stationen frei ist. F\u00fcr Kinder und Jugendliche ist der Eintritt frei. Wer mag, nutzt den kostenlosen Shuttle-Service der Firma medicar. Das komplette Programm zur KULToURNACHt finden Sie hier: <a href=\"https:\/\/weltlaeden.de\/neumuenster\/wp-content\/uploads\/sites\/97\/2026\/04\/2026_Kultournacht_Flyer.pdf\">2026_Kultournacht_Flyer<\/a><p class=termine-ort\"><small>Ort: <i>Weltladen NMS<\/i><\/small><\/p><\/li><li><h5 class=\"termine-titel\"><a href=\"https:\/\/weltlaeden.de\/neumuenster\/termin\/ladentreff\/\">Ladentreff<\/a><\/h5><p class=\"termine-date\">Mo., 08.06.2026, 15:00<\/p><p class=\"termine-auszug\">Interessierte sind herzlich willkommen! &nbsp;<p class=termine-ort\"><small>Ort: <i>Weltladen NMS<\/i><\/small><\/p><\/li><li><h5 class=\"termine-titel\"><a href=\"https:\/\/weltlaeden.de\/neumuenster\/termin\/klangschalen-workshop\/\">Klangschalen-Workshop<\/a><\/h5><p class=\"termine-date\">Mi., 16.09.2026<\/p><p class=\"termine-auszug\">Save the date!<p class=termine-ort\"><small>Ort: <i>Weltladen NMS<\/i><\/small><\/p><\/li><\/ul>[vc_empty_space height=&#8220;30px&#8220;][vc_column_text]<\/p>\n<h2>Vergangene Termine<\/h2>\n<p>[\/vc_column_text]<ul class=\"termine-page past vergangen\">[\/vc_column][\/vc_row]<\/p>\n<\/div>","protected":false},"excerpt":{"rendered":"<p>[vc_row][vc_column][vc_empty_space height=&#8220;30px&#8220;][vc_column_text] Termine [\/vc_column_text][vc_empty_space height=&#8220;30px&#8220;][\/vc_column][\/vc_row][vc_row][vc_column width=&#8220;2\/3&#8243;][vc_column_text] Kommende Termine [\/vc_column_text][vc_empty_space height=&#8220;30px&#8220;][vc_column_text] Vergangene Termine [\/vc_column_text][\/vc_column][\/vc_row]<\/p>\n","protected":false},"author":1,"featured_media":0,"parent":0,"menu_order":6,"comment_status":"closed","ping_status":"closed","template":"","meta":{"footnotes":""},"class_list":["post-23","page","type-page","status-publish","hentry","description-off"],"yoast_head":"<!-- This site is optimized with the Yoast SEO plugin v26.8 - https:\/\/yoast.com\/product\/yoast-seo-wordpress\/ -->\n<title>Termine - Weltladen Neum\u00fcnster<\/title>\n<meta name=\"robots\" content=\"index, follow, max-snippet:-1, max-image-preview:large, max-video-preview:-1\" \/>\n<link rel=\"canonical\" href=\"https:\/\/weltlaeden.de\/neumuenster\/termine\/\" \/>\n<meta property=\"og:locale\" content=\"de_DE\" \/>\n<meta property=\"og:type\" content=\"article\" \/>\n<meta property=\"og:title\" content=\"Termine - Weltladen Neum\u00fcnster\" \/>\n<meta property=\"og:description\" content=\"[vc_row][vc_column][vc_empty_space height=&#8220;30px&#8220;][vc_column_text] Termine [\/vc_column_text][vc_empty_space height=&#8220;30px&#8220;][\/vc_column][\/vc_row][vc_row][vc_column width=&#8220;2\/3&#8243;][vc_column_text] Kommende Termine [\/vc_column_text][vc_empty_space height=&#8220;30px&#8220;][vc_column_text] Vergangene Termine [\/vc_column_text][\/vc_column][\/vc_row]\" \/>\n<meta property=\"og:url\" content=\"https:\/\/weltlaeden.de\/neumuenster\/termine\/\" \/>\n<meta property=\"og:site_name\" content=\"Weltladen Neum\u00fcnster\" \/>\n<meta property=\"article:modified_time\" content=\"2018-08-10T08:34:16+00:00\" \/>\n<meta property=\"og:image\" content=\"https:\/\/weltlaeden.de\/neumuenster\/wp-content\/uploads\/sites\/3\/2018\/07\/pocket-watch-1637396_1920_pixabay.png\" \/>\n<meta name=\"twitter:card\" content=\"summary_large_image\" \/>\n<script type=\"application\/ld+json\" class=\"yoast-schema-graph\">{\"@context\":\"https:\/\/schema.org\",\"@graph\":[{\"@type\":\"WebPage\",\"@id\":\"https:\/\/weltlaeden.de\/neumuenster\/termine\/\",\"url\":\"https:\/\/weltlaeden.de\/neumuenster\/termine\/\",\"name\":\"Termine - Weltladen Neum\u00fcnster\",\"isPartOf\":{\"@id\":\"https:\/\/weltlaeden.de\/neumuenster\/#website\"},\"primaryImageOfPage\":{\"@id\":\"https:\/\/weltlaeden.de\/neumuenster\/termine\/#primaryimage\"},\"image\":{\"@id\":\"https:\/\/weltlaeden.de\/neumuenster\/termine\/#primaryimage\"},\"thumbnailUrl\":\"https:\/\/weltlaeden.de\/neumuenster\/wp-content\/uploads\/sites\/3\/2018\/07\/pocket-watch-1637396_1920_pixabay.png\",\"datePublished\":\"2016-10-14T07:05:21+00:00\",\"dateModified\":\"2018-08-10T08:34:16+00:00\",\"breadcrumb\":{\"@id\":\"https:\/\/weltlaeden.de\/neumuenster\/termine\/#breadcrumb\"},\"inLanguage\":\"de\",\"potentialAction\":[{\"@type\":\"ReadAction\",\"target\":[\"https:\/\/weltlaeden.de\/neumuenster\/termine\/\"]}]},{\"@type\":\"ImageObject\",\"inLanguage\":\"de\",\"@id\":\"https:\/\/weltlaeden.de\/neumuenster\/termine\/#primaryimage\",\"url\":\"https:\/\/weltlaeden.de\/neumuenster\/wp-content\/uploads\/sites\/3\/2018\/07\/pocket-watch-1637396_1920_pixabay.png\",\"contentUrl\":\"https:\/\/weltlaeden.de\/neumuenster\/wp-content\/uploads\/sites\/3\/2018\/07\/pocket-watch-1637396_1920_pixabay.png\"},{\"@type\":\"BreadcrumbList\",\"@id\":\"https:\/\/weltlaeden.de\/neumuenster\/termine\/#breadcrumb\",\"itemListElement\":[{\"@type\":\"ListItem\",\"position\":1,\"name\":\"Startseite\",\"item\":\"https:\/\/weltlaeden.de\/neumuenster\/\"},{\"@type\":\"ListItem\",\"position\":2,\"name\":\"Termine\"}]},{\"@type\":\"WebSite\",\"@id\":\"https:\/\/weltlaeden.de\/neumuenster\/#website\",\"url\":\"https:\/\/weltlaeden.de\/neumuenster\/\",\"name\":\"Weltladen Neum\u00fcnster\",\"description\":\"Faire Produkte\",\"potentialAction\":[{\"@type\":\"SearchAction\",\"target\":{\"@type\":\"EntryPoint\",\"urlTemplate\":\"https:\/\/weltlaeden.de\/neumuenster\/?s={search_term_string}\"},\"query-input\":{\"@type\":\"PropertyValueSpecification\",\"valueRequired\":true,\"valueName\":\"search_term_string\"}}],\"inLanguage\":\"de\"}]}<\/script>\n<!-- \/ Yoast SEO plugin. -->","yoast_head_json":{"title":"Termine - Weltladen Neum\u00fcnster","robots":{"index":"index","follow":"follow","max-snippet":"max-snippet:-1","max-image-preview":"max-image-preview:large","max-video-preview":"max-video-preview:-1"},"canonical":"https:\/\/weltlaeden.de\/neumuenster\/termine\/","og_locale":"de_DE","og_type":"article","og_title":"Termine - Weltladen Neum\u00fcnster","og_description":"[vc_row][vc_column][vc_empty_space height=&#8220;30px&#8220;][vc_column_text] Termine [\/vc_column_text][vc_empty_space height=&#8220;30px&#8220;][\/vc_column][\/vc_row][vc_row][vc_column width=&#8220;2\/3&#8243;][vc_column_text] Kommende Termine [\/vc_column_text][vc_empty_space height=&#8220;30px&#8220;][vc_column_text] Vergangene Termine [\/vc_column_text][\/vc_column][\/vc_row]","og_url":"https:\/\/weltlaeden.de\/neumuenster\/termine\/","og_site_name":"Weltladen Neum\u00fcnster","article_modified_time":"2018-08-10T08:34:16+00:00","og_image":[{"url":"https:\/\/weltlaeden.de\/neumuenster\/wp-content\/uploads\/sites\/3\/2018\/07\/pocket-watch-1637396_1920_pixabay.png","type":"","width":"","height":""}],"twitter_card":"summary_large_image","schema":{"@context":"https:\/\/schema.org","@graph":[{"@type":"WebPage","@id":"https:\/\/weltlaeden.de\/neumuenster\/termine\/","url":"https:\/\/weltlaeden.de\/neumuenster\/termine\/","name":"Termine - Weltladen Neum\u00fcnster","isPartOf":{"@id":"https:\/\/weltlaeden.de\/neumuenster\/#website"},"primaryImageOfPage":{"@id":"https:\/\/weltlaeden.de\/neumuenster\/termine\/#primaryimage"},"image":{"@id":"https:\/\/weltlaeden.de\/neumuenster\/termine\/#primaryimage"},"thumbnailUrl":"https:\/\/weltlaeden.de\/neumuenster\/wp-content\/uploads\/sites\/3\/2018\/07\/pocket-watch-1637396_1920_pixabay.png","datePublished":"2016-10-14T07:05:21+00:00","dateModified":"2018-08-10T08:34:16+00:00","breadcrumb":{"@id":"https:\/\/weltlaeden.de\/neumuenster\/termine\/#breadcrumb"},"inLanguage":"de","potentialAction":[{"@type":"ReadAction","target":["https:\/\/weltlaeden.de\/neumuenster\/termine\/"]}]},{"@type":"ImageObject","inLanguage":"de","@id":"https:\/\/weltlaeden.de\/neumuenster\/termine\/#primaryimage","url":"https:\/\/weltlaeden.de\/neumuenster\/wp-content\/uploads\/sites\/3\/2018\/07\/pocket-watch-1637396_1920_pixabay.png","contentUrl":"https:\/\/weltlaeden.de\/neumuenster\/wp-content\/uploads\/sites\/3\/2018\/07\/pocket-watch-1637396_1920_pixabay.png"},{"@type":"BreadcrumbList","@id":"https:\/\/weltlaeden.de\/neumuenster\/termine\/#breadcrumb","itemListElement":[{"@type":"ListItem","position":1,"name":"Startseite","item":"https:\/\/weltlaeden.de\/neumuenster\/"},{"@type":"ListItem","position":2,"name":"Termine"}]},{"@type":"WebSite","@id":"https:\/\/weltlaeden.de\/neumuenster\/#website","url":"https:\/\/weltlaeden.de\/neumuenster\/","name":"Weltladen Neum\u00fcnster","description":"Faire Produkte","potentialAction":[{"@type":"SearchAction","target":{"@type":"EntryPoint","urlTemplate":"https:\/\/weltlaeden.de\/neumuenster\/?s={search_term_string}"},"query-input":{"@type":"PropertyValueSpecification","valueRequired":true,"valueName":"search_term_string"}}],"inLanguage":"de"}]}},"_links":{"self":[{"href":"https:\/\/weltlaeden.de\/neumuenster\/wp-json\/wp\/v2\/pages\/23","targetHints":{"allow":["GET"]}}],"collection":[{"href":"https:\/\/weltlaeden.de\/neumuenster\/wp-json\/wp\/v2\/pages"}],"about":[{"href":"https:\/\/weltlaeden.de\/neumuenster\/wp-json\/wp\/v2\/types\/page"}],"author":[{"embeddable":true,"href":"https:\/\/weltlaeden.de\/neumuenster\/wp-json\/wp\/v2\/users\/1"}],"replies":[{"embeddable":true,"href":"https:\/\/weltlaeden.de\/neumuenster\/wp-json\/wp\/v2\/comments?post=23"}],"version-history":[{"count":14,"href":"https:\/\/weltlaeden.de\/neumuenster\/wp-json\/wp\/v2\/pages\/23\/revisions"}],"predecessor-version":[{"id":414,"href":"https:\/\/weltlaeden.de\/neumuenster\/wp-json\/wp\/v2\/pages\/23\/revisions\/414"}],"wp:attachment":[{"href":"https:\/\/weltlaeden.de\/neumuenster\/wp-json\/wp\/v2\/media?parent=23"}],"curies":[{"name":"wp","href":"https:\/\/api.w.org\/{rel}","templated":true}]}}

<div class="wpb-content-wrapper"><p>[vc_row][vc_column]<div class="wl_einzelbild"><p><img loading="lazy" decoding="async" class="aligncenter size-full wp-image-nsm-3-33" src="https://weltlaeden.de/neumuenster/wp-content/uploads/sites/3/2018/07/pocket-watch-1637396_1920_pixabay.png" alt="" width="787" height="340" /></p></div>[vc_empty_space height=&#8220;30px&#8220;][vc_column_text]</p>
<h1>Termine</h1>
<h4></h4>
<p>[/vc_column_text][vc_empty_space height=&#8220;30px&#8220;][/vc_column][/vc_row][vc_row][vc_column width=&#8220;2/3&#8243;][vc_column_text]</p>
<h2>Kommende Termine</h2>
<p>[/vc_column_text]<ul class="termine-page current aktuell"><li><h5 class="termine-titel"><a href="https://weltlaeden.de/neumuenster/termin/weltladen-tag/">Weltladen-Tag</a></h5><p class="termine-date">Sa., 09.05.2026, 10:00</p><p class="termine-auszug">Zum Internationalen Fair Trade Tag lädt der Weltladen Neumünster am 9. Mai von 10:00 - 17:00 Uhr herzlich dazu ein, auf dem Großflecken gemeinsam zu feiern und ein Zeichen für Gerechtigkeit im Handel zu setzen. Für Groß und Klein gibt es Live-Musik, faires Essen &amp; Trinken, ein Kinderprogramm mit Hüpfkissen und Kinderschminken sowie Infos, Spiele und Aktionen rund um den Fairen Handel. Kommt vorbei - wir freuen uns auch euch! &nbsp;         &nbsp;<p class=termine-ort"><small>Ort: <i>Großflecken, Neumünster</i></small></p></li><li><h5 class="termine-titel"><a href="https://weltlaeden.de/neumuenster/termin/kultournacht-2026-wurzelnvisionen-die-vielfalt-afrikas/">KULToURNACHT 2026: Wurzeln+Visionen &#8211; die Vielfalt Afrikas</a></h5><p class="termine-date">Sa., 30.05.2026, 18:00</p><p class="termine-auszug"><p class="p1">Afrika im Weltladen zur KULToURNACHT: Der senegalesische Djembe-Spieler Bacar Gadj wird zwischen 18 und 22 Uhr für Stimmung sorgen und lädt auch zum Mitmachen ein. Zusätzlich stellen Sybille Fliegner und Sven Reents unter dem Titel „Afrikanische Impressionen“ Fotos ihrer Afrika-Reisen vor.</p> &nbsp; Von 18 Uhr bis Mitternacht gibt es in diesem Jahr an 22 Kultur-Stationen etwas zu erleben - von Kunstinstallationen über Malerei, Fotografie, Keramik und mehr. Der Eintritt kostet einmalig 5 Euro, die an der ersten Station bezahlt werden. Dafür gibt es einen Stempelabdruck, mit dem der Eintritt an allen weiteren Stationen frei ist. Für Kinder und Jugendliche ist der Eintritt frei. Wer mag, nutzt den kostenlosen Shuttle-Service der Firma medicar. Das komplette Programm zur KULToURNACHt finden Sie hier: <a href="https://weltlaeden.de/neumuenster/wp-content/uploads/sites/97/2026/04/2026_Kultournacht_Flyer.pdf">2026_Kultournacht_Flyer</a><p class=termine-ort"><small>Ort: <i>Weltladen NMS</i></small></p></li><li><h5 class="termine-titel"><a href="https://weltlaeden.de/neumuenster/termin/ladentreff/">Ladentreff</a></h5><p class="termine-date">Mo., 08.06.2026, 15:00</p><p class="termine-auszug">Interessierte sind herzlich willkommen! &nbsp;<p class=termine-ort"><small>Ort: <i>Weltladen NMS</i></small></p></li><li><h5 class="termine-titel"><a href="https://weltlaeden.de/neumuenster/termin/klangschalen-workshop/">Klangschalen-Workshop</a></h5><p class="termine-date">Mi., 16.09.2026</p><p class="termine-auszug">Save the date!<p class=termine-ort"><small>Ort: <i>Weltladen NMS</i></small></p></li></ul>[vc_empty_space height=&#8220;30px&#8220;][vc_column_text]</p>
<h2>Vergangene Termine</h2>
<p>[/vc_column_text]<ul class="termine-page past vergangen">[/vc_column][/vc_row]</p>
</div>

<!-- This site is optimized with the Yoast SEO plugin v26.8 - https://yoast.com/product/yoast-seo-wordpress/ -->
<title>Termine - Weltladen Neumünster</title>
<meta name="robots" content="index, follow, max-snippet:-1, max-image-preview:large, max-video-preview:-1" />
<link rel="canonical" href="https://weltlaeden.de/neumuenster/termine/" />
<meta property="og:locale" content="de_DE" />
<meta property="og:type" content="article" />
<meta property="og:title" content="Termine - Weltladen Neumünster" />
<meta property="og:description" content="[vc_row][vc_column][vc_empty_space height=&#8220;30px&#8220;][vc_column_text] Termine [/vc_column_text][vc_empty_space height=&#8220;30px&#8220;][/vc_column][/vc_row][vc_row][vc_column width=&#8220;2/3&#8243;][vc_column_text] Kommende Termine [/vc_column_text][vc_empty_space height=&#8220;30px&#8220;][vc_column_text] Vergangene Termine [/vc_column_text][/vc_column][/vc_row]" />
<meta property="og:url" content="https://weltlaeden.de/neumuenster/termine/" />
<meta property="og:site_name" content="Weltladen Neumünster" />
<meta property="article:modified_time" content="2018-08-10T08:34:16+00:00" />
<meta property="og:image" content="https://weltlaeden.de/neumuenster/wp-content/uploads/sites/3/2018/07/pocket-watch-1637396_1920_pixabay.png" />
<meta name="twitter:card" content="summary_large_image" />
<script type="application/ld+json" class="yoast-schema-graph">{"@context":"https://schema.org","@graph":[{"@type":"WebPage","@id":"https://weltlaeden.de/neumuenster/termine/","url":"https://weltlaeden.de/neumuenster/termine/","name":"Termine - Weltladen Neumünster","isPartOf":{"@id":"https://weltlaeden.de/neumuenster/#website"},"primaryImageOfPage":{"@id":"https://weltlaeden.de/neumuenster/termine/#primaryimage"},"image":{"@id":"https://weltlaeden.de/neumuenster/termine/#primaryimage"},"thumbnailUrl":"https://weltlaeden.de/neumuenster/wp-content/uploads/sites/3/2018/07/pocket-watch-1637396_1920_pixabay.png","datePublished":"2016-10-14T07:05:21+00:00","dateModified":"2018-08-10T08:34:16+00:00","breadcrumb":{"@id":"https://weltlaeden.de/neumuenster/termine/#breadcrumb"},"inLanguage":"de","potentialAction":[{"@type":"ReadAction","target":["https://weltlaeden.de/neumuenster/termine/"]}]},{"@type":"ImageObject","inLanguage":"de","@id":"https://weltlaeden.de/neumuenster/termine/#primaryimage","url":"https://weltlaeden.de/neumuenster/wp-content/uploads/sites/3/2018/07/pocket-watch-1637396_1920_pixabay.png","contentUrl":"https://weltlaeden.de/neumuenster/wp-content/uploads/sites/3/2018/07/pocket-watch-1637396_1920_pixabay.png"},{"@type":"BreadcrumbList","@id":"https://weltlaeden.de/neumuenster/termine/#breadcrumb","itemListElement":[{"@type":"ListItem","position":1,"name":"Startseite","item":"https://weltlaeden.de/neumuenster/"},{"@type":"ListItem","position":2,"name":"Termine"}]},{"@type":"WebSite","@id":"https://weltlaeden.de/neumuenster/#website","url":"https://weltlaeden.de/neumuenster/","name":"Weltladen Neumünster","description":"Faire Produkte","potentialAction":[{"@type":"SearchAction","target":{"@type":"EntryPoint","urlTemplate":"https://weltlaeden.de/neumuenster/?s={search_term_string}"},"query-input":{"@type":"PropertyValueSpecification","valueRequired":true,"valueName":"search_term_string"}}],"inLanguage":"de"}]}</script>
<!-- / Yoast SEO plugin. -->

Termine - Weltladen Neumünster

Weltladen Neumünster
