{"id":217,"date":"2016-10-28T13:34:47","date_gmt":"2016-10-28T11:34:47","guid":{"rendered":"https:\/\/wl.heimpixel.de\/vorlage\/produkte\/"},"modified":"2025-06-11T13:58:19","modified_gmt":"2025-06-11T11:58:19","slug":"produkte","status":"publish","type":"page","link":"https:\/\/weltlaeden.de\/neumuenster\/produkte\/","title":{"rendered":"Produkte"},"content":{"rendered":"<div class=\"wpb-content-wrapper\"><p>[vc_row][vc_column]<div class=\"wl_einzelbild\"><p><\/p><\/div>[vc_empty_space][vc_column_text]<\/p>\n<h1>Unser Sortiment<\/h1>\n<p>[\/vc_column_text][vc_column_text css=&#8220;&#8220;]In unserem breitgef\u00e4cherten Sortiment findet ihr Produkte f\u00fcr euren Alltag und f\u00fcr besondere Gelegenheiten. Mit einem Einkauf bei uns st\u00e4rkt ihr benachteiligte Produzent*innen vorwiegend aus L\u00e4ndern Asiens, Afrikas und Lateinamerikas.<\/p>\n<p>Unser Sortiment kommt ausschlie\u00dflich von anerkannten Fair-Handels-Importorganisationen wie z.B. GEPA, El Puente, WeltPartner, Globo, Contigo, Fairkauf und vielen anderen Lieferant*innen. Alle wurden vom Weltladen-Dachverband auf die Einhaltung der Fair-Handels-Kriterien \u00fcberpr\u00fcft.<\/p>\n<p><strong>Alle Produkte wurden mit Stolz und in W\u00fcrde hergestellt.<\/strong><br \/>\n<strong>Taucht ein in die Welt des Fairen Handels und lasst euch FAIRf\u00fchren.<\/strong>[\/vc_column_text][vc_empty_space][vc_row_inner][vc_column_inner width=&#8220;1\/2&#8243;][vc_column_text]<\/p>\n<h2>Lebensmittel<\/h2>\n<p>[\/vc_column_text]<div class=\"wl_einzelbild\"><p><img loading=\"lazy\" decoding=\"async\" class=\"aligncenter size-full wp-image-nsm-3-26\" src=\"https:\/\/weltlaeden.de\/neumuenster\/wp-content\/uploads\/sites\/3\/2018\/05\/Lebensmittel_WL-Bornheim-Christian-Schilling.jpg\" alt=\"\" width=\"600\" height=\"402\" \/><\/p><\/div>[vc_column_text css=&#8220;&#8220;]Wir bieten eine Vielfalt an hochwertigen Lebensmitteln: von Kaffee und Schokolade \u00fcber N\u00fcsse und Weine bis hin zu speziellen Delikatessen.[\/vc_column_text][\/vc_column_inner][vc_column_inner width=&#8220;1\/2&#8243;][vc_column_text]<\/p>\n<h2>Kunsthandwerk &amp; Textilien<\/h2>\n<p>[\/vc_column_text]<div class=\"wl_einzelbild\"><p><img loading=\"lazy\" decoding=\"async\" class=\"aligncenter size-full wp-image-nsm-3-18\" src=\"https:\/\/weltlaeden.de\/neumuenster\/wp-content\/uploads\/sites\/3\/2016\/11\/NonFoodweltladen31.jpg\" alt=\"\" width=\"600\" height=\"402\" \/><\/p><\/div>[vc_column_text css=&#8220;&#8220;]Bei uns findet ihr einzigartiges Kunsthandwerk und Textilien.<\/p>\n<p>[\/vc_column_text][\/vc_column_inner][\/vc_row_inner][\/vc_column][\/vc_row]<\/p>\n<\/div>","protected":false},"excerpt":{"rendered":"<p>[vc_row][vc_column][vc_empty_space][vc_column_text] Unser Sortiment [\/vc_column_text][vc_column_text css=&#8220;&#8220;]In unserem breitgef\u00e4cherten Sortiment findet ihr Produkte f\u00fcr euren Alltag und f\u00fcr besondere Gelegenheiten. Mit einem Einkauf bei uns st\u00e4rkt ihr benachteiligte Produzent*innen vorwiegend aus L\u00e4ndern Asiens, Afrikas und Lateinamerikas. Unser Sortiment kommt ausschlie\u00dflich von anerkannten Fair-Handels-Importorganisationen wie z.B. GEPA, El Puente, WeltPartner, Globo, Contigo, Fairkauf und vielen anderen Lieferant*innen. Alle&hellip;<\/p>\n","protected":false},"author":1,"featured_media":0,"parent":0,"menu_order":4,"comment_status":"closed","ping_status":"closed","template":"","meta":{"footnotes":""},"class_list":["post-217","page","type-page","status-publish","hentry","description-off"],"yoast_head":"<!-- This site is optimized with the Yoast SEO plugin v26.8 - https:\/\/yoast.com\/product\/yoast-seo-wordpress\/ -->\n<title>Produkte - Weltladen Neum\u00fcnster<\/title>\n<meta name=\"robots\" content=\"index, follow, max-snippet:-1, max-image-preview:large, max-video-preview:-1\" \/>\n<link rel=\"canonical\" href=\"https:\/\/weltlaeden.de\/neumuenster\/produkte\/\" \/>\n<meta property=\"og:locale\" content=\"de_DE\" \/>\n<meta property=\"og:type\" content=\"article\" \/>\n<meta property=\"og:title\" content=\"Produkte - Weltladen Neum\u00fcnster\" \/>\n<meta property=\"og:description\" content=\"[vc_row][vc_column][vc_empty_space][vc_column_text] Unser Sortiment [\/vc_column_text][vc_column_text css=&#8220;&#8220;]In unserem breitgef\u00e4cherten Sortiment findet ihr Produkte f\u00fcr euren Alltag und f\u00fcr besondere Gelegenheiten. Mit einem Einkauf bei uns st\u00e4rkt ihr benachteiligte Produzent*innen vorwiegend aus L\u00e4ndern Asiens, Afrikas und Lateinamerikas. Unser Sortiment kommt ausschlie\u00dflich von anerkannten Fair-Handels-Importorganisationen wie z.B. GEPA, El Puente, WeltPartner, Globo, Contigo, Fairkauf und vielen anderen Lieferant*innen. Alle&hellip;\" \/>\n<meta property=\"og:url\" content=\"https:\/\/weltlaeden.de\/neumuenster\/produkte\/\" \/>\n<meta property=\"og:site_name\" content=\"Weltladen Neum\u00fcnster\" \/>\n<meta property=\"article:modified_time\" content=\"2025-06-11T11:58:19+00:00\" \/>\n<meta property=\"og:image\" content=\"https:\/\/weltlaeden.de\/neumuenster\/wp-content\/uploads\/sites\/3\/2018\/05\/Lebensmittel_WL-Bornheim-Christian-Schilling.jpg\" \/>\n<meta name=\"twitter:card\" content=\"summary_large_image\" \/>\n<meta name=\"twitter:label1\" content=\"Gesch\u00e4tzte Lesezeit\" \/>\n\t<meta name=\"twitter:data1\" content=\"2\u00a0Minuten\" \/>\n<script type=\"application\/ld+json\" class=\"yoast-schema-graph\">{\"@context\":\"https:\/\/schema.org\",\"@graph\":[{\"@type\":\"WebPage\",\"@id\":\"https:\/\/weltlaeden.de\/neumuenster\/produkte\/\",\"url\":\"https:\/\/weltlaeden.de\/neumuenster\/produkte\/\",\"name\":\"Produkte - Weltladen Neum\u00fcnster\",\"isPartOf\":{\"@id\":\"https:\/\/weltlaeden.de\/neumuenster\/#website\"},\"primaryImageOfPage\":{\"@id\":\"https:\/\/weltlaeden.de\/neumuenster\/produkte\/#primaryimage\"},\"image\":{\"@id\":\"https:\/\/weltlaeden.de\/neumuenster\/produkte\/#primaryimage\"},\"thumbnailUrl\":\"https:\/\/weltlaeden.de\/neumuenster\/wp-content\/uploads\/sites\/3\/2018\/05\/Lebensmittel_WL-Bornheim-Christian-Schilling.jpg\",\"datePublished\":\"2016-10-28T11:34:47+00:00\",\"dateModified\":\"2025-06-11T11:58:19+00:00\",\"breadcrumb\":{\"@id\":\"https:\/\/weltlaeden.de\/neumuenster\/produkte\/#breadcrumb\"},\"inLanguage\":\"de\",\"potentialAction\":[{\"@type\":\"ReadAction\",\"target\":[\"https:\/\/weltlaeden.de\/neumuenster\/produkte\/\"]}]},{\"@type\":\"ImageObject\",\"inLanguage\":\"de\",\"@id\":\"https:\/\/weltlaeden.de\/neumuenster\/produkte\/#primaryimage\",\"url\":\"https:\/\/weltlaeden.de\/neumuenster\/wp-content\/uploads\/sites\/3\/2018\/05\/Lebensmittel_WL-Bornheim-Christian-Schilling.jpg\",\"contentUrl\":\"https:\/\/weltlaeden.de\/neumuenster\/wp-content\/uploads\/sites\/3\/2018\/05\/Lebensmittel_WL-Bornheim-Christian-Schilling.jpg\"},{\"@type\":\"BreadcrumbList\",\"@id\":\"https:\/\/weltlaeden.de\/neumuenster\/produkte\/#breadcrumb\",\"itemListElement\":[{\"@type\":\"ListItem\",\"position\":1,\"name\":\"Startseite\",\"item\":\"https:\/\/weltlaeden.de\/neumuenster\/\"},{\"@type\":\"ListItem\",\"position\":2,\"name\":\"Produkte\"}]},{\"@type\":\"WebSite\",\"@id\":\"https:\/\/weltlaeden.de\/neumuenster\/#website\",\"url\":\"https:\/\/weltlaeden.de\/neumuenster\/\",\"name\":\"Weltladen Neum\u00fcnster\",\"description\":\"Faire Produkte\",\"potentialAction\":[{\"@type\":\"SearchAction\",\"target\":{\"@type\":\"EntryPoint\",\"urlTemplate\":\"https:\/\/weltlaeden.de\/neumuenster\/?s={search_term_string}\"},\"query-input\":{\"@type\":\"PropertyValueSpecification\",\"valueRequired\":true,\"valueName\":\"search_term_string\"}}],\"inLanguage\":\"de\"}]}<\/script>\n<!-- \/ Yoast SEO plugin. -->","yoast_head_json":{"title":"Produkte - Weltladen Neum\u00fcnster","robots":{"index":"index","follow":"follow","max-snippet":"max-snippet:-1","max-image-preview":"max-image-preview:large","max-video-preview":"max-video-preview:-1"},"canonical":"https:\/\/weltlaeden.de\/neumuenster\/produkte\/","og_locale":"de_DE","og_type":"article","og_title":"Produkte - Weltladen Neum\u00fcnster","og_description":"[vc_row][vc_column][vc_empty_space][vc_column_text] Unser Sortiment [\/vc_column_text][vc_column_text css=&#8220;&#8220;]In unserem breitgef\u00e4cherten Sortiment findet ihr Produkte f\u00fcr euren Alltag und f\u00fcr besondere Gelegenheiten. Mit einem Einkauf bei uns st\u00e4rkt ihr benachteiligte Produzent*innen vorwiegend aus L\u00e4ndern Asiens, Afrikas und Lateinamerikas. Unser Sortiment kommt ausschlie\u00dflich von anerkannten Fair-Handels-Importorganisationen wie z.B. GEPA, El Puente, WeltPartner, Globo, Contigo, Fairkauf und vielen anderen Lieferant*innen. Alle&hellip;","og_url":"https:\/\/weltlaeden.de\/neumuenster\/produkte\/","og_site_name":"Weltladen Neum\u00fcnster","article_modified_time":"2025-06-11T11:58:19+00:00","og_image":[{"url":"https:\/\/weltlaeden.de\/neumuenster\/wp-content\/uploads\/sites\/3\/2018\/05\/Lebensmittel_WL-Bornheim-Christian-Schilling.jpg","type":"","width":"","height":""}],"twitter_card":"summary_large_image","twitter_misc":{"Gesch\u00e4tzte Lesezeit":"2\u00a0Minuten"},"schema":{"@context":"https:\/\/schema.org","@graph":[{"@type":"WebPage","@id":"https:\/\/weltlaeden.de\/neumuenster\/produkte\/","url":"https:\/\/weltlaeden.de\/neumuenster\/produkte\/","name":"Produkte - Weltladen Neum\u00fcnster","isPartOf":{"@id":"https:\/\/weltlaeden.de\/neumuenster\/#website"},"primaryImageOfPage":{"@id":"https:\/\/weltlaeden.de\/neumuenster\/produkte\/#primaryimage"},"image":{"@id":"https:\/\/weltlaeden.de\/neumuenster\/produkte\/#primaryimage"},"thumbnailUrl":"https:\/\/weltlaeden.de\/neumuenster\/wp-content\/uploads\/sites\/3\/2018\/05\/Lebensmittel_WL-Bornheim-Christian-Schilling.jpg","datePublished":"2016-10-28T11:34:47+00:00","dateModified":"2025-06-11T11:58:19+00:00","breadcrumb":{"@id":"https:\/\/weltlaeden.de\/neumuenster\/produkte\/#breadcrumb"},"inLanguage":"de","potentialAction":[{"@type":"ReadAction","target":["https:\/\/weltlaeden.de\/neumuenster\/produkte\/"]}]},{"@type":"ImageObject","inLanguage":"de","@id":"https:\/\/weltlaeden.de\/neumuenster\/produkte\/#primaryimage","url":"https:\/\/weltlaeden.de\/neumuenster\/wp-content\/uploads\/sites\/3\/2018\/05\/Lebensmittel_WL-Bornheim-Christian-Schilling.jpg","contentUrl":"https:\/\/weltlaeden.de\/neumuenster\/wp-content\/uploads\/sites\/3\/2018\/05\/Lebensmittel_WL-Bornheim-Christian-Schilling.jpg"},{"@type":"BreadcrumbList","@id":"https:\/\/weltlaeden.de\/neumuenster\/produkte\/#breadcrumb","itemListElement":[{"@type":"ListItem","position":1,"name":"Startseite","item":"https:\/\/weltlaeden.de\/neumuenster\/"},{"@type":"ListItem","position":2,"name":"Produkte"}]},{"@type":"WebSite","@id":"https:\/\/weltlaeden.de\/neumuenster\/#website","url":"https:\/\/weltlaeden.de\/neumuenster\/","name":"Weltladen Neum\u00fcnster","description":"Faire Produkte","potentialAction":[{"@type":"SearchAction","target":{"@type":"EntryPoint","urlTemplate":"https:\/\/weltlaeden.de\/neumuenster\/?s={search_term_string}"},"query-input":{"@type":"PropertyValueSpecification","valueRequired":true,"valueName":"search_term_string"}}],"inLanguage":"de"}]}},"_links":{"self":[{"href":"https:\/\/weltlaeden.de\/neumuenster\/wp-json\/wp\/v2\/pages\/217","targetHints":{"allow":["GET"]}}],"collection":[{"href":"https:\/\/weltlaeden.de\/neumuenster\/wp-json\/wp\/v2\/pages"}],"about":[{"href":"https:\/\/weltlaeden.de\/neumuenster\/wp-json\/wp\/v2\/types\/page"}],"author":[{"embeddable":true,"href":"https:\/\/weltlaeden.de\/neumuenster\/wp-json\/wp\/v2\/users\/1"}],"replies":[{"embeddable":true,"href":"https:\/\/weltlaeden.de\/neumuenster\/wp-json\/wp\/v2\/comments?post=217"}],"version-history":[{"count":12,"href":"https:\/\/weltlaeden.de\/neumuenster\/wp-json\/wp\/v2\/pages\/217\/revisions"}],"predecessor-version":[{"id":499,"href":"https:\/\/weltlaeden.de\/neumuenster\/wp-json\/wp\/v2\/pages\/217\/revisions\/499"}],"wp:attachment":[{"href":"https:\/\/weltlaeden.de\/neumuenster\/wp-json\/wp\/v2\/media?parent=217"}],"curies":[{"name":"wp","href":"https:\/\/api.w.org\/{rel}","templated":true}]}}

<div class="wpb-content-wrapper"><p>[vc_row][vc_column]<div class="wl_einzelbild"><p></p></div>[vc_empty_space][vc_column_text]</p>
<h1>Unser Sortiment</h1>
<p>[/vc_column_text][vc_column_text css=&#8220;&#8220;]In unserem breitgefächerten Sortiment findet ihr Produkte für euren Alltag und für besondere Gelegenheiten. Mit einem Einkauf bei uns stärkt ihr benachteiligte Produzent*innen vorwiegend aus Ländern Asiens, Afrikas und Lateinamerikas.</p>
<p>Unser Sortiment kommt ausschließlich von anerkannten Fair-Handels-Importorganisationen wie z.B. GEPA, El Puente, WeltPartner, Globo, Contigo, Fairkauf und vielen anderen Lieferant*innen. Alle wurden vom Weltladen-Dachverband auf die Einhaltung der Fair-Handels-Kriterien überprüft.</p>
<p><strong>Alle Produkte wurden mit Stolz und in Würde hergestellt.</strong><br />
<strong>Taucht ein in die Welt des Fairen Handels und lasst euch FAIRführen.</strong>[/vc_column_text][vc_empty_space][vc_row_inner][vc_column_inner width=&#8220;1/2&#8243;][vc_column_text]</p>
<h2>Lebensmittel</h2>
<p>[/vc_column_text]<div class="wl_einzelbild"><p><img loading="lazy" decoding="async" class="aligncenter size-full wp-image-nsm-3-26" src="https://weltlaeden.de/neumuenster/wp-content/uploads/sites/3/2018/05/Lebensmittel_WL-Bornheim-Christian-Schilling.jpg" alt="" width="600" height="402" /></p></div>[vc_column_text css=&#8220;&#8220;]Wir bieten eine Vielfalt an hochwertigen Lebensmitteln: von Kaffee und Schokolade über Nüsse und Weine bis hin zu speziellen Delikatessen.[/vc_column_text][/vc_column_inner][vc_column_inner width=&#8220;1/2&#8243;][vc_column_text]</p>
<h2>Kunsthandwerk &amp; Textilien</h2>
<p>[/vc_column_text]<div class="wl_einzelbild"><p><img loading="lazy" decoding="async" class="aligncenter size-full wp-image-nsm-3-18" src="https://weltlaeden.de/neumuenster/wp-content/uploads/sites/3/2016/11/NonFoodweltladen31.jpg" alt="" width="600" height="402" /></p></div>[vc_column_text css=&#8220;&#8220;]Bei uns findet ihr einzigartiges Kunsthandwerk und Textilien.</p>
<p>[/vc_column_text][/vc_column_inner][/vc_row_inner][/vc_column][/vc_row]</p>
</div>

<p>[vc_row][vc_column][vc_empty_space][vc_column_text] Unser Sortiment [/vc_column_text][vc_column_text css=&#8220;&#8220;]In unserem breitgefächerten Sortiment findet ihr Produkte für euren Alltag und für besondere Gelegenheiten. Mit einem Einkauf bei uns stärkt ihr benachteiligte Produzent*innen vorwiegend aus Ländern Asiens, Afrikas und Lateinamerikas. Unser Sortiment kommt ausschließlich von anerkannten Fair-Handels-Importorganisationen wie z.B. GEPA, El Puente, WeltPartner, Globo, Contigo, Fairkauf und vielen anderen Lieferant*innen. Alle&hellip;</p>

<!-- This site is optimized with the Yoast SEO plugin v26.8 - https://yoast.com/product/yoast-seo-wordpress/ -->
<title>Produkte - Weltladen Neumünster</title>
<meta name="robots" content="index, follow, max-snippet:-1, max-image-preview:large, max-video-preview:-1" />
<link rel="canonical" href="https://weltlaeden.de/neumuenster/produkte/" />
<meta property="og:locale" content="de_DE" />
<meta property="og:type" content="article" />
<meta property="og:title" content="Produkte - Weltladen Neumünster" />
<meta property="og:description" content="[vc_row][vc_column][vc_empty_space][vc_column_text] Unser Sortiment [/vc_column_text][vc_column_text css=&#8220;&#8220;]In unserem breitgefächerten Sortiment findet ihr Produkte für euren Alltag und für besondere Gelegenheiten. Mit einem Einkauf bei uns stärkt ihr benachteiligte Produzent*innen vorwiegend aus Ländern Asiens, Afrikas und Lateinamerikas. Unser Sortiment kommt ausschließlich von anerkannten Fair-Handels-Importorganisationen wie z.B. GEPA, El Puente, WeltPartner, Globo, Contigo, Fairkauf und vielen anderen Lieferant*innen. Alle&hellip;" />
<meta property="og:url" content="https://weltlaeden.de/neumuenster/produkte/" />
<meta property="og:site_name" content="Weltladen Neumünster" />
<meta property="article:modified_time" content="2025-06-11T11:58:19+00:00" />
<meta property="og:image" content="https://weltlaeden.de/neumuenster/wp-content/uploads/sites/3/2018/05/Lebensmittel_WL-Bornheim-Christian-Schilling.jpg" />
<meta name="twitter:card" content="summary_large_image" />
<meta name="twitter:label1" content="Geschätzte Lesezeit" />
	<meta name="twitter:data1" content="2 Minuten" />
<script type="application/ld+json" class="yoast-schema-graph">{"@context":"https://schema.org","@graph":[{"@type":"WebPage","@id":"https://weltlaeden.de/neumuenster/produkte/","url":"https://weltlaeden.de/neumuenster/produkte/","name":"Produkte - Weltladen Neumünster","isPartOf":{"@id":"https://weltlaeden.de/neumuenster/#website"},"primaryImageOfPage":{"@id":"https://weltlaeden.de/neumuenster/produkte/#primaryimage"},"image":{"@id":"https://weltlaeden.de/neumuenster/produkte/#primaryimage"},"thumbnailUrl":"https://weltlaeden.de/neumuenster/wp-content/uploads/sites/3/2018/05/Lebensmittel_WL-Bornheim-Christian-Schilling.jpg","datePublished":"2016-10-28T11:34:47+00:00","dateModified":"2025-06-11T11:58:19+00:00","breadcrumb":{"@id":"https://weltlaeden.de/neumuenster/produkte/#breadcrumb"},"inLanguage":"de","potentialAction":[{"@type":"ReadAction","target":["https://weltlaeden.de/neumuenster/produkte/"]}]},{"@type":"ImageObject","inLanguage":"de","@id":"https://weltlaeden.de/neumuenster/produkte/#primaryimage","url":"https://weltlaeden.de/neumuenster/wp-content/uploads/sites/3/2018/05/Lebensmittel_WL-Bornheim-Christian-Schilling.jpg","contentUrl":"https://weltlaeden.de/neumuenster/wp-content/uploads/sites/3/2018/05/Lebensmittel_WL-Bornheim-Christian-Schilling.jpg"},{"@type":"BreadcrumbList","@id":"https://weltlaeden.de/neumuenster/produkte/#breadcrumb","itemListElement":[{"@type":"ListItem","position":1,"name":"Startseite","item":"https://weltlaeden.de/neumuenster/"},{"@type":"ListItem","position":2,"name":"Produkte"}]},{"@type":"WebSite","@id":"https://weltlaeden.de/neumuenster/#website","url":"https://weltlaeden.de/neumuenster/","name":"Weltladen Neumünster","description":"Faire Produkte","potentialAction":[{"@type":"SearchAction","target":{"@type":"EntryPoint","urlTemplate":"https://weltlaeden.de/neumuenster/?s={search_term_string}"},"query-input":{"@type":"PropertyValueSpecification","valueRequired":true,"valueName":"search_term_string"}}],"inLanguage":"de"}]}</script>
<!-- / Yoast SEO plugin. -->

Produkte - Weltladen Neumünster

[vc_row][vc_column][vc_empty_space][vc_column_text] Unser Sortiment [/vc_column_text][vc_column_text css=&#8220;&#8220;]In unserem breitgefächerten Sortiment findet ihr Produkte für euren Alltag und für besondere Gelegenheiten. Mit einem Einkauf bei uns stärkt ihr benachteiligte Produzent*innen vorwiegend aus Ländern Asiens, Afrikas und Lateinamerikas. Unser Sortiment kommt ausschließlich von anerkannten Fair-Handels-Importorganisationen wie z.B. GEPA, El Puente, WeltPartner, Globo, Contigo, Fairkauf und vielen anderen Lieferant*innen. Alle&hellip;

Weltladen Neumünster
