{"id":20,"date":"2016-10-14T09:05:21","date_gmt":"2016-10-14T07:05:21","guid":{"rendered":"https:\/\/wl.heimpixel.de\/vorlage\/weltladen-musterdorf\/"},"modified":"2025-06-11T13:56:37","modified_gmt":"2025-06-11T11:56:37","slug":"weltladen-musterdorf","status":"publish","type":"page","link":"https:\/\/weltlaeden.de\/neumuenster\/","title":{"rendered":"Weltladen Neum\u00fcnster"},"content":{"rendered":"<div class=\"wpb-content-wrapper\"><p>[vc_row][vc_column]<div class=\"wl_einzelbild\"><p><img loading=\"lazy\" decoding=\"async\" class=\"alignnone wp-image-487 size-full\" src=\"https:\/\/weltlaeden.de\/neumuenster\/wp-content\/uploads\/sites\/97\/2025\/06\/Weltladen-Neumuenster-Startseite-06-2025.jpg\" alt=\"\" width=\"1080\" height=\"488\" srcset=\"https:\/\/weltlaeden.de\/neumuenster\/wp-content\/uploads\/sites\/97\/2025\/06\/Weltladen-Neumuenster-Startseite-06-2025.jpg 1080w, https:\/\/weltlaeden.de\/neumuenster\/wp-content\/uploads\/sites\/97\/2025\/06\/Weltladen-Neumuenster-Startseite-06-2025-300x136.jpg 300w, https:\/\/weltlaeden.de\/neumuenster\/wp-content\/uploads\/sites\/97\/2025\/06\/Weltladen-Neumuenster-Startseite-06-2025-1024x463.jpg 1024w, https:\/\/weltlaeden.de\/neumuenster\/wp-content\/uploads\/sites\/97\/2025\/06\/Weltladen-Neumuenster-Startseite-06-2025-768x347.jpg 768w\" sizes=\"auto, (max-width: 1080px) 100vw, 1080px\" \/><\/p><\/div>[vc_empty_space height=&#8220;20px&#8220;][\/vc_column][\/vc_row][vc_row][vc_column][vc_column_text]<\/p>\n<h1 style=\"text-align: left\">Willkommen im Weltladen Neum\u00fcnster !<\/h1>\n<p>[\/vc_column_text][vc_column_text css=&#8220;&#8220;]Entdecken Sie die Welt des Fairen Handels \u2013 und setzen Sie gemeinsam mit uns ein Zeichen f\u00fcr globale Gerechtigkeit und gelebte Solidarit\u00e4t. Wir bieten eine breite Auswahl an fair gehandelten Lebensmitteln, Handwerksprodukten und Geschenkartikeln. Mit jedem Einkauf st\u00e4rken Sie Produzent*innen aus L\u00e4ndern Asiens, Afrikas und Lateinamerikas. Gehen Sie mit unseren ehrenamtlichen Mitarbeiter*innen den Weg zu einer gerechteren Welt \u2013 wir freuen uns auf Ihren Besuch![\/vc_column_text][vc_empty_space height=&#8220;30px&#8220;][\/vc_column][\/vc_row][vc_row][vc_column][vc_column_text]<\/p>\n<h2>Was Sie auf dieser Website finden:<\/h2>\n<p>[\/vc_column_text][vc_empty_space height=&#8220;20px&#8220;][vc_row_inner][vc_column_inner width=&#8220;1\/4&#8243;]<div class=\"wl_einzelbild\"><p><img loading=\"lazy\" decoding=\"async\" class=\"alignleft size-thumbnail wp-image-nsm-3-15\" src=\"https:\/\/weltlaeden.de\/neumuenster\/wp-content\/uploads\/sites\/3\/2016\/11\/FairerHandel_ElPuente_Fingerpuppen_EccoExe_Peru-150x150.jpg\" alt=\"\" width=\"150\" height=\"150\" \/><\/p><\/div>[\/vc_column_inner][vc_column_inner width=&#8220;3\/4&#8243;][vc_column_text]<\/p>\n<h3>Fairer Handel<\/h3>\n<p>Was meint Fairer Handel \u00fcberhaupt? Welche Kriterien m\u00fcssen eingehalten werden und wer \u00fcberpr\u00fcft diese? <a href=\"https:\/\/weltlaeden.de\/neumuenster\/fairer-handel\/\">Erfahren Sie mehr &#8230;<\/a>[\/vc_column_text][\/vc_column_inner][\/vc_row_inner][vc_separator][vc_row_inner][vc_column_inner width=&#8220;1\/4&#8243;]<div class=\"wl_einzelbild\"><p><img loading=\"lazy\" decoding=\"async\" class=\"alignleft size-full wp-image-nsm-3-28\" src=\"https:\/\/weltlaeden.de\/neumuenster\/wp-content\/uploads\/sites\/3\/2018\/05\/Lebensmittel_WL-Bornheim-Christian-Schilling_150x150.jpg\" alt=\"\" width=\"150\" height=\"150\" \/><\/p><\/div>[\/vc_column_inner][vc_column_inner width=&#8220;3\/4&#8243;][vc_column_text]<\/p>\n<h3>Produkte<\/h3>\n<p>Unsere Produkte im Weltladen sind nat\u00fcrlich alle aus Fairem Handel, dennoch kommen sie von unterschiedlichen Fair-Handels-Importeuren. <a href=\"https:\/\/weltlaeden.de\/neumuenster\/produkte\/\">Hier zeigen wir Ihnen unser Sortiment &#8230;<\/a>[\/vc_column_text][\/vc_column_inner][\/vc_row_inner][vc_separator][vc_row_inner][vc_column_inner width=&#8220;1\/4&#8243;]<div class=\"wl_einzelbild\"><p><img loading=\"lazy\" decoding=\"async\" class=\"alignleft size-thumbnail wp-image-nsm-3-16\" src=\"https:\/\/weltlaeden.de\/neumuenster\/wp-content\/uploads\/sites\/3\/2016\/11\/ElPuente_Kakaobohnen_El-Ceibo_Bolivien-150x150.jpg\" alt=\"\" width=\"150\" height=\"150\" \/><\/p><\/div>[\/vc_column_inner][vc_column_inner width=&#8220;3\/4&#8243;][vc_column_text]<\/p>\n<h3>\u00dcber uns<\/h3>\n<p>Wer wir sind, warum wir uns f\u00fcr Fairen Handel engagieren und wie man bei uns mitmachen kann &#8211; <a href=\"https:\/\/weltlaeden.de\/neumuenster\/ueber-uns\/\">hier stellen wir uns vor &#8230;<\/a>[\/vc_column_text][\/vc_column_inner][\/vc_row_inner][vc_separator][vc_row_inner][vc_column_inner width=&#8220;1\/4&#8243;]<div class=\"wl_einzelbild\"><p><img loading=\"lazy\" decoding=\"async\" class=\"alignleft size-full wp-image-nsm-3-35\" src=\"https:\/\/weltlaeden.de\/neumuenster\/wp-content\/uploads\/sites\/3\/2018\/08\/pocket-watch-1637396_1920_150x150.png\" alt=\"\" width=\"150\" height=\"150\" \/><\/p><\/div>[\/vc_column_inner][vc_column_inner width=&#8220;3\/4&#8243;][vc_column_text]<\/p>\n<h3>Termine<\/h3>\n<p>Bei uns ist immer etwas los! Wir treffen uns regelm\u00e4\u00dfig zu Teamsitzungen und Fortbildungen, organisieren aber auch immer mal wieder eine Veranstaltung zum Fairen Handel und verwandten Themen. <a href=\"https:\/\/weltlaeden.de\/neumuenster\/termine\/\">Hier erfahren Sie was bei uns los ist \u2026<\/a><br \/>\n[\/vc_column_text][\/vc_column_inner][\/vc_row_inner][vc_separator][vc_empty_space][\/vc_column][\/vc_row]<\/p>\n<\/div>","protected":false},"excerpt":{"rendered":"<p>[vc_row][vc_column][vc_empty_space height=&#8220;20px&#8220;][\/vc_column][\/vc_row][vc_row][vc_column][vc_column_text] Willkommen im Weltladen Neum\u00fcnster ! [\/vc_column_text][vc_column_text css=&#8220;&#8220;]Entdecken Sie die Welt des Fairen Handels \u2013 und setzen Sie gemeinsam mit uns ein Zeichen f\u00fcr globale Gerechtigkeit und gelebte Solidarit\u00e4t. Wir bieten eine breite Auswahl an fair gehandelten Lebensmitteln, Handwerksprodukten und Geschenkartikeln. Mit jedem Einkauf st\u00e4rken Sie Produzent*innen aus L\u00e4ndern Asiens, Afrikas und Lateinamerikas. Gehen&hellip;<\/p>\n","protected":false},"author":1,"featured_media":0,"parent":0,"menu_order":0,"comment_status":"closed","ping_status":"closed","template":"","meta":{"footnotes":""},"class_list":["post-20","page","type-page","status-publish","hentry","description-off"],"yoast_head":"<!-- This site is optimized with the Yoast SEO plugin v26.8 - https:\/\/yoast.com\/product\/yoast-seo-wordpress\/ -->\n<title>Weltladen Neum\u00fcnster - Weltladen Neum\u00fcnster<\/title>\n<meta name=\"robots\" content=\"index, follow, max-snippet:-1, max-image-preview:large, max-video-preview:-1\" \/>\n<link rel=\"canonical\" href=\"https:\/\/weltlaeden.de\/neumuenster\/\" \/>\n<meta property=\"og:locale\" content=\"de_DE\" \/>\n<meta property=\"og:type\" content=\"article\" \/>\n<meta property=\"og:title\" content=\"Weltladen Neum\u00fcnster - Weltladen Neum\u00fcnster\" \/>\n<meta property=\"og:description\" content=\"[vc_row][vc_column][vc_empty_space height=&#8220;20px&#8220;][\/vc_column][\/vc_row][vc_row][vc_column][vc_column_text] Willkommen im Weltladen Neum\u00fcnster ! [\/vc_column_text][vc_column_text css=&#8220;&#8220;]Entdecken Sie die Welt des Fairen Handels \u2013 und setzen Sie gemeinsam mit uns ein Zeichen f\u00fcr globale Gerechtigkeit und gelebte Solidarit\u00e4t. Wir bieten eine breite Auswahl an fair gehandelten Lebensmitteln, Handwerksprodukten und Geschenkartikeln. Mit jedem Einkauf st\u00e4rken Sie Produzent*innen aus L\u00e4ndern Asiens, Afrikas und Lateinamerikas. Gehen&hellip;\" \/>\n<meta property=\"og:url\" content=\"https:\/\/weltlaeden.de\/neumuenster\/\" \/>\n<meta property=\"og:site_name\" content=\"Weltladen Neum\u00fcnster\" \/>\n<meta property=\"article:modified_time\" content=\"2025-06-11T11:56:37+00:00\" \/>\n<meta property=\"og:image\" content=\"https:\/\/weltlaeden.de\/neumuenster\/wp-content\/uploads\/sites\/97\/2025\/06\/Weltladen-Neumuenster-Startseite-06-2025.jpg\" \/>\n\t<meta property=\"og:image:width\" content=\"1080\" \/>\n\t<meta property=\"og:image:height\" content=\"488\" \/>\n\t<meta property=\"og:image:type\" content=\"image\/jpeg\" \/>\n<meta name=\"twitter:card\" content=\"summary_large_image\" \/>\n<meta name=\"twitter:label1\" content=\"Gesch\u00e4tzte Lesezeit\" \/>\n\t<meta name=\"twitter:data1\" content=\"3\u00a0Minuten\" \/>\n<script type=\"application\/ld+json\" class=\"yoast-schema-graph\">{\"@context\":\"https:\/\/schema.org\",\"@graph\":[{\"@type\":\"WebPage\",\"@id\":\"https:\/\/weltlaeden.de\/neumuenster\/\",\"url\":\"https:\/\/weltlaeden.de\/neumuenster\/\",\"name\":\"Weltladen Neum\u00fcnster - Weltladen Neum\u00fcnster\",\"isPartOf\":{\"@id\":\"https:\/\/weltlaeden.de\/neumuenster\/#website\"},\"primaryImageOfPage\":{\"@id\":\"https:\/\/weltlaeden.de\/neumuenster\/#primaryimage\"},\"image\":{\"@id\":\"https:\/\/weltlaeden.de\/neumuenster\/#primaryimage\"},\"thumbnailUrl\":\"https:\/\/weltlaeden.de\/neumuenster\/wp-content\/uploads\/sites\/97\/2025\/06\/Weltladen-Neumuenster-Startseite-06-2025.jpg\",\"datePublished\":\"2016-10-14T07:05:21+00:00\",\"dateModified\":\"2025-06-11T11:56:37+00:00\",\"breadcrumb\":{\"@id\":\"https:\/\/weltlaeden.de\/neumuenster\/#breadcrumb\"},\"inLanguage\":\"de\",\"potentialAction\":[{\"@type\":\"ReadAction\",\"target\":[\"https:\/\/weltlaeden.de\/neumuenster\/\"]}]},{\"@type\":\"ImageObject\",\"inLanguage\":\"de\",\"@id\":\"https:\/\/weltlaeden.de\/neumuenster\/#primaryimage\",\"url\":\"https:\/\/weltlaeden.de\/neumuenster\/wp-content\/uploads\/sites\/97\/2025\/06\/Weltladen-Neumuenster-Startseite-06-2025.jpg\",\"contentUrl\":\"https:\/\/weltlaeden.de\/neumuenster\/wp-content\/uploads\/sites\/97\/2025\/06\/Weltladen-Neumuenster-Startseite-06-2025.jpg\",\"width\":1080,\"height\":488},{\"@type\":\"BreadcrumbList\",\"@id\":\"https:\/\/weltlaeden.de\/neumuenster\/#breadcrumb\",\"itemListElement\":[{\"@type\":\"ListItem\",\"position\":1,\"name\":\"Startseite\",\"item\":\"https:\/\/weltlaeden.de\/neumuenster\/\"},{\"@type\":\"ListItem\",\"position\":2,\"name\":\"Weltladen Neum\u00fcnster\"}]},{\"@type\":\"WebSite\",\"@id\":\"https:\/\/weltlaeden.de\/neumuenster\/#website\",\"url\":\"https:\/\/weltlaeden.de\/neumuenster\/\",\"name\":\"Weltladen Neum\u00fcnster\",\"description\":\"Faire Produkte\",\"potentialAction\":[{\"@type\":\"SearchAction\",\"target\":{\"@type\":\"EntryPoint\",\"urlTemplate\":\"https:\/\/weltlaeden.de\/neumuenster\/?s={search_term_string}\"},\"query-input\":{\"@type\":\"PropertyValueSpecification\",\"valueRequired\":true,\"valueName\":\"search_term_string\"}}],\"inLanguage\":\"de\"}]}<\/script>\n<!-- \/ Yoast SEO plugin. -->","yoast_head_json":{"title":"Weltladen Neum\u00fcnster - Weltladen Neum\u00fcnster","robots":{"index":"index","follow":"follow","max-snippet":"max-snippet:-1","max-image-preview":"max-image-preview:large","max-video-preview":"max-video-preview:-1"},"canonical":"https:\/\/weltlaeden.de\/neumuenster\/","og_locale":"de_DE","og_type":"article","og_title":"Weltladen Neum\u00fcnster - Weltladen Neum\u00fcnster","og_description":"[vc_row][vc_column][vc_empty_space height=&#8220;20px&#8220;][\/vc_column][\/vc_row][vc_row][vc_column][vc_column_text] Willkommen im Weltladen Neum\u00fcnster ! [\/vc_column_text][vc_column_text css=&#8220;&#8220;]Entdecken Sie die Welt des Fairen Handels \u2013 und setzen Sie gemeinsam mit uns ein Zeichen f\u00fcr globale Gerechtigkeit und gelebte Solidarit\u00e4t. Wir bieten eine breite Auswahl an fair gehandelten Lebensmitteln, Handwerksprodukten und Geschenkartikeln. Mit jedem Einkauf st\u00e4rken Sie Produzent*innen aus L\u00e4ndern Asiens, Afrikas und Lateinamerikas. Gehen&hellip;","og_url":"https:\/\/weltlaeden.de\/neumuenster\/","og_site_name":"Weltladen Neum\u00fcnster","article_modified_time":"2025-06-11T11:56:37+00:00","og_image":[{"width":1080,"height":488,"url":"https:\/\/weltlaeden.de\/neumuenster\/wp-content\/uploads\/sites\/97\/2025\/06\/Weltladen-Neumuenster-Startseite-06-2025.jpg","type":"image\/jpeg"}],"twitter_card":"summary_large_image","twitter_misc":{"Gesch\u00e4tzte Lesezeit":"3\u00a0Minuten"},"schema":{"@context":"https:\/\/schema.org","@graph":[{"@type":"WebPage","@id":"https:\/\/weltlaeden.de\/neumuenster\/","url":"https:\/\/weltlaeden.de\/neumuenster\/","name":"Weltladen Neum\u00fcnster - Weltladen Neum\u00fcnster","isPartOf":{"@id":"https:\/\/weltlaeden.de\/neumuenster\/#website"},"primaryImageOfPage":{"@id":"https:\/\/weltlaeden.de\/neumuenster\/#primaryimage"},"image":{"@id":"https:\/\/weltlaeden.de\/neumuenster\/#primaryimage"},"thumbnailUrl":"https:\/\/weltlaeden.de\/neumuenster\/wp-content\/uploads\/sites\/97\/2025\/06\/Weltladen-Neumuenster-Startseite-06-2025.jpg","datePublished":"2016-10-14T07:05:21+00:00","dateModified":"2025-06-11T11:56:37+00:00","breadcrumb":{"@id":"https:\/\/weltlaeden.de\/neumuenster\/#breadcrumb"},"inLanguage":"de","potentialAction":[{"@type":"ReadAction","target":["https:\/\/weltlaeden.de\/neumuenster\/"]}]},{"@type":"ImageObject","inLanguage":"de","@id":"https:\/\/weltlaeden.de\/neumuenster\/#primaryimage","url":"https:\/\/weltlaeden.de\/neumuenster\/wp-content\/uploads\/sites\/97\/2025\/06\/Weltladen-Neumuenster-Startseite-06-2025.jpg","contentUrl":"https:\/\/weltlaeden.de\/neumuenster\/wp-content\/uploads\/sites\/97\/2025\/06\/Weltladen-Neumuenster-Startseite-06-2025.jpg","width":1080,"height":488},{"@type":"BreadcrumbList","@id":"https:\/\/weltlaeden.de\/neumuenster\/#breadcrumb","itemListElement":[{"@type":"ListItem","position":1,"name":"Startseite","item":"https:\/\/weltlaeden.de\/neumuenster\/"},{"@type":"ListItem","position":2,"name":"Weltladen Neum\u00fcnster"}]},{"@type":"WebSite","@id":"https:\/\/weltlaeden.de\/neumuenster\/#website","url":"https:\/\/weltlaeden.de\/neumuenster\/","name":"Weltladen Neum\u00fcnster","description":"Faire Produkte","potentialAction":[{"@type":"SearchAction","target":{"@type":"EntryPoint","urlTemplate":"https:\/\/weltlaeden.de\/neumuenster\/?s={search_term_string}"},"query-input":{"@type":"PropertyValueSpecification","valueRequired":true,"valueName":"search_term_string"}}],"inLanguage":"de"}]}},"_links":{"self":[{"href":"https:\/\/weltlaeden.de\/neumuenster\/wp-json\/wp\/v2\/pages\/20","targetHints":{"allow":["GET"]}}],"collection":[{"href":"https:\/\/weltlaeden.de\/neumuenster\/wp-json\/wp\/v2\/pages"}],"about":[{"href":"https:\/\/weltlaeden.de\/neumuenster\/wp-json\/wp\/v2\/types\/page"}],"author":[{"embeddable":true,"href":"https:\/\/weltlaeden.de\/neumuenster\/wp-json\/wp\/v2\/users\/1"}],"replies":[{"embeddable":true,"href":"https:\/\/weltlaeden.de\/neumuenster\/wp-json\/wp\/v2\/comments?post=20"}],"version-history":[{"count":37,"href":"https:\/\/weltlaeden.de\/neumuenster\/wp-json\/wp\/v2\/pages\/20\/revisions"}],"predecessor-version":[{"id":495,"href":"https:\/\/weltlaeden.de\/neumuenster\/wp-json\/wp\/v2\/pages\/20\/revisions\/495"}],"wp:attachment":[{"href":"https:\/\/weltlaeden.de\/neumuenster\/wp-json\/wp\/v2\/media?parent=20"}],"curies":[{"name":"wp","href":"https:\/\/api.w.org\/{rel}","templated":true}]}}