{"id":435,"date":"2019-01-04T11:52:10","date_gmt":"2019-01-04T10:52:10","guid":{"rendered":"https:\/\/weltlaeden.de\/netzwerk-iller-lech\/?page_id=435"},"modified":"2025-03-08T12:16:57","modified_gmt":"2025-03-08T11:16:57","slug":"partner","status":"publish","type":"page","link":"https:\/\/weltlaeden.de\/netzwerk-iller-lech\/partner\/","title":{"rendered":"Partner"},"content":{"rendered":"<div class=\"wpb-content-wrapper\"><p>[vc_row][vc_column][vc_column_text]<\/p>\n<h1>Unsere Fairtrade-Partner<\/h1>\n<p>Wir haben in unserer Region viele Partner, die sich gemeinsam mit uns f\u00fcr die F\u00f6rderung des Fairen Handels einsetzten. Allen voran Fairtrade-St\u00e4dte und -Kommunen sowie viele aktive Fairtrade-Schulen. Im einzelnen sind dies:<\/p>\n<hr \/>\n<h2>Fairtrade-St\u00e4dte \/ Kommunen<\/h2>\n<p><strong><img loading=\"lazy\" decoding=\"async\" class=\"alignright size-full wp-image-544\" src=\"https:\/\/weltlaeden.de\/netzwerk-iller-lech\/wp-content\/uploads\/sites\/58\/2019\/01\/fairtrade-towns_logo_WEB-e1546949928717.jpg\" alt=\"\" width=\"300\" height=\"213\" \/><\/strong><\/p>\n<p><strong>Sonthofen<\/strong><br \/>\n9. Fairtrade-Town in Deutschland<\/p>\n<p><strong>Augsburg<\/strong><br \/>\n21. Fairtrade-Town in Deutschland<\/p>\n<p><strong>Bad W\u00f6rishofen<\/strong><br \/>\n116. Fairtrade-Town in Deutschland<\/p>\n<p><strong>Marktoberdorf<\/strong><br \/>\n145. Fairtrade-Town in Deutschland<\/p>\n<p><strong>F\u00fcssen<\/strong><br \/>\n192. Fairtrade-Town in Deutschland<\/p>\n<p><strong>Bobingen<\/strong><br \/>\n208. Fairtrade-Town in Deutschland<\/p>\n<p><strong>Immenstadt<\/strong><br \/>\n219. Fairtrade-Town in Deutschland<\/p>\n<p><strong>Wei\u00dfenhorn<\/strong><br \/>\n222. Fairtrade-Town in Deutschland<\/p>\n<p><strong>Landsberg am Lech<\/strong><br \/>\n255. Fairtrade-Town<\/p>\n<p><strong>Ro\u00dfhaupten<\/strong><br \/>\n273. Fairtrade-Town in Deutschland<\/p>\n<p><strong>Steingaden<\/strong><br \/>\n300. Fairtrade-Town in Deutschland<\/p>\n<p><strong>Kempten<\/strong><br \/>\n320. Fairtrade-Town in Deutschland<\/p>\n<p><strong>Buchloe<\/strong><br \/>\n337. Fairtrade-Town in Deutschland<\/p>\n<p><strong>Kaufbeuren<\/strong><br \/>\n370. Fairtrade-Town in Deutschland<\/p>\n<p><strong>Wiggensbach<\/strong><br \/>\n423. Fairtrade-Town in Deutschland<\/p>\n<p><strong>Ottobeuren<\/strong><br \/>\n432. Fairtrade-Town in Deutschland<\/p>\n<p><strong>Markt Oberstdorf<\/strong><br \/>\n470. Fairtrade-Town in Deutschland<\/p>\n<p><strong>Gemeinde Haldenwang<\/strong><br \/>\n491. Fairtrade-Town in Deutschland<\/p>\n<p><strong>Durach<\/strong><br \/>\n506. Fairtrade-Town in Deutschland<\/p>\n<p><strong>Pfronten<\/strong><br \/>\n570. Fairtrade-Town in Deutschland<\/p>\n<p><strong>Mering<\/strong><br \/>\n738. Fairtrade-Town in Deutschland<\/p>\n<p><strong>Schwabm\u00fcnchen<\/strong><br \/>\n801. Fairtrade-Town in Deutschland<\/p>\n<p><strong>Binswangen<br \/>\n<\/strong>840. Fairtrade-Town in Deutschland<\/p>\n<p><strong>Gersthofen<\/strong><br \/>\n842. Fairtrade-Town in Deutschland<\/p>\n<p><strong>Landkreis Augsburg<\/strong><br \/>\n854. Fairtrade-Town in Deutschland<\/p>\n<p><strong>K\u00f6nigsbrunn<\/strong><br \/>\n907. Fairtrade-Town in Deutschland<\/p>\n<p>&nbsp;<\/p>\n<hr \/>\n<h2>Fairtrade-Schulen<\/h2>\n<p><a href=\"http:\/\/blog.fairtrade-schools.de\/author\/ftschool357\/\">Dominikus-Zimmermann-Gymnasium Landsberg<\/a><br \/>\n86899 Landsberg<br \/>\nFairtrade-School seit 22.04.2015<\/p>\n<p><a href=\"http:\/\/blog.fairtrade-schools.de\/author\/ftschool674\/\">Private Montessorischule Wei\u00dfenhorn<\/a><br \/>\n89264 Wei\u00dfenhorn<br \/>\nFairtrade-School seit 20.10.2015<\/p>\n<p><a href=\"http:\/\/blog.fairtrade-schools.de\/author\/ftschool335\/\">Allg\u00e4u-Gymnasium Kempten<\/a><br \/>\n87435 Kempten<br \/>\nFairtrade-School seit 23.10.2015<\/p>\n<p><a href=\"http:\/\/blog.fairtrade-schools.de\/author\/ftschool685\/\">V\u00f6hlin-Gymnasium<\/a><br \/>\n87700 Memmingen<br \/>\nFairtrade-School seit 08.01.2016<\/p>\n<p><a href=\"https:\/\/blog.fairtrade-schools.de\/author\/ftschool386\/\">Grund- und Mittelschule Steingaden<\/a><br \/>\n86989 Steingaden<br \/>\nFairtrade-School seit 01.03.2016<\/p>\n<p><a href=\"http:\/\/blog.fairtrade-schools.de\/author\/ftschool736\/\">Gymnasium Marktoberdorf<\/a><br \/>\n87616 Marktoberdorf<br \/>\nFairtrade-School seit 06.05.2016<\/p>\n<p><a href=\"http:\/\/blog.fairtrade-schools.de\/author\/ftschool756\/\">Gymnasium Immenstadt<\/a><br \/>\n87509 Immenstadt<br \/>\nFairtrade-School seit 28.07.2016<\/p>\n<p><a href=\"http:\/\/blog.fairtrade-schools.de\/author\/ftschool895\/\">Johannes-von-La Salle-Realschule<\/a><br \/>\n89257 Illertissen<br \/>\nFairtrade-School seit 29.11.2016<\/p>\n<p><a href=\"http:\/\/blog.fairtrade-schools.de\/author\/ftschool798\/\">Maria-Ward -Realschule Mindelheim<\/a><br \/>\n87719 Mindelheim<br \/>\nFairtrade-School seit 26.01.2017<\/p>\n<p><a href=\"https:\/\/blog.fairtrade-schools.de\/author\/ftschool817\/\">Gymnasium Buchloe<\/a><br \/>\n86807 Buchloe<br \/>\nFairtrade-School seit 26.01.2017<\/p>\n<p><a href=\"http:\/\/blog.fairtrade-schools.de\/author\/ftschool864\/\">Staatliche Technikerschule f\u00fcr Ern\u00e4hrungs- und Versorgungsmanagement<\/a><br \/>\n87600 Kaufbeuren<br \/>\nFairtrade-School seit 27.07.2017<\/p>\n<p><a href=\"http:\/\/blog.fairtrade-schools.de\/author\/ftschool930\/\">Marianum Buxheim<\/a><br \/>\n87740 Buxheim<br \/>\nFairtrade-School seit 02.02.2018<\/p>\n<p><a href=\"http:\/\/blog.fairtrade-schools.de\/author\/ftschool1026\/\">Carl-von-Linde-Gymnasium<\/a><br \/>\n87439 Kempten<br \/>\nFairtrade-School seit 09.02.2018<\/p>\n<p><a href=\"http:\/\/blog.fairtrade-schools.de\/author\/ftschool35\/\">Sophie-Scholl-Schule<\/a><br \/>\n87541 Oberjoch \/Bad Hindelang<br \/>\nFairtrade-School seit 20.03.2018<\/p>\n<p><b>Via-Claudia-Realschule<br \/>\n<\/b> 86343 K\u00f6nigsbrunn<br \/>\nFairtrade-School seit 24.10.2018<\/p>\n<p><a href=\"http:\/\/blog.fairtrade-schools.de\/author\/ftschool1198\/\">Mittelschule Buchloe<\/a><br \/>\n86807 Buchloe<br \/>\nFairtrade-School seit 26.10.2018<\/p>\n<p><a href=\"http:\/\/blog.fairtrade-schools.de\/author\/ftschool1054\/\">Mittelschule Schongau<\/a><br \/>\n86956 Schongau<br \/>\nAuf dem Weg zur Fairtrade-School seit 24.04.2017<\/p>\n<p><a href=\"http:\/\/blog.fairtrade-schools.de\/author\/ftschool1223\/\">Staatliche Realschule Sonthofen<\/a><br \/>\n87527 Sonthofen<br \/>\nAuf dem Weg zur Fairtrade-School seit 21.03.2018<\/p>\n<p><a href=\"http:\/\/blog.fairtrade-schools.de\/author\/ftschool1215\/\">Gymnasium Sonthofen<\/a><br \/>\n87527 Sonthofen<br \/>\nAuf dem Weg zur Fairtrade-School seit 12.03.2018<\/p>\n<p><a href=\"https:\/\/www.lwms.de\/startseiten\/logos\/\" target=\"_blank\" rel=\"noopener\">Leonhard-Wagner-Mittelschule<\/a><br \/>\n86830 Schwabm\u00fcnchen<br \/>\nFairtrade-School seit 29.05.2019<\/p>\n<p>&nbsp;<\/p>\n<hr \/>\n<h2>Eine Welt-Kitas<\/h2>\n<p><a href=\"https:\/\/weltlaeden.de\/schongau\/fairekita\/\" target=\"_blank\" rel=\"noopener\">Kindergarten St. Franziskus \u2013 Haus f\u00fcr Inklusion<\/a><br \/>\n86956 Schongau<\/p>\n<p>&nbsp;<\/p>\n<\/div>","protected":false},"excerpt":{"rendered":"<p>[vc_row][vc_column][vc_column_text] Unsere Fairtrade-Partner Wir haben in unserer Region viele Partner, die sich gemeinsam mit uns f\u00fcr die F\u00f6rderung des Fairen Handels einsetzten. Allen voran Fairtrade-St\u00e4dte und -Kommunen sowie viele aktive Fairtrade-Schulen. Im einzelnen sind dies: Fairtrade-St\u00e4dte \/ Kommunen Sonthofen 9. Fairtrade-Town in Deutschland Augsburg 21. Fairtrade-Town in Deutschland Bad W\u00f6rishofen 116. Fairtrade-Town in Deutschland Marktoberdorf&hellip;<\/p>\n","protected":false},"author":86,"featured_media":0,"parent":0,"menu_order":10,"comment_status":"closed","ping_status":"closed","template":"","meta":{"footnotes":""},"class_list":["post-435","page","type-page","status-publish","hentry","description-off"],"yoast_head":"<!-- This site is optimized with the Yoast SEO plugin v26.8 - https:\/\/yoast.com\/product\/yoast-seo-wordpress\/ -->\n<title>Partner - Weltl\u00e4den Iller-Lech<\/title>\n<meta name=\"robots\" content=\"index, follow, max-snippet:-1, max-image-preview:large, max-video-preview:-1\" \/>\n<link rel=\"canonical\" href=\"https:\/\/weltlaeden.de\/netzwerk-iller-lech\/partner\/\" \/>\n<meta property=\"og:locale\" content=\"de_DE\" \/>\n<meta property=\"og:type\" content=\"article\" \/>\n<meta property=\"og:title\" content=\"Partner - Weltl\u00e4den Iller-Lech\" \/>\n<meta property=\"og:description\" content=\"[vc_row][vc_column][vc_column_text] Unsere Fairtrade-Partner Wir haben in unserer Region viele Partner, die sich gemeinsam mit uns f\u00fcr die F\u00f6rderung des Fairen Handels einsetzten. Allen voran Fairtrade-St\u00e4dte und -Kommunen sowie viele aktive Fairtrade-Schulen. Im einzelnen sind dies: Fairtrade-St\u00e4dte \/ Kommunen Sonthofen 9. Fairtrade-Town in Deutschland Augsburg 21. Fairtrade-Town in Deutschland Bad W\u00f6rishofen 116. Fairtrade-Town in Deutschland Marktoberdorf&hellip;\" \/>\n<meta property=\"og:url\" content=\"https:\/\/weltlaeden.de\/netzwerk-iller-lech\/partner\/\" \/>\n<meta property=\"og:site_name\" content=\"Weltl\u00e4den Iller-Lech\" \/>\n<meta property=\"article:modified_time\" content=\"2025-03-08T11:16:57+00:00\" \/>\n<meta property=\"og:image\" content=\"https:\/\/weltlaeden.de\/netzwerk-iller-lech\/wp-content\/uploads\/sites\/58\/2019\/01\/fairtrade-towns_logo_WEB-e1546949928717.jpg\" \/>\n\t<meta property=\"og:image:width\" content=\"300\" \/>\n\t<meta property=\"og:image:height\" content=\"213\" \/>\n\t<meta property=\"og:image:type\" content=\"image\/jpeg\" \/>\n<meta name=\"twitter:card\" content=\"summary_large_image\" \/>\n<meta name=\"twitter:label1\" content=\"Gesch\u00e4tzte Lesezeit\" \/>\n\t<meta name=\"twitter:data1\" content=\"3\u00a0Minuten\" \/>\n<script type=\"application\/ld+json\" class=\"yoast-schema-graph\">{\"@context\":\"https:\/\/schema.org\",\"@graph\":[{\"@type\":\"WebPage\",\"@id\":\"https:\/\/weltlaeden.de\/netzwerk-iller-lech\/partner\/\",\"url\":\"https:\/\/weltlaeden.de\/netzwerk-iller-lech\/partner\/\",\"name\":\"Partner - Weltl\u00e4den Iller-Lech\",\"isPartOf\":{\"@id\":\"https:\/\/weltlaeden.de\/netzwerk-iller-lech\/#website\"},\"primaryImageOfPage\":{\"@id\":\"https:\/\/weltlaeden.de\/netzwerk-iller-lech\/partner\/#primaryimage\"},\"image\":{\"@id\":\"https:\/\/weltlaeden.de\/netzwerk-iller-lech\/partner\/#primaryimage\"},\"thumbnailUrl\":\"https:\/\/weltlaeden.de\/netzwerk-iller-lech\/wp-content\/uploads\/sites\/58\/2019\/01\/fairtrade-towns_logo_WEB-e1546949928717.jpg\",\"datePublished\":\"2019-01-04T10:52:10+00:00\",\"dateModified\":\"2025-03-08T11:16:57+00:00\",\"breadcrumb\":{\"@id\":\"https:\/\/weltlaeden.de\/netzwerk-iller-lech\/partner\/#breadcrumb\"},\"inLanguage\":\"de\",\"potentialAction\":[{\"@type\":\"ReadAction\",\"target\":[\"https:\/\/weltlaeden.de\/netzwerk-iller-lech\/partner\/\"]}]},{\"@type\":\"ImageObject\",\"inLanguage\":\"de\",\"@id\":\"https:\/\/weltlaeden.de\/netzwerk-iller-lech\/partner\/#primaryimage\",\"url\":\"https:\/\/weltlaeden.de\/netzwerk-iller-lech\/wp-content\/uploads\/sites\/58\/2019\/01\/fairtrade-towns_logo_WEB-e1546949928717.jpg\",\"contentUrl\":\"https:\/\/weltlaeden.de\/netzwerk-iller-lech\/wp-content\/uploads\/sites\/58\/2019\/01\/fairtrade-towns_logo_WEB-e1546949928717.jpg\",\"width\":300,\"height\":213},{\"@type\":\"BreadcrumbList\",\"@id\":\"https:\/\/weltlaeden.de\/netzwerk-iller-lech\/partner\/#breadcrumb\",\"itemListElement\":[{\"@type\":\"ListItem\",\"position\":1,\"name\":\"Startseite\",\"item\":\"https:\/\/weltlaeden.de\/netzwerk-iller-lech\/\"},{\"@type\":\"ListItem\",\"position\":2,\"name\":\"Partner\"}]},{\"@type\":\"WebSite\",\"@id\":\"https:\/\/weltlaeden.de\/netzwerk-iller-lech\/#website\",\"url\":\"https:\/\/weltlaeden.de\/netzwerk-iller-lech\/\",\"name\":\"Vorlage\",\"description\":\"Weltladen Netzwerk f\u00fcr Austausch und gemeinsame Aktionen\",\"potentialAction\":[{\"@type\":\"SearchAction\",\"target\":{\"@type\":\"EntryPoint\",\"urlTemplate\":\"https:\/\/weltlaeden.de\/netzwerk-iller-lech\/?s={search_term_string}\"},\"query-input\":{\"@type\":\"PropertyValueSpecification\",\"valueRequired\":true,\"valueName\":\"search_term_string\"}}],\"inLanguage\":\"de\"}]}<\/script>\n<!-- \/ Yoast SEO plugin. -->","yoast_head_json":{"title":"Partner - Weltl\u00e4den Iller-Lech","robots":{"index":"index","follow":"follow","max-snippet":"max-snippet:-1","max-image-preview":"max-image-preview:large","max-video-preview":"max-video-preview:-1"},"canonical":"https:\/\/weltlaeden.de\/netzwerk-iller-lech\/partner\/","og_locale":"de_DE","og_type":"article","og_title":"Partner - Weltl\u00e4den Iller-Lech","og_description":"[vc_row][vc_column][vc_column_text] Unsere Fairtrade-Partner Wir haben in unserer Region viele Partner, die sich gemeinsam mit uns f\u00fcr die F\u00f6rderung des Fairen Handels einsetzten. Allen voran Fairtrade-St\u00e4dte und -Kommunen sowie viele aktive Fairtrade-Schulen. Im einzelnen sind dies: Fairtrade-St\u00e4dte \/ Kommunen Sonthofen 9. Fairtrade-Town in Deutschland Augsburg 21. Fairtrade-Town in Deutschland Bad W\u00f6rishofen 116. Fairtrade-Town in Deutschland Marktoberdorf&hellip;","og_url":"https:\/\/weltlaeden.de\/netzwerk-iller-lech\/partner\/","og_site_name":"Weltl\u00e4den Iller-Lech","article_modified_time":"2025-03-08T11:16:57+00:00","og_image":[{"width":300,"height":213,"url":"https:\/\/weltlaeden.de\/netzwerk-iller-lech\/wp-content\/uploads\/sites\/58\/2019\/01\/fairtrade-towns_logo_WEB-e1546949928717.jpg","type":"image\/jpeg"}],"twitter_card":"summary_large_image","twitter_misc":{"Gesch\u00e4tzte Lesezeit":"3\u00a0Minuten"},"schema":{"@context":"https:\/\/schema.org","@graph":[{"@type":"WebPage","@id":"https:\/\/weltlaeden.de\/netzwerk-iller-lech\/partner\/","url":"https:\/\/weltlaeden.de\/netzwerk-iller-lech\/partner\/","name":"Partner - Weltl\u00e4den Iller-Lech","isPartOf":{"@id":"https:\/\/weltlaeden.de\/netzwerk-iller-lech\/#website"},"primaryImageOfPage":{"@id":"https:\/\/weltlaeden.de\/netzwerk-iller-lech\/partner\/#primaryimage"},"image":{"@id":"https:\/\/weltlaeden.de\/netzwerk-iller-lech\/partner\/#primaryimage"},"thumbnailUrl":"https:\/\/weltlaeden.de\/netzwerk-iller-lech\/wp-content\/uploads\/sites\/58\/2019\/01\/fairtrade-towns_logo_WEB-e1546949928717.jpg","datePublished":"2019-01-04T10:52:10+00:00","dateModified":"2025-03-08T11:16:57+00:00","breadcrumb":{"@id":"https:\/\/weltlaeden.de\/netzwerk-iller-lech\/partner\/#breadcrumb"},"inLanguage":"de","potentialAction":[{"@type":"ReadAction","target":["https:\/\/weltlaeden.de\/netzwerk-iller-lech\/partner\/"]}]},{"@type":"ImageObject","inLanguage":"de","@id":"https:\/\/weltlaeden.de\/netzwerk-iller-lech\/partner\/#primaryimage","url":"https:\/\/weltlaeden.de\/netzwerk-iller-lech\/wp-content\/uploads\/sites\/58\/2019\/01\/fairtrade-towns_logo_WEB-e1546949928717.jpg","contentUrl":"https:\/\/weltlaeden.de\/netzwerk-iller-lech\/wp-content\/uploads\/sites\/58\/2019\/01\/fairtrade-towns_logo_WEB-e1546949928717.jpg","width":300,"height":213},{"@type":"BreadcrumbList","@id":"https:\/\/weltlaeden.de\/netzwerk-iller-lech\/partner\/#breadcrumb","itemListElement":[{"@type":"ListItem","position":1,"name":"Startseite","item":"https:\/\/weltlaeden.de\/netzwerk-iller-lech\/"},{"@type":"ListItem","position":2,"name":"Partner"}]},{"@type":"WebSite","@id":"https:\/\/weltlaeden.de\/netzwerk-iller-lech\/#website","url":"https:\/\/weltlaeden.de\/netzwerk-iller-lech\/","name":"Vorlage","description":"Weltladen Netzwerk f\u00fcr Austausch und gemeinsame Aktionen","potentialAction":[{"@type":"SearchAction","target":{"@type":"EntryPoint","urlTemplate":"https:\/\/weltlaeden.de\/netzwerk-iller-lech\/?s={search_term_string}"},"query-input":{"@type":"PropertyValueSpecification","valueRequired":true,"valueName":"search_term_string"}}],"inLanguage":"de"}]}},"_links":{"self":[{"href":"https:\/\/weltlaeden.de\/netzwerk-iller-lech\/wp-json\/wp\/v2\/pages\/435","targetHints":{"allow":["GET"]}}],"collection":[{"href":"https:\/\/weltlaeden.de\/netzwerk-iller-lech\/wp-json\/wp\/v2\/pages"}],"about":[{"href":"https:\/\/weltlaeden.de\/netzwerk-iller-lech\/wp-json\/wp\/v2\/types\/page"}],"author":[{"embeddable":true,"href":"https:\/\/weltlaeden.de\/netzwerk-iller-lech\/wp-json\/wp\/v2\/users\/86"}],"replies":[{"embeddable":true,"href":"https:\/\/weltlaeden.de\/netzwerk-iller-lech\/wp-json\/wp\/v2\/comments?post=435"}],"version-history":[{"count":31,"href":"https:\/\/weltlaeden.de\/netzwerk-iller-lech\/wp-json\/wp\/v2\/pages\/435\/revisions"}],"predecessor-version":[{"id":1073,"href":"https:\/\/weltlaeden.de\/netzwerk-iller-lech\/wp-json\/wp\/v2\/pages\/435\/revisions\/1073"}],"wp:attachment":[{"href":"https:\/\/weltlaeden.de\/netzwerk-iller-lech\/wp-json\/wp\/v2\/media?parent=435"}],"curies":[{"name":"wp","href":"https:\/\/api.w.org\/{rel}","templated":true}]}}