{"id":425,"date":"2018-12-29T16:26:45","date_gmt":"2018-12-29T15:26:45","guid":{"rendered":"https:\/\/weltlaeden.de\/netzwerk-iller-lech\/?page_id=425"},"modified":"2018-12-29T16:26:45","modified_gmt":"2018-12-29T15:26:45","slug":"wir-sind-dabei","status":"publish","type":"page","link":"https:\/\/weltlaeden.de\/netzwerk-iller-lech\/wir-sind-dabei\/","title":{"rendered":"Wir sind dabei"},"content":{"rendered":"<h2>Wir sind dabei&#8230;<\/h2>\n<p>Weltladen Augsburg | Wei\u00dfe Gasse 3 | 86150 Augsburg | Telefon: +49 821 312319 | Webseite<br \/>\nWeltladen Friedberg | Marienplatz 18 | 86316 Friedberg | Telefon: +49 821 6080386 | Webseite<br \/>\nWeltladen K\u00f6nigsbrunn | Bgm.-Wohlfarth-Str. 38 | 86343 K\u00f6nigsbrunn | Telefon: +49 8231 919791 | Webseite<br \/>\nWeltladen Krumbach | Karl-Mantel-Str. 3 | 86381 Krumbach | Telefon: +49 8282 880768<br \/>\nWeltladen Bobingen | Bahnhofstr. 10 | 86399 Bobingen | Telefon: +49 8234 998833 | Webseite<br \/>\nWeltladen Wertingen | Hauptstr. 9 | 86637 Wertingen | Telefon: +49 8272 6090094 | Webseite<br \/>\nWeltladen Buchloe | Bahnhofstr. 24 | 86807 Buchloe | Telefon: +49 8241 6203| Webseite<br \/>\nWeltladen Bad W\u00f6rishofen | B\u00fcrgermeister-St\u00f6ckle-Str. 10 | 86825 Bad W\u00f6rishofen | Telefon +49 8247 9924282<br \/>\nWeltladen Schwabm\u00fcnchen | Luitpoldstr. 1A | 86830 Schwabm\u00fcnchen | Telefon: +49 8232 903399 | Webseite<br \/>\nEine-Welt-Laden Untermeitingen | Schlo\u00dfberg 12 | 86836 Untermeitingen<br \/>\nEine-Welt-Laden T\u00fcrkheim | Augsburger Str. 2 | 86842 T\u00fcrkheim | Telefon: +49 8245 904788 | Webseite<br \/>\nWeltladen Landsberg am Lech | Ludwigstr. 167 | 86899 Landsberg am Lech | Telefon: +49 8191 308809 | Webseite<br \/>\nWeltladen Windach | M\u00fcnchner Str. 2 | 86949 Windach | Telefon: +49 1575 5701491 | Webseite<br \/>\nWeltladen Schongau | Lechtorstr. 11 | 86956 Schongau | Telefon: +49 8861 2595617 | Webseite<br \/>\nWeltladen Kempten | Promenadestr. 1 | 87435 Kempten | Telefon: +49 831 12626 | Webseite<br \/>\nWeltladen Pfronten | Allg\u00e4uer Str. 14 | 87459 Pfronten | Telefon: + 49 8363 929583 | Webseite<br \/>\nWeltladen Immenstadt | Bahnhofstr. 2 | 87509 Immenstadt im Allg\u00e4u | Telefon: +49 8323 9696099| Webseite<br \/>\nWeltladen Sonthofen | Marktstr. 27 | 87527 Sonthofen | Telefon: +49 8321 6076886 | Webseite<br \/>\nWeltladen Oberstdorf | Oststr. 24 | 87561 Oberstdorf | Telefon: +49 8322 959931 | Webseite<br \/>\nWeltladen Kaufbeuren | Kaiser-Max-Str. 5 | 87600 Kaufbeuren | Telefon: +49 8341 41915<br \/>\nWeltladen Marktoberdorf | Georg-Fischer-Str. 10 | 87616 Marktoberdorf | Tel. +49 8342 9191747<br \/>\nWeltladen F\u00fcssen | Brotmarkt 8 | 87629 F\u00fcssen | Telefon: +49 8362 940482 | Webseite<br \/>\nWeltladen Memmingen | Weinmarkt 12 | 87700 Memmingen | Telefon: +49 8331 89155 | Webseite<br \/>\nWeltladen Mindelheim | Maximilianstr. 35 | 87719 Mindelheim | Telefon: +49 8261 20308<br \/>\nWeltladen Bad Gr\u00f6nenbach | Marktstr. 18 | 87730 Bad Gr\u00f6nenbach | Telefon: +49 8334 259450 | Webseite<br \/>\nWeltladen Buxheim | Brunogarten | 87740 Buxheim | Telefon: +49 8331 965196 | Webseite<br \/>\nWeltladen Lindenberg | Hauptstr. 67 | 88161 Lindenberg | Telefon: +49 8381 928415 | Webseite<br \/>\nWeltladen Isny | Bahnhofstr. 12 | 88316 Isny | Telefon: +49 174 8766876<br \/>\nWeltladen Senden | L\u00e4rchenstr. 45 | 89250 Senden | Telefon: +49 7307 928110 | Webseite<br \/>\nWeltladen Wei\u00dfenhorn | Hauptstr. 18 | 89264 Wei\u00dfenhorn | Telefon: +49 7309 929198 | Webseite<br \/>\nFair Weltladen G\u00fcnzburg | Kapuzinergasse 1 | 89312 G\u00fcnzburg | Telefon: +49 8221 9301244<br \/>\nWeltladen Dillingen | K\u00f6nigsstr. 20 | 89407 Dillingen | Telefon: +49 9071 727700 | Webseite<\/p>\n","protected":false},"excerpt":{"rendered":"<p>Wir sind dabei&#8230; Weltladen Augsburg | Wei\u00dfe Gasse 3 | 86150 Augsburg | Telefon: +49 821 312319 | Webseite Weltladen Friedberg | Marienplatz 18 | 86316 Friedberg | Telefon: +49 821 6080386 | Webseite Weltladen K\u00f6nigsbrunn | Bgm.-Wohlfarth-Str. 38 | 86343 K\u00f6nigsbrunn | Telefon: +49 8231 919791 | Webseite Weltladen Krumbach | Karl-Mantel-Str. 3 |&hellip;<\/p>\n","protected":false},"author":86,"featured_media":0,"parent":0,"menu_order":9,"comment_status":"closed","ping_status":"closed","template":"","meta":{"footnotes":""},"class_list":["post-425","page","type-page","status-publish","hentry","description-off"],"yoast_head":"<!-- This site is optimized with the Yoast SEO plugin v26.8 - https:\/\/yoast.com\/product\/yoast-seo-wordpress\/ -->\n<title>Wir sind dabei - Weltl\u00e4den Iller-Lech<\/title>\n<meta name=\"robots\" content=\"index, follow, max-snippet:-1, max-image-preview:large, max-video-preview:-1\" \/>\n<link rel=\"canonical\" href=\"https:\/\/weltlaeden.de\/netzwerk-iller-lech\/wir-sind-dabei\/\" \/>\n<meta property=\"og:locale\" content=\"de_DE\" \/>\n<meta property=\"og:type\" content=\"article\" \/>\n<meta property=\"og:title\" content=\"Wir sind dabei - Weltl\u00e4den Iller-Lech\" \/>\n<meta property=\"og:description\" content=\"Wir sind dabei&#8230; Weltladen Augsburg | Wei\u00dfe Gasse 3 | 86150 Augsburg | Telefon: +49 821 312319 | Webseite Weltladen Friedberg | Marienplatz 18 | 86316 Friedberg | Telefon: +49 821 6080386 | Webseite Weltladen K\u00f6nigsbrunn | Bgm.-Wohlfarth-Str. 38 | 86343 K\u00f6nigsbrunn | Telefon: +49 8231 919791 | Webseite Weltladen Krumbach | Karl-Mantel-Str. 3 |&hellip;\" \/>\n<meta property=\"og:url\" content=\"https:\/\/weltlaeden.de\/netzwerk-iller-lech\/wir-sind-dabei\/\" \/>\n<meta property=\"og:site_name\" content=\"Weltl\u00e4den Iller-Lech\" \/>\n<meta name=\"twitter:card\" content=\"summary_large_image\" \/>\n<meta name=\"twitter:label1\" content=\"Gesch\u00e4tzte Lesezeit\" \/>\n\t<meta name=\"twitter:data1\" content=\"1\u00a0Minute\" \/>\n<script type=\"application\/ld+json\" class=\"yoast-schema-graph\">{\"@context\":\"https:\/\/schema.org\",\"@graph\":[{\"@type\":\"WebPage\",\"@id\":\"https:\/\/weltlaeden.de\/netzwerk-iller-lech\/wir-sind-dabei\/\",\"url\":\"https:\/\/weltlaeden.de\/netzwerk-iller-lech\/wir-sind-dabei\/\",\"name\":\"Wir sind dabei - Weltl\u00e4den Iller-Lech\",\"isPartOf\":{\"@id\":\"https:\/\/weltlaeden.de\/netzwerk-iller-lech\/#website\"},\"datePublished\":\"2018-12-29T15:26:45+00:00\",\"breadcrumb\":{\"@id\":\"https:\/\/weltlaeden.de\/netzwerk-iller-lech\/wir-sind-dabei\/#breadcrumb\"},\"inLanguage\":\"de\",\"potentialAction\":[{\"@type\":\"ReadAction\",\"target\":[\"https:\/\/weltlaeden.de\/netzwerk-iller-lech\/wir-sind-dabei\/\"]}]},{\"@type\":\"BreadcrumbList\",\"@id\":\"https:\/\/weltlaeden.de\/netzwerk-iller-lech\/wir-sind-dabei\/#breadcrumb\",\"itemListElement\":[{\"@type\":\"ListItem\",\"position\":1,\"name\":\"Startseite\",\"item\":\"https:\/\/weltlaeden.de\/netzwerk-iller-lech\/\"},{\"@type\":\"ListItem\",\"position\":2,\"name\":\"Wir sind dabei\"}]},{\"@type\":\"WebSite\",\"@id\":\"https:\/\/weltlaeden.de\/netzwerk-iller-lech\/#website\",\"url\":\"https:\/\/weltlaeden.de\/netzwerk-iller-lech\/\",\"name\":\"Vorlage\",\"description\":\"Weltladen Netzwerk f\u00fcr Austausch und gemeinsame Aktionen\",\"potentialAction\":[{\"@type\":\"SearchAction\",\"target\":{\"@type\":\"EntryPoint\",\"urlTemplate\":\"https:\/\/weltlaeden.de\/netzwerk-iller-lech\/?s={search_term_string}\"},\"query-input\":{\"@type\":\"PropertyValueSpecification\",\"valueRequired\":true,\"valueName\":\"search_term_string\"}}],\"inLanguage\":\"de\"}]}<\/script>\n<!-- \/ Yoast SEO plugin. -->","yoast_head_json":{"title":"Wir sind dabei - Weltl\u00e4den Iller-Lech","robots":{"index":"index","follow":"follow","max-snippet":"max-snippet:-1","max-image-preview":"max-image-preview:large","max-video-preview":"max-video-preview:-1"},"canonical":"https:\/\/weltlaeden.de\/netzwerk-iller-lech\/wir-sind-dabei\/","og_locale":"de_DE","og_type":"article","og_title":"Wir sind dabei - Weltl\u00e4den Iller-Lech","og_description":"Wir sind dabei&#8230; Weltladen Augsburg | Wei\u00dfe Gasse 3 | 86150 Augsburg | Telefon: +49 821 312319 | Webseite Weltladen Friedberg | Marienplatz 18 | 86316 Friedberg | Telefon: +49 821 6080386 | Webseite Weltladen K\u00f6nigsbrunn | Bgm.-Wohlfarth-Str. 38 | 86343 K\u00f6nigsbrunn | Telefon: +49 8231 919791 | Webseite Weltladen Krumbach | Karl-Mantel-Str. 3 |&hellip;","og_url":"https:\/\/weltlaeden.de\/netzwerk-iller-lech\/wir-sind-dabei\/","og_site_name":"Weltl\u00e4den Iller-Lech","twitter_card":"summary_large_image","twitter_misc":{"Gesch\u00e4tzte Lesezeit":"1\u00a0Minute"},"schema":{"@context":"https:\/\/schema.org","@graph":[{"@type":"WebPage","@id":"https:\/\/weltlaeden.de\/netzwerk-iller-lech\/wir-sind-dabei\/","url":"https:\/\/weltlaeden.de\/netzwerk-iller-lech\/wir-sind-dabei\/","name":"Wir sind dabei - Weltl\u00e4den Iller-Lech","isPartOf":{"@id":"https:\/\/weltlaeden.de\/netzwerk-iller-lech\/#website"},"datePublished":"2018-12-29T15:26:45+00:00","breadcrumb":{"@id":"https:\/\/weltlaeden.de\/netzwerk-iller-lech\/wir-sind-dabei\/#breadcrumb"},"inLanguage":"de","potentialAction":[{"@type":"ReadAction","target":["https:\/\/weltlaeden.de\/netzwerk-iller-lech\/wir-sind-dabei\/"]}]},{"@type":"BreadcrumbList","@id":"https:\/\/weltlaeden.de\/netzwerk-iller-lech\/wir-sind-dabei\/#breadcrumb","itemListElement":[{"@type":"ListItem","position":1,"name":"Startseite","item":"https:\/\/weltlaeden.de\/netzwerk-iller-lech\/"},{"@type":"ListItem","position":2,"name":"Wir sind dabei"}]},{"@type":"WebSite","@id":"https:\/\/weltlaeden.de\/netzwerk-iller-lech\/#website","url":"https:\/\/weltlaeden.de\/netzwerk-iller-lech\/","name":"Vorlage","description":"Weltladen Netzwerk f\u00fcr Austausch und gemeinsame Aktionen","potentialAction":[{"@type":"SearchAction","target":{"@type":"EntryPoint","urlTemplate":"https:\/\/weltlaeden.de\/netzwerk-iller-lech\/?s={search_term_string}"},"query-input":{"@type":"PropertyValueSpecification","valueRequired":true,"valueName":"search_term_string"}}],"inLanguage":"de"}]}},"_links":{"self":[{"href":"https:\/\/weltlaeden.de\/netzwerk-iller-lech\/wp-json\/wp\/v2\/pages\/425","targetHints":{"allow":["GET"]}}],"collection":[{"href":"https:\/\/weltlaeden.de\/netzwerk-iller-lech\/wp-json\/wp\/v2\/pages"}],"about":[{"href":"https:\/\/weltlaeden.de\/netzwerk-iller-lech\/wp-json\/wp\/v2\/types\/page"}],"author":[{"embeddable":true,"href":"https:\/\/weltlaeden.de\/netzwerk-iller-lech\/wp-json\/wp\/v2\/users\/86"}],"replies":[{"embeddable":true,"href":"https:\/\/weltlaeden.de\/netzwerk-iller-lech\/wp-json\/wp\/v2\/comments?post=425"}],"version-history":[{"count":4,"href":"https:\/\/weltlaeden.de\/netzwerk-iller-lech\/wp-json\/wp\/v2\/pages\/425\/revisions"}],"predecessor-version":[{"id":430,"href":"https:\/\/weltlaeden.de\/netzwerk-iller-lech\/wp-json\/wp\/v2\/pages\/425\/revisions\/430"}],"wp:attachment":[{"href":"https:\/\/weltlaeden.de\/netzwerk-iller-lech\/wp-json\/wp\/v2\/media?parent=425"}],"curies":[{"name":"wp","href":"https:\/\/api.w.org\/{rel}","templated":true}]}}