{"id":830,"date":"2025-11-27T07:17:44","date_gmt":"2025-11-27T06:17:44","guid":{"rendered":"https:\/\/weltlaeden.de\/mutterstadt\/portraits-von-handelspartnern\/fridafeeling-2-2\/"},"modified":"2025-11-29T18:45:31","modified_gmt":"2025-11-29T17:45:31","slug":"pakilia","status":"publish","type":"page","link":"https:\/\/weltlaeden.de\/mutterstadt\/portraits-von-handelspartnern\/pakilia\/","title":{"rendered":"pakilia &#8211; Fair Trade Silberschmuck"},"content":{"rendered":"<div class=\"wpb-content-wrapper\"><p>[vc_row][vc_column]<div class=\"wl_einzelbild\"><p><img loading=\"lazy\" decoding=\"async\" class=\"wp-image-824 size-full aligncenter\" src=\"https:\/\/weltlaeden.de\/mutterstadt\/wp-content\/uploads\/sites\/220\/2025\/11\/logo_fair2.png\" alt=\"\" width=\"486\" height=\"160\" srcset=\"https:\/\/weltlaeden.de\/mutterstadt\/wp-content\/uploads\/sites\/220\/2025\/11\/logo_fair2.png 486w, https:\/\/weltlaeden.de\/mutterstadt\/wp-content\/uploads\/sites\/220\/2025\/11\/logo_fair2-300x99.png 300w\" sizes=\"auto, (max-width: 486px) 100vw, 486px\" \/><\/p><\/div>[vc_empty_space][vc_column_text css=&#8220;&#8220;]<\/p>\n<div class=\"row\">\n<div class=\"col-sm-12 visible-sm col-xs-12 visible-xs visible-md visible-lg\">\n<div class=\" w-100\">\n<h1>Die Gesichter hinter Deinem Lieblings-Schmuckst\u00fcck<\/h1>\n<\/div>\n<\/div>\n<\/div>\n<div class=\"row\">\n<div class=\"col-sm-12 visible-sm col-xs-12 visible-xs visible-md visible-lg\">\n<div class=\" w-100\">Wir arbeiten mit Herstellerfamilien zusammen, die au\u00dfer dem w\u00f6chentlichen Silbermarkt in\u00a0<a href=\"https:\/\/www.pakilia.com\/Taxco-Silberstadt\/\" target=\"_blank\" rel=\"noopener\"><b>Taxco<\/b><\/a>\u00a0in der Regel keine Absatzm\u00f6glichkeit f\u00fcr ihre Produkte haben. Vor der Aufnahme von neuen Produkten in den Katalog besuchen wir die Hersteller und ihre Familien zun\u00e4chst. Hierbei lernen wir die Lebensumst\u00e4nde und das Arbeitsumfeld der Hersteller kennen. Einige Familien haben keine Manufaktur und arbeiten zuhause im Wohnzimmer. H\u00e4ufig sind alle Familienmitglieder in das Silbergesch\u00e4ft involviert, entweder in der Herstellung oder beim Verkauf. Manche Familien haben ihrer Manufaktur einen Namen gegeben, unter dem dann viele Familienmitglieder mitarbeiten. Andere K\u00fcnstler arbeiten ganz einfach unter ihrem eigenen Namen.Durch extreme Silberpreisschwankungen und zunehmender Probleme wie den R\u00fcckgang des Tourismus durch den\u00a0<a href=\"https:\/\/www.pakilia.com\/Narcocultura\/\" target=\"_blank\" rel=\"noopener\"><b>Drogenkrieg<\/b><\/a>\u00a0wird das Silbergesch\u00e4ft erschwert. Die Hersteller haben keinerlei Planungssicherheit und m\u00fcssen mit einer hohen Kapitalbindung zu Recht kommen, da sie das Material zu Marktpreisen w\u00f6chentlich neu einkaufen.<\/div>\n<\/div>\n<\/div>\n<p>[\/vc_column_text][\/vc_column][\/vc_row][vc_row][vc_column][vc_empty_space][vc_column_text css=&#8220;&#8220;]Weitere Informationen findest du hier:<\/p>\n<p><a href=\"https:\/\/www.pakilia.com\/\">https:\/\/www.pakilia.com\/<\/a><\/p>\n<p>[\/vc_column_text][vc_empty_space][vc_separator css=&#8220;&#8220;][\/vc_column][\/vc_row][vc_row][vc_column width=&#8220;1\/2&#8243;][vc_empty_space][vc_column_text css=&#8220;&#8220;]<em>&#8222;Die regelm\u00e4\u00dfigen Eink\u00e4ufe von pakilia haben mir bei ausbleibender Nachfrage vor Ort zu wirtschaftlicher Stabilit\u00e4t verholfen &#8211; so konnte ich mein Gesch\u00e4ft stetig weiter entwickeln.&#8220;<\/em><\/p>\n<p>&#8211; Lucy[\/vc_column_text][\/vc_column][vc_column width=&#8220;1\/2&#8243;][vc_empty_space]<div class=\"wl_einzelbild\"><p><img loading=\"lazy\" decoding=\"async\" class=\"alignnone size-medium wp-image-825\" src=\"https:\/\/weltlaeden.de\/mutterstadt\/wp-content\/uploads\/sites\/220\/2025\/11\/lucy_1_-300x197.png\" alt=\"\" width=\"300\" height=\"197\" srcset=\"https:\/\/weltlaeden.de\/mutterstadt\/wp-content\/uploads\/sites\/220\/2025\/11\/lucy_1_-300x197.png 300w, https:\/\/weltlaeden.de\/mutterstadt\/wp-content\/uploads\/sites\/220\/2025\/11\/lucy_1_.png 660w\" sizes=\"auto, (max-width: 300px) 100vw, 300px\" \/><\/p><\/div>[\/vc_column][\/vc_row][vc_row][vc_column][vc_empty_space][vc_separator css=&#8220;&#8220;][\/vc_column][\/vc_row][vc_row][vc_column width=&#8220;1\/2&#8243;][vc_empty_space]<div class=\"wl_einzelbild\"><p><img loading=\"lazy\" decoding=\"async\" class=\"alignnone size-medium wp-image-826\" src=\"https:\/\/weltlaeden.de\/mutterstadt\/wp-content\/uploads\/sites\/220\/2025\/11\/werkstatt_ian-300x195.png\" alt=\"\" width=\"300\" height=\"195\" srcset=\"https:\/\/weltlaeden.de\/mutterstadt\/wp-content\/uploads\/sites\/220\/2025\/11\/werkstatt_ian-300x195.png 300w, https:\/\/weltlaeden.de\/mutterstadt\/wp-content\/uploads\/sites\/220\/2025\/11\/werkstatt_ian.png 660w\" sizes=\"auto, (max-width: 300px) 100vw, 300px\" \/><\/p><\/div>[\/vc_column][vc_column width=&#8220;1\/2&#8243;][vc_empty_space][vc_column_text css=&#8220;&#8220;]<em>&#8222;Durch die Zusammenarbeit mit pakilia und den Austausch auf Augenh\u00f6he habe ich sehr viel dazugelernt, neues Selbstbewusstsein gewonnen und konnte mich zu einer selbstst\u00e4ndigen erfolgreichen Gesch\u00e4ftsfrau weiterentwickeln.&#8220;<\/em><\/p>\n<p>&#8211; Betty, Manufaktur Ian[\/vc_column_text][\/vc_column][\/vc_row]<\/p>\n<\/div>","protected":false},"excerpt":{"rendered":"<p>[vc_row][vc_column][vc_empty_space][vc_column_text css=&#8220;&#8220;] Die Gesichter hinter Deinem Lieblings-Schmuckst\u00fcck Wir arbeiten mit Herstellerfamilien zusammen, die au\u00dfer dem w\u00f6chentlichen Silbermarkt in\u00a0Taxco\u00a0in der Regel keine Absatzm\u00f6glichkeit f\u00fcr ihre Produkte haben. Vor der Aufnahme von neuen Produkten in den Katalog besuchen wir die Hersteller und ihre Familien zun\u00e4chst. Hierbei lernen wir die Lebensumst\u00e4nde und das Arbeitsumfeld der Hersteller kennen. Einige&hellip;<\/p>\n","protected":false},"author":14,"featured_media":0,"parent":507,"menu_order":3,"comment_status":"closed","ping_status":"closed","template":"","meta":{"footnotes":""},"class_list":["post-830","page","type-page","status-publish","hentry","description-off"],"yoast_head":"<!-- This site is optimized with the Yoast SEO plugin v26.8 - https:\/\/yoast.com\/product\/yoast-seo-wordpress\/ -->\n<title>pakilia - Fair Trade Silberschmuck - Weltladen Mutterstadt<\/title>\n<meta name=\"robots\" content=\"index, follow, max-snippet:-1, max-image-preview:large, max-video-preview:-1\" \/>\n<link rel=\"canonical\" href=\"https:\/\/weltlaeden.de\/mutterstadt\/portraits-von-handelspartnern\/pakilia\/\" \/>\n<meta property=\"og:locale\" content=\"de_DE\" \/>\n<meta property=\"og:type\" content=\"article\" \/>\n<meta property=\"og:title\" content=\"pakilia - Fair Trade Silberschmuck - Weltladen Mutterstadt\" \/>\n<meta property=\"og:description\" content=\"[vc_row][vc_column][vc_empty_space][vc_column_text css=&#8220;&#8220;] Die Gesichter hinter Deinem Lieblings-Schmuckst\u00fcck Wir arbeiten mit Herstellerfamilien zusammen, die au\u00dfer dem w\u00f6chentlichen Silbermarkt in\u00a0Taxco\u00a0in der Regel keine Absatzm\u00f6glichkeit f\u00fcr ihre Produkte haben. Vor der Aufnahme von neuen Produkten in den Katalog besuchen wir die Hersteller und ihre Familien zun\u00e4chst. Hierbei lernen wir die Lebensumst\u00e4nde und das Arbeitsumfeld der Hersteller kennen. Einige&hellip;\" \/>\n<meta property=\"og:url\" content=\"https:\/\/weltlaeden.de\/mutterstadt\/portraits-von-handelspartnern\/pakilia\/\" \/>\n<meta property=\"og:site_name\" content=\"Weltladen Mutterstadt\" \/>\n<meta property=\"article:modified_time\" content=\"2025-11-29T17:45:31+00:00\" \/>\n<meta property=\"og:image\" content=\"https:\/\/weltlaeden.de\/mutterstadt\/wp-content\/uploads\/sites\/220\/2025\/11\/logo_fair2.png\" \/>\n\t<meta property=\"og:image:width\" content=\"486\" \/>\n\t<meta property=\"og:image:height\" content=\"160\" \/>\n\t<meta property=\"og:image:type\" content=\"image\/png\" \/>\n<meta name=\"twitter:card\" content=\"summary_large_image\" \/>\n<meta name=\"twitter:label1\" content=\"Gesch\u00e4tzte Lesezeit\" \/>\n\t<meta name=\"twitter:data1\" content=\"2\u00a0Minuten\" \/>\n<script type=\"application\/ld+json\" class=\"yoast-schema-graph\">{\"@context\":\"https:\/\/schema.org\",\"@graph\":[{\"@type\":\"WebPage\",\"@id\":\"https:\/\/weltlaeden.de\/mutterstadt\/portraits-von-handelspartnern\/pakilia\/\",\"url\":\"https:\/\/weltlaeden.de\/mutterstadt\/portraits-von-handelspartnern\/pakilia\/\",\"name\":\"pakilia - Fair Trade Silberschmuck - Weltladen Mutterstadt\",\"isPartOf\":{\"@id\":\"https:\/\/weltlaeden.de\/mutterstadt\/#website\"},\"primaryImageOfPage\":{\"@id\":\"https:\/\/weltlaeden.de\/mutterstadt\/portraits-von-handelspartnern\/pakilia\/#primaryimage\"},\"image\":{\"@id\":\"https:\/\/weltlaeden.de\/mutterstadt\/portraits-von-handelspartnern\/pakilia\/#primaryimage\"},\"thumbnailUrl\":\"https:\/\/weltlaeden.de\/mutterstadt\/wp-content\/uploads\/sites\/220\/2025\/11\/logo_fair2.png\",\"datePublished\":\"2025-11-27T06:17:44+00:00\",\"dateModified\":\"2025-11-29T17:45:31+00:00\",\"breadcrumb\":{\"@id\":\"https:\/\/weltlaeden.de\/mutterstadt\/portraits-von-handelspartnern\/pakilia\/#breadcrumb\"},\"inLanguage\":\"de\",\"potentialAction\":[{\"@type\":\"ReadAction\",\"target\":[\"https:\/\/weltlaeden.de\/mutterstadt\/portraits-von-handelspartnern\/pakilia\/\"]}]},{\"@type\":\"ImageObject\",\"inLanguage\":\"de\",\"@id\":\"https:\/\/weltlaeden.de\/mutterstadt\/portraits-von-handelspartnern\/pakilia\/#primaryimage\",\"url\":\"https:\/\/weltlaeden.de\/mutterstadt\/wp-content\/uploads\/sites\/220\/2025\/11\/logo_fair2.png\",\"contentUrl\":\"https:\/\/weltlaeden.de\/mutterstadt\/wp-content\/uploads\/sites\/220\/2025\/11\/logo_fair2.png\",\"width\":486,\"height\":160},{\"@type\":\"BreadcrumbList\",\"@id\":\"https:\/\/weltlaeden.de\/mutterstadt\/portraits-von-handelspartnern\/pakilia\/#breadcrumb\",\"itemListElement\":[{\"@type\":\"ListItem\",\"position\":1,\"name\":\"Startseite\",\"item\":\"https:\/\/weltlaeden.de\/mutterstadt\/\"},{\"@type\":\"ListItem\",\"position\":2,\"name\":\"Portraits von Handelspartnern\",\"item\":\"https:\/\/weltlaeden.de\/mutterstadt\/portraits-von-handelspartnern\/\"},{\"@type\":\"ListItem\",\"position\":3,\"name\":\"pakilia &#8211; Fair Trade Silberschmuck\"}]},{\"@type\":\"WebSite\",\"@id\":\"https:\/\/weltlaeden.de\/mutterstadt\/#website\",\"url\":\"https:\/\/weltlaeden.de\/mutterstadt\/\",\"name\":\"Weltladen Mutterstadt\",\"description\":\"Faire Produkte seit 1990\",\"potentialAction\":[{\"@type\":\"SearchAction\",\"target\":{\"@type\":\"EntryPoint\",\"urlTemplate\":\"https:\/\/weltlaeden.de\/mutterstadt\/?s={search_term_string}\"},\"query-input\":{\"@type\":\"PropertyValueSpecification\",\"valueRequired\":true,\"valueName\":\"search_term_string\"}}],\"inLanguage\":\"de\"}]}<\/script>\n<!-- \/ Yoast SEO plugin. -->","yoast_head_json":{"title":"pakilia - Fair Trade Silberschmuck - Weltladen Mutterstadt","robots":{"index":"index","follow":"follow","max-snippet":"max-snippet:-1","max-image-preview":"max-image-preview:large","max-video-preview":"max-video-preview:-1"},"canonical":"https:\/\/weltlaeden.de\/mutterstadt\/portraits-von-handelspartnern\/pakilia\/","og_locale":"de_DE","og_type":"article","og_title":"pakilia - Fair Trade Silberschmuck - Weltladen Mutterstadt","og_description":"[vc_row][vc_column][vc_empty_space][vc_column_text css=&#8220;&#8220;] Die Gesichter hinter Deinem Lieblings-Schmuckst\u00fcck Wir arbeiten mit Herstellerfamilien zusammen, die au\u00dfer dem w\u00f6chentlichen Silbermarkt in\u00a0Taxco\u00a0in der Regel keine Absatzm\u00f6glichkeit f\u00fcr ihre Produkte haben. Vor der Aufnahme von neuen Produkten in den Katalog besuchen wir die Hersteller und ihre Familien zun\u00e4chst. Hierbei lernen wir die Lebensumst\u00e4nde und das Arbeitsumfeld der Hersteller kennen. Einige&hellip;","og_url":"https:\/\/weltlaeden.de\/mutterstadt\/portraits-von-handelspartnern\/pakilia\/","og_site_name":"Weltladen Mutterstadt","article_modified_time":"2025-11-29T17:45:31+00:00","og_image":[{"width":486,"height":160,"url":"https:\/\/weltlaeden.de\/mutterstadt\/wp-content\/uploads\/sites\/220\/2025\/11\/logo_fair2.png","type":"image\/png"}],"twitter_card":"summary_large_image","twitter_misc":{"Gesch\u00e4tzte Lesezeit":"2\u00a0Minuten"},"schema":{"@context":"https:\/\/schema.org","@graph":[{"@type":"WebPage","@id":"https:\/\/weltlaeden.de\/mutterstadt\/portraits-von-handelspartnern\/pakilia\/","url":"https:\/\/weltlaeden.de\/mutterstadt\/portraits-von-handelspartnern\/pakilia\/","name":"pakilia - Fair Trade Silberschmuck - Weltladen Mutterstadt","isPartOf":{"@id":"https:\/\/weltlaeden.de\/mutterstadt\/#website"},"primaryImageOfPage":{"@id":"https:\/\/weltlaeden.de\/mutterstadt\/portraits-von-handelspartnern\/pakilia\/#primaryimage"},"image":{"@id":"https:\/\/weltlaeden.de\/mutterstadt\/portraits-von-handelspartnern\/pakilia\/#primaryimage"},"thumbnailUrl":"https:\/\/weltlaeden.de\/mutterstadt\/wp-content\/uploads\/sites\/220\/2025\/11\/logo_fair2.png","datePublished":"2025-11-27T06:17:44+00:00","dateModified":"2025-11-29T17:45:31+00:00","breadcrumb":{"@id":"https:\/\/weltlaeden.de\/mutterstadt\/portraits-von-handelspartnern\/pakilia\/#breadcrumb"},"inLanguage":"de","potentialAction":[{"@type":"ReadAction","target":["https:\/\/weltlaeden.de\/mutterstadt\/portraits-von-handelspartnern\/pakilia\/"]}]},{"@type":"ImageObject","inLanguage":"de","@id":"https:\/\/weltlaeden.de\/mutterstadt\/portraits-von-handelspartnern\/pakilia\/#primaryimage","url":"https:\/\/weltlaeden.de\/mutterstadt\/wp-content\/uploads\/sites\/220\/2025\/11\/logo_fair2.png","contentUrl":"https:\/\/weltlaeden.de\/mutterstadt\/wp-content\/uploads\/sites\/220\/2025\/11\/logo_fair2.png","width":486,"height":160},{"@type":"BreadcrumbList","@id":"https:\/\/weltlaeden.de\/mutterstadt\/portraits-von-handelspartnern\/pakilia\/#breadcrumb","itemListElement":[{"@type":"ListItem","position":1,"name":"Startseite","item":"https:\/\/weltlaeden.de\/mutterstadt\/"},{"@type":"ListItem","position":2,"name":"Portraits von Handelspartnern","item":"https:\/\/weltlaeden.de\/mutterstadt\/portraits-von-handelspartnern\/"},{"@type":"ListItem","position":3,"name":"pakilia &#8211; Fair Trade Silberschmuck"}]},{"@type":"WebSite","@id":"https:\/\/weltlaeden.de\/mutterstadt\/#website","url":"https:\/\/weltlaeden.de\/mutterstadt\/","name":"Weltladen Mutterstadt","description":"Faire Produkte seit 1990","potentialAction":[{"@type":"SearchAction","target":{"@type":"EntryPoint","urlTemplate":"https:\/\/weltlaeden.de\/mutterstadt\/?s={search_term_string}"},"query-input":{"@type":"PropertyValueSpecification","valueRequired":true,"valueName":"search_term_string"}}],"inLanguage":"de"}]}},"_links":{"self":[{"href":"https:\/\/weltlaeden.de\/mutterstadt\/wp-json\/wp\/v2\/pages\/830","targetHints":{"allow":["GET"]}}],"collection":[{"href":"https:\/\/weltlaeden.de\/mutterstadt\/wp-json\/wp\/v2\/pages"}],"about":[{"href":"https:\/\/weltlaeden.de\/mutterstadt\/wp-json\/wp\/v2\/types\/page"}],"author":[{"embeddable":true,"href":"https:\/\/weltlaeden.de\/mutterstadt\/wp-json\/wp\/v2\/users\/14"}],"replies":[{"embeddable":true,"href":"https:\/\/weltlaeden.de\/mutterstadt\/wp-json\/wp\/v2\/comments?post=830"}],"version-history":[{"count":4,"href":"https:\/\/weltlaeden.de\/mutterstadt\/wp-json\/wp\/v2\/pages\/830\/revisions"}],"predecessor-version":[{"id":843,"href":"https:\/\/weltlaeden.de\/mutterstadt\/wp-json\/wp\/v2\/pages\/830\/revisions\/843"}],"up":[{"embeddable":true,"href":"https:\/\/weltlaeden.de\/mutterstadt\/wp-json\/wp\/v2\/pages\/507"}],"wp:attachment":[{"href":"https:\/\/weltlaeden.de\/mutterstadt\/wp-json\/wp\/v2\/media?parent=830"}],"curies":[{"name":"wp","href":"https:\/\/api.w.org\/{rel}","templated":true}]}}