{"id":822,"date":"2025-11-27T06:59:18","date_gmt":"2025-11-27T05:59:18","guid":{"rendered":"https:\/\/weltlaeden.de\/mutterstadt\/portraits-von-handelspartnern\/fridafeeling-2\/"},"modified":"2025-11-27T07:34:45","modified_gmt":"2025-11-27T06:34:45","slug":"moogoo","status":"publish","type":"page","link":"https:\/\/weltlaeden.de\/mutterstadt\/portraits-von-handelspartnern\/moogoo\/","title":{"rendered":"Moogoo: Kunst und Design aus Burkina Faso"},"content":{"rendered":"<div class=\"wpb-content-wrapper\"><p>[vc_row][vc_column]<div class=\"wl_einzelbild\"><p><img loading=\"lazy\" decoding=\"async\" class=\"alignnone size-medium wp-image-831\" src=\"https:\/\/weltlaeden.de\/mutterstadt\/wp-content\/uploads\/sites\/220\/2025\/11\/moogoo-logo-checkout-clean-300x129.avif\" alt=\"\" width=\"300\" height=\"129\" srcset=\"https:\/\/weltlaeden.de\/mutterstadt\/wp-content\/uploads\/sites\/220\/2025\/11\/moogoo-logo-checkout-clean-300x129.avif 300w, https:\/\/weltlaeden.de\/mutterstadt\/wp-content\/uploads\/sites\/220\/2025\/11\/moogoo-logo-checkout-clean.avif 480w\" sizes=\"auto, (max-width: 300px) 100vw, 300px\" \/><\/p><\/div>[vc_empty_space][vc_column_text css=&#8220;&#8220;]<\/p>\n<div class=\"row\">\n<div class=\"col-sm-12 visible-sm col-xs-12 visible-xs visible-md visible-lg\">\n<div class=\" w-100\">\n<h2>Moogoo<\/h2>\n<div id=\"r-1615194984179\" class=\"gf_row gf_row-fluid gf_row-no-padding\" data-label=\"Row\" data-key=\"row\" data-icon=\"gpicon-row\" data-id=\"1615194984179\" data-extraclass=\"\">Wir sehen Moogoo als Plattform f\u00fcr den Austausch zwischen modernen K\u00fcnstler:innen und Designer:innen aus Afrika und interessierten Menschen in Europa. Ziel ist die Inwertsetzung und Vermarktung von burkinischer Kunst und Design und dem damit verbundenen Know-How. Neben dem Handel mit burkinischen M\u00f6bel und Wohnaccessoires soll Moogoo also auch als Vermittler zwischen Afrika und Europa dienen und den K\u00fcnstler:innen vor Ort Zugang zum europ\u00e4ischen Kunst- und Designmarkt verschaffen.<\/div>\n<div id=\"r-1615191142836\" class=\"gf_row\" data-label=\"Row\" data-key=\"row\" data-icon=\"gpicon-row\" data-id=\"1615191142836\">\n<div id=\"c-1615191142880\" class=\"gf_col-lg-12 gf_column\" data-id=\"1615191142880\">\n<div id=\"e-1615191161364\" class=\"element-wrap\" data-label=\"Text Block\" data-key=\"text-block\" data-icon=\"gpicon-textblock\" data-ver=\"1\" data-id=\"1615191161364\">\n<div class=\"elm text-edit gf-elm-left\" data-gemlang=\"en\">\n<p>&nbsp;<\/p>\n<p>Das Herzst\u00fcck Moogoos sind afrikanische Designerm\u00f6bel und Wohnaccessoires, kreiert und erarbeitet von Designer:innen und Handwerker:innen in Afrika,. Bei den Produkten \u2013 die vollst\u00e4ndig in Burkina Faso angefertigt werden \u2013 handelt es sich um Kreationen aus Holz, Eisen, Bronze und Recyclingstoffen, die Altes und Neues verbinden und durch die Verschmelzung verschiedener Materialien g\u00e4nzlich neue Formen und Zwecke schaffen.<\/p>\n<p>&nbsp;<\/p>\n<p>Wir m\u00f6chten eine konstruktive und nachhaltige Partnerschaft mit Afrika entwickeln, im Zentrum derer die Inwertsetzung von lokaler Expertise und Ressourcen steht. Durch die Erschlie\u00dfung dieser Entwicklungspotentiale wollen wir langfristig neue Einkommensm\u00f6glichkeiten in Afrika schaffen.<\/p>\n<p>&nbsp;<\/p>\n<p>Moogoo ist f\u00fcr uns ein Intermedia zwischen Design und Ethik, zwischen Afrika und Europa. Eine Initiative, die nachhaltige Entwicklung in Westafrika unterst\u00fctzt.<\/p>\n<p>&nbsp;<\/p>\n<p><strong>Eliott Martin<br \/>\n<\/strong><i>Mitbegr\u00fcnder, CEO<\/i><\/p>\n<\/div>\n<\/div>\n<\/div>\n<\/div>\n<p>&nbsp;<\/p>\n<p><a href=\"https:\/\/moogoo-creative-africa.com\/pages\/fair-trade\">https:\/\/moogoo-creative-africa.com\/pages\/fair-trade<\/a><\/p>\n<\/div>\n<\/div>\n<\/div>\n<p>[\/vc_column_text][\/vc_column][\/vc_row][vc_row][vc_column][vc_empty_space][vc_separator css=&#8220;&#8220;][\/vc_column][\/vc_row][vc_row][vc_column width=&#8220;1\/2&#8243;]<div class=\"wl_einzelbild\"><p><img loading=\"lazy\" decoding=\"async\" class=\"size-medium wp-image-832 aligncenter\" src=\"https:\/\/weltlaeden.de\/mutterstadt\/wp-content\/uploads\/sites\/220\/2025\/11\/Lampe_Ouaga_Bleu_Blanc-300x300.jpg\" alt=\"\" width=\"300\" height=\"300\" srcset=\"https:\/\/weltlaeden.de\/mutterstadt\/wp-content\/uploads\/sites\/220\/2025\/11\/Lampe_Ouaga_Bleu_Blanc-300x300.jpg 300w, https:\/\/weltlaeden.de\/mutterstadt\/wp-content\/uploads\/sites\/220\/2025\/11\/Lampe_Ouaga_Bleu_Blanc-150x150.jpg 150w, https:\/\/weltlaeden.de\/mutterstadt\/wp-content\/uploads\/sites\/220\/2025\/11\/Lampe_Ouaga_Bleu_Blanc.jpg 669w\" sizes=\"auto, (max-width: 300px) 100vw, 300px\" \/><\/p><\/div>[\/vc_column][vc_column width=&#8220;1\/2&#8243;]<div class=\"wl_einzelbild\"><p><img loading=\"lazy\" decoding=\"async\" class=\"size-medium wp-image-833 aligncenter\" src=\"https:\/\/weltlaeden.de\/mutterstadt\/wp-content\/uploads\/sites\/220\/2025\/11\/Kleine-Schale-Upcycling-fair-trade-white-branded-300x300.jpg\" alt=\"\" width=\"300\" height=\"300\" srcset=\"https:\/\/weltlaeden.de\/mutterstadt\/wp-content\/uploads\/sites\/220\/2025\/11\/Kleine-Schale-Upcycling-fair-trade-white-branded-300x300.jpg 300w, https:\/\/weltlaeden.de\/mutterstadt\/wp-content\/uploads\/sites\/220\/2025\/11\/Kleine-Schale-Upcycling-fair-trade-white-branded-150x150.jpg 150w, https:\/\/weltlaeden.de\/mutterstadt\/wp-content\/uploads\/sites\/220\/2025\/11\/Kleine-Schale-Upcycling-fair-trade-white-branded.jpg 533w\" sizes=\"auto, (max-width: 300px) 100vw, 300px\" \/><\/p><\/div>[\/vc_column][\/vc_row]<\/p>\n<\/div>","protected":false},"excerpt":{"rendered":"<p>[vc_row][vc_column][vc_empty_space][vc_column_text css=&#8220;&#8220;] Moogoo Wir sehen Moogoo als Plattform f\u00fcr den Austausch zwischen modernen K\u00fcnstler:innen und Designer:innen aus Afrika und interessierten Menschen in Europa. Ziel ist die Inwertsetzung und Vermarktung von burkinischer Kunst und Design und dem damit verbundenen Know-How. Neben dem Handel mit burkinischen M\u00f6bel und Wohnaccessoires soll Moogoo also auch als Vermittler zwischen Afrika&hellip;<\/p>\n","protected":false},"author":14,"featured_media":0,"parent":507,"menu_order":2,"comment_status":"closed","ping_status":"closed","template":"","meta":{"footnotes":""},"class_list":["post-822","page","type-page","status-publish","hentry","description-off"],"yoast_head":"<!-- This site is optimized with the Yoast SEO plugin v26.8 - https:\/\/yoast.com\/product\/yoast-seo-wordpress\/ -->\n<title>Moogoo: Kunst und Design aus Burkina Faso - Weltladen Mutterstadt<\/title>\n<meta name=\"robots\" content=\"index, follow, max-snippet:-1, max-image-preview:large, max-video-preview:-1\" \/>\n<link rel=\"canonical\" href=\"https:\/\/weltlaeden.de\/mutterstadt\/portraits-von-handelspartnern\/moogoo\/\" \/>\n<meta property=\"og:locale\" content=\"de_DE\" \/>\n<meta property=\"og:type\" content=\"article\" \/>\n<meta property=\"og:title\" content=\"Moogoo: Kunst und Design aus Burkina Faso - Weltladen Mutterstadt\" \/>\n<meta property=\"og:description\" content=\"[vc_row][vc_column][vc_empty_space][vc_column_text css=&#8220;&#8220;] Moogoo Wir sehen Moogoo als Plattform f\u00fcr den Austausch zwischen modernen K\u00fcnstler:innen und Designer:innen aus Afrika und interessierten Menschen in Europa. Ziel ist die Inwertsetzung und Vermarktung von burkinischer Kunst und Design und dem damit verbundenen Know-How. Neben dem Handel mit burkinischen M\u00f6bel und Wohnaccessoires soll Moogoo also auch als Vermittler zwischen Afrika&hellip;\" \/>\n<meta property=\"og:url\" content=\"https:\/\/weltlaeden.de\/mutterstadt\/portraits-von-handelspartnern\/moogoo\/\" \/>\n<meta property=\"og:site_name\" content=\"Weltladen Mutterstadt\" \/>\n<meta property=\"article:modified_time\" content=\"2025-11-27T06:34:45+00:00\" \/>\n<meta name=\"twitter:card\" content=\"summary_large_image\" \/>\n<meta name=\"twitter:label1\" content=\"Gesch\u00e4tzte Lesezeit\" \/>\n\t<meta name=\"twitter:data1\" content=\"2\u00a0Minuten\" \/>\n<script type=\"application\/ld+json\" class=\"yoast-schema-graph\">{\"@context\":\"https:\/\/schema.org\",\"@graph\":[{\"@type\":\"WebPage\",\"@id\":\"https:\/\/weltlaeden.de\/mutterstadt\/portraits-von-handelspartnern\/moogoo\/\",\"url\":\"https:\/\/weltlaeden.de\/mutterstadt\/portraits-von-handelspartnern\/moogoo\/\",\"name\":\"Moogoo: Kunst und Design aus Burkina Faso - Weltladen Mutterstadt\",\"isPartOf\":{\"@id\":\"https:\/\/weltlaeden.de\/mutterstadt\/#website\"},\"primaryImageOfPage\":{\"@id\":\"https:\/\/weltlaeden.de\/mutterstadt\/portraits-von-handelspartnern\/moogoo\/#primaryimage\"},\"image\":{\"@id\":\"https:\/\/weltlaeden.de\/mutterstadt\/portraits-von-handelspartnern\/moogoo\/#primaryimage\"},\"thumbnailUrl\":\"https:\/\/weltlaeden.de\/mutterstadt\/wp-content\/uploads\/sites\/220\/2025\/11\/moogoo-logo-checkout-clean-300x129.avif\",\"datePublished\":\"2025-11-27T05:59:18+00:00\",\"dateModified\":\"2025-11-27T06:34:45+00:00\",\"breadcrumb\":{\"@id\":\"https:\/\/weltlaeden.de\/mutterstadt\/portraits-von-handelspartnern\/moogoo\/#breadcrumb\"},\"inLanguage\":\"de\",\"potentialAction\":[{\"@type\":\"ReadAction\",\"target\":[\"https:\/\/weltlaeden.de\/mutterstadt\/portraits-von-handelspartnern\/moogoo\/\"]}]},{\"@type\":\"ImageObject\",\"inLanguage\":\"de\",\"@id\":\"https:\/\/weltlaeden.de\/mutterstadt\/portraits-von-handelspartnern\/moogoo\/#primaryimage\",\"url\":\"https:\/\/weltlaeden.de\/mutterstadt\/wp-content\/uploads\/sites\/220\/2025\/11\/moogoo-logo-checkout-clean.avif\",\"contentUrl\":\"https:\/\/weltlaeden.de\/mutterstadt\/wp-content\/uploads\/sites\/220\/2025\/11\/moogoo-logo-checkout-clean.avif\",\"width\":480,\"height\":207},{\"@type\":\"BreadcrumbList\",\"@id\":\"https:\/\/weltlaeden.de\/mutterstadt\/portraits-von-handelspartnern\/moogoo\/#breadcrumb\",\"itemListElement\":[{\"@type\":\"ListItem\",\"position\":1,\"name\":\"Startseite\",\"item\":\"https:\/\/weltlaeden.de\/mutterstadt\/\"},{\"@type\":\"ListItem\",\"position\":2,\"name\":\"Portraits von Handelspartnern\",\"item\":\"https:\/\/weltlaeden.de\/mutterstadt\/portraits-von-handelspartnern\/\"},{\"@type\":\"ListItem\",\"position\":3,\"name\":\"Moogoo: Kunst und Design aus Burkina Faso\"}]},{\"@type\":\"WebSite\",\"@id\":\"https:\/\/weltlaeden.de\/mutterstadt\/#website\",\"url\":\"https:\/\/weltlaeden.de\/mutterstadt\/\",\"name\":\"Weltladen Mutterstadt\",\"description\":\"Faire Produkte seit 1990\",\"potentialAction\":[{\"@type\":\"SearchAction\",\"target\":{\"@type\":\"EntryPoint\",\"urlTemplate\":\"https:\/\/weltlaeden.de\/mutterstadt\/?s={search_term_string}\"},\"query-input\":{\"@type\":\"PropertyValueSpecification\",\"valueRequired\":true,\"valueName\":\"search_term_string\"}}],\"inLanguage\":\"de\"}]}<\/script>\n<!-- \/ Yoast SEO plugin. -->","yoast_head_json":{"title":"Moogoo: Kunst und Design aus Burkina Faso - Weltladen Mutterstadt","robots":{"index":"index","follow":"follow","max-snippet":"max-snippet:-1","max-image-preview":"max-image-preview:large","max-video-preview":"max-video-preview:-1"},"canonical":"https:\/\/weltlaeden.de\/mutterstadt\/portraits-von-handelspartnern\/moogoo\/","og_locale":"de_DE","og_type":"article","og_title":"Moogoo: Kunst und Design aus Burkina Faso - Weltladen Mutterstadt","og_description":"[vc_row][vc_column][vc_empty_space][vc_column_text css=&#8220;&#8220;] Moogoo Wir sehen Moogoo als Plattform f\u00fcr den Austausch zwischen modernen K\u00fcnstler:innen und Designer:innen aus Afrika und interessierten Menschen in Europa. Ziel ist die Inwertsetzung und Vermarktung von burkinischer Kunst und Design und dem damit verbundenen Know-How. Neben dem Handel mit burkinischen M\u00f6bel und Wohnaccessoires soll Moogoo also auch als Vermittler zwischen Afrika&hellip;","og_url":"https:\/\/weltlaeden.de\/mutterstadt\/portraits-von-handelspartnern\/moogoo\/","og_site_name":"Weltladen Mutterstadt","article_modified_time":"2025-11-27T06:34:45+00:00","twitter_card":"summary_large_image","twitter_misc":{"Gesch\u00e4tzte Lesezeit":"2\u00a0Minuten"},"schema":{"@context":"https:\/\/schema.org","@graph":[{"@type":"WebPage","@id":"https:\/\/weltlaeden.de\/mutterstadt\/portraits-von-handelspartnern\/moogoo\/","url":"https:\/\/weltlaeden.de\/mutterstadt\/portraits-von-handelspartnern\/moogoo\/","name":"Moogoo: Kunst und Design aus Burkina Faso - Weltladen Mutterstadt","isPartOf":{"@id":"https:\/\/weltlaeden.de\/mutterstadt\/#website"},"primaryImageOfPage":{"@id":"https:\/\/weltlaeden.de\/mutterstadt\/portraits-von-handelspartnern\/moogoo\/#primaryimage"},"image":{"@id":"https:\/\/weltlaeden.de\/mutterstadt\/portraits-von-handelspartnern\/moogoo\/#primaryimage"},"thumbnailUrl":"https:\/\/weltlaeden.de\/mutterstadt\/wp-content\/uploads\/sites\/220\/2025\/11\/moogoo-logo-checkout-clean-300x129.avif","datePublished":"2025-11-27T05:59:18+00:00","dateModified":"2025-11-27T06:34:45+00:00","breadcrumb":{"@id":"https:\/\/weltlaeden.de\/mutterstadt\/portraits-von-handelspartnern\/moogoo\/#breadcrumb"},"inLanguage":"de","potentialAction":[{"@type":"ReadAction","target":["https:\/\/weltlaeden.de\/mutterstadt\/portraits-von-handelspartnern\/moogoo\/"]}]},{"@type":"ImageObject","inLanguage":"de","@id":"https:\/\/weltlaeden.de\/mutterstadt\/portraits-von-handelspartnern\/moogoo\/#primaryimage","url":"https:\/\/weltlaeden.de\/mutterstadt\/wp-content\/uploads\/sites\/220\/2025\/11\/moogoo-logo-checkout-clean.avif","contentUrl":"https:\/\/weltlaeden.de\/mutterstadt\/wp-content\/uploads\/sites\/220\/2025\/11\/moogoo-logo-checkout-clean.avif","width":480,"height":207},{"@type":"BreadcrumbList","@id":"https:\/\/weltlaeden.de\/mutterstadt\/portraits-von-handelspartnern\/moogoo\/#breadcrumb","itemListElement":[{"@type":"ListItem","position":1,"name":"Startseite","item":"https:\/\/weltlaeden.de\/mutterstadt\/"},{"@type":"ListItem","position":2,"name":"Portraits von Handelspartnern","item":"https:\/\/weltlaeden.de\/mutterstadt\/portraits-von-handelspartnern\/"},{"@type":"ListItem","position":3,"name":"Moogoo: Kunst und Design aus Burkina Faso"}]},{"@type":"WebSite","@id":"https:\/\/weltlaeden.de\/mutterstadt\/#website","url":"https:\/\/weltlaeden.de\/mutterstadt\/","name":"Weltladen Mutterstadt","description":"Faire Produkte seit 1990","potentialAction":[{"@type":"SearchAction","target":{"@type":"EntryPoint","urlTemplate":"https:\/\/weltlaeden.de\/mutterstadt\/?s={search_term_string}"},"query-input":{"@type":"PropertyValueSpecification","valueRequired":true,"valueName":"search_term_string"}}],"inLanguage":"de"}]}},"_links":{"self":[{"href":"https:\/\/weltlaeden.de\/mutterstadt\/wp-json\/wp\/v2\/pages\/822","targetHints":{"allow":["GET"]}}],"collection":[{"href":"https:\/\/weltlaeden.de\/mutterstadt\/wp-json\/wp\/v2\/pages"}],"about":[{"href":"https:\/\/weltlaeden.de\/mutterstadt\/wp-json\/wp\/v2\/types\/page"}],"author":[{"embeddable":true,"href":"https:\/\/weltlaeden.de\/mutterstadt\/wp-json\/wp\/v2\/users\/14"}],"replies":[{"embeddable":true,"href":"https:\/\/weltlaeden.de\/mutterstadt\/wp-json\/wp\/v2\/comments?post=822"}],"version-history":[{"count":5,"href":"https:\/\/weltlaeden.de\/mutterstadt\/wp-json\/wp\/v2\/pages\/822\/revisions"}],"predecessor-version":[{"id":839,"href":"https:\/\/weltlaeden.de\/mutterstadt\/wp-json\/wp\/v2\/pages\/822\/revisions\/839"}],"up":[{"embeddable":true,"href":"https:\/\/weltlaeden.de\/mutterstadt\/wp-json\/wp\/v2\/pages\/507"}],"wp:attachment":[{"href":"https:\/\/weltlaeden.de\/mutterstadt\/wp-json\/wp\/v2\/media?parent=822"}],"curies":[{"name":"wp","href":"https:\/\/api.w.org\/{rel}","templated":true}]}}