{"id":20,"date":"2016-10-14T09:05:21","date_gmt":"2016-10-14T07:05:21","guid":{"rendered":"https:\/\/wl.heimpixel.de\/vorlage\/weltladen-musterdorf\/"},"modified":"2026-04-22T17:48:18","modified_gmt":"2026-04-22T15:48:18","slug":"weltladen-musterdorf","status":"publish","type":"page","link":"https:\/\/weltlaeden.de\/mutterstadt\/","title":{"rendered":"Weltladen Mutterstadt"},"content":{"rendered":"<div class=\"wpb-content-wrapper\"><p>[vc_row][vc_column]<div class=\"wl_einzelbild\"><p><img loading=\"lazy\" decoding=\"async\" class=\"alignnone wp-image-757 size-large\" src=\"https:\/\/weltlaeden.de\/mutterstadt\/wp-content\/uploads\/sites\/220\/2025\/11\/IMG_9054-1024x683.jpg\" alt=\"\" width=\"1024\" height=\"683\" srcset=\"https:\/\/weltlaeden.de\/mutterstadt\/wp-content\/uploads\/sites\/220\/2025\/11\/IMG_9054-1024x683.jpg 1024w, https:\/\/weltlaeden.de\/mutterstadt\/wp-content\/uploads\/sites\/220\/2025\/11\/IMG_9054-300x200.jpg 300w, https:\/\/weltlaeden.de\/mutterstadt\/wp-content\/uploads\/sites\/220\/2025\/11\/IMG_9054-768x512.jpg 768w, https:\/\/weltlaeden.de\/mutterstadt\/wp-content\/uploads\/sites\/220\/2025\/11\/IMG_9054-1536x1024.jpg 1536w, https:\/\/weltlaeden.de\/mutterstadt\/wp-content\/uploads\/sites\/220\/2025\/11\/IMG_9054.jpg 1620w\" sizes=\"auto, (max-width: 1024px) 100vw, 1024px\" \/><\/p><\/div>[vc_empty_space height=&#8220;20px&#8220;][\/vc_column][\/vc_row][vc_row][vc_column][vc_column_text css=&#8220;&#8220;]<\/p>\n<h1 style=\"text-align: left\">Willkommen im Weltladen Mutterstadt!<\/h1>\n<p>[\/vc_column_text][vc_column_text css=&#8220;&#8220;]<\/p>\n<p data-start=\"44\" data-end=\"343\" data-is-last-node=\"\" data-is-only-node=\"\">Entdecke bei uns fair gehandelte Produkte aus aller Welt \u2013 von aromatischem Kaffee und k\u00f6stlicher Schokolade bis hin zu kunsthandwerklichen Unikaten. Mit jedem Einkauf unterst\u00fctzt du gerechte Arbeitsbedingungen und nachhaltige Projekte. Schaue vorbei und lasse dich inspirieren!<\/p>\n<p>[\/vc_column_text][vc_empty_space height=&#8220;30px&#8220;][vc_empty_space]<div class=\"wl_einzelbild\"><p><\/p>\n<p>&nbsp;<\/p>\n<h2 style=\"text-align: center\">\u00a0Weltladentag 2026 im Weltladen Mutterstadt<\/h2>\n<h2><img loading=\"lazy\" decoding=\"async\" class=\"wp-image-899 aligncenter\" src=\"https:\/\/weltlaeden.de\/mutterstadt\/wp-content\/uploads\/sites\/220\/2026\/04\/sharepic_fruchtdemo_mit_logo-e1776248864122-280x300.png\" alt=\"\" width=\"426\" height=\"456\" srcset=\"https:\/\/weltlaeden.de\/mutterstadt\/wp-content\/uploads\/sites\/220\/2026\/04\/sharepic_fruchtdemo_mit_logo-e1776248864122-280x300.png 280w, https:\/\/weltlaeden.de\/mutterstadt\/wp-content\/uploads\/sites\/220\/2026\/04\/sharepic_fruchtdemo_mit_logo-e1776248864122-954x1024.png 954w, https:\/\/weltlaeden.de\/mutterstadt\/wp-content\/uploads\/sites\/220\/2026\/04\/sharepic_fruchtdemo_mit_logo-e1776248864122-768x824.png 768w, https:\/\/weltlaeden.de\/mutterstadt\/wp-content\/uploads\/sites\/220\/2026\/04\/sharepic_fruchtdemo_mit_logo-e1776248864122-1431x1536.png 1431w, https:\/\/weltlaeden.de\/mutterstadt\/wp-content\/uploads\/sites\/220\/2026\/04\/sharepic_fruchtdemo_mit_logo-e1776248864122-1908x2048.png 1908w\" sizes=\"auto, (max-width: 426px) 100vw, 426px\" \/><\/h2>\n<p><\/p><\/div>[vc_column_text css=&#8220;&#8220;]<\/p>\n<h2 style=\"text-align: center\"><\/h2>\n<h2 style=\"text-align: center\">Fair fruchtet \u2013 weil Gerechtigkeit Wurzeln schl\u00e4gt<\/h2>\n<p>Am\u00a0<b>8. Mai 2026<\/b>\u00a0feiern wir auf dem <strong>Marktplatz in Mutterstadt<\/strong> im Rahmen des Fairen Fr\u00fchst\u00fccks den bundesweiten\u00a0<b>Weltladentag<\/b>\u00a0\u2013 dieses Jahr unter dem Motto\u00a0<b>\u201eFair fruchtet\u201c<\/b>. Gemeinsam m\u00f6chten wir zeigen, wie fairer Handel Menschen st\u00e4rkt, Lebensgrundlagen sch\u00fctzt und echte Perspektiven schafft.<\/p>\n<p>\u201eFair fruchtet\u201c bedeutet f\u00fcr uns:<\/p>\n<ul>\n<li>dass Produzent*innen weltweit von ihrer Arbeit leben k\u00f6nnen<\/li>\n<li>dass \u00f6kologische Landwirtschaft unterst\u00fctzt wird<\/li>\n<li>dass Vielfalt, Qualit\u00e4t und Genuss Hand in Hand gehen<\/li>\n<li>dass jede Kaufentscheidung Wirkung zeigt<\/li>\n<\/ul>\n<p>Gerade bei Produkten wie Kaffee, Kakao, Tee, Trockenfr\u00fcchten oder Zucker entscheidet der faire Handel dar\u00fcber, ob Familien ein stabiles Einkommen haben, Kinder zur Schule gehen k\u00f6nnen und B\u00f6den langfristig fruchtbar bleiben. Fairer Handel ist kein Luxus \u2013 er ist eine Investition in eine gerechtere Welt.<\/p>\n<h3>\ud83c\udf4d Was erwartet Sie am 8. Mai an unserem Stand?<\/h3>\n<ul>\n<li><strong>Aktionen und Informationen<\/strong> rund um faire Fr\u00fcchte und ihre Produzent*innen<\/li>\n<li><strong>Kostproben<\/strong> ausgew\u00e4hlter fair gehandelter Produkte wie z.B. Bananen von <em>BanaFair<\/em> , diverse Mangoprodukte von <em>Preda<\/em> \u2013 Mangos f\u00fcr Kinderrechte, \u00a0getrocknete Ananas und Bananen von<em> Kipepeo<\/em>, und vieles mehr. \u00a0Alle diese Produkte finden Sie auch bei uns im Weltladen.<\/li>\n<li class=\"yiv2914828258xmsolistparagraph\"><strong>Mango Lassi<\/strong> und ein <strong>Bananen\/Mangosorbet<\/strong> zum Probieren und zum Genie\u00dfen<\/li>\n<li><strong>Einblicke<\/strong> in Projekte, die dank fairer Preise nachhaltig wachsen<\/li>\n<li><strong>Beratung<\/strong> zu unserem Sortiment und zu den Hintergr\u00fcnden des Fairen Handels<\/li>\n<\/ul>\n<p>Wir laden alle herzlich ein, vorbeizukommen, ins Gespr\u00e4ch zu kommen und zu entdecken, wie \u201efair\u201c im wahrsten Sinne des Wortes <strong>fruchtet<\/strong> \u2013 f\u00fcr Menschen, Umwelt und Genuss.<\/p>\n<h3>\ud83c\udf31 Gemeinsam lassen wir Gerechtigkeit wachsen<\/h3>\n<p>Jeder Einkauf im Weltladen Mutterstadt ist ein kleiner, aber wirkungsvoller Schritt hin zu einer Welt, in der Handel fair gestaltet ist. Machen Sie mit und setzen Sie am Weltladentag ein Zeichen f\u00fcr globale Solidarit\u00e4t.<\/p>\n<p style=\"text-align: center\">Wir freuen uns auf Ihren Besuch!<\/p>\n<p>[\/vc_column_text][vc_empty_space][vc_empty_space][vc_empty_space][\/vc_column][\/vc_row][vc_row][vc_column][vc_column_text css=&#8220;&#8220;]<\/p>\n<h2>Was du auf dieser Website findest:<\/h2>\n<p>[\/vc_column_text][vc_empty_space height=&#8220;20px&#8220;][vc_row_inner][vc_column_inner width=&#8220;1\/4&#8243;]<div class=\"wl_einzelbild\"><p><img loading=\"lazy\" decoding=\"async\" class=\"alignleft size-thumbnail wp-image-nsm-3-15\" src=\"https:\/\/weltlaeden.de\/vorlage\/wp-content\/uploads\/sites\/3\/2016\/11\/FairerHandel_ElPuente_Fingerpuppen_EccoExe_Peru-150x150.jpg\" alt=\"\" width=\"150\" height=\"150\" \/><br \/>\n<\/p><\/div>[\/vc_column_inner][vc_column_inner width=&#8220;3\/4&#8243;][vc_column_text css=&#8220;&#8220;]<\/p>\n<h3>Fairer Handel<\/h3>\n<p>Was meint Fairer Handel \u00fcberhaupt? Welche Kriterien m\u00fcssen eingehalten werden und wer \u00fcberpr\u00fcft diese? <a href=\"?pagename=fairer-handel\">Erfahre mehr &#8230;<\/a>[\/vc_column_text][\/vc_column_inner][\/vc_row_inner][vc_separator][vc_row_inner][vc_column_inner width=&#8220;1\/4&#8243;]<div class=\"wl_einzelbild\"><p><img loading=\"lazy\" decoding=\"async\" class=\"alignnone wp-image-762 size-thumbnail\" src=\"https:\/\/weltlaeden.de\/mutterstadt\/wp-content\/uploads\/sites\/220\/2025\/11\/IMG_9069-150x150.jpg\" alt=\"\" width=\"150\" height=\"150\" \/><\/p><\/div>[\/vc_column_inner][vc_column_inner width=&#8220;3\/4&#8243;][vc_column_text css=&#8220;&#8220;]<\/p>\n<h3>Produkte<\/h3>\n<p>Unsere Produkte im Weltladen sind nat\u00fcrlich alle aus Fairem Handel. <a href=\"?pagename=produkte\">Hier zeigen wir dir unser Sortiment &#8230;<\/a>[\/vc_column_text][\/vc_column_inner][\/vc_row_inner][vc_separator][vc_row_inner][vc_column_inner width=&#8220;1\/4&#8243;]<div class=\"wl_einzelbild\"><p><img loading=\"lazy\" decoding=\"async\" class=\"alignnone wp-image-654 size-thumbnail\" src=\"https:\/\/weltlaeden.de\/mutterstadt\/wp-content\/uploads\/sites\/220\/2024\/12\/Weltladen-150x150.jpg\" alt=\"\" width=\"150\" height=\"150\" \/><\/p><\/div>[\/vc_column_inner][vc_column_inner width=&#8220;3\/4&#8243;][vc_column_text css=&#8220;&#8220;]<\/p>\n<h3>\u00dcber uns<\/h3>\n<p>Die Geschichte des Weltladens Mutterstadt und wie man bei uns mitmachen kann &#8211; <a href=\"?pagename=ueber-uns\">hier stellen wir uns vor &#8230;<\/a>[\/vc_column_text][\/vc_column_inner][\/vc_row_inner][vc_separator][vc_row_inner][vc_column_inner width=&#8220;1\/4&#8243;]<div class=\"wl_einzelbild\"><p><img loading=\"lazy\" decoding=\"async\" class=\"alignnone size-medium wp-image-702\" src=\"https:\/\/weltlaeden.de\/mutterstadt\/wp-content\/uploads\/sites\/220\/2025\/03\/2-300x300.png\" alt=\"\" width=\"150\" height=\"150\" srcset=\"https:\/\/weltlaeden.de\/mutterstadt\/wp-content\/uploads\/sites\/220\/2025\/03\/2-300x300.png 300w, https:\/\/weltlaeden.de\/mutterstadt\/wp-content\/uploads\/sites\/220\/2025\/03\/2-1024x1024.png 1024w, https:\/\/weltlaeden.de\/mutterstadt\/wp-content\/uploads\/sites\/220\/2025\/03\/2-150x150.png 150w, https:\/\/weltlaeden.de\/mutterstadt\/wp-content\/uploads\/sites\/220\/2025\/03\/2-768x768.png 768w, https:\/\/weltlaeden.de\/mutterstadt\/wp-content\/uploads\/sites\/220\/2025\/03\/2.png 1080w\" sizes=\"auto, (max-width: 150px) 100vw, 150px\" \/><\/p><\/div>[\/vc_column_inner][vc_column_inner width=&#8220;3\/4&#8243;][vc_column_text css=&#8220;&#8220;]<\/p>\n<h3>Termine<\/h3>\n<p>Bei uns ist immer etwas los! Hier findest du unsere Veranstaltung zum Fairen Handel und verwandten Themen. <a href=\"https:\/\/weltlaeden.de\/vorlage\/termine\/\">Hier erf\u00e4hrst du was bei uns los ist \u2026<\/a>[\/vc_column_text][\/vc_column_inner][\/vc_row_inner][vc_separator][vc_empty_space][\/vc_column][\/vc_row][vc_row][vc_column][\/vc_column][\/vc_row][vc_row][vc_column][vc_column_text css=&#8220;&#8220;]<\/p>\n<h1>\u00dcbrigens&#8230;<\/h1>\n<p>[\/vc_column_text]<div class=\"wl_einzelbild\"><p><img loading=\"lazy\" decoding=\"async\" class=\"size-full wp-image-741 aligncenter\" src=\"https:\/\/weltlaeden.de\/mutterstadt\/wp-content\/uploads\/sites\/220\/2025\/03\/RheinpfalzCard.jpg\" alt=\"\" width=\"298\" height=\"195\" \/><\/p>\n<p style=\"text-align: center\">Ihr bekommt bei uns 10% Rabatt auf PREDA Mango Produkte mit der RheinpfalzCard<\/p>\n<p><\/p><\/div>[\/vc_column][\/vc_row]<\/p>\n<\/div>","protected":false},"excerpt":{"rendered":"<p>[vc_row][vc_column][vc_empty_space height=&#8220;20px&#8220;][\/vc_column][\/vc_row][vc_row][vc_column][vc_column_text css=&#8220;&#8220;] Willkommen im Weltladen Mutterstadt! [\/vc_column_text][vc_column_text css=&#8220;&#8220;] Entdecke bei uns fair gehandelte Produkte aus aller Welt \u2013 von aromatischem Kaffee und k\u00f6stlicher Schokolade bis hin zu kunsthandwerklichen Unikaten. Mit jedem Einkauf unterst\u00fctzt du gerechte Arbeitsbedingungen und nachhaltige Projekte. Schaue vorbei und lasse dich inspirieren! [\/vc_column_text][vc_empty_space height=&#8220;30px&#8220;][vc_empty_space][vc_column_text css=&#8220;&#8220;] Fair fruchtet \u2013 weil Gerechtigkeit Wurzeln&hellip;<\/p>\n","protected":false},"author":1,"featured_media":0,"parent":0,"menu_order":0,"comment_status":"closed","ping_status":"closed","template":"","meta":{"footnotes":""},"class_list":["post-20","page","type-page","status-publish","hentry","description-off"],"yoast_head":"<!-- This site is optimized with the Yoast SEO plugin v26.8 - https:\/\/yoast.com\/product\/yoast-seo-wordpress\/ -->\n<title>Weltladen Mutterstadt - Weltladen Mutterstadt<\/title>\n<meta name=\"robots\" content=\"index, follow, max-snippet:-1, max-image-preview:large, max-video-preview:-1\" \/>\n<link rel=\"canonical\" href=\"https:\/\/weltlaeden.de\/mutterstadt\/\" \/>\n<meta property=\"og:locale\" content=\"de_DE\" \/>\n<meta property=\"og:type\" content=\"article\" \/>\n<meta property=\"og:title\" content=\"Weltladen Mutterstadt - Weltladen Mutterstadt\" \/>\n<meta property=\"og:description\" content=\"[vc_row][vc_column][vc_empty_space height=&#8220;20px&#8220;][\/vc_column][\/vc_row][vc_row][vc_column][vc_column_text css=&#8220;&#8220;] Willkommen im Weltladen Mutterstadt! [\/vc_column_text][vc_column_text css=&#8220;&#8220;] Entdecke bei uns fair gehandelte Produkte aus aller Welt \u2013 von aromatischem Kaffee und k\u00f6stlicher Schokolade bis hin zu kunsthandwerklichen Unikaten. Mit jedem Einkauf unterst\u00fctzt du gerechte Arbeitsbedingungen und nachhaltige Projekte. Schaue vorbei und lasse dich inspirieren! [\/vc_column_text][vc_empty_space height=&#8220;30px&#8220;][vc_empty_space][vc_column_text css=&#8220;&#8220;] Fair fruchtet \u2013 weil Gerechtigkeit Wurzeln&hellip;\" \/>\n<meta property=\"og:url\" content=\"https:\/\/weltlaeden.de\/mutterstadt\/\" \/>\n<meta property=\"og:site_name\" content=\"Weltladen Mutterstadt\" \/>\n<meta property=\"article:modified_time\" content=\"2026-04-22T15:48:18+00:00\" \/>\n<meta property=\"og:image\" content=\"https:\/\/weltlaeden.de\/mutterstadt\/wp-content\/uploads\/sites\/220\/2025\/11\/IMG_9054.jpg\" \/>\n\t<meta property=\"og:image:width\" content=\"1620\" \/>\n\t<meta property=\"og:image:height\" content=\"1080\" \/>\n\t<meta property=\"og:image:type\" content=\"image\/jpeg\" \/>\n<meta name=\"twitter:card\" content=\"summary_large_image\" \/>\n<meta name=\"twitter:label1\" content=\"Gesch\u00e4tzte Lesezeit\" \/>\n\t<meta name=\"twitter:data1\" content=\"4\u00a0Minuten\" \/>\n<script type=\"application\/ld+json\" class=\"yoast-schema-graph\">{\"@context\":\"https:\/\/schema.org\",\"@graph\":[{\"@type\":\"WebPage\",\"@id\":\"https:\/\/weltlaeden.de\/mutterstadt\/\",\"url\":\"https:\/\/weltlaeden.de\/mutterstadt\/\",\"name\":\"Weltladen Mutterstadt - Weltladen Mutterstadt\",\"isPartOf\":{\"@id\":\"https:\/\/weltlaeden.de\/mutterstadt\/#website\"},\"primaryImageOfPage\":{\"@id\":\"https:\/\/weltlaeden.de\/mutterstadt\/#primaryimage\"},\"image\":{\"@id\":\"https:\/\/weltlaeden.de\/mutterstadt\/#primaryimage\"},\"thumbnailUrl\":\"https:\/\/weltlaeden.de\/mutterstadt\/wp-content\/uploads\/sites\/220\/2025\/11\/IMG_9054-1024x683.jpg\",\"datePublished\":\"2016-10-14T07:05:21+00:00\",\"dateModified\":\"2026-04-22T15:48:18+00:00\",\"breadcrumb\":{\"@id\":\"https:\/\/weltlaeden.de\/mutterstadt\/#breadcrumb\"},\"inLanguage\":\"de\",\"potentialAction\":[{\"@type\":\"ReadAction\",\"target\":[\"https:\/\/weltlaeden.de\/mutterstadt\/\"]}]},{\"@type\":\"ImageObject\",\"inLanguage\":\"de\",\"@id\":\"https:\/\/weltlaeden.de\/mutterstadt\/#primaryimage\",\"url\":\"https:\/\/weltlaeden.de\/mutterstadt\/wp-content\/uploads\/sites\/220\/2025\/11\/IMG_9054.jpg\",\"contentUrl\":\"https:\/\/weltlaeden.de\/mutterstadt\/wp-content\/uploads\/sites\/220\/2025\/11\/IMG_9054.jpg\",\"width\":1620,\"height\":1080},{\"@type\":\"BreadcrumbList\",\"@id\":\"https:\/\/weltlaeden.de\/mutterstadt\/#breadcrumb\",\"itemListElement\":[{\"@type\":\"ListItem\",\"position\":1,\"name\":\"Startseite\",\"item\":\"https:\/\/weltlaeden.de\/mutterstadt\/\"},{\"@type\":\"ListItem\",\"position\":2,\"name\":\"Weltladen Mutterstadt\"}]},{\"@type\":\"WebSite\",\"@id\":\"https:\/\/weltlaeden.de\/mutterstadt\/#website\",\"url\":\"https:\/\/weltlaeden.de\/mutterstadt\/\",\"name\":\"Weltladen Mutterstadt\",\"description\":\"Faire Produkte seit 1990\",\"potentialAction\":[{\"@type\":\"SearchAction\",\"target\":{\"@type\":\"EntryPoint\",\"urlTemplate\":\"https:\/\/weltlaeden.de\/mutterstadt\/?s={search_term_string}\"},\"query-input\":{\"@type\":\"PropertyValueSpecification\",\"valueRequired\":true,\"valueName\":\"search_term_string\"}}],\"inLanguage\":\"de\"}]}<\/script>\n<!-- \/ Yoast SEO plugin. -->","yoast_head_json":{"title":"Weltladen Mutterstadt - Weltladen Mutterstadt","robots":{"index":"index","follow":"follow","max-snippet":"max-snippet:-1","max-image-preview":"max-image-preview:large","max-video-preview":"max-video-preview:-1"},"canonical":"https:\/\/weltlaeden.de\/mutterstadt\/","og_locale":"de_DE","og_type":"article","og_title":"Weltladen Mutterstadt - Weltladen Mutterstadt","og_description":"[vc_row][vc_column][vc_empty_space height=&#8220;20px&#8220;][\/vc_column][\/vc_row][vc_row][vc_column][vc_column_text css=&#8220;&#8220;] Willkommen im Weltladen Mutterstadt! [\/vc_column_text][vc_column_text css=&#8220;&#8220;] Entdecke bei uns fair gehandelte Produkte aus aller Welt \u2013 von aromatischem Kaffee und k\u00f6stlicher Schokolade bis hin zu kunsthandwerklichen Unikaten. Mit jedem Einkauf unterst\u00fctzt du gerechte Arbeitsbedingungen und nachhaltige Projekte. Schaue vorbei und lasse dich inspirieren! [\/vc_column_text][vc_empty_space height=&#8220;30px&#8220;][vc_empty_space][vc_column_text css=&#8220;&#8220;] Fair fruchtet \u2013 weil Gerechtigkeit Wurzeln&hellip;","og_url":"https:\/\/weltlaeden.de\/mutterstadt\/","og_site_name":"Weltladen Mutterstadt","article_modified_time":"2026-04-22T15:48:18+00:00","og_image":[{"width":1620,"height":1080,"url":"https:\/\/weltlaeden.de\/mutterstadt\/wp-content\/uploads\/sites\/220\/2025\/11\/IMG_9054.jpg","type":"image\/jpeg"}],"twitter_card":"summary_large_image","twitter_misc":{"Gesch\u00e4tzte Lesezeit":"4\u00a0Minuten"},"schema":{"@context":"https:\/\/schema.org","@graph":[{"@type":"WebPage","@id":"https:\/\/weltlaeden.de\/mutterstadt\/","url":"https:\/\/weltlaeden.de\/mutterstadt\/","name":"Weltladen Mutterstadt - Weltladen Mutterstadt","isPartOf":{"@id":"https:\/\/weltlaeden.de\/mutterstadt\/#website"},"primaryImageOfPage":{"@id":"https:\/\/weltlaeden.de\/mutterstadt\/#primaryimage"},"image":{"@id":"https:\/\/weltlaeden.de\/mutterstadt\/#primaryimage"},"thumbnailUrl":"https:\/\/weltlaeden.de\/mutterstadt\/wp-content\/uploads\/sites\/220\/2025\/11\/IMG_9054-1024x683.jpg","datePublished":"2016-10-14T07:05:21+00:00","dateModified":"2026-04-22T15:48:18+00:00","breadcrumb":{"@id":"https:\/\/weltlaeden.de\/mutterstadt\/#breadcrumb"},"inLanguage":"de","potentialAction":[{"@type":"ReadAction","target":["https:\/\/weltlaeden.de\/mutterstadt\/"]}]},{"@type":"ImageObject","inLanguage":"de","@id":"https:\/\/weltlaeden.de\/mutterstadt\/#primaryimage","url":"https:\/\/weltlaeden.de\/mutterstadt\/wp-content\/uploads\/sites\/220\/2025\/11\/IMG_9054.jpg","contentUrl":"https:\/\/weltlaeden.de\/mutterstadt\/wp-content\/uploads\/sites\/220\/2025\/11\/IMG_9054.jpg","width":1620,"height":1080},{"@type":"BreadcrumbList","@id":"https:\/\/weltlaeden.de\/mutterstadt\/#breadcrumb","itemListElement":[{"@type":"ListItem","position":1,"name":"Startseite","item":"https:\/\/weltlaeden.de\/mutterstadt\/"},{"@type":"ListItem","position":2,"name":"Weltladen Mutterstadt"}]},{"@type":"WebSite","@id":"https:\/\/weltlaeden.de\/mutterstadt\/#website","url":"https:\/\/weltlaeden.de\/mutterstadt\/","name":"Weltladen Mutterstadt","description":"Faire Produkte seit 1990","potentialAction":[{"@type":"SearchAction","target":{"@type":"EntryPoint","urlTemplate":"https:\/\/weltlaeden.de\/mutterstadt\/?s={search_term_string}"},"query-input":{"@type":"PropertyValueSpecification","valueRequired":true,"valueName":"search_term_string"}}],"inLanguage":"de"}]}},"_links":{"self":[{"href":"https:\/\/weltlaeden.de\/mutterstadt\/wp-json\/wp\/v2\/pages\/20","targetHints":{"allow":["GET"]}}],"collection":[{"href":"https:\/\/weltlaeden.de\/mutterstadt\/wp-json\/wp\/v2\/pages"}],"about":[{"href":"https:\/\/weltlaeden.de\/mutterstadt\/wp-json\/wp\/v2\/types\/page"}],"author":[{"embeddable":true,"href":"https:\/\/weltlaeden.de\/mutterstadt\/wp-json\/wp\/v2\/users\/1"}],"replies":[{"embeddable":true,"href":"https:\/\/weltlaeden.de\/mutterstadt\/wp-json\/wp\/v2\/comments?post=20"}],"version-history":[{"count":60,"href":"https:\/\/weltlaeden.de\/mutterstadt\/wp-json\/wp\/v2\/pages\/20\/revisions"}],"predecessor-version":[{"id":908,"href":"https:\/\/weltlaeden.de\/mutterstadt\/wp-json\/wp\/v2\/pages\/20\/revisions\/908"}],"wp:attachment":[{"href":"https:\/\/weltlaeden.de\/mutterstadt\/wp-json\/wp\/v2\/media?parent=20"}],"curies":[{"name":"wp","href":"https:\/\/api.w.org\/{rel}","templated":true}]}}