{"id":217,"date":"2016-10-28T13:34:47","date_gmt":"2016-10-28T11:34:47","guid":{"rendered":"https:\/\/wl.heimpixel.de\/vorlage\/produkte\/"},"modified":"2024-08-28T09:42:56","modified_gmt":"2024-08-28T07:42:56","slug":"produkte","status":"publish","type":"page","link":"https:\/\/weltlaeden.de\/muehlacker\/produkte\/","title":{"rendered":"Produkte"},"content":{"rendered":"<div class=\"wpb-content-wrapper\"><p>[vc_row][vc_column]<div class=\"wl_einzelbild\"><p><\/p><\/div>[vc_empty_space][vc_column_text]<\/p>\n<h1>Unser Sortiment<\/h1>\n<p>[\/vc_column_text][vc_column_text]Ein Besuch im Weltladen ist wie eine Entdeckungsreise rund um den Globus.<\/p>\n<p>[\/vc_column_text][vc_empty_space][vc_row_inner][vc_column_inner width=&#8220;1\/2&#8243;][vc_column_text]<\/p>\n<h2>Lebensmittel<\/h2>\n<p>[\/vc_column_text]<div class=\"wl_einzelbild\"><p><img loading=\"lazy\" decoding=\"async\" class=\"aligncenter size-full wp-image-nsm-3-26\" src=\"https:\/\/weltlaeden.de\/muehlacker\/wp-content\/uploads\/sites\/3\/2018\/05\/Lebensmittel_WL-Bornheim-Christian-Schilling.jpg\" alt=\"\" width=\"600\" height=\"402\" \/><\/p><\/div>[vc_column_text]Beim Kaffee haben Sie die Wahl zwischen mild oder kr\u00e4ftig, gemahlen oder ganze Bohne, Klein- oder Gro\u00dfpackungen, Herkunft Afrika oder S\u00fcdamerika. Unser meistverkaufter Kaffee, der Caf\u00e9 Organico von der GEPA, wurde im Dezember 2017 mit dem Deutschen Nachhaltigkeitspreis ausgezeichnet. Eine sch\u00f6ne Best\u00e4tigung daf\u00fcr, dass bio und fair eine gelungene Einheit bilden.<\/p>\n<p>Die gro\u00dfe Auswahl setzt sich auch beim Tee fort. So finden Sie Schwarztee, Gr\u00fcner Tee, auch Kr\u00e4utertees in Bioqualit\u00e4t von unseren Handelspartnern GEPA, EL PUENTE und\u00a0\u00a0\u00a0 WeltPartner.<\/p>\n<p>F\u00fcr die feine K\u00fcche haben wir f\u00fcr Sie Gew\u00fcrze, Chutneys, Kokosmilch oder Reis im Sortiment.<\/p>\n<p>Viele Leckereien wollen von Ihnen gekostet werden. Ob als Schokoladentafel oder feine Confiserie, die Auswahl wird Sie \u00fcberzeugen.<\/p>\n<p>Au\u00dferdem f\u00fchren wir Honig, Zucker aus Zuckerrohr und S\u00e4fte und jeden Montag frische Bananen.<\/p>\n<p>Alle Produkte unterliegen strengen Qualit\u00e4tskontrollen und sind zum \u00fcberwiegenden Teil Bio zertifiziert.<\/p>\n<p>Wir beziehen die Lebensmittel haupts\u00e4chlich von <a href=\"https:\/\/www.gepa.de\/home.html\" target=\"_blank\" rel=\"noopener\">GEPA<\/a>, <a href=\"https:\/\/www.weltpartner.de\/de\/\" target=\"_blank\" rel=\"noopener\">WeltPartner<\/a>, <a href=\"http:\/\/www.el-puente.de\/\" target=\"_blank\" rel=\"noopener\">EL PUENTE<\/a> , <a href=\"https:\/\/www.banafair.de\/\" target=\"_blank\" rel=\"noopener\">BanaFair e.V<\/a>., <a href=\"https:\/\/www.kipepeo.com\/\" target=\"_blank\" rel=\"noopener\">Kipepeo BIO &amp; FAIR GmbH<\/a>, <a href=\"https:\/\/fairafric.com\/\" target=\"_blank\" rel=\"noopener\">fairafric &#8211; Chocolate Made in Africa<\/a> und <a href=\"https:\/\/www.afreegems.com\/\" target=\"_blank\" rel=\"noopener\">AfreeGems<\/a>.<span style=\"color: #131211\"><span style=\"font-family: Tahoma,sans-serif\"><span style=\"font-size: large\"><br \/>\n<\/span><\/span><\/span><\/p>\n<p>&nbsp;<\/p>\n<p>[\/vc_column_text][\/vc_column_inner][vc_column_inner width=&#8220;1\/2&#8243;][vc_column_text]<\/p>\n<h2>Kunsthandwerk &amp; Textilien<\/h2>\n<p>[\/vc_column_text]<div class=\"wl_einzelbild\"><p><img loading=\"lazy\" decoding=\"async\" class=\"alignnone size-full wp-image-662\" src=\"https:\/\/weltlaeden.de\/muehlacker\/wp-content\/uploads\/sites\/69\/2019\/05\/IMG_20190503_164552-e1557176005307.jpg\" alt=\"\" width=\"350\" height=\"467\" \/><\/p>\n<p><\/p><\/div>[vc_column_text]Beim Kunsthandwerk setzt sich die Vielfalt fort. Praktische Dinge wie Schals, Taschen oder Geldb\u00f6rsen, aber auch kleine Kunstwerke f\u00fcr die Jahreszeitendekoration halten wir f\u00fcr Sie bereit. Wenn Sie ein ausgefallenes Geschenk suchen oder sich selbst eine Freude machen wollen, sind Sie bei uns im Weltladen richtig.<\/p>\n<p>Wir kaufen die Produkte von verschiedenen Handelspartnern, die im Lieferantenkatalog des Weltladendachverbands gelistet sind. Das hei\u00dft, die Organisationen haben ein Anerkennungsverfahren durchlaufen.<\/p>\n<p>Als Beispiel w\u00e4ren da zu nennen:\u00a0 <a href=\"http:\/\/www.el-puente.de\/\" target=\"_blank\" rel=\"noopener\">EL PUENTE<\/a>,\u00a0 <a href=\"https:\/\/www.weltpartner.de\/de\" target=\"_blank\" rel=\"noopener\">WeltPartner<\/a>, <a href=\"https:\/\/www.globo-fairtrade.com\/\" target=\"_blank\" rel=\"noopener\">Globo<\/a>, <a href=\"https:\/\/www.akarfairtrade.de\/\" target=\"_blank\" rel=\"noopener\">AKAR<\/a>, <a href=\"https:\/\/contigo.de\/\" target=\"_blank\" rel=\"noopener\">Contigo<\/a>, <a href=\"https:\/\/sonnenglas.net\/de?gad_source=1&amp;gclid=CjwKCAjwlbu2BhA3EiwA3yXyu6rYVwwX306Sd4QUOC9XURWNcCIkbNH-byVAPx1XKvHUCvG-EYvY2RoCRI4QAvD_BwE\" target=\"_blank\" rel=\"noopener\">Sonnenglas<\/a> und <a href=\"https:\/\/www.sarana.nl\/home-de\" target=\"_blank\" rel=\"noopener\">Sarana<\/a>.[\/vc_column_text][\/vc_column_inner][\/vc_row_inner][\/vc_column][\/vc_row][vc_row][vc_column][vc_separator][\/vc_column][\/vc_row][vc_row][vc_column][vc_column_text]<\/p>\n<h3>Caf\u00e9 du Burundi:<\/h3>\n<h3>Der fair gehandelte Kaffee zur Landespartnerschaft Baden-W\u00fcrttemberg und Burundi.<\/h3>\n<p>[\/vc_column_text][\/vc_column][\/vc_row][vc_row][vc_column width=&#8220;1\/4&#8243;]<div class=\"wl_einzelbild\"><p><\/p>\n<p>&nbsp;<\/p>\n<p>&nbsp;<\/p>\n<p><img loading=\"lazy\" decoding=\"async\" class=\"alignnone size-medium wp-image-836\" src=\"https:\/\/weltlaeden.de\/muehlacker\/wp-content\/uploads\/sites\/69\/2019\/12\/Burundi_Kaffee_Suessigkeiten-e1577800257548-300x300.jpg\" alt=\"\" width=\"300\" height=\"300\" \/><\/p><\/div>[\/vc_column][vc_column width=&#8220;3\/4&#8243;][vc_column_text]<\/p>\n<p>&nbsp;<\/p>\n<p>Der Kaffee stammt von ca. 1000 Mitgliedern der Kleinbauerngenossenschaft \u201eMboneramiryango\u201c im Zentrum von Burundi.<\/p>\n<p>Wie Kleinbauern vom fair gehandelten Kaffee profitieren stellten wir in einer <a href=\"https:\/\/weltlaeden.de\/muehlacker\/ausstellungseroeffnung-am-16-september-2019\/\" target=\"_blank\" rel=\"noopener\">Ausstellung<\/a> dar.<\/p>\n<div class=\"category_description\">\n<div class=\"box-style\">\n<div class=\"prod_desc\">\n<div id=\"manufacturer_description\">\n<div id=\"description-accordion\">\n<div id=\"description\">\n<p>Mehr Infos, Bilder und Videos zum Projekt finden Sie auf der Website von WeltPartner in Ravensburg <a href=\"https:\/\/www.weltpartner.de\/de\/handelspartner\/afrika\/burundi\/mboneramiryango\" target=\"_blank\" rel=\"noopener\">www.weltpartner.de<\/a><\/p>\n<p>&nbsp;<\/p>\n<\/div>\n<\/div>\n<\/div>\n<\/div>\n<\/div>\n<\/div>\n<p>[\/vc_column_text][\/vc_column][\/vc_row][vc_row][vc_column][\/vc_column][\/vc_row]<\/p>\n<\/div>","protected":false},"excerpt":{"rendered":"<p>[vc_row][vc_column][vc_empty_space][vc_column_text] Unser Sortiment [\/vc_column_text][vc_column_text]Ein Besuch im Weltladen ist wie eine Entdeckungsreise rund um den Globus. [\/vc_column_text][vc_empty_space][vc_row_inner][vc_column_inner width=&#8220;1\/2&#8243;][vc_column_text] Lebensmittel [\/vc_column_text][vc_column_text]Beim Kaffee haben Sie die Wahl zwischen mild oder kr\u00e4ftig, gemahlen oder ganze Bohne, Klein- oder Gro\u00dfpackungen, Herkunft Afrika oder S\u00fcdamerika. Unser meistverkaufter Kaffee, der Caf\u00e9 Organico von der GEPA, wurde im Dezember 2017 mit dem Deutschen&hellip;<\/p>\n","protected":false},"author":1,"featured_media":0,"parent":0,"menu_order":4,"comment_status":"closed","ping_status":"closed","template":"","meta":{"footnotes":""},"class_list":["post-217","page","type-page","status-publish","hentry","description-off"],"yoast_head":"<!-- This site is optimized with the Yoast SEO plugin v26.8 - https:\/\/yoast.com\/product\/yoast-seo-wordpress\/ -->\n<title>Produkte - Weltladen M\u00fchlacker<\/title>\n<meta name=\"robots\" content=\"index, follow, max-snippet:-1, max-image-preview:large, max-video-preview:-1\" \/>\n<link rel=\"canonical\" href=\"https:\/\/weltlaeden.de\/muehlacker\/produkte\/\" \/>\n<meta property=\"og:locale\" content=\"de_DE\" \/>\n<meta property=\"og:type\" content=\"article\" \/>\n<meta property=\"og:title\" content=\"Produkte - Weltladen M\u00fchlacker\" \/>\n<meta property=\"og:description\" content=\"[vc_row][vc_column][vc_empty_space][vc_column_text] Unser Sortiment [\/vc_column_text][vc_column_text]Ein Besuch im Weltladen ist wie eine Entdeckungsreise rund um den Globus. [\/vc_column_text][vc_empty_space][vc_row_inner][vc_column_inner width=&#8220;1\/2&#8243;][vc_column_text] Lebensmittel [\/vc_column_text][vc_column_text]Beim Kaffee haben Sie die Wahl zwischen mild oder kr\u00e4ftig, gemahlen oder ganze Bohne, Klein- oder Gro\u00dfpackungen, Herkunft Afrika oder S\u00fcdamerika. Unser meistverkaufter Kaffee, der Caf\u00e9 Organico von der GEPA, wurde im Dezember 2017 mit dem Deutschen&hellip;\" \/>\n<meta property=\"og:url\" content=\"https:\/\/weltlaeden.de\/muehlacker\/produkte\/\" \/>\n<meta property=\"og:site_name\" content=\"Weltladen M\u00fchlacker\" \/>\n<meta property=\"article:modified_time\" content=\"2024-08-28T07:42:56+00:00\" \/>\n<meta property=\"og:image\" content=\"https:\/\/weltlaeden.de\/muehlacker\/wp-content\/uploads\/sites\/3\/2018\/05\/Lebensmittel_WL-Bornheim-Christian-Schilling.jpg\" \/>\n<meta name=\"twitter:card\" content=\"summary_large_image\" \/>\n<meta name=\"twitter:label1\" content=\"Gesch\u00e4tzte Lesezeit\" \/>\n\t<meta name=\"twitter:data1\" content=\"3\u00a0Minuten\" \/>\n<script type=\"application\/ld+json\" class=\"yoast-schema-graph\">{\"@context\":\"https:\/\/schema.org\",\"@graph\":[{\"@type\":\"WebPage\",\"@id\":\"https:\/\/weltlaeden.de\/muehlacker\/produkte\/\",\"url\":\"https:\/\/weltlaeden.de\/muehlacker\/produkte\/\",\"name\":\"Produkte - Weltladen M\u00fchlacker\",\"isPartOf\":{\"@id\":\"https:\/\/weltlaeden.de\/muehlacker\/#website\"},\"primaryImageOfPage\":{\"@id\":\"https:\/\/weltlaeden.de\/muehlacker\/produkte\/#primaryimage\"},\"image\":{\"@id\":\"https:\/\/weltlaeden.de\/muehlacker\/produkte\/#primaryimage\"},\"thumbnailUrl\":\"https:\/\/weltlaeden.de\/muehlacker\/wp-content\/uploads\/sites\/3\/2018\/05\/Lebensmittel_WL-Bornheim-Christian-Schilling.jpg\",\"datePublished\":\"2016-10-28T11:34:47+00:00\",\"dateModified\":\"2024-08-28T07:42:56+00:00\",\"breadcrumb\":{\"@id\":\"https:\/\/weltlaeden.de\/muehlacker\/produkte\/#breadcrumb\"},\"inLanguage\":\"de\",\"potentialAction\":[{\"@type\":\"ReadAction\",\"target\":[\"https:\/\/weltlaeden.de\/muehlacker\/produkte\/\"]}]},{\"@type\":\"ImageObject\",\"inLanguage\":\"de\",\"@id\":\"https:\/\/weltlaeden.de\/muehlacker\/produkte\/#primaryimage\",\"url\":\"https:\/\/weltlaeden.de\/muehlacker\/wp-content\/uploads\/sites\/3\/2018\/05\/Lebensmittel_WL-Bornheim-Christian-Schilling.jpg\",\"contentUrl\":\"https:\/\/weltlaeden.de\/muehlacker\/wp-content\/uploads\/sites\/3\/2018\/05\/Lebensmittel_WL-Bornheim-Christian-Schilling.jpg\"},{\"@type\":\"BreadcrumbList\",\"@id\":\"https:\/\/weltlaeden.de\/muehlacker\/produkte\/#breadcrumb\",\"itemListElement\":[{\"@type\":\"ListItem\",\"position\":1,\"name\":\"Startseite\",\"item\":\"https:\/\/weltlaeden.de\/muehlacker\/\"},{\"@type\":\"ListItem\",\"position\":2,\"name\":\"Produkte\"}]},{\"@type\":\"WebSite\",\"@id\":\"https:\/\/weltlaeden.de\/muehlacker\/#website\",\"url\":\"https:\/\/weltlaeden.de\/muehlacker\/\",\"name\":\"Weltladen M\u00fchlacker\",\"description\":\"Faire Produkte seit 1991\",\"potentialAction\":[{\"@type\":\"SearchAction\",\"target\":{\"@type\":\"EntryPoint\",\"urlTemplate\":\"https:\/\/weltlaeden.de\/muehlacker\/?s={search_term_string}\"},\"query-input\":{\"@type\":\"PropertyValueSpecification\",\"valueRequired\":true,\"valueName\":\"search_term_string\"}}],\"inLanguage\":\"de\"}]}<\/script>\n<!-- \/ Yoast SEO plugin. -->","yoast_head_json":{"title":"Produkte - Weltladen M\u00fchlacker","robots":{"index":"index","follow":"follow","max-snippet":"max-snippet:-1","max-image-preview":"max-image-preview:large","max-video-preview":"max-video-preview:-1"},"canonical":"https:\/\/weltlaeden.de\/muehlacker\/produkte\/","og_locale":"de_DE","og_type":"article","og_title":"Produkte - Weltladen M\u00fchlacker","og_description":"[vc_row][vc_column][vc_empty_space][vc_column_text] Unser Sortiment [\/vc_column_text][vc_column_text]Ein Besuch im Weltladen ist wie eine Entdeckungsreise rund um den Globus. [\/vc_column_text][vc_empty_space][vc_row_inner][vc_column_inner width=&#8220;1\/2&#8243;][vc_column_text] Lebensmittel [\/vc_column_text][vc_column_text]Beim Kaffee haben Sie die Wahl zwischen mild oder kr\u00e4ftig, gemahlen oder ganze Bohne, Klein- oder Gro\u00dfpackungen, Herkunft Afrika oder S\u00fcdamerika. Unser meistverkaufter Kaffee, der Caf\u00e9 Organico von der GEPA, wurde im Dezember 2017 mit dem Deutschen&hellip;","og_url":"https:\/\/weltlaeden.de\/muehlacker\/produkte\/","og_site_name":"Weltladen M\u00fchlacker","article_modified_time":"2024-08-28T07:42:56+00:00","og_image":[{"url":"https:\/\/weltlaeden.de\/muehlacker\/wp-content\/uploads\/sites\/3\/2018\/05\/Lebensmittel_WL-Bornheim-Christian-Schilling.jpg","type":"","width":"","height":""}],"twitter_card":"summary_large_image","twitter_misc":{"Gesch\u00e4tzte Lesezeit":"3\u00a0Minuten"},"schema":{"@context":"https:\/\/schema.org","@graph":[{"@type":"WebPage","@id":"https:\/\/weltlaeden.de\/muehlacker\/produkte\/","url":"https:\/\/weltlaeden.de\/muehlacker\/produkte\/","name":"Produkte - Weltladen M\u00fchlacker","isPartOf":{"@id":"https:\/\/weltlaeden.de\/muehlacker\/#website"},"primaryImageOfPage":{"@id":"https:\/\/weltlaeden.de\/muehlacker\/produkte\/#primaryimage"},"image":{"@id":"https:\/\/weltlaeden.de\/muehlacker\/produkte\/#primaryimage"},"thumbnailUrl":"https:\/\/weltlaeden.de\/muehlacker\/wp-content\/uploads\/sites\/3\/2018\/05\/Lebensmittel_WL-Bornheim-Christian-Schilling.jpg","datePublished":"2016-10-28T11:34:47+00:00","dateModified":"2024-08-28T07:42:56+00:00","breadcrumb":{"@id":"https:\/\/weltlaeden.de\/muehlacker\/produkte\/#breadcrumb"},"inLanguage":"de","potentialAction":[{"@type":"ReadAction","target":["https:\/\/weltlaeden.de\/muehlacker\/produkte\/"]}]},{"@type":"ImageObject","inLanguage":"de","@id":"https:\/\/weltlaeden.de\/muehlacker\/produkte\/#primaryimage","url":"https:\/\/weltlaeden.de\/muehlacker\/wp-content\/uploads\/sites\/3\/2018\/05\/Lebensmittel_WL-Bornheim-Christian-Schilling.jpg","contentUrl":"https:\/\/weltlaeden.de\/muehlacker\/wp-content\/uploads\/sites\/3\/2018\/05\/Lebensmittel_WL-Bornheim-Christian-Schilling.jpg"},{"@type":"BreadcrumbList","@id":"https:\/\/weltlaeden.de\/muehlacker\/produkte\/#breadcrumb","itemListElement":[{"@type":"ListItem","position":1,"name":"Startseite","item":"https:\/\/weltlaeden.de\/muehlacker\/"},{"@type":"ListItem","position":2,"name":"Produkte"}]},{"@type":"WebSite","@id":"https:\/\/weltlaeden.de\/muehlacker\/#website","url":"https:\/\/weltlaeden.de\/muehlacker\/","name":"Weltladen M\u00fchlacker","description":"Faire Produkte seit 1991","potentialAction":[{"@type":"SearchAction","target":{"@type":"EntryPoint","urlTemplate":"https:\/\/weltlaeden.de\/muehlacker\/?s={search_term_string}"},"query-input":{"@type":"PropertyValueSpecification","valueRequired":true,"valueName":"search_term_string"}}],"inLanguage":"de"}]}},"_links":{"self":[{"href":"https:\/\/weltlaeden.de\/muehlacker\/wp-json\/wp\/v2\/pages\/217","targetHints":{"allow":["GET"]}}],"collection":[{"href":"https:\/\/weltlaeden.de\/muehlacker\/wp-json\/wp\/v2\/pages"}],"about":[{"href":"https:\/\/weltlaeden.de\/muehlacker\/wp-json\/wp\/v2\/types\/page"}],"author":[{"embeddable":true,"href":"https:\/\/weltlaeden.de\/muehlacker\/wp-json\/wp\/v2\/users\/1"}],"replies":[{"embeddable":true,"href":"https:\/\/weltlaeden.de\/muehlacker\/wp-json\/wp\/v2\/comments?post=217"}],"version-history":[{"count":37,"href":"https:\/\/weltlaeden.de\/muehlacker\/wp-json\/wp\/v2\/pages\/217\/revisions"}],"predecessor-version":[{"id":1441,"href":"https:\/\/weltlaeden.de\/muehlacker\/wp-json\/wp\/v2\/pages\/217\/revisions\/1441"}],"wp:attachment":[{"href":"https:\/\/weltlaeden.de\/muehlacker\/wp-json\/wp\/v2\/media?parent=217"}],"curies":[{"name":"wp","href":"https:\/\/api.w.org\/{rel}","templated":true}]}}