{"id":560,"date":"2020-06-29T19:46:06","date_gmt":"2020-06-29T17:46:45","guid":{"rendered":"https:\/\/weltlaeden.de\/mosbach\/?page_id=560"},"modified":"2021-07-09T12:41:41","modified_gmt":"2021-07-09T10:41:41","slug":"indien-corona","status":"publish","type":"page","link":"https:\/\/weltlaeden.de\/mosbach\/indien-corona\/","title":{"rendered":"Indien"},"content":{"rendered":"<div class=\"wpb-content-wrapper\"><p>[vc_row][vc_column][vc_column_text]<\/p>\n<h1>Corona-Isolationszentrum im Mosbach-Shelter in Bapatla \/ Indien<\/h1>\n<p>[\/vc_column_text]<div class=\"wl_einzelbild\"><p><img loading=\"lazy\" decoding=\"async\" class=\"alignnone wp-image-789\" src=\"https:\/\/weltlaeden.de\/mosbach\/wp-content\/uploads\/sites\/125\/2021\/06\/031-300x200.jpg\" alt=\"\" width=\"380\" height=\"253\" srcset=\"https:\/\/weltlaeden.de\/mosbach\/wp-content\/uploads\/sites\/125\/2021\/06\/031-300x200.jpg 300w, https:\/\/weltlaeden.de\/mosbach\/wp-content\/uploads\/sites\/125\/2021\/06\/031-768x512.jpg 768w, https:\/\/weltlaeden.de\/mosbach\/wp-content\/uploads\/sites\/125\/2021\/06\/031-1024x683.jpg 1024w, https:\/\/weltlaeden.de\/mosbach\/wp-content\/uploads\/sites\/125\/2021\/06\/031.jpg 1920w\" sizes=\"auto, (max-width: 380px) 100vw, 380px\" \/>\u00a0\u00a0\u00a0 <img loading=\"lazy\" decoding=\"async\" class=\"wp-image-788 alignright\" src=\"https:\/\/weltlaeden.de\/mosbach\/wp-content\/uploads\/sites\/125\/2021\/06\/011-300x169.jpg\" alt=\"\" width=\"361\" height=\"204\" srcset=\"https:\/\/weltlaeden.de\/mosbach\/wp-content\/uploads\/sites\/125\/2021\/06\/011-300x169.jpg 300w, https:\/\/weltlaeden.de\/mosbach\/wp-content\/uploads\/sites\/125\/2021\/06\/011-768x431.jpg 768w, https:\/\/weltlaeden.de\/mosbach\/wp-content\/uploads\/sites\/125\/2021\/06\/011-1024x575.jpg 1024w, https:\/\/weltlaeden.de\/mosbach\/wp-content\/uploads\/sites\/125\/2021\/06\/011.jpg 1920w\" sizes=\"auto, (max-width: 361px) 100vw, 361px\" \/><\/p><\/div>[vc_column_text](03.06.2021) Wir h\u00f6ren in den Medien immer wieder von der Situation der Menschen in Indien.<\/p>\n<p>Pfarrerin Ulrike Paeper vom Verein \u201ePartnerschaft In Einer Welt e.V.\u201c steht in engem Austausch \u00fcber die Covid-19-Situation in Indien. Frau Rajani Dasi, stellvertretende Generalsekret\u00e4rin des Child Guidance Centre (CGC) in Hyderabad \/ Indien informiert regelm\u00e4\u00dfig \u00fcber die Situation der Menschen in Indien.<\/p>\n<p>Im Landkreis der K\u00fcstenstadt Guntur \/ Andhra Pradesh gibt es derzeit ca. 150.000 Menschen, die positiv auf Covid-19 getestet wurden \u2013 \u201edie Dunkelziffer ist wohl fast 10mal so hoch\u201c, berichtet Frau Dasi. Die wenigsten Menschen haben die M\u00f6glichkeit sich testen zu lassen. Diese Situation stellt besonders die armen Familien vor gro\u00dfe Schwierigkeiten. Wie sollen sich die Infizierten von den anderen isolieren? Die Familien leben in kleinen H\u00e4usern oder H\u00fctten mit einem oder zwei Zimmern. H\u00e4ufig leben hier drei Generationen mit 6-10 Personen unter einem Dach. Eine Isolation und damit das Sch\u00fctzen der gesunden Familienmitglieder, ist nicht m\u00f6glich. Daher ist die Ansteckungsrate relativ hoch. Auch der notwendige Hygienestandard kann nicht eingehalten werden. Es fehlt an allem, an Lebensmitteln, h\u00e4ufig auch an Schutz-Masken und vor allem an medizinischer Unterst\u00fctzung.\u00a0 Das staatliche Gesundheitswesen ist total \u00fcberfordert \u2013 hier werden h\u00f6chstens die Schwerst-Erkrankten aufgenommen.<\/p>\n<p>Deshalb hat sich das CGC entschlossen im \u201eMosbach-Shelter\u201c in Bapatla \/ Andhra Pradesh ein Isolationszentrum zu er\u00f6ffnen. Der Mosbach-Shelter wurde nach dem Tsunami von 2004 von hiesigen Spendengeldern errichtet, um Menschen bei Naturkatastrophen Schutz und Unterkunft zu bieten. Das Geb\u00e4ude wird ansonsten als Gesundheitszentrum, vor allem f\u00fcr Schwangere, genutzt, aber auch f\u00fcr verschiedene Schulungen und Zusammenk\u00fcnfte der Bev\u00f6lkerung.<\/p>\n<p><img loading=\"lazy\" decoding=\"async\" class=\"alignleft wp-image-786\" src=\"https:\/\/weltlaeden.de\/mosbach\/wp-content\/uploads\/sites\/125\/2021\/06\/02-300x225.jpg\" alt=\"\" width=\"500\" height=\"375\" srcset=\"https:\/\/weltlaeden.de\/mosbach\/wp-content\/uploads\/sites\/125\/2021\/06\/02-300x225.jpg 300w, https:\/\/weltlaeden.de\/mosbach\/wp-content\/uploads\/sites\/125\/2021\/06\/02-768x576.jpg 768w, https:\/\/weltlaeden.de\/mosbach\/wp-content\/uploads\/sites\/125\/2021\/06\/02-1024x768.jpg 1024w, https:\/\/weltlaeden.de\/mosbach\/wp-content\/uploads\/sites\/125\/2021\/06\/02.jpg 1040w\" sizes=\"auto, (max-width: 500px) 100vw, 500px\" \/>Rajani Dasi berichtet: \u201eWir wollen im Mosbach-Shelter 20-25 infizierten Personen die M\u00f6glichkeit geben so zu leben, dass sie andere Menschen nicht anstecken und wir wollen die Menschen medizinisch versorgen. Daf\u00fcr ben\u00f6tigen wir Schutzkleidung f\u00fcr die Pflegenden, Betten, Medikamente, medizinische Ger\u00e4te wie z.B. Oximeter, Sauerstoffflaschen und \u2013masken und nat\u00fcrlich auch Lebensmittel. Im Isolationszentrum haben die Menschen die M\u00f6glichkeit auch an der frischen Luft zu sein, ein wenig herumzulaufen ohne Angst haben zu m\u00fcssen, andere anzustecken. Sie werden nicht nur k\u00f6rperlich versorgt, sondern sollen auch psychisch stabilisiert werden, damit sie die Chance haben schneller gesund zu werden.\u201c<\/p>\n<p><img loading=\"lazy\" decoding=\"async\" class=\"alignright wp-image-787\" src=\"https:\/\/weltlaeden.de\/mosbach\/wp-content\/uploads\/sites\/125\/2021\/06\/03-300x225.jpg\" alt=\"\" width=\"400\" height=\"300\" srcset=\"https:\/\/weltlaeden.de\/mosbach\/wp-content\/uploads\/sites\/125\/2021\/06\/03-300x225.jpg 300w, https:\/\/weltlaeden.de\/mosbach\/wp-content\/uploads\/sites\/125\/2021\/06\/03-768x576.jpg 768w, https:\/\/weltlaeden.de\/mosbach\/wp-content\/uploads\/sites\/125\/2021\/06\/03-1024x768.jpg 1024w, https:\/\/weltlaeden.de\/mosbach\/wp-content\/uploads\/sites\/125\/2021\/06\/03.jpg 1040w\" sizes=\"auto, (max-width: 400px) 100vw, 400px\" \/>Das CGC arbeitet eng mit staatlichen Gesundheitszentren zusammen; die Schwerst-Kranken werden in das n\u00e4chste Regierungskrankenhaus verlegt.<\/p>\n<p>Ein weiterer Schwerpunkt, den das CGC mit dieser Arbeit erreichen will, ist die Aufkl\u00e4rung der Bev\u00f6lkerung in Bezug auf Covid-19. Gerade in den D\u00f6rfern gibt es noch sehr wenig Wissen, wie mit diesem Virus umzugehen ist, welche Hygienestandards wichtig sind, wie Menschen sich verhalten sollen, es soll aber auch \u00fcber Impfungen informiert werden.<\/p>\n<p>All dies kann das CGC nicht selbst finanzieren. \u201eWir m\u00fcssen etwas tun\u201c, so Rajani Dasi, \u201ewir k\u00f6nnen nicht einfach zuschauen. So viele Menschen sind erkrankt und gestorben, so viele Kinder haben in dieser Pandemie schon ihre Eltern verloren. Wir werden nicht aufgeben. Wir werden uns mit aller Kraft daf\u00fcr einsetzen, dass m\u00f6glichst vielen Menschen geholfen wird. Das k\u00f6nnen wir alleine nicht stemmen. Da sind wir auch auf eure Hilfe angewiesen.\u201c<\/p>\n<p>Der Verein \u201ePartnerschaft In Einer Welt e.V.\u201c bittet die Bev\u00f6lkerung sie in dieser Situation zu unterst\u00fctzen und dazu beizutragen die Not in Indien etwas zu lindern.<\/p>\n<p><strong><u>Spendenkonto<\/u><\/strong>: Partnerschaft In Einer Welt e.V., SPK Neckartal Odenwald, DE03674500480003088622;<br \/>\nweitere Infos: <a href=\"http:\/\/www.pow-mosbach.de\">www.pow-mosbach.de<\/a><\/p>\n<p>Rhein-Neckar-Zeitung 16.06.2021:<\/p>\n<p><a href=\"https:\/\/weltlaeden.de\/mosbach\/indien-corona\/2021-06-16-corona-isolierstation\/\" rel=\"attachment wp-att-798\">2021-06-16 Corona-Isolierstation<\/a>[\/vc_column_text][vc_empty_space][vc_column_text]<\/p>\n<h1>Corona Sofort-Hilfe<\/h1>\n<p>[\/vc_column_text][vc_custom_heading text=&#8220;&#8220;]<div class=\"wl_einzelbild\"><p><img loading=\"lazy\" decoding=\"async\" class=\"alignnone wp-image-561\" src=\"https:\/\/weltlaeden.de\/mosbach\/wp-content\/uploads\/sites\/125\/2020\/06\/Lingubai-bei-der-\u00dcbergabe-des-Hilfspaketes-300x141.jpg\" alt=\"\" width=\"740\" height=\"348\" srcset=\"https:\/\/weltlaeden.de\/mosbach\/wp-content\/uploads\/sites\/125\/2020\/06\/Lingubai-bei-der-\u00dcbergabe-des-Hilfspaketes-300x141.jpg 300w, https:\/\/weltlaeden.de\/mosbach\/wp-content\/uploads\/sites\/125\/2020\/06\/Lingubai-bei-der-\u00dcbergabe-des-Hilfspaketes-768x361.jpg 768w, https:\/\/weltlaeden.de\/mosbach\/wp-content\/uploads\/sites\/125\/2020\/06\/Lingubai-bei-der-\u00dcbergabe-des-Hilfspaketes.jpg 964w\" sizes=\"auto, (max-width: 740px) 100vw, 740px\" \/><\/p><\/div>[\/vc_column][vc_column][\/vc_column][\/vc_row][vc_row][vc_column][vc_column_text]<strong>Hilfe in der Krise \u2013 Wie der Verein \u201ePartnerschaft In Einer Welt e.V.\u201c in Indien w\u00e4hrend Corona hilft<\/strong><\/p>\n<p>(15.06.2020) Lingubai ist 60 Jahre alt. Sie geh\u00f6rt den Gondu an, einem der indigenen V\u00f6lker Indiens und lebt in einem Dorf, in einer l\u00e4ndlichen Region Andhra Pradeshs. Den Mitarbeiter*innen der Partnerorganisation von \u201ePartnerschaft In Einer Welt e.V.\u201c, dem Child Guidance Centre (CGC) sagte sie, dass sie in das 11 Kilometer entfernte Zentrum ihrer Gemeinde gehen muss, um ihre Eink\u00e4ufe t\u00e4tigen zu k\u00f6nnen. Dies ist f\u00fcr sie, da sie alleine lebt, schon unter normalen Umst\u00e4nden schwierig und wurde durch den strengen Lockdown in Indien angesichts der Corona-Pandemie unm\u00f6glich. Seit einer Woche, so die 60 J\u00e4hrige, seien ihre Vorr\u00e4te aufgebraucht und sie ern\u00e4hre sich nur noch von Reis mit Chilipulver.<\/p>\n<p>Wie Lingubai geht es in diesen Wochen vielen Menschen, die in den D\u00f6rfern weit ab von den Gro\u00dfst\u00e4dten Indiens leben, so berichtet Frau Rajani Dasi in einer Videokonferenz dem Vorstandsmitglied von \u201ePartnerschaft In Einer Welt e.V.\u201c Tobias Sushil Paeper. Die Situation ist f\u00fcr viele der Landarbeiter*innen desolat, da sie in der Landwirtschaft kaum mehr Geld verdienen k\u00f6nnen und nicht mehr wissen, wie sie ihre Kinder ern\u00e4hren sollen. Kleinbauern m\u00fcssen zum Teil ihren kleinen Landbesitz verkaufen um zu \u00fcberleben. So werden aus selbstst\u00e4ndigen Bauern Tagel\u00f6hner, die auf den Feldern der Gro\u00dfgrundbesitzer arbeiten m\u00fcssen.<\/p>\n<p>Aber auch in den Gro\u00dfst\u00e4dten ist es durch den Lockdown und dessen strenge Auflagen, vielerorts schwierig einkaufen zu gehen. Dem CGC ist es ein Anliegen, den Staat zu unterst\u00fctzen und den Menschen zu helfen, die von der staatlichen Hilfe nicht erreicht werden. So ist man in die von der Volksgruppe der Gondu bewohnten D\u00f6rfer gefahren und hat dort Hilfspakete an die Menschen verteilt. Ebenso konnten die Menschen im Umkreis des CGC\/Hyderabad auch in die F\u00f6rderschule kommen um dort Hilfspakete zu erhalten.<\/p>\n<p>Die Hilfspakete des CGC kosten ca. 5\u20ac pro Familie. Darin enthalten sind Masken f\u00fcr die Menschen, Seifen zum Waschen und Waschmittel f\u00fcr die Kleidung. Ebenso sind die Pakete gef\u00fcllt mit Lebensmitteln f\u00fcr 2 Wochen. Reis, Dall (Linsen), Tomaten, Zwiebeln, weiteres Gem\u00fcse, sowie Gew\u00fcrze und Speise\u00f6l befinden sich in den Paketen. \u00dcber 2000 Familien konnte das CGC so durch den Lockdown helfen.<\/p>\n<p>Aber nicht nur die materielle Hilfe, durch die Versorgung mit Lebensmitteln, ist dem CGC wichtig. Bei den Besuchen in den D\u00f6rfern, wurde auch wichtige Aufkl\u00e4rungsarbeit geleistet. So wurde \u00fcber das Virus aufgekl\u00e4rt und mit Fehlinformationen aufger\u00e4umt. Auch wurde \u00fcber die Wichtigkeit von Hygienema\u00dfnahmen aufgekl\u00e4rt, sei es H\u00e4nde waschen oder die hier in Deutschland so viel zitierte Niesetikette.<\/p>\n<p>Diese Bem\u00fchungen des CGC hat der Verein \u201ePartnerschaft In Einer Welt e.V.\u201c mit 15.000\u20ac Euro unterst\u00fctzt. Noch ist auch in Indien kein Ende der Krise abzusehen.<\/p>\n<p><strong><u>Spendenkonto<\/u><\/strong>: Partnerschaft In Einer Welt e.V., SPK Neckartal Odenwald, DE03674500480003088622<\/p>\n<p>Rhein-Neckar-Zeitung 03.07.2020:<\/p>\n<p><a href=\"https:\/\/weltlaeden.de\/mosbach\/wp-content\/uploads\/sites\/125\/2021\/06\/2020-07-03-Die-Situation-ist-desolat.pdf\">2020-07-03 Die Situation ist desolat<\/a>[\/vc_column_text][\/vc_column][vc_column][vc_empty_space][\/vc_column][\/vc_row][vc_row][vc_column][vc_custom_heading text=&#8220;Weitere Informationen \u00fcber unsere Arbeit in Indien finden Sie unter:<br \/>\n&#8220; google_fonts=&#8220;font_family:Arimo%3Aregular%2Citalic%2C700%2C700italic|font_style:400%20regular%3A400%3Anormal&#8220; link=&#8220;|||&#8220;][vc_custom_heading text=&#8220;&#8220;][vc_column_text]<a href=\"http:\/\/pow-mosbach.de\">http:\/\/pow-mosbach.de<\/a><\/p>\n<p><a href=\"https:\/\/tobiasinindien.wordpress.com\/\">https:\/\/tobiasinindien.wordpress.com\/<\/a>[\/vc_column_text][\/vc_column][\/vc_row]<\/p>\n<\/div>","protected":false},"excerpt":{"rendered":"<p>[vc_row][vc_column][vc_column_text] Corona-Isolationszentrum im Mosbach-Shelter in Bapatla \/ Indien [\/vc_column_text][vc_column_text](03.06.2021) Wir h\u00f6ren in den Medien immer wieder von der Situation der Menschen in Indien. Pfarrerin Ulrike Paeper vom Verein \u201ePartnerschaft In Einer Welt e.V.\u201c steht in engem Austausch \u00fcber die Covid-19-Situation in Indien. Frau Rajani Dasi, stellvertretende Generalsekret\u00e4rin des Child Guidance Centre (CGC) in Hyderabad \/&hellip;<\/p>\n","protected":false},"author":187,"featured_media":0,"parent":0,"menu_order":12,"comment_status":"closed","ping_status":"closed","template":"","meta":{"footnotes":""},"class_list":["post-560","page","type-page","status-publish","hentry","description-off"],"yoast_head":"<!-- This site is optimized with the Yoast SEO plugin v26.8 - https:\/\/yoast.com\/product\/yoast-seo-wordpress\/ -->\n<title>Indien - Weltladen Mosbach<\/title>\n<meta name=\"robots\" content=\"index, follow, max-snippet:-1, max-image-preview:large, max-video-preview:-1\" \/>\n<link rel=\"canonical\" href=\"https:\/\/weltlaeden.de\/mosbach\/indien-corona\/\" \/>\n<meta property=\"og:locale\" content=\"de_DE\" \/>\n<meta property=\"og:type\" content=\"article\" \/>\n<meta property=\"og:title\" content=\"Indien - Weltladen Mosbach\" \/>\n<meta property=\"og:description\" content=\"[vc_row][vc_column][vc_column_text] Corona-Isolationszentrum im Mosbach-Shelter in Bapatla \/ Indien [\/vc_column_text][vc_column_text](03.06.2021) Wir h\u00f6ren in den Medien immer wieder von der Situation der Menschen in Indien. Pfarrerin Ulrike Paeper vom Verein \u201ePartnerschaft In Einer Welt e.V.\u201c steht in engem Austausch \u00fcber die Covid-19-Situation in Indien. Frau Rajani Dasi, stellvertretende Generalsekret\u00e4rin des Child Guidance Centre (CGC) in Hyderabad \/&hellip;\" \/>\n<meta property=\"og:url\" content=\"https:\/\/weltlaeden.de\/mosbach\/indien-corona\/\" \/>\n<meta property=\"og:site_name\" content=\"Weltladen Mosbach\" \/>\n<meta property=\"article:modified_time\" content=\"2021-07-09T10:41:41+00:00\" \/>\n<meta property=\"og:image\" content=\"https:\/\/weltlaeden.de\/mosbach\/wp-content\/uploads\/sites\/125\/2021\/06\/031-300x200.jpg\" \/>\n<meta name=\"twitter:card\" content=\"summary_large_image\" \/>\n<meta name=\"twitter:label1\" content=\"Gesch\u00e4tzte Lesezeit\" \/>\n\t<meta name=\"twitter:data1\" content=\"6\u00a0Minuten\" \/>\n<script type=\"application\/ld+json\" class=\"yoast-schema-graph\">{\"@context\":\"https:\/\/schema.org\",\"@graph\":[{\"@type\":\"WebPage\",\"@id\":\"https:\/\/weltlaeden.de\/mosbach\/indien-corona\/\",\"url\":\"https:\/\/weltlaeden.de\/mosbach\/indien-corona\/\",\"name\":\"Indien - Weltladen Mosbach\",\"isPartOf\":{\"@id\":\"https:\/\/weltlaeden.de\/mosbach\/#website\"},\"primaryImageOfPage\":{\"@id\":\"https:\/\/weltlaeden.de\/mosbach\/indien-corona\/#primaryimage\"},\"image\":{\"@id\":\"https:\/\/weltlaeden.de\/mosbach\/indien-corona\/#primaryimage\"},\"thumbnailUrl\":\"https:\/\/weltlaeden.de\/mosbach\/wp-content\/uploads\/sites\/125\/2021\/06\/031-300x200.jpg\",\"datePublished\":\"2020-06-29T17:46:45+00:00\",\"dateModified\":\"2021-07-09T10:41:41+00:00\",\"breadcrumb\":{\"@id\":\"https:\/\/weltlaeden.de\/mosbach\/indien-corona\/#breadcrumb\"},\"inLanguage\":\"de\",\"potentialAction\":[{\"@type\":\"ReadAction\",\"target\":[\"https:\/\/weltlaeden.de\/mosbach\/indien-corona\/\"]}]},{\"@type\":\"ImageObject\",\"inLanguage\":\"de\",\"@id\":\"https:\/\/weltlaeden.de\/mosbach\/indien-corona\/#primaryimage\",\"url\":\"https:\/\/weltlaeden.de\/mosbach\/wp-content\/uploads\/sites\/125\/2021\/06\/031.jpg\",\"contentUrl\":\"https:\/\/weltlaeden.de\/mosbach\/wp-content\/uploads\/sites\/125\/2021\/06\/031.jpg\",\"width\":1920,\"height\":1280},{\"@type\":\"BreadcrumbList\",\"@id\":\"https:\/\/weltlaeden.de\/mosbach\/indien-corona\/#breadcrumb\",\"itemListElement\":[{\"@type\":\"ListItem\",\"position\":1,\"name\":\"Startseite\",\"item\":\"https:\/\/weltlaeden.de\/mosbach\/\"},{\"@type\":\"ListItem\",\"position\":2,\"name\":\"Indien\"}]},{\"@type\":\"WebSite\",\"@id\":\"https:\/\/weltlaeden.de\/mosbach\/#website\",\"url\":\"https:\/\/weltlaeden.de\/mosbach\/\",\"name\":\"Weltladen Mosbach\",\"description\":\"Faire Produkte seit 1990\",\"potentialAction\":[{\"@type\":\"SearchAction\",\"target\":{\"@type\":\"EntryPoint\",\"urlTemplate\":\"https:\/\/weltlaeden.de\/mosbach\/?s={search_term_string}\"},\"query-input\":{\"@type\":\"PropertyValueSpecification\",\"valueRequired\":true,\"valueName\":\"search_term_string\"}}],\"inLanguage\":\"de\"}]}<\/script>\n<!-- \/ Yoast SEO plugin. -->","yoast_head_json":{"title":"Indien - Weltladen Mosbach","robots":{"index":"index","follow":"follow","max-snippet":"max-snippet:-1","max-image-preview":"max-image-preview:large","max-video-preview":"max-video-preview:-1"},"canonical":"https:\/\/weltlaeden.de\/mosbach\/indien-corona\/","og_locale":"de_DE","og_type":"article","og_title":"Indien - Weltladen Mosbach","og_description":"[vc_row][vc_column][vc_column_text] Corona-Isolationszentrum im Mosbach-Shelter in Bapatla \/ Indien [\/vc_column_text][vc_column_text](03.06.2021) Wir h\u00f6ren in den Medien immer wieder von der Situation der Menschen in Indien. Pfarrerin Ulrike Paeper vom Verein \u201ePartnerschaft In Einer Welt e.V.\u201c steht in engem Austausch \u00fcber die Covid-19-Situation in Indien. Frau Rajani Dasi, stellvertretende Generalsekret\u00e4rin des Child Guidance Centre (CGC) in Hyderabad \/&hellip;","og_url":"https:\/\/weltlaeden.de\/mosbach\/indien-corona\/","og_site_name":"Weltladen Mosbach","article_modified_time":"2021-07-09T10:41:41+00:00","og_image":[{"url":"https:\/\/weltlaeden.de\/mosbach\/wp-content\/uploads\/sites\/125\/2021\/06\/031-300x200.jpg","type":"","width":"","height":""}],"twitter_card":"summary_large_image","twitter_misc":{"Gesch\u00e4tzte Lesezeit":"6\u00a0Minuten"},"schema":{"@context":"https:\/\/schema.org","@graph":[{"@type":"WebPage","@id":"https:\/\/weltlaeden.de\/mosbach\/indien-corona\/","url":"https:\/\/weltlaeden.de\/mosbach\/indien-corona\/","name":"Indien - Weltladen Mosbach","isPartOf":{"@id":"https:\/\/weltlaeden.de\/mosbach\/#website"},"primaryImageOfPage":{"@id":"https:\/\/weltlaeden.de\/mosbach\/indien-corona\/#primaryimage"},"image":{"@id":"https:\/\/weltlaeden.de\/mosbach\/indien-corona\/#primaryimage"},"thumbnailUrl":"https:\/\/weltlaeden.de\/mosbach\/wp-content\/uploads\/sites\/125\/2021\/06\/031-300x200.jpg","datePublished":"2020-06-29T17:46:45+00:00","dateModified":"2021-07-09T10:41:41+00:00","breadcrumb":{"@id":"https:\/\/weltlaeden.de\/mosbach\/indien-corona\/#breadcrumb"},"inLanguage":"de","potentialAction":[{"@type":"ReadAction","target":["https:\/\/weltlaeden.de\/mosbach\/indien-corona\/"]}]},{"@type":"ImageObject","inLanguage":"de","@id":"https:\/\/weltlaeden.de\/mosbach\/indien-corona\/#primaryimage","url":"https:\/\/weltlaeden.de\/mosbach\/wp-content\/uploads\/sites\/125\/2021\/06\/031.jpg","contentUrl":"https:\/\/weltlaeden.de\/mosbach\/wp-content\/uploads\/sites\/125\/2021\/06\/031.jpg","width":1920,"height":1280},{"@type":"BreadcrumbList","@id":"https:\/\/weltlaeden.de\/mosbach\/indien-corona\/#breadcrumb","itemListElement":[{"@type":"ListItem","position":1,"name":"Startseite","item":"https:\/\/weltlaeden.de\/mosbach\/"},{"@type":"ListItem","position":2,"name":"Indien"}]},{"@type":"WebSite","@id":"https:\/\/weltlaeden.de\/mosbach\/#website","url":"https:\/\/weltlaeden.de\/mosbach\/","name":"Weltladen Mosbach","description":"Faire Produkte seit 1990","potentialAction":[{"@type":"SearchAction","target":{"@type":"EntryPoint","urlTemplate":"https:\/\/weltlaeden.de\/mosbach\/?s={search_term_string}"},"query-input":{"@type":"PropertyValueSpecification","valueRequired":true,"valueName":"search_term_string"}}],"inLanguage":"de"}]}},"_links":{"self":[{"href":"https:\/\/weltlaeden.de\/mosbach\/wp-json\/wp\/v2\/pages\/560","targetHints":{"allow":["GET"]}}],"collection":[{"href":"https:\/\/weltlaeden.de\/mosbach\/wp-json\/wp\/v2\/pages"}],"about":[{"href":"https:\/\/weltlaeden.de\/mosbach\/wp-json\/wp\/v2\/types\/page"}],"author":[{"embeddable":true,"href":"https:\/\/weltlaeden.de\/mosbach\/wp-json\/wp\/v2\/users\/187"}],"replies":[{"embeddable":true,"href":"https:\/\/weltlaeden.de\/mosbach\/wp-json\/wp\/v2\/comments?post=560"}],"version-history":[{"count":28,"href":"https:\/\/weltlaeden.de\/mosbach\/wp-json\/wp\/v2\/pages\/560\/revisions"}],"predecessor-version":[{"id":805,"href":"https:\/\/weltlaeden.de\/mosbach\/wp-json\/wp\/v2\/pages\/560\/revisions\/805"}],"wp:attachment":[{"href":"https:\/\/weltlaeden.de\/mosbach\/wp-json\/wp\/v2\/media?parent=560"}],"curies":[{"name":"wp","href":"https:\/\/api.w.org\/{rel}","templated":true}]}}