{"id":23,"date":"2016-10-14T09:05:21","date_gmt":"2016-10-14T07:05:21","guid":{"rendered":"https:\/\/wl.heimpixel.de\/vorlage\/termine\/"},"modified":"2023-08-29T19:05:04","modified_gmt":"2023-08-29T17:05:04","slug":"termine","status":"publish","type":"page","link":"https:\/\/weltlaeden.de\/messstetten\/termine\/","title":{"rendered":"Termine"},"content":{"rendered":"<div class=\"wpb-content-wrapper\"><p>[vc_row][vc_column]<div class=\"wl_einzelbild\"><p><img loading=\"lazy\" decoding=\"async\" class=\"aligncenter size-full wp-image-nsm-3-33\" src=\"https:\/\/weltlaeden.de\/messstetten\/wp-content\/uploads\/sites\/3\/2018\/07\/pocket-watch-1637396_1920_pixabay.png\" alt=\"\" width=\"787\" height=\"340\" \/><\/p><\/div>[vc_empty_space height=&#8220;30px&#8220;][vc_column_text]<\/p>\n<h1>Termine und Aktionen<\/h1>\n<p>&nbsp;<\/p>\n<p>[\/vc_column_text][vc_empty_space height=&#8220;30px&#8220;][\/vc_column][\/vc_row][vc_row][vc_column width=&#8220;2\/3&#8243;][vc_column_text]<\/p>\n<h1>Kommende Termine<\/h1>\n<p><a class=\"dt-pswp-item\" href=\"https:\/\/weltlaeden.de\/messstetten\/wp-content\/uploads\/sites\/150\/2023\/08\/oekologischer-Fussabdruck.jpg\" data-dt-img-description=\"\" data-large_image_width=\"1536\" data-large_image_height=\"2048\"><img loading=\"lazy\" decoding=\"async\" class=\"alignnone size-medium wp-image-1511\" src=\"https:\/\/weltlaeden.de\/messstetten\/wp-content\/uploads\/sites\/150\/2023\/08\/oekologischer-Fussabdruck-225x300.jpg\" alt=\"\" width=\"225\" height=\"300\" \/><\/a><\/p>\n<h2 style=\"text-align: center\"><\/h2>\n<p>[\/vc_column_text]<ul class=\"termine-page current aktuell\">[vc_empty_space height=&#8220;30px&#8220;][vc_column_text]<\/p>\n<p>&nbsp;<\/p>\n<h2><\/h2>\n<h2><\/h2>\n<h1>Vergangene Termine<\/h1>\n<p class=\"hide-if-no-js\"><a id=\"set-post-thumbnail\" class=\"thickbox\" href=\"https:\/\/weltlaeden.de\/messstetten\/wp-admin\/media-upload.php?post_id=23&amp;type=image&amp;TB_iframe=1\"><\/a>W\u00e4hrend der Fairen Woche 2020 veranstaltete die Steuerungsgruppe &#8222;Fair Trade Stadt Me\u00dfstetten&#8220; eine Stadtralley. An 8 Stationen quer durch die Stadt mussten Fragen \u00fcber den Fairen Handel beantwortet werden. So auch im Weltladen. Hier lautete die Frage: &#8220; Woher kommen die Bohnen des Me\u00dfstetter Kaffees ?&#8220; Die Sieger konnten sich \u00fcber tolle Preise freuen.<\/p>\n<p>&nbsp;<\/p>\n<p>&nbsp;<\/p>\n<p>Wie in jedem Jahr, so fand auch in diesem &#8222;Corona-Jahr&#8220; anl\u00e4sslich der Fairen Woche, ein Gottesdienst satt. Dietmar Reinhardt leitete diesen Gotteldienst \u00fcber die Frage: &#8222;Was ist gutes Leben ?&#8220;\u00a0 in der Methodistischen Friedenskirche.<\/p>\n<p>[\/vc_column_text]<ul class=\"termine-page past vergangen\"><li><h5 class=\"termine-titel\"><a href=\"https:\/\/weltlaeden.de\/messstetten\/termin\/tarocco-halbblutorangen\/\">Tarocco Halbblutorangen<\/a><\/h5><p class=\"termine-date\">Mo., 20.01.2025<\/p><p class=\"termine-auszug\"><strong>Tarocco Halbblutorangen aus Kalabrien demn\u00e4chst erh\u00e4ltlich.<\/strong> Voraussichtlich ab 20. Januar (KW 4) sind im Weltladen die beliebten Tarocco Halbblutorangen aus Kalabrien erh\u00e4ltlich. Bestellungen nehmen wir gerne schon jetzt entgegen.<\/li><li><h5 class=\"termine-titel\"><a href=\"https:\/\/weltlaeden.de\/messstetten\/termin\/zitrusfruechte\/\">Zitrusfr\u00fcchte<\/a><\/h5><p class=\"termine-date\">Fr., 10.01.2025<\/p><p class=\"termine-auszug\"><strong>Zitrusfr\u00fcchte aus dem fairen Handel im Weltladen<\/strong> Letztmalig in dieser Saison k\u00f6nnen wir in dieser Woche noch einmal <strong>Bio Zitronen<\/strong> von der Sozialkooperative GOEL aus Kalabrien\/Italien, sowie <strong>Bio Granat\u00e4pfel <\/strong>(Sorte \u201eWonderful\u201c) von der sizilianischen Kooperative Valdibella anbieten. Greifen Sie zu!<\/li><li><h5 class=\"termine-titel\"><a href=\"https:\/\/weltlaeden.de\/messstetten\/termin\/mangoaktion-2024\/\">Mangoaktion 2024<\/a><\/h5><p class=\"termine-date\">So., 24.03.2024, 19:56<\/p><p class=\"termine-auszug\">Bis zum <strong>13.04.2024<\/strong> k\u00f6nnen wieder Mangos bestellt werden<\/li><li><h5 class=\"termine-titel\"><a href=\"https:\/\/weltlaeden.de\/messstetten\/termin\/herbstfest-in-messstetten\/\">Herbstfest in Me\u00dfstetten<\/a><\/h5><p class=\"termine-date\">So., 08.10.2023, 12:00 bis 08.10.2023, 17:00<\/p><p class=\"termine-auszug\"><strong>2023-10-08 Herbstfest mit \u00d6ffnung der Ladent\u00fcr am kommenden Sonntag \u2013 wir sind dabei!<\/strong> Der Weltladen nimmt am HGV-Herbstfest am kommenden Sonntag teil. Wir \u00f6ffnen unsere Ladent\u00fcr von 12:00 Uhr bis 17:00 Uhr. Schauen Sie bei uns vorbei, genie\u00dfen Sie leckere, selbst gebackene Kuchen zusammen mit einer Tasse fair gehandelten Kaffee, st\u00f6bern Sie in unseren Regalen und Auslagen nach Sch\u00f6nem, N\u00fctzlichem und Genussvollem und finden Sie, was Sie schon immer gesucht haben: Fair gehandelte Waren zu fairen Preisen. <strong>Und zus\u00e4tzlich gew\u00e4hren wir - nur an diesem Tag - 20% Rabatt auf unseren Schmuck aus Fairem Handel! <\/strong>Eine gute Gelegenheit, n\u00fctzen Sie sie!<\/li><li><h5 class=\"termine-titel\"><a href=\"https:\/\/weltlaeden.de\/messstetten\/termin\/faires-fruehstueck-2\/\">Faires Fr\u00fchst\u00fcck<\/a><\/h5><p class=\"termine-date\">Sa., 23.09.2023, 08:00<\/p><p class=\"termine-auszug\">&nbsp; &nbsp; &nbsp; Die Fairtrade-Stadt Me\u00dfstetten l\u00e4dt Sie ganz herzlich ein am <strong>Samstag, 23. September von 8 bis 12 Uhr, <\/strong>auf den<strong> Marktplatz in Me\u00dfstetten<\/strong>. Das erwartet Sie: <strong>Faires<\/strong> <strong>(Klima)Fr\u00fchst\u00fcck<\/strong>: Genie\u00dfen Sie die fair gehandelten Produkte, wir freuen uns \u00fcber alle Besucher und Besucherinnen, die sich eine kleine Auszeit mit einem Fr\u00fchst\u00fcck bei uns auf dem Marktplatz g\u00f6nnen. Kaffee oder Tee? Butter oder Margarine? Honig aus Mexiko? Apfel oder Banane? Informieren Sie sich \u00fcber die Klimaauswirkungen Ihres Fr\u00fchst\u00fccks und erfahren Sie, dass es durchaus klimaschonende und leckere Alternativen gibt. <strong>\u00d6kologischer Fu\u00dfabdruck:\u00a0<\/strong> Nutzen Sie die Gelegenheit, um Ihren pers\u00f6nlichen \u00f6kologischen Fu\u00dfabdruck zu bestimmen. Der \u00f6kologische Fu\u00dfabdruck gibt an, wie gro\u00df Ihr pers\u00f6nlicher Rohstoff- und Energieverbrauch ist. <strong>Luftballonwettbewerb:<\/strong> Sch\u00fclerinnen und Sch\u00fcler der Realschule Me\u00dfstetten, die sich in der Fairtrade AG ihrer Schule engagieren, bieten einen Luftballonwettbewerb an. Die Teilnehmer f\u00fcllen eine Postkarte aus, die im Lostopf landet. Der Umwelt zuliebe d\u00fcrfen die [...] <a href=\"https:\/\/weltlaeden.de\/messstetten\/termin\/faires-fruehstueck-2\/\"><small>[WEITERLESEN]<\/small><\/a><\/p><p class=termine-ort\"><small>Ort: <i>Marktplatz in Me\u00dfstetten<\/i><\/small><\/p><\/li><li><h5 class=\"termine-titel\"><a href=\"https:\/\/weltlaeden.de\/messstetten\/termin\/oeffnungszeiten-waehrend-der-handwerkerferien\/\">\u00d6ffnungszeiten w\u00e4hrend der Handwerkerferien<\/a><\/h5><p class=\"termine-date\">Di., 01.08.2023, 09:00<\/p><p class=\"termine-auszug\">W\u00e4hrend der Handwerkerferien vom 1. bis 19. August hat der Weltladen nur <strong>Samstags von 9.00 bis 12.00 Uhr<\/strong> ge\u00f6ffnet. Ab 22. August haben wir wieder zu den gewohnten Zeiten ge\u00f6ffnet.<\/li><li><h5 class=\"termine-titel\"><a href=\"https:\/\/weltlaeden.de\/messstetten\/termin\/mitgliederversammlung-2023\/\">Mitgliederversammlung 2023<\/a><\/h5><p class=\"termine-date\">Di., 18.07.2023, 19:00<\/p><p class=\"termine-auszug\">Einladung zur Mitgliederversammlung 2023 Liebe Vereinsmitglieder, zur Mitgliederversammlung 2023 laden wir alle Vereinsmitglieder sowie alle Mitarbeiterinnen und Mitarbeiter in unseren Weltl\u00e4den ganz herzlich ein. Die Versammlung findet am <strong>Dienstag,18. Juli, um 19.00 Uhr in der Friedenskirche in Ebingen, Kientenstr. 40<\/strong>, im Gemeindesaal statt. Auf der Versammlung wird Elke Beuttler vom WL Me\u00dfstetten uns von ihrer Reise nach Nicaragua im vergangenen Herbst berichten. Elke war mit dem Anbieter des Segelkaffees, Caf\u00e9 Chavalo, auf einer Projektreise in Nicaragua und wird uns mit Bildern und aktuellen Informationen von ihrer Reise berichten. <strong>Tagesordnung*:<\/strong> 1. Bericht des Vorstands 2. Bericht Ladenbuchhaltung und Vereinskasse 3. Bericht der Kassenpr\u00fcfer 4. Aussprache 5. Entlastung und Neuwahlen 6. Verschiedenes - Pause - \u201eKaffee aus Nicaragua\" - Reisebericht von Elke Beuttler * Jedes Vereinsmitglied kann bis sp\u00e4teestens eine Woche vor der Mitgliederversammlung beim Vorstand schriftlich die nachtr\u00e4gliche Festsetzung weiterer Tagesordnungspunkte beantragen.<\/li><li><h5 class=\"termine-titel\"><a href=\"https:\/\/weltlaeden.de\/messstetten\/termin\/fruehlingsfest-in-messstetten\/\">Fr\u00fchlingsfest in Me\u00dfstetten<\/a><\/h5><p class=\"termine-date\">So., 23.04.2023, 12:00<\/p><p class=\"termine-auszug\">Verkaufsoffener Sonntag am 23.April, das hei\u00dft in Me\u00dfstetten \u201e Fr\u00fchlingsfest \". Da wollen wir dieses Mal auch den Laden \u00f6ffnen und bieten Kaffee und Kuchen an.<\/li><li><h5 class=\"termine-titel\"><a href=\"https:\/\/weltlaeden.de\/messstetten\/termin\/1453\/\">Mangobestellung<\/a><\/h5><p class=\"termine-date\">Fr., 21.04.2023, 12:00<\/p><p class=\"termine-auszug\">Bis zum 21. April k\u00f6nnen wieder Mangos bestellt werden.<\/li><li><h5 class=\"termine-titel\"><a href=\"https:\/\/weltlaeden.de\/messstetten\/termin\/faires-fruehstueck\/\">Faires Fr\u00fchst\u00fcck<\/a><\/h5><p class=\"termine-date\">Sa., 24.09.2022, 08:00<\/p><p class=\"termine-auszug\"><strong>Einladung zum Fairen Fr\u00fchst\u00fcck auf dem Marktplatz<\/strong> &nbsp; Endlich k\u00f6nnen wir wieder ein faires Fr\u00fchst\u00fcck im Rahmen der Fairen Woche durchf\u00fchren! Es findet statt am <strong>Samstag, 24. September, ab 8 Uhr<\/strong> auf dem Marktplatz in Me\u00dfstetten. Mitglieder der Steuerungsgruppe der Fairtrade-Stadt, Mitarbeiterinnen des Weltladens sowie Sch\u00fclerinnen und Sch\u00fcler der Realschule laden dazu ein. Genie\u00dfen Sie den fairen Kaffee oder auch Tee, die frischen Br\u00f6tchen vom Markt sowie bekannte und exotische Brotaufstriche aus dem Weltladen. Und lassen Sie sich \u00fcber das diesj\u00e4hrige Motto \u201eFair steht dir #fairhandeln f\u00fcr Menschenrechte weltweit\u201c informieren. Das Motto der Fairen Woche 2022 besch\u00e4ftigt sich mit menschenw\u00fcrdigen Arbeitsbedingungen und nachhaltigem Wirtschaften in der Textil-Lieferkette. Der Einsturz der Textilfabrik Rana Plaza in Bangladesch vor knapp neun Jahren hat viele Menschen wachger\u00fcttelt. \u00dcber 1100 Menschen kamen damals ums Leben, das gro\u00dfe Ungl\u00fcck steht heute noch als Beispiel f\u00fcr die katastrophalen Zust\u00e4nde in den Fabriken der Textilindustrie. Zwar gab es [...] <a href=\"https:\/\/weltlaeden.de\/messstetten\/termin\/faires-fruehstueck\/\"><small>[WEITERLESEN]<\/small><\/a><\/p><\/li><li><h5 class=\"termine-titel\"><a href=\"https:\/\/weltlaeden.de\/messstetten\/termin\/faire-woche-2021\/\">Faire Woche 2021<\/a><\/h5><p class=\"termine-date\">Fr., 10.09.2021, 21:08 bis 24.09.2021, 21:08<\/p><p class=\"termine-auszug\"><strong>Vom 10. bis 24. September findet in ganz Deutschland die Faire Woche statt<\/strong> <strong>Jahresmotto: Menschenw\u00fcrdige Arbeit und nachhaltiges Wirtschaften<\/strong> Jedes Jahr steht die Faire Woche unter einem Schwerpunktthema. 2021 widmen wir uns der Frage, welchen Beitrag der Faire Handel zu menschenw\u00fcrdigen Arbeitsbedingungen und nachhaltigem Wirtschaften leisten kann. Menschenw\u00fcrdige Arbeit ist ein Menschenrecht, das sich aus der Allgemeinen Erkl\u00e4rung der Menschenrechte der UN-Charta (Artikel 23) ableitet. Die Vereinten Nationen z\u00e4hlen menschenw\u00fcrdige Arbeit und nachhaltiges Wirtschaften zu einem der 17 Ziele f\u00fcr nachhaltige Entwicklung (SDG). Die Corona-Pandemie zeigt jedoch in erschreckender Deutlichkeit, dass es weltweit um die Arbeitsbedingungen nicht gut bestellt ist. Millionen Menschen m\u00fcssen unter unw\u00fcrdigen und gef\u00e4hrlichen Arbeitsbedingungen schuften und verdienen dennoch nicht genug, um ihr t\u00e4gliches \u00dcberleben zu sichern. Kinder werden ausgebeutet, ohne die Chance auf Bildung und eine bessere Zukunft zu haben. Insbesondere Menschen im Globalen S\u00fcden sind davon betroffen. Mit dem Thema wollen wir zeigen, wie eine [...] <a href=\"https:\/\/weltlaeden.de\/messstetten\/termin\/faire-woche-2021\/\"><small>[WEITERLESEN]<\/small><\/a><\/p><\/li><li><h5 class=\"termine-titel\"><a href=\"https:\/\/weltlaeden.de\/messstetten\/termin\/rabattaktion-15-auf-kunstgewerbe\/\">Rabattaktion: 15 % auf Kunstgewerbe<\/a><\/h5><p class=\"termine-date\">Sa., 28.08.2021 bis 30.09.2021<\/p><p class=\"termine-auszug\"><strong>Sp\u00e4t-Sommer-Schlussverkauf: 15% auf kunstgewerbliche Artikel<\/strong> <a class=\"dt-single-image\" href=\"https:\/\/weltlaeden.de\/messstetten\/wp-content\/uploads\/sites\/150\/2021\/08\/Teeset-aus-Thailand2.jpg\"><\/a> Ob praktische<strong> Einkaufk\u00f6rbe<\/strong> aus Ghana,filigrane <strong>Mobile <\/strong>aus den Philippinen, farbenfrohe <strong>Filzblumen <\/strong>aus Nepal, formsch\u00f6ne <strong>Keramik<\/strong> aus Thailand, beeindruckende <strong>Holzmasken<\/strong> aus Indonesien, handgen\u00e4hte <strong>Leptoptaschen, Rucks\u00e4cke<\/strong> und <strong>Stofftaschen<\/strong> aus Ghana und vieles mehr - im September bekommen Sie im Weltladen 15 % Rabatt auf alle kunstgewerblichen Artikel. Es lohnt sich also, jetzt zuzugreifen!<\/li><\/ul>[\/vc_column][\/vc_ro<\/p>\n<h2><\/h2>\n<h2><\/h2>\n<h2><\/h2>\n<p>&nbsp;<\/p>\n<p>&nbsp;<\/p>\n<h2><\/h2>\n<p>&nbsp;<\/p>\n<h2><img loading=\"lazy\" decoding=\"async\" class=\"alignnone size-medium wp-image-982\" src=\"https:\/\/weltlaeden.de\/messstetten\/wp-content\/uploads\/sites\/150\/2021\/05\/Foto-von-\u2600\ud83c\udf3c\ud83c\udf3a\ud83d\udd4a1-300x225.jpg\" alt=\"\" width=\"300\" height=\"225\" srcset=\"https:\/\/weltlaeden.de\/messstetten\/wp-content\/uploads\/sites\/150\/2021\/05\/Foto-von-\u2600\ud83c\udf3c\ud83c\udf3a\ud83d\udd4a1-300x225.jpg 300w, https:\/\/weltlaeden.de\/messstetten\/wp-content\/uploads\/sites\/150\/2021\/05\/Foto-von-\u2600\ud83c\udf3c\ud83c\udf3a\ud83d\udd4a1-768x576.jpg 768w, https:\/\/weltlaeden.de\/messstetten\/wp-content\/uploads\/sites\/150\/2021\/05\/Foto-von-\u2600\ud83c\udf3c\ud83c\udf3a\ud83d\udd4a1.jpg 1024w\" sizes=\"auto, (max-width: 300px) 100vw, 300px\" \/>Mangoaktion 2021<img loading=\"lazy\" decoding=\"async\" class=\"size-medium wp-image-981 alignright\" src=\"https:\/\/weltlaeden.de\/messstetten\/wp-content\/uploads\/sites\/150\/2021\/05\/InkedFoto-von-\u2600\ud83c\udf3c\ud83c\udf3a\ud83d\udd4a_LI-225x300.jpg\" alt=\"\" width=\"225\" height=\"300\" srcset=\"https:\/\/weltlaeden.de\/messstetten\/wp-content\/uploads\/sites\/150\/2021\/05\/InkedFoto-von-\u2600\ud83c\udf3c\ud83c\udf3a\ud83d\udd4a_LI-225x300.jpg 225w, https:\/\/weltlaeden.de\/messstetten\/wp-content\/uploads\/sites\/150\/2021\/05\/InkedFoto-von-\u2600\ud83c\udf3c\ud83c\udf3a\ud83d\udd4a_LI.jpg 768w\" sizes=\"auto, (max-width: 225px) 100vw, 225px\" \/><\/h2>\n<\/div>","protected":false},"excerpt":{"rendered":"<p>[vc_row][vc_column][vc_empty_space height=&#8220;30px&#8220;][vc_column_text] Termine und Aktionen &nbsp; [\/vc_column_text][vc_empty_space height=&#8220;30px&#8220;][\/vc_column][\/vc_row][vc_row][vc_column width=&#8220;2\/3&#8243;][vc_column_text] Kommende Termine [\/vc_column_text][vc_empty_space height=&#8220;30px&#8220;][vc_column_text] &nbsp; Vergangene Termine W\u00e4hrend der Fairen Woche 2020 veranstaltete die Steuerungsgruppe &#8222;Fair Trade Stadt Me\u00dfstetten&#8220; eine Stadtralley. An 8 Stationen quer durch die Stadt mussten Fragen \u00fcber den Fairen Handel beantwortet werden. So auch im Weltladen. Hier lautete die Frage: &#8220; Woher&hellip;<\/p>\n","protected":false},"author":1,"featured_media":0,"parent":0,"menu_order":7,"comment_status":"closed","ping_status":"closed","template":"","meta":{"footnotes":""},"class_list":["post-23","page","type-page","status-publish","hentry","description-off"],"yoast_head":"<!-- This site is optimized with the Yoast SEO plugin v26.8 - https:\/\/yoast.com\/product\/yoast-seo-wordpress\/ -->\n<title>Termine - Weltladen Me\u00dfstetten<\/title>\n<meta name=\"robots\" content=\"index, follow, max-snippet:-1, max-image-preview:large, max-video-preview:-1\" \/>\n<link rel=\"canonical\" href=\"https:\/\/weltlaeden.de\/messstetten\/termine\/\" \/>\n<meta property=\"og:locale\" content=\"de_DE\" \/>\n<meta property=\"og:type\" content=\"article\" \/>\n<meta property=\"og:title\" content=\"Termine - Weltladen Me\u00dfstetten\" \/>\n<meta property=\"og:description\" content=\"[vc_row][vc_column][vc_empty_space height=&#8220;30px&#8220;][vc_column_text] Termine und Aktionen &nbsp; [\/vc_column_text][vc_empty_space height=&#8220;30px&#8220;][\/vc_column][\/vc_row][vc_row][vc_column width=&#8220;2\/3&#8243;][vc_column_text] Kommende Termine [\/vc_column_text][vc_empty_space height=&#8220;30px&#8220;][vc_column_text] &nbsp; Vergangene Termine W\u00e4hrend der Fairen Woche 2020 veranstaltete die Steuerungsgruppe &#8222;Fair Trade Stadt Me\u00dfstetten&#8220; eine Stadtralley. An 8 Stationen quer durch die Stadt mussten Fragen \u00fcber den Fairen Handel beantwortet werden. So auch im Weltladen. Hier lautete die Frage: &#8220; Woher&hellip;\" \/>\n<meta property=\"og:url\" content=\"https:\/\/weltlaeden.de\/messstetten\/termine\/\" \/>\n<meta property=\"og:site_name\" content=\"Weltladen Me\u00dfstetten\" \/>\n<meta property=\"article:modified_time\" content=\"2023-08-29T17:05:04+00:00\" \/>\n<meta property=\"og:image\" content=\"https:\/\/weltlaeden.de\/messstetten\/wp-content\/uploads\/sites\/3\/2018\/07\/pocket-watch-1637396_1920_pixabay.png\" \/>\n<meta name=\"twitter:card\" content=\"summary_large_image\" \/>\n<meta name=\"twitter:label1\" content=\"Gesch\u00e4tzte Lesezeit\" \/>\n\t<meta name=\"twitter:data1\" content=\"2\u00a0Minuten\" \/>\n<script type=\"application\/ld+json\" class=\"yoast-schema-graph\">{\"@context\":\"https:\/\/schema.org\",\"@graph\":[{\"@type\":\"WebPage\",\"@id\":\"https:\/\/weltlaeden.de\/messstetten\/termine\/\",\"url\":\"https:\/\/weltlaeden.de\/messstetten\/termine\/\",\"name\":\"Termine - Weltladen Me\u00dfstetten\",\"isPartOf\":{\"@id\":\"https:\/\/weltlaeden.de\/messstetten\/#website\"},\"primaryImageOfPage\":{\"@id\":\"https:\/\/weltlaeden.de\/messstetten\/termine\/#primaryimage\"},\"image\":{\"@id\":\"https:\/\/weltlaeden.de\/messstetten\/termine\/#primaryimage\"},\"thumbnailUrl\":\"https:\/\/weltlaeden.de\/messstetten\/wp-content\/uploads\/sites\/3\/2018\/07\/pocket-watch-1637396_1920_pixabay.png\",\"datePublished\":\"2016-10-14T07:05:21+00:00\",\"dateModified\":\"2023-08-29T17:05:04+00:00\",\"breadcrumb\":{\"@id\":\"https:\/\/weltlaeden.de\/messstetten\/termine\/#breadcrumb\"},\"inLanguage\":\"de\",\"potentialAction\":[{\"@type\":\"ReadAction\",\"target\":[\"https:\/\/weltlaeden.de\/messstetten\/termine\/\"]}]},{\"@type\":\"ImageObject\",\"inLanguage\":\"de\",\"@id\":\"https:\/\/weltlaeden.de\/messstetten\/termine\/#primaryimage\",\"url\":\"https:\/\/weltlaeden.de\/messstetten\/wp-content\/uploads\/sites\/3\/2018\/07\/pocket-watch-1637396_1920_pixabay.png\",\"contentUrl\":\"https:\/\/weltlaeden.de\/messstetten\/wp-content\/uploads\/sites\/3\/2018\/07\/pocket-watch-1637396_1920_pixabay.png\"},{\"@type\":\"BreadcrumbList\",\"@id\":\"https:\/\/weltlaeden.de\/messstetten\/termine\/#breadcrumb\",\"itemListElement\":[{\"@type\":\"ListItem\",\"position\":1,\"name\":\"Startseite\",\"item\":\"https:\/\/weltlaeden.de\/messstetten\/\"},{\"@type\":\"ListItem\",\"position\":2,\"name\":\"Termine\"}]},{\"@type\":\"WebSite\",\"@id\":\"https:\/\/weltlaeden.de\/messstetten\/#website\",\"url\":\"https:\/\/weltlaeden.de\/messstetten\/\",\"name\":\"Weltladen Me\u00dfstetten\",\"description\":\"Faire Produkte seit 1978\",\"potentialAction\":[{\"@type\":\"SearchAction\",\"target\":{\"@type\":\"EntryPoint\",\"urlTemplate\":\"https:\/\/weltlaeden.de\/messstetten\/?s={search_term_string}\"},\"query-input\":{\"@type\":\"PropertyValueSpecification\",\"valueRequired\":true,\"valueName\":\"search_term_string\"}}],\"inLanguage\":\"de\"}]}<\/script>\n<!-- \/ Yoast SEO plugin. -->","yoast_head_json":{"title":"Termine - Weltladen Me\u00dfstetten","robots":{"index":"index","follow":"follow","max-snippet":"max-snippet:-1","max-image-preview":"max-image-preview:large","max-video-preview":"max-video-preview:-1"},"canonical":"https:\/\/weltlaeden.de\/messstetten\/termine\/","og_locale":"de_DE","og_type":"article","og_title":"Termine - Weltladen Me\u00dfstetten","og_description":"[vc_row][vc_column][vc_empty_space height=&#8220;30px&#8220;][vc_column_text] Termine und Aktionen &nbsp; [\/vc_column_text][vc_empty_space height=&#8220;30px&#8220;][\/vc_column][\/vc_row][vc_row][vc_column width=&#8220;2\/3&#8243;][vc_column_text] Kommende Termine [\/vc_column_text][vc_empty_space height=&#8220;30px&#8220;][vc_column_text] &nbsp; Vergangene Termine W\u00e4hrend der Fairen Woche 2020 veranstaltete die Steuerungsgruppe &#8222;Fair Trade Stadt Me\u00dfstetten&#8220; eine Stadtralley. An 8 Stationen quer durch die Stadt mussten Fragen \u00fcber den Fairen Handel beantwortet werden. So auch im Weltladen. Hier lautete die Frage: &#8220; Woher&hellip;","og_url":"https:\/\/weltlaeden.de\/messstetten\/termine\/","og_site_name":"Weltladen Me\u00dfstetten","article_modified_time":"2023-08-29T17:05:04+00:00","og_image":[{"url":"https:\/\/weltlaeden.de\/messstetten\/wp-content\/uploads\/sites\/3\/2018\/07\/pocket-watch-1637396_1920_pixabay.png","type":"","width":"","height":""}],"twitter_card":"summary_large_image","twitter_misc":{"Gesch\u00e4tzte Lesezeit":"2\u00a0Minuten"},"schema":{"@context":"https:\/\/schema.org","@graph":[{"@type":"WebPage","@id":"https:\/\/weltlaeden.de\/messstetten\/termine\/","url":"https:\/\/weltlaeden.de\/messstetten\/termine\/","name":"Termine - Weltladen Me\u00dfstetten","isPartOf":{"@id":"https:\/\/weltlaeden.de\/messstetten\/#website"},"primaryImageOfPage":{"@id":"https:\/\/weltlaeden.de\/messstetten\/termine\/#primaryimage"},"image":{"@id":"https:\/\/weltlaeden.de\/messstetten\/termine\/#primaryimage"},"thumbnailUrl":"https:\/\/weltlaeden.de\/messstetten\/wp-content\/uploads\/sites\/3\/2018\/07\/pocket-watch-1637396_1920_pixabay.png","datePublished":"2016-10-14T07:05:21+00:00","dateModified":"2023-08-29T17:05:04+00:00","breadcrumb":{"@id":"https:\/\/weltlaeden.de\/messstetten\/termine\/#breadcrumb"},"inLanguage":"de","potentialAction":[{"@type":"ReadAction","target":["https:\/\/weltlaeden.de\/messstetten\/termine\/"]}]},{"@type":"ImageObject","inLanguage":"de","@id":"https:\/\/weltlaeden.de\/messstetten\/termine\/#primaryimage","url":"https:\/\/weltlaeden.de\/messstetten\/wp-content\/uploads\/sites\/3\/2018\/07\/pocket-watch-1637396_1920_pixabay.png","contentUrl":"https:\/\/weltlaeden.de\/messstetten\/wp-content\/uploads\/sites\/3\/2018\/07\/pocket-watch-1637396_1920_pixabay.png"},{"@type":"BreadcrumbList","@id":"https:\/\/weltlaeden.de\/messstetten\/termine\/#breadcrumb","itemListElement":[{"@type":"ListItem","position":1,"name":"Startseite","item":"https:\/\/weltlaeden.de\/messstetten\/"},{"@type":"ListItem","position":2,"name":"Termine"}]},{"@type":"WebSite","@id":"https:\/\/weltlaeden.de\/messstetten\/#website","url":"https:\/\/weltlaeden.de\/messstetten\/","name":"Weltladen Me\u00dfstetten","description":"Faire Produkte seit 1978","potentialAction":[{"@type":"SearchAction","target":{"@type":"EntryPoint","urlTemplate":"https:\/\/weltlaeden.de\/messstetten\/?s={search_term_string}"},"query-input":{"@type":"PropertyValueSpecification","valueRequired":true,"valueName":"search_term_string"}}],"inLanguage":"de"}]}},"_links":{"self":[{"href":"https:\/\/weltlaeden.de\/messstetten\/wp-json\/wp\/v2\/pages\/23","targetHints":{"allow":["GET"]}}],"collection":[{"href":"https:\/\/weltlaeden.de\/messstetten\/wp-json\/wp\/v2\/pages"}],"about":[{"href":"https:\/\/weltlaeden.de\/messstetten\/wp-json\/wp\/v2\/types\/page"}],"author":[{"embeddable":true,"href":"https:\/\/weltlaeden.de\/messstetten\/wp-json\/wp\/v2\/users\/1"}],"replies":[{"embeddable":true,"href":"https:\/\/weltlaeden.de\/messstetten\/wp-json\/wp\/v2\/comments?post=23"}],"version-history":[{"count":46,"href":"https:\/\/weltlaeden.de\/messstetten\/wp-json\/wp\/v2\/pages\/23\/revisions"}],"predecessor-version":[{"id":1512,"href":"https:\/\/weltlaeden.de\/messstetten\/wp-json\/wp\/v2\/pages\/23\/revisions\/1512"}],"wp:attachment":[{"href":"https:\/\/weltlaeden.de\/messstetten\/wp-json\/wp\/v2\/media?parent=23"}],"curies":[{"name":"wp","href":"https:\/\/api.w.org\/{rel}","templated":true}]}}