{"id":217,"date":"2016-10-28T13:34:47","date_gmt":"2016-10-28T11:34:47","guid":{"rendered":"https:\/\/wl.heimpixel.de\/vorlage\/produkte\/"},"modified":"2023-08-17T15:55:33","modified_gmt":"2023-08-17T13:55:33","slug":"produkte","status":"publish","type":"page","link":"https:\/\/weltlaeden.de\/meinerzhagen\/produkte\/","title":{"rendered":"Produkte"},"content":{"rendered":"<div class=\"wpb-content-wrapper\"><p>[vc_row][vc_column]<div class=\"wl_einzelbild\"><p><\/p><\/div>[vc_empty_space][vc_column_text]<\/p>\n<h1>Unser Weltladen verf\u00fcgt \u00fcber ein breit gef\u00e4chertes Sortiment<\/h1>\n<p>[\/vc_column_text][vc_empty_space][vc_row_inner][vc_column_inner width=&#8220;1\/2&#8243;][vc_column_text]<\/p>\n<h2>Lebensmittel<\/h2>\n<p>[\/vc_column_text]<div class=\"wl_einzelbild\"><p><img loading=\"lazy\" decoding=\"async\" class=\"aligncenter size-full wp-image-nsm-3-26\" src=\"https:\/\/weltlaeden.de\/meinerzhagen\/wp-content\/uploads\/sites\/3\/2018\/05\/Lebensmittel_WL-Bornheim-Christian-Schilling.jpg\" alt=\"\" width=\"600\" height=\"402\" \/><img loading=\"lazy\" decoding=\"async\" class=\"alignnone wp-image-506 size-large\" src=\"https:\/\/weltlaeden.de\/meinerzhagen\/wp-content\/uploads\/sites\/136\/2023\/08\/Weltladen_Gewuerze_schi-28-1024x576.jpg\" alt=\"\" width=\"1024\" height=\"576\" \/><\/p><\/div>[vc_column_text]Kaffee, Kakao, Tee, Wein, Lik\u00f6re, Saft, Rohrzucker, Kokosbl\u00fctenzucker, Schokolade, Schokoladenspezialit\u00e4ten, Geb\u00e4ck, Trockenfr\u00fcchte, N\u00fcsse, Fruchtriegel, Bonbons, Kaugummi, Chips, Reis, Quinoa,\u00a0Nudeln, Gew\u00fcrze,\u00a0Couscous, Bulgur, Honig, Brotaufstriche, Schokocreme,\u00a0Erdnusscreme, Kokosmilch, Kokosraspeln, Kokos\u00f6l, hochwertiges Oliven\u00f6l&#8230;[\/vc_column_text][vc_column_text]<\/p>\n<p>&nbsp;<\/p>\n<p>&nbsp;<\/p>\n<p>[\/vc_column_text]<div class=\"wl_einzelbild\"><p><img loading=\"lazy\" decoding=\"async\" class=\"alignleft wp-image-518 size-medium\" src=\"https:\/\/weltlaeden.de\/meinerzhagen\/wp-content\/uploads\/sites\/136\/2023\/08\/Weltladen-Silberschmuck-18-300x169.jpg\" alt=\"\" width=\"300\" height=\"169\" srcset=\"https:\/\/weltlaeden.de\/meinerzhagen\/wp-content\/uploads\/sites\/136\/2023\/08\/Weltladen-Silberschmuck-18-300x169.jpg 300w, https:\/\/weltlaeden.de\/meinerzhagen\/wp-content\/uploads\/sites\/136\/2023\/08\/Weltladen-Silberschmuck-18-1024x576.jpg 1024w, https:\/\/weltlaeden.de\/meinerzhagen\/wp-content\/uploads\/sites\/136\/2023\/08\/Weltladen-Silberschmuck-18-768x432.jpg 768w, https:\/\/weltlaeden.de\/meinerzhagen\/wp-content\/uploads\/sites\/136\/2023\/08\/Weltladen-Silberschmuck-18.jpg 1365w\" sizes=\"auto, (max-width: 300px) 100vw, 300px\" \/><\/p>\n<p><img loading=\"lazy\" decoding=\"async\" class=\"alignleft wp-image-516 size-medium\" src=\"https:\/\/weltlaeden.de\/meinerzhagen\/wp-content\/uploads\/sites\/136\/2023\/08\/Figur-Klaus-225x300.jpg\" alt=\"\" width=\"225\" height=\"300\" srcset=\"https:\/\/weltlaeden.de\/meinerzhagen\/wp-content\/uploads\/sites\/136\/2023\/08\/Figur-Klaus-225x300.jpg 225w, https:\/\/weltlaeden.de\/meinerzhagen\/wp-content\/uploads\/sites\/136\/2023\/08\/Figur-Klaus-768x1024.jpg 768w, https:\/\/weltlaeden.de\/meinerzhagen\/wp-content\/uploads\/sites\/136\/2023\/08\/Figur-Klaus-1152x1536.jpg 1152w\" sizes=\"auto, (max-width: 225px) 100vw, 225px\" \/><\/p><\/div>[\/vc_column_inner][vc_column_inner width=&#8220;1\/2&#8243;][vc_column_text]<\/p>\n<h2>Kunsthandwerk &amp; Textilien<\/h2>\n<p>[\/vc_column_text]<div class=\"wl_einzelbild\"><p><img loading=\"lazy\" decoding=\"async\" class=\"aligncenter size-full wp-image-nsm-3-18\" src=\"https:\/\/weltlaeden.de\/meinerzhagen\/wp-content\/uploads\/sites\/3\/2016\/11\/NonFoodweltladen31.jpg\" alt=\"\" width=\"600\" height=\"402\" \/><\/p><\/div>[vc_column_text]<strong>Lederwaren<\/strong><\/p>\n<p>Handtaschen, Weekender, Rucks\u00e4sche, Einkaufstaschen, Geldb\u00f6rsen, Brillen-ettuis, Schlamper&#8230;.<br \/>\n&#8230;au\u00dferdem K\u00f6rbe und Korbtaschen in verschiedenen Ausf\u00fchrungen.<\/p>\n<p><strong>Papier Servietten und Gl\u00fcckwunschkarten<\/strong><\/p>\n<p><b>Kleidung<\/b><\/p>\n<p>Alpakapullover, Alpakajacken, M\u00fctzen, Schals, Handschuhe, Stulpen, Seiden- und Kaschmirt\u00fccher, Loops, T-Shirts, Poloshirts, Hosen, Jacken, Wender\u00f6cke, Kleider, Baby und Kindermode&#8230;<\/p>\n<p><b>Schmuck\u00a0<\/b><\/p>\n<p>Silber und Modeschmuck, Edelsteinschmuck&#8230;<\/p>\n<p><b>Haushalt<\/b><\/p>\n<p>Salatbestecke, Schalen, Sch\u00e4lchen, Duftlampen, Duft\u00f6le, R\u00e4ucherst\u00e4bchen&#8230;<\/p>\n<p><b>Kosmetik<\/b><\/p>\n<p>Massagekugeln aus Zedernholz, Seifens\u00e4ckchen, Peelingkissen, Waschhandschuh, Duschseife, Haarseife, Handseife, G\u00e4steseifen im Glas&#8230;<\/p>\n<p><b>Kunstgewerbe und\u00a0Dekoration<\/b><\/p>\n<p>Sonnengl\u00e4ser, Kinderhocker, Specksteinhandwerk, Keramik, Blumenvasen, Kerzen, Raumschmuck, Windspiele, Gartendeko, Klangschalen, K\u00f6rbe, Platzsets, Stuhlkissen, Schalen, Filzblumen, traditionelle Masken, Spiele f\u00fcr Erwachsene&#8230;<\/p>\n<p><b>Kinderspielzeug<\/b><\/p>\n<p>Fingerp\u00fcpchen, Teddyb\u00e4ren mit und ohne Spieluhr, Stoffpuppen, die sich gerne an-, aus- und umziehen lassen, Puzzle, Holzspielzeug aus Gummibaumholz oder Acasiaholz, bunt bespritzt und von Hand bemalt, Lernspiele aus Holz und Stoff f\u00fcr die Kleinsten&#8230;[\/vc_column_text][\/vc_column_inner][\/vc_row_inner][\/vc_column][\/vc_row]<\/p>\n<\/div>","protected":false},"excerpt":{"rendered":"<p>[vc_row][vc_column][vc_empty_space][vc_column_text] Unser Weltladen verf\u00fcgt \u00fcber ein breit gef\u00e4chertes Sortiment [\/vc_column_text][vc_empty_space][vc_row_inner][vc_column_inner width=&#8220;1\/2&#8243;][vc_column_text] Lebensmittel [\/vc_column_text][vc_column_text]Kaffee, Kakao, Tee, Wein, Lik\u00f6re, Saft, Rohrzucker, Kokosbl\u00fctenzucker, Schokolade, Schokoladenspezialit\u00e4ten, Geb\u00e4ck, Trockenfr\u00fcchte, N\u00fcsse, Fruchtriegel, Bonbons, Kaugummi, Chips, Reis, Quinoa,\u00a0Nudeln, Gew\u00fcrze,\u00a0Couscous, Bulgur, Honig, Brotaufstriche, Schokocreme,\u00a0Erdnusscreme, Kokosmilch, Kokosraspeln, Kokos\u00f6l, hochwertiges Oliven\u00f6l&#8230;[\/vc_column_text][vc_column_text] &nbsp; &nbsp; [\/vc_column_text][\/vc_column_inner][vc_column_inner width=&#8220;1\/2&#8243;][vc_column_text] Kunsthandwerk &amp; Textilien [\/vc_column_text][vc_column_text]Lederwaren Handtaschen, Weekender, Rucks\u00e4sche, Einkaufstaschen, Geldb\u00f6rsen, Brillen-ettuis,&hellip;<\/p>\n","protected":false},"author":1,"featured_media":0,"parent":0,"menu_order":3,"comment_status":"closed","ping_status":"closed","template":"","meta":{"footnotes":""},"class_list":["post-217","page","type-page","status-publish","hentry","description-off"],"yoast_head":"<!-- This site is optimized with the Yoast SEO plugin v26.8 - https:\/\/yoast.com\/product\/yoast-seo-wordpress\/ -->\n<title>Produkte - Weltladen Meinerzhagen<\/title>\n<meta name=\"robots\" content=\"index, follow, max-snippet:-1, max-image-preview:large, max-video-preview:-1\" \/>\n<link rel=\"canonical\" href=\"https:\/\/weltlaeden.de\/meinerzhagen\/produkte\/\" \/>\n<meta property=\"og:locale\" content=\"de_DE\" \/>\n<meta property=\"og:type\" content=\"article\" \/>\n<meta property=\"og:title\" content=\"Produkte - Weltladen Meinerzhagen\" \/>\n<meta property=\"og:description\" content=\"[vc_row][vc_column][vc_empty_space][vc_column_text] Unser Weltladen verf\u00fcgt \u00fcber ein breit gef\u00e4chertes Sortiment [\/vc_column_text][vc_empty_space][vc_row_inner][vc_column_inner width=&#8220;1\/2&#8243;][vc_column_text] Lebensmittel [\/vc_column_text][vc_column_text]Kaffee, Kakao, Tee, Wein, Lik\u00f6re, Saft, Rohrzucker, Kokosbl\u00fctenzucker, Schokolade, Schokoladenspezialit\u00e4ten, Geb\u00e4ck, Trockenfr\u00fcchte, N\u00fcsse, Fruchtriegel, Bonbons, Kaugummi, Chips, Reis, Quinoa,\u00a0Nudeln, Gew\u00fcrze,\u00a0Couscous, Bulgur, Honig, Brotaufstriche, Schokocreme,\u00a0Erdnusscreme, Kokosmilch, Kokosraspeln, Kokos\u00f6l, hochwertiges Oliven\u00f6l&#8230;[\/vc_column_text][vc_column_text] &nbsp; &nbsp; [\/vc_column_text][\/vc_column_inner][vc_column_inner width=&#8220;1\/2&#8243;][vc_column_text] Kunsthandwerk &amp; Textilien [\/vc_column_text][vc_column_text]Lederwaren Handtaschen, Weekender, Rucks\u00e4sche, Einkaufstaschen, Geldb\u00f6rsen, Brillen-ettuis,&hellip;\" \/>\n<meta property=\"og:url\" content=\"https:\/\/weltlaeden.de\/meinerzhagen\/produkte\/\" \/>\n<meta property=\"og:site_name\" content=\"Weltladen Meinerzhagen\" \/>\n<meta property=\"article:modified_time\" content=\"2023-08-17T13:55:33+00:00\" \/>\n<meta property=\"og:image\" content=\"https:\/\/weltlaeden.de\/meinerzhagen\/wp-content\/uploads\/sites\/3\/2018\/05\/Lebensmittel_WL-Bornheim-Christian-Schilling.jpg\" \/>\n<meta name=\"twitter:card\" content=\"summary_large_image\" \/>\n<meta name=\"twitter:label1\" content=\"Gesch\u00e4tzte Lesezeit\" \/>\n\t<meta name=\"twitter:data1\" content=\"2\u00a0Minuten\" \/>\n<script type=\"application\/ld+json\" class=\"yoast-schema-graph\">{\"@context\":\"https:\/\/schema.org\",\"@graph\":[{\"@type\":\"WebPage\",\"@id\":\"https:\/\/weltlaeden.de\/meinerzhagen\/produkte\/\",\"url\":\"https:\/\/weltlaeden.de\/meinerzhagen\/produkte\/\",\"name\":\"Produkte - Weltladen Meinerzhagen\",\"isPartOf\":{\"@id\":\"https:\/\/weltlaeden.de\/meinerzhagen\/#website\"},\"primaryImageOfPage\":{\"@id\":\"https:\/\/weltlaeden.de\/meinerzhagen\/produkte\/#primaryimage\"},\"image\":{\"@id\":\"https:\/\/weltlaeden.de\/meinerzhagen\/produkte\/#primaryimage\"},\"thumbnailUrl\":\"https:\/\/weltlaeden.de\/meinerzhagen\/wp-content\/uploads\/sites\/3\/2018\/05\/Lebensmittel_WL-Bornheim-Christian-Schilling.jpg\",\"datePublished\":\"2016-10-28T11:34:47+00:00\",\"dateModified\":\"2023-08-17T13:55:33+00:00\",\"breadcrumb\":{\"@id\":\"https:\/\/weltlaeden.de\/meinerzhagen\/produkte\/#breadcrumb\"},\"inLanguage\":\"de\",\"potentialAction\":[{\"@type\":\"ReadAction\",\"target\":[\"https:\/\/weltlaeden.de\/meinerzhagen\/produkte\/\"]}]},{\"@type\":\"ImageObject\",\"inLanguage\":\"de\",\"@id\":\"https:\/\/weltlaeden.de\/meinerzhagen\/produkte\/#primaryimage\",\"url\":\"https:\/\/weltlaeden.de\/meinerzhagen\/wp-content\/uploads\/sites\/3\/2018\/05\/Lebensmittel_WL-Bornheim-Christian-Schilling.jpg\",\"contentUrl\":\"https:\/\/weltlaeden.de\/meinerzhagen\/wp-content\/uploads\/sites\/3\/2018\/05\/Lebensmittel_WL-Bornheim-Christian-Schilling.jpg\"},{\"@type\":\"BreadcrumbList\",\"@id\":\"https:\/\/weltlaeden.de\/meinerzhagen\/produkte\/#breadcrumb\",\"itemListElement\":[{\"@type\":\"ListItem\",\"position\":1,\"name\":\"Startseite\",\"item\":\"https:\/\/weltlaeden.de\/meinerzhagen\/\"},{\"@type\":\"ListItem\",\"position\":2,\"name\":\"Produkte\"}]},{\"@type\":\"WebSite\",\"@id\":\"https:\/\/weltlaeden.de\/meinerzhagen\/#website\",\"url\":\"https:\/\/weltlaeden.de\/meinerzhagen\/\",\"name\":\"Weltladen Meinerzhagen\",\"description\":\"Faire Produkte seit 1991\",\"potentialAction\":[{\"@type\":\"SearchAction\",\"target\":{\"@type\":\"EntryPoint\",\"urlTemplate\":\"https:\/\/weltlaeden.de\/meinerzhagen\/?s={search_term_string}\"},\"query-input\":{\"@type\":\"PropertyValueSpecification\",\"valueRequired\":true,\"valueName\":\"search_term_string\"}}],\"inLanguage\":\"de\"}]}<\/script>\n<!-- \/ Yoast SEO plugin. -->","yoast_head_json":{"title":"Produkte - Weltladen Meinerzhagen","robots":{"index":"index","follow":"follow","max-snippet":"max-snippet:-1","max-image-preview":"max-image-preview:large","max-video-preview":"max-video-preview:-1"},"canonical":"https:\/\/weltlaeden.de\/meinerzhagen\/produkte\/","og_locale":"de_DE","og_type":"article","og_title":"Produkte - Weltladen Meinerzhagen","og_description":"[vc_row][vc_column][vc_empty_space][vc_column_text] Unser Weltladen verf\u00fcgt \u00fcber ein breit gef\u00e4chertes Sortiment [\/vc_column_text][vc_empty_space][vc_row_inner][vc_column_inner width=&#8220;1\/2&#8243;][vc_column_text] Lebensmittel [\/vc_column_text][vc_column_text]Kaffee, Kakao, Tee, Wein, Lik\u00f6re, Saft, Rohrzucker, Kokosbl\u00fctenzucker, Schokolade, Schokoladenspezialit\u00e4ten, Geb\u00e4ck, Trockenfr\u00fcchte, N\u00fcsse, Fruchtriegel, Bonbons, Kaugummi, Chips, Reis, Quinoa,\u00a0Nudeln, Gew\u00fcrze,\u00a0Couscous, Bulgur, Honig, Brotaufstriche, Schokocreme,\u00a0Erdnusscreme, Kokosmilch, Kokosraspeln, Kokos\u00f6l, hochwertiges Oliven\u00f6l&#8230;[\/vc_column_text][vc_column_text] &nbsp; &nbsp; [\/vc_column_text][\/vc_column_inner][vc_column_inner width=&#8220;1\/2&#8243;][vc_column_text] Kunsthandwerk &amp; Textilien [\/vc_column_text][vc_column_text]Lederwaren Handtaschen, Weekender, Rucks\u00e4sche, Einkaufstaschen, Geldb\u00f6rsen, Brillen-ettuis,&hellip;","og_url":"https:\/\/weltlaeden.de\/meinerzhagen\/produkte\/","og_site_name":"Weltladen Meinerzhagen","article_modified_time":"2023-08-17T13:55:33+00:00","og_image":[{"url":"https:\/\/weltlaeden.de\/meinerzhagen\/wp-content\/uploads\/sites\/3\/2018\/05\/Lebensmittel_WL-Bornheim-Christian-Schilling.jpg","type":"","width":"","height":""}],"twitter_card":"summary_large_image","twitter_misc":{"Gesch\u00e4tzte Lesezeit":"2\u00a0Minuten"},"schema":{"@context":"https:\/\/schema.org","@graph":[{"@type":"WebPage","@id":"https:\/\/weltlaeden.de\/meinerzhagen\/produkte\/","url":"https:\/\/weltlaeden.de\/meinerzhagen\/produkte\/","name":"Produkte - Weltladen Meinerzhagen","isPartOf":{"@id":"https:\/\/weltlaeden.de\/meinerzhagen\/#website"},"primaryImageOfPage":{"@id":"https:\/\/weltlaeden.de\/meinerzhagen\/produkte\/#primaryimage"},"image":{"@id":"https:\/\/weltlaeden.de\/meinerzhagen\/produkte\/#primaryimage"},"thumbnailUrl":"https:\/\/weltlaeden.de\/meinerzhagen\/wp-content\/uploads\/sites\/3\/2018\/05\/Lebensmittel_WL-Bornheim-Christian-Schilling.jpg","datePublished":"2016-10-28T11:34:47+00:00","dateModified":"2023-08-17T13:55:33+00:00","breadcrumb":{"@id":"https:\/\/weltlaeden.de\/meinerzhagen\/produkte\/#breadcrumb"},"inLanguage":"de","potentialAction":[{"@type":"ReadAction","target":["https:\/\/weltlaeden.de\/meinerzhagen\/produkte\/"]}]},{"@type":"ImageObject","inLanguage":"de","@id":"https:\/\/weltlaeden.de\/meinerzhagen\/produkte\/#primaryimage","url":"https:\/\/weltlaeden.de\/meinerzhagen\/wp-content\/uploads\/sites\/3\/2018\/05\/Lebensmittel_WL-Bornheim-Christian-Schilling.jpg","contentUrl":"https:\/\/weltlaeden.de\/meinerzhagen\/wp-content\/uploads\/sites\/3\/2018\/05\/Lebensmittel_WL-Bornheim-Christian-Schilling.jpg"},{"@type":"BreadcrumbList","@id":"https:\/\/weltlaeden.de\/meinerzhagen\/produkte\/#breadcrumb","itemListElement":[{"@type":"ListItem","position":1,"name":"Startseite","item":"https:\/\/weltlaeden.de\/meinerzhagen\/"},{"@type":"ListItem","position":2,"name":"Produkte"}]},{"@type":"WebSite","@id":"https:\/\/weltlaeden.de\/meinerzhagen\/#website","url":"https:\/\/weltlaeden.de\/meinerzhagen\/","name":"Weltladen Meinerzhagen","description":"Faire Produkte seit 1991","potentialAction":[{"@type":"SearchAction","target":{"@type":"EntryPoint","urlTemplate":"https:\/\/weltlaeden.de\/meinerzhagen\/?s={search_term_string}"},"query-input":{"@type":"PropertyValueSpecification","valueRequired":true,"valueName":"search_term_string"}}],"inLanguage":"de"}]}},"_links":{"self":[{"href":"https:\/\/weltlaeden.de\/meinerzhagen\/wp-json\/wp\/v2\/pages\/217","targetHints":{"allow":["GET"]}}],"collection":[{"href":"https:\/\/weltlaeden.de\/meinerzhagen\/wp-json\/wp\/v2\/pages"}],"about":[{"href":"https:\/\/weltlaeden.de\/meinerzhagen\/wp-json\/wp\/v2\/types\/page"}],"author":[{"embeddable":true,"href":"https:\/\/weltlaeden.de\/meinerzhagen\/wp-json\/wp\/v2\/users\/1"}],"replies":[{"embeddable":true,"href":"https:\/\/weltlaeden.de\/meinerzhagen\/wp-json\/wp\/v2\/comments?post=217"}],"version-history":[{"count":25,"href":"https:\/\/weltlaeden.de\/meinerzhagen\/wp-json\/wp\/v2\/pages\/217\/revisions"}],"predecessor-version":[{"id":525,"href":"https:\/\/weltlaeden.de\/meinerzhagen\/wp-json\/wp\/v2\/pages\/217\/revisions\/525"}],"wp:attachment":[{"href":"https:\/\/weltlaeden.de\/meinerzhagen\/wp-json\/wp\/v2\/media?parent=217"}],"curies":[{"name":"wp","href":"https:\/\/api.w.org\/{rel}","templated":true}]}}