{"id":669,"date":"2019-02-16T11:44:23","date_gmt":"2019-02-16T10:44:23","guid":{"rendered":"https:\/\/weltlaeden.de\/mannheim\/?page_id=669"},"modified":"2019-02-16T11:55:46","modified_gmt":"2019-02-16T10:55:46","slug":"oeffnungszeiten-und-anfahrt-test","status":"publish","type":"page","link":"https:\/\/weltlaeden.de\/mannheim\/oeffnungszeiten-und-anfahrt-test\/","title":{"rendered":"\u00d6ffnungszeiten und Anfahrt"},"content":{"rendered":"<p><!-- Seite nur sichtbar im Men\u00fc auf mobilen Ger\u00e4ten. Absichtlich leer, damit Seitenleiste mit Kontaktdaten sofort sichtbar ist --><\/p>\n","protected":false},"excerpt":{"rendered":"","protected":false},"author":59,"featured_media":0,"parent":0,"menu_order":4,"comment_status":"closed","ping_status":"closed","template":"","meta":{"footnotes":""},"class_list":["post-669","page","type-page","status-publish","hentry","description-off"],"yoast_head":"<!-- This site is optimized with the Yoast SEO plugin v26.8 - https:\/\/yoast.com\/product\/yoast-seo-wordpress\/ -->\n<title>\u00d6ffnungszeiten und Anfahrt - Weltladen Mannheim<\/title>\n<meta name=\"robots\" content=\"index, follow, max-snippet:-1, max-image-preview:large, max-video-preview:-1\" \/>\n<link rel=\"canonical\" href=\"https:\/\/weltlaeden.de\/mannheim\/oeffnungszeiten-und-anfahrt-test\/\" \/>\n<meta property=\"og:locale\" content=\"de_DE\" \/>\n<meta property=\"og:type\" content=\"article\" \/>\n<meta property=\"og:title\" content=\"\u00d6ffnungszeiten und Anfahrt - Weltladen Mannheim\" \/>\n<meta property=\"og:url\" content=\"https:\/\/weltlaeden.de\/mannheim\/oeffnungszeiten-und-anfahrt-test\/\" \/>\n<meta property=\"og:site_name\" content=\"Weltladen Mannheim\" \/>\n<meta property=\"article:modified_time\" content=\"2019-02-16T10:55:46+00:00\" \/>\n<meta name=\"twitter:card\" content=\"summary_large_image\" \/>\n<script type=\"application\/ld+json\" class=\"yoast-schema-graph\">{\"@context\":\"https:\/\/schema.org\",\"@graph\":[{\"@type\":\"WebPage\",\"@id\":\"https:\/\/weltlaeden.de\/mannheim\/oeffnungszeiten-und-anfahrt-test\/\",\"url\":\"https:\/\/weltlaeden.de\/mannheim\/oeffnungszeiten-und-anfahrt-test\/\",\"name\":\"\u00d6ffnungszeiten und Anfahrt - Weltladen Mannheim\",\"isPartOf\":{\"@id\":\"https:\/\/weltlaeden.de\/mannheim\/#website\"},\"datePublished\":\"2019-02-16T10:44:23+00:00\",\"dateModified\":\"2019-02-16T10:55:46+00:00\",\"breadcrumb\":{\"@id\":\"https:\/\/weltlaeden.de\/mannheim\/oeffnungszeiten-und-anfahrt-test\/#breadcrumb\"},\"inLanguage\":\"de\",\"potentialAction\":[{\"@type\":\"ReadAction\",\"target\":[\"https:\/\/weltlaeden.de\/mannheim\/oeffnungszeiten-und-anfahrt-test\/\"]}]},{\"@type\":\"BreadcrumbList\",\"@id\":\"https:\/\/weltlaeden.de\/mannheim\/oeffnungszeiten-und-anfahrt-test\/#breadcrumb\",\"itemListElement\":[{\"@type\":\"ListItem\",\"position\":1,\"name\":\"Startseite\",\"item\":\"https:\/\/weltlaeden.de\/mannheim\/\"},{\"@type\":\"ListItem\",\"position\":2,\"name\":\"\u00d6ffnungszeiten und Anfahrt\"}]},{\"@type\":\"WebSite\",\"@id\":\"https:\/\/weltlaeden.de\/mannheim\/#website\",\"url\":\"https:\/\/weltlaeden.de\/mannheim\/\",\"name\":\"Vorlage\",\"description\":\"Fairer Handel im Quadrat\",\"potentialAction\":[{\"@type\":\"SearchAction\",\"target\":{\"@type\":\"EntryPoint\",\"urlTemplate\":\"https:\/\/weltlaeden.de\/mannheim\/?s={search_term_string}\"},\"query-input\":{\"@type\":\"PropertyValueSpecification\",\"valueRequired\":true,\"valueName\":\"search_term_string\"}}],\"inLanguage\":\"de\"}]}<\/script>\n<!-- \/ Yoast SEO plugin. -->","yoast_head_json":{"title":"\u00d6ffnungszeiten und Anfahrt - Weltladen Mannheim","robots":{"index":"index","follow":"follow","max-snippet":"max-snippet:-1","max-image-preview":"max-image-preview:large","max-video-preview":"max-video-preview:-1"},"canonical":"https:\/\/weltlaeden.de\/mannheim\/oeffnungszeiten-und-anfahrt-test\/","og_locale":"de_DE","og_type":"article","og_title":"\u00d6ffnungszeiten und Anfahrt - Weltladen Mannheim","og_url":"https:\/\/weltlaeden.de\/mannheim\/oeffnungszeiten-und-anfahrt-test\/","og_site_name":"Weltladen Mannheim","article_modified_time":"2019-02-16T10:55:46+00:00","twitter_card":"summary_large_image","schema":{"@context":"https:\/\/schema.org","@graph":[{"@type":"WebPage","@id":"https:\/\/weltlaeden.de\/mannheim\/oeffnungszeiten-und-anfahrt-test\/","url":"https:\/\/weltlaeden.de\/mannheim\/oeffnungszeiten-und-anfahrt-test\/","name":"\u00d6ffnungszeiten und Anfahrt - Weltladen Mannheim","isPartOf":{"@id":"https:\/\/weltlaeden.de\/mannheim\/#website"},"datePublished":"2019-02-16T10:44:23+00:00","dateModified":"2019-02-16T10:55:46+00:00","breadcrumb":{"@id":"https:\/\/weltlaeden.de\/mannheim\/oeffnungszeiten-und-anfahrt-test\/#breadcrumb"},"inLanguage":"de","potentialAction":[{"@type":"ReadAction","target":["https:\/\/weltlaeden.de\/mannheim\/oeffnungszeiten-und-anfahrt-test\/"]}]},{"@type":"BreadcrumbList","@id":"https:\/\/weltlaeden.de\/mannheim\/oeffnungszeiten-und-anfahrt-test\/#breadcrumb","itemListElement":[{"@type":"ListItem","position":1,"name":"Startseite","item":"https:\/\/weltlaeden.de\/mannheim\/"},{"@type":"ListItem","position":2,"name":"\u00d6ffnungszeiten und Anfahrt"}]},{"@type":"WebSite","@id":"https:\/\/weltlaeden.de\/mannheim\/#website","url":"https:\/\/weltlaeden.de\/mannheim\/","name":"Vorlage","description":"Fairer Handel im Quadrat","potentialAction":[{"@type":"SearchAction","target":{"@type":"EntryPoint","urlTemplate":"https:\/\/weltlaeden.de\/mannheim\/?s={search_term_string}"},"query-input":{"@type":"PropertyValueSpecification","valueRequired":true,"valueName":"search_term_string"}}],"inLanguage":"de"}]}},"_links":{"self":[{"href":"https:\/\/weltlaeden.de\/mannheim\/wp-json\/wp\/v2\/pages\/669","targetHints":{"allow":["GET"]}}],"collection":[{"href":"https:\/\/weltlaeden.de\/mannheim\/wp-json\/wp\/v2\/pages"}],"about":[{"href":"https:\/\/weltlaeden.de\/mannheim\/wp-json\/wp\/v2\/types\/page"}],"author":[{"embeddable":true,"href":"https:\/\/weltlaeden.de\/mannheim\/wp-json\/wp\/v2\/users\/59"}],"replies":[{"embeddable":true,"href":"https:\/\/weltlaeden.de\/mannheim\/wp-json\/wp\/v2\/comments?post=669"}],"version-history":[{"count":4,"href":"https:\/\/weltlaeden.de\/mannheim\/wp-json\/wp\/v2\/pages\/669\/revisions"}],"predecessor-version":[{"id":676,"href":"https:\/\/weltlaeden.de\/mannheim\/wp-json\/wp\/v2\/pages\/669\/revisions\/676"}],"wp:attachment":[{"href":"https:\/\/weltlaeden.de\/mannheim\/wp-json\/wp\/v2\/media?parent=669"}],"curies":[{"name":"wp","href":"https:\/\/api.w.org\/{rel}","templated":true}]}}