{"version":"1.0","provider_name":"Weltladen Mannheim","provider_url":"https:\/\/weltlaeden.de\/mannheim","title":"Veranstaltungen zur Fairen Woche 2024 - Weltladen Mannheim","type":"rich","width":600,"height":338,"html":"<blockquote class=\"wp-embedded-content\" data-secret=\"PbRMpplBWX\"><a href=\"https:\/\/weltlaeden.de\/mannheim\/vortrag-zur-energiewende-im-sueden-von-afrika\/\">Veranstaltungen zur Fairen Woche 2024<\/a><\/blockquote><iframe sandbox=\"allow-scripts\" security=\"restricted\" src=\"https:\/\/weltlaeden.de\/mannheim\/vortrag-zur-energiewende-im-sueden-von-afrika\/embed\/#?secret=PbRMpplBWX\" width=\"600\" height=\"338\" title=\"&#8222;Veranstaltungen zur Fairen Woche 2024&#8220; &#8211; Weltladen Mannheim\" data-secret=\"PbRMpplBWX\" frameborder=\"0\" marginwidth=\"0\" marginheight=\"0\" scrolling=\"no\" class=\"wp-embedded-content\"><\/iframe><script>\n\/*! This file is auto-generated *\/\n!function(d,l){\"use strict\";l.querySelector&&d.addEventListener&&\"undefined\"!=typeof URL&&(d.wp=d.wp||{},d.wp.receiveEmbedMessage||(d.wp.receiveEmbedMessage=function(e){var t=e.data;if((t||t.secret||t.message||t.value)&&!\/[^a-zA-Z0-9]\/.test(t.secret)){for(var s,r,n,a=l.querySelectorAll('iframe[data-secret=\"'+t.secret+'\"]'),o=l.querySelectorAll('blockquote[data-secret=\"'+t.secret+'\"]'),c=new RegExp(\"^https?:$\",\"i\"),i=0;i<o.length;i++)o[i].style.display=\"none\";for(i=0;i<a.length;i++)s=a[i],e.source===s.contentWindow&&(s.removeAttribute(\"style\"),\"height\"===t.message?(1e3<(r=parseInt(t.value,10))?r=1e3:~~r<200&&(r=200),s.height=r):\"link\"===t.message&&(r=new URL(s.getAttribute(\"src\")),n=new URL(t.value),c.test(n.protocol))&&n.host===r.host&&l.activeElement===s&&(d.top.location.href=t.value))}},d.addEventListener(\"message\",d.wp.receiveEmbedMessage,!1),l.addEventListener(\"DOMContentLoaded\",function(){for(var e,t,s=l.querySelectorAll(\"iframe.wp-embedded-content\"),r=0;r<s.length;r++)(t=(e=s[r]).getAttribute(\"data-secret\"))||(t=Math.random().toString(36).substring(2,12),e.src+=\"#?secret=\"+t,e.setAttribute(\"data-secret\",t)),e.contentWindow.postMessage({message:\"ready\",secret:t},\"*\")},!1)))}(window,document);\n<\/script>\n","thumbnail_url":"https:\/\/weltlaeden.de\/mannheim\/wp-content\/uploads\/sites\/36\/2024\/08\/Instashare_Pics_2024_1080x1080_04.png","thumbnail_width":1080,"thumbnail_height":1080,"description":"Im Weltladen Mannheim finden im Rahmen der Fairen Woche 2024 zwei Veranstaltungen statt: Vortrag: Energiewende in S\u00fcdafrika 06. September, 19:30 Uhr Klimafaires Fingerfood zum Fr\u00fchst\u00fcck 21. September, 11 bis 14 Uhr FAIRE WOCHE 2024 Die Veranstaltung findet im Rahmen der Fairen Woche 2024 statt. Unter dem Motto \u201eFair. Und kein Grad mehr!\u201c dreht sich bei&hellip;"}

Im Weltladen Mannheim finden im Rahmen der Fairen Woche 2024 zwei Veranstaltungen statt: Vortrag: Energiewende in Südafrika 06. September, 19:30 Uhr Klimafaires Fingerfood zum Frühstück 21. September, 11 bis 14 Uhr FAIRE WOCHE 2024 Die Veranstaltung findet im Rahmen der Fairen Woche 2024 statt. Unter dem Motto „Fair. Und kein Grad mehr!“ dreht sich bei&hellip;
