{"id":218,"date":"2016-10-28T13:34:47","date_gmt":"2016-10-28T11:34:47","guid":{"rendered":"https:\/\/wl.heimpixel.de\/luebeck\/fairer-handel\/"},"modified":"2024-11-16T12:29:29","modified_gmt":"2024-11-16T11:29:29","slug":"fairer-handel","status":"publish","type":"page","link":"https:\/\/weltlaeden.de\/luebeck\/fairer-handel\/","title":{"rendered":"Fairer Handel"},"content":{"rendered":"<div class=\"wpb-content-wrapper\"><p>[vc_row][vc_column][vc_column_text]<\/p>\n<h1 style=\"text-align: center\"><strong>Fairer Handel<\/strong><\/h1>\n<p>[\/vc_column_text][\/vc_column][\/vc_row][vc_row][vc_column]<div class=\"wl_einzelbild\"><p><img loading=\"lazy\" decoding=\"async\" class=\"alignnone size-full wp-image-nsm-3-15\" src=\"https:\/\/weltlaeden.de\/luebeck\/wp-content\/uploads\/sites\/3\/2016\/11\/FairerHandel_ElPuente_Fingerpuppen_EccoExe_Peru.jpg\" alt=\"\" width=\"1200\" height=\"519\" \/><\/p><\/div>[\/vc_column][\/vc_row][vc_row][vc_column][vc_empty_space][vc_column_text]<\/p>\n<h2>Fairer Handel bedeutet f\u00fcr Weltl\u00e4den:<\/h2>\n<p>[\/vc_column_text][vc_column_text]<\/p>\n<div class=\"wpb_text_column wpb_content_element \">\n<div class=\"wpb_wrapper\">\n<p><strong>Verkaufen: <\/strong>Weil der Verkauf fair gehandelter Produkte das Leben f\u00fcr die Produzent*innen verbessert.<\/p>\n<p><strong>Informieren: <\/strong>Weil politische Kampagnen die Rahmenbedingungen f\u00fcr die Menschen im S\u00fcden ver\u00e4ndern k\u00f6nnen.<\/p>\n<p><strong>Lernen:<\/strong> Weil die Mitarbeiter*innen und die Kund*innen viel \u00fcber die globalisierte Welt wissen sollten, um zu verstehen, wie unser Konsum die Welt ver\u00e4ndert \u2013 zum Guten oder zum Schlechten.<\/p>\n<\/div>\n<\/div>\n<p>[\/vc_column_text][\/vc_column][\/vc_row][vc_row][vc_column][vc_empty_space][vc_column_text]<\/p>\n<h2>Kriterien des Fairen Handels<\/h2>\n<p>[\/vc_column_text][vc_column_text css=&#8220;&#8220;]<\/p>\n<div class=\"wpb_text_column wpb_content_element \">\n<div class=\"wpb_wrapper\">\n<p><span class=\"normal\"><strong>Die Konvention der Weltl\u00e4den<\/strong> ist das Grundsatzpapier f\u00fcr den Fairen Handel der Weltl\u00e4den und Fair-Handels-Gruppen. Sie wurde in einem jahrelangen Dialog gemeinsam entwickelt und erstmals 1997 von der Mitgliederversammlung des Weltladen-Dachverbands beschlossen. Die Konvention der Weltl\u00e4den passt in der aktuellen Version zu den mittlerweile entwickelten, international g\u00fcltigen zehn Prinzipien der World Fair Trade Organization (<a href=\"http:\/\/www.wfto.com\" target=\"_blank\" rel=\"noopener\">WFTO<\/a>).<br \/>\n<\/span><\/p>\n<p><span class=\"normal\">Fairer Handel, wie ihn die Weltl\u00e4den betreiben, strebt eine gleichberechtigte Partnerschaft des Nordens mit dem S\u00fcden an. Daher wendet die Konvention die Kriterien auf alle wesentlichen Akteure im Fairen Handel an: auf Produzent*innen, Importeure sowie Weltl\u00e4den und Fair-Handels-Gruppen.<\/span><\/p>\n<\/div>\n<\/div>\n<p>[\/vc_column_text][vc_column_text]<span class=\"normal\"><strong>Grundkriterien der Konvention:<\/strong><\/span><\/p>\n<ul>\n<li>Sozial- und Umweltvertr\u00e4glichkeit<\/li>\n<li>Transparenz<\/li>\n<li>demokratische Organisationsform<\/li>\n<li>not-for-Profit-Ausrichtung<\/li>\n<li>Informations- und Bildungsarbeit<\/li>\n<li>Kontinuit\u00e4t<\/li>\n<li>besondere Regeln f\u00fcr Erg\u00e4nzungsprodukte (z.\u00a0B. B\u00fccher)<\/li>\n<\/ul>\n<p>[\/vc_column_text][\/vc_column][\/vc_row]<\/p>\n<\/div>","protected":false},"excerpt":{"rendered":"<p>[vc_row][vc_column][vc_column_text] Fairer Handel [\/vc_column_text][\/vc_column][\/vc_row][vc_row][vc_column][\/vc_column][\/vc_row][vc_row][vc_column][vc_empty_space][vc_column_text] Fairer Handel bedeutet f\u00fcr Weltl\u00e4den: [\/vc_column_text][vc_column_text] Verkaufen: Weil der Verkauf fair gehandelter Produkte das Leben f\u00fcr die Produzent*innen verbessert. Informieren: Weil politische Kampagnen die Rahmenbedingungen f\u00fcr die Menschen im S\u00fcden ver\u00e4ndern k\u00f6nnen. Lernen: Weil die Mitarbeiter*innen und die Kund*innen viel \u00fcber die globalisierte Welt wissen sollten, um zu verstehen, wie unser&hellip;<\/p>\n","protected":false},"author":1,"featured_media":0,"parent":0,"menu_order":0,"comment_status":"closed","ping_status":"closed","template":"","meta":{"footnotes":""},"class_list":["post-218","page","type-page","status-publish","hentry","description-off"],"_links":{"self":[{"href":"https:\/\/weltlaeden.de\/luebeck\/wp-json\/wp\/v2\/pages\/218","targetHints":{"allow":["GET"]}}],"collection":[{"href":"https:\/\/weltlaeden.de\/luebeck\/wp-json\/wp\/v2\/pages"}],"about":[{"href":"https:\/\/weltlaeden.de\/luebeck\/wp-json\/wp\/v2\/types\/page"}],"author":[{"embeddable":true,"href":"https:\/\/weltlaeden.de\/luebeck\/wp-json\/wp\/v2\/users\/1"}],"replies":[{"embeddable":true,"href":"https:\/\/weltlaeden.de\/luebeck\/wp-json\/wp\/v2\/comments?post=218"}],"version-history":[{"count":21,"href":"https:\/\/weltlaeden.de\/luebeck\/wp-json\/wp\/v2\/pages\/218\/revisions"}],"predecessor-version":[{"id":4696,"href":"https:\/\/weltlaeden.de\/luebeck\/wp-json\/wp\/v2\/pages\/218\/revisions\/4696"}],"wp:attachment":[{"href":"https:\/\/weltlaeden.de\/luebeck\/wp-json\/wp\/v2\/media?parent=218"}],"curies":[{"name":"wp","href":"https:\/\/api.w.org\/{rel}","templated":true}]}}

<div class="wpb-content-wrapper"><p>[vc_row][vc_column][vc_column_text]</p>
<h1 style="text-align: center"><strong>Fairer Handel</strong></h1>
<p>[/vc_column_text][/vc_column][/vc_row][vc_row][vc_column]<div class="wl_einzelbild"><p><img loading="lazy" decoding="async" class="alignnone size-full wp-image-nsm-3-15" src="https://weltlaeden.de/luebeck/wp-content/uploads/sites/3/2016/11/FairerHandel_ElPuente_Fingerpuppen_EccoExe_Peru.jpg" alt="" width="1200" height="519" /></p></div>[/vc_column][/vc_row][vc_row][vc_column][vc_empty_space][vc_column_text]</p>
<h2>Fairer Handel bedeutet für Weltläden:</h2>
<p>[/vc_column_text][vc_column_text]</p>
<div class="wpb_text_column wpb_content_element ">
<div class="wpb_wrapper">
<p><strong>Verkaufen: </strong>Weil der Verkauf fair gehandelter Produkte das Leben für die Produzent*innen verbessert.</p>
<p><strong>Informieren: </strong>Weil politische Kampagnen die Rahmenbedingungen für die Menschen im Süden verändern können.</p>
<p><strong>Lernen:</strong> Weil die Mitarbeiter*innen und die Kund*innen viel über die globalisierte Welt wissen sollten, um zu verstehen, wie unser Konsum die Welt verändert – zum Guten oder zum Schlechten.</p>
</div>
</div>
<p>[/vc_column_text][/vc_column][/vc_row][vc_row][vc_column][vc_empty_space][vc_column_text]</p>
<h2>Kriterien des Fairen Handels</h2>
<p>[/vc_column_text][vc_column_text css=&#8220;&#8220;]</p>
<div class="wpb_text_column wpb_content_element ">
<div class="wpb_wrapper">
<p><span class="normal"><strong>Die Konvention der Weltläden</strong> ist das Grundsatzpapier für den Fairen Handel der Weltläden und Fair-Handels-Gruppen. Sie wurde in einem jahrelangen Dialog gemeinsam entwickelt und erstmals 1997 von der Mitgliederversammlung des Weltladen-Dachverbands beschlossen. Die Konvention der Weltläden passt in der aktuellen Version zu den mittlerweile entwickelten, international gültigen zehn Prinzipien der World Fair Trade Organization (<a href="http://www.wfto.com" target="_blank" rel="noopener">WFTO</a>).<br />
</span></p>
<p><span class="normal">Fairer Handel, wie ihn die Weltläden betreiben, strebt eine gleichberechtigte Partnerschaft des Nordens mit dem Süden an. Daher wendet die Konvention die Kriterien auf alle wesentlichen Akteure im Fairen Handel an: auf Produzent*innen, Importeure sowie Weltläden und Fair-Handels-Gruppen.</span></p>
</div>
</div>
<p>[/vc_column_text][vc_column_text]<span class="normal"><strong>Grundkriterien der Konvention:</strong></span></p>
<ul>
<li>Sozial- und Umweltverträglichkeit</li>
<li>Transparenz</li>
<li>demokratische Organisationsform</li>
<li>not-for-Profit-Ausrichtung</li>
<li>Informations- und Bildungsarbeit</li>
<li>Kontinuität</li>
<li>besondere Regeln für Ergänzungsprodukte (z. B. Bücher)</li>
</ul>
<p>[/vc_column_text][/vc_column][/vc_row]</p>
</div>

<p>[vc_row][vc_column][vc_column_text] Fairer Handel [/vc_column_text][/vc_column][/vc_row][vc_row][vc_column][/vc_column][/vc_row][vc_row][vc_column][vc_empty_space][vc_column_text] Fairer Handel bedeutet für Weltläden: [/vc_column_text][vc_column_text] Verkaufen: Weil der Verkauf fair gehandelter Produkte das Leben für die Produzent*innen verbessert. Informieren: Weil politische Kampagnen die Rahmenbedingungen für die Menschen im Süden verändern können. Lernen: Weil die Mitarbeiter*innen und die Kund*innen viel über die globalisierte Welt wissen sollten, um zu verstehen, wie unser&hellip;</p>
