{"id":217,"date":"2016-10-28T13:34:47","date_gmt":"2016-10-28T11:34:47","guid":{"rendered":"https:\/\/wl.heimpixel.de\/luebeck\/produkte\/"},"modified":"2024-10-04T15:38:21","modified_gmt":"2024-10-04T13:38:21","slug":"produkte","status":"publish","type":"page","link":"https:\/\/weltlaeden.de\/luebeck\/produkte\/","title":{"rendered":"Produkte"},"content":{"rendered":"<div class=\"wpb-content-wrapper\"><p>[vc_row][vc_column]<style type=\"text\/css\" data-type=\"the7_shortcodes-inline-css\">.dt-breadcrumbs-id-a5fa9a75788848dea54239d1d5c788e4 .breadcrumbs {\n  display: inline-block;\n  margin: 0;\n  padding: 2px 10px 2px 10px;\n  border: 0px solid ;\n  border-radius: 0px;\n}\n.dt-breadcrumbs-id-a5fa9a75788848dea54239d1d5c788e4 .breadcrumbs * {\n  color: #a2a5a6;\n}<\/style><div class=\"dt-breadcrumbs-shortcode dt-breadcrumbs-id-a5fa9a75788848dea54239d1d5c788e4 align-left\"><div class=\"assistive-text\">Sie befinden sich hier:<\/div><ol class=\"breadcrumbs text-small\" itemscope itemtype=\"https:\/\/schema.org\/BreadcrumbList\"><li itemprop=\"itemListElement\" itemscope itemtype=\"https:\/\/schema.org\/ListItem\"><a itemprop=\"item\" href=\"https:\/\/weltlaeden.de\/luebeck\/\" title=\"Start\"><span itemprop=\"name\">Start<\/span><\/a><meta itemprop=\"position\" content=\"1\" \/><\/li><li class=\"current\" itemprop=\"itemListElement\" itemscope itemtype=\"https:\/\/schema.org\/ListItem\"><span itemprop=\"name\">Seite<\/span><meta itemprop=\"position\" content=\"2\" \/><\/li><\/ol><\/div><div class=\"wl_einzelbild\"><p><\/p><\/div>[vc_empty_space][vc_column_text]<\/p>\n<h1 style=\"text-align: center\"><strong>Unser Sortiment<\/strong><\/h1>\n<p>[\/vc_column_text][vc_empty_space][vc_row_inner][vc_column_inner width=&#8220;1\/2&#8243;][vc_column_text]<\/p>\n<h2 style=\"text-align: center\">Lebensmittel<\/h2>\n<p>[\/vc_column_text]<div class=\"wl_einzelbild\"><p><img loading=\"lazy\" decoding=\"async\" class=\"aligncenter size-full wp-image-nsm-3-17\" src=\"https:\/\/weltlaeden.de\/luebeck\/wp-content\/uploads\/sites\/3\/2016\/11\/Lebensmittel_weltladen31.jpg\" alt=\"\" width=\"600\" height=\"402\" \/><\/p><\/div>[vc_column_text]<\/p>\n<p style=\"text-align: justify\">Der L\u00fcbecker Weltladen hat ein reichhaltiges Sortiment an Lebensmitteln, das immer wieder aktualisiert wird. Neben Kaffee und Tee, den klassischen Fair-Handels-Produkten, finden Sie zahlreiche Gew\u00fcrze, Zucker, S\u00fc\u00dfwaren, Aufstriche, Knabbereien, Getreideprodukte, Wein und vieles mehr. Wenn Ihnen etwas fehlt und Sie Anregungen f\u00fcr das Sortiment haben,\u00a0 sprechen Sie uns gern an. Wenn ein Artikel nicht vorr\u00e4tig ist und wir ihn \u00fcber unsere Partner beziehen k\u00f6nnen, bestellen wir ihn sehr gern f\u00fcr Sie.<\/p>\n<p>[\/vc_column_text][\/vc_column_inner][vc_column_inner width=&#8220;1\/2&#8243;][vc_column_text]<\/p>\n<h2 style=\"text-align: center\">Kunsthandwerk &amp; Textilien<\/h2>\n<p>[\/vc_column_text]<div class=\"wl_einzelbild\"><p><img loading=\"lazy\" decoding=\"async\" class=\"aligncenter size-full wp-image-nsm-3-18\" src=\"https:\/\/weltlaeden.de\/luebeck\/wp-content\/uploads\/sites\/3\/2016\/11\/NonFoodweltladen31.jpg\" alt=\"\" width=\"600\" height=\"402\" \/><\/p><\/div>[vc_column_text]<\/p>\n<p style=\"text-align: justify\">Das Angebot auf dem Sektor Kunsthandwerk \u00fcberrascht uns selbst immer wieder! St\u00e4ndig\u00a0 bieten die Importorganisationen neue Artikel an. Jederzeit finden Sie bei uns Gl\u00e4ser, Lederhandtaschen, Silber- und Glasperlenschmuck, Schals, Hornprodukte, Musikinstrumente, Portemonnaies, Papierwaren und Fair Trade Media Karten. Auf saisonale Neuigkeiten weisen wir im Newsblog hin &#8211; aber den besten Eindruck verschaffen Sie sich, wenn Sie einfach mal vorbeischauen!<\/p>\n<p>[\/vc_column_text][\/vc_column_inner][\/vc_row_inner][\/vc_column][\/vc_row]<\/p>\n<\/div>","protected":false},"excerpt":{"rendered":"<p>[vc_row][vc_column][vc_empty_space][vc_column_text] Unser Sortiment [\/vc_column_text][vc_empty_space][vc_row_inner][vc_column_inner width=&#8220;1\/2&#8243;][vc_column_text] Lebensmittel [\/vc_column_text][vc_column_text] Der L\u00fcbecker Weltladen hat ein reichhaltiges Sortiment an Lebensmitteln, das immer wieder aktualisiert wird. Neben Kaffee und Tee, den klassischen Fair-Handels-Produkten, finden Sie zahlreiche Gew\u00fcrze, Zucker, S\u00fc\u00dfwaren, Aufstriche, Knabbereien, Getreideprodukte, Wein und vieles mehr. Wenn Ihnen etwas fehlt und Sie Anregungen f\u00fcr das Sortiment haben,\u00a0 sprechen Sie uns&hellip;<\/p>\n","protected":false},"author":1,"featured_media":0,"parent":0,"menu_order":6,"comment_status":"closed","ping_status":"closed","template":"","meta":{"footnotes":""},"class_list":["post-217","page","type-page","status-publish","hentry","description-off"],"_links":{"self":[{"href":"https:\/\/weltlaeden.de\/luebeck\/wp-json\/wp\/v2\/pages\/217","targetHints":{"allow":["GET"]}}],"collection":[{"href":"https:\/\/weltlaeden.de\/luebeck\/wp-json\/wp\/v2\/pages"}],"about":[{"href":"https:\/\/weltlaeden.de\/luebeck\/wp-json\/wp\/v2\/types\/page"}],"author":[{"embeddable":true,"href":"https:\/\/weltlaeden.de\/luebeck\/wp-json\/wp\/v2\/users\/1"}],"replies":[{"embeddable":true,"href":"https:\/\/weltlaeden.de\/luebeck\/wp-json\/wp\/v2\/comments?post=217"}],"version-history":[{"count":29,"href":"https:\/\/weltlaeden.de\/luebeck\/wp-json\/wp\/v2\/pages\/217\/revisions"}],"predecessor-version":[{"id":3945,"href":"https:\/\/weltlaeden.de\/luebeck\/wp-json\/wp\/v2\/pages\/217\/revisions\/3945"}],"wp:attachment":[{"href":"https:\/\/weltlaeden.de\/luebeck\/wp-json\/wp\/v2\/media?parent=217"}],"curies":[{"name":"wp","href":"https:\/\/api.w.org\/{rel}","templated":true}]}}