{"id":1283,"date":"2018-04-27T10:48:21","date_gmt":"2018-04-27T08:48:20","guid":{"rendered":"https:\/\/weltlaeden.de\/luebeck\/produkte\/produkt-des-monats\/"},"modified":"2024-10-04T15:43:31","modified_gmt":"2024-10-04T13:43:31","slug":"suedsinn-silberschmuck","status":"publish","type":"page","link":"https:\/\/weltlaeden.de\/luebeck\/produkte\/suedsinn-silberschmuck\/","title":{"rendered":"S\u00fcdsinn Silberschmuck"},"content":{"rendered":"<div class=\"wpb-content-wrapper\"><p>[vc_row][vc_column][vc_column_text]<\/p>\n<h1 style=\"text-align: center\"><strong>Fair gehandelter Silberschmuck von S\u00fcdsinn<\/strong><\/h1>\n<p style=\"text-align: justify\">Sie suchen nach einem passenden Geschenk zur <strong>Konfirmation<\/strong> oder f\u00fcr die <strong>Hochzeit<\/strong> von Freunden? Wie w\u00e4re es denn mit <strong>fair gehandeltem Silberschmuck von S\u00fcdsinn<\/strong>?<\/p>\n<p style=\"text-align: justify\"><strong>S\u00fcdsinn<\/strong> handelt mit <strong>handgefertigtem und hochwertigem Silberschmuck<\/strong> aus Nordthailand, der von Angeh\u00f6rigen des <strong>Bergvolkes der Karen<\/strong> hergestellt wird. Die Karen sind mit ca. 450000 Menschen <strong>die gr\u00f6\u00dfte Minderheit in Thailand<\/strong>. <strong>S\u00fcdsinn<\/strong> ist 2001 aus einem studentischen Hilfsprojekt entstanden. Die beiden <strong>S\u00fcdsinn-Gesellschafter<\/strong> haben lange bei dem Minderheitenvolk der Karen gelebt, geforscht und gearbeitet.<\/p>\n<p style=\"text-align: justify\"><strong><img loading=\"lazy\" decoding=\"async\" class=\"size-medium wp-image-4073 alignleft\" src=\"https:\/\/weltlaeden.de\/luebeck\/wp-content\/uploads\/sites\/20\/2022\/06\/th-300x137.jpg\" alt=\"\" width=\"300\" height=\"137\" srcset=\"https:\/\/weltlaeden.de\/luebeck\/wp-content\/uploads\/sites\/20\/2022\/06\/th-300x137.jpg 300w, https:\/\/weltlaeden.de\/luebeck\/wp-content\/uploads\/sites\/20\/2022\/06\/th.jpg 474w\" sizes=\"auto, (max-width: 300px) 100vw, 300px\" \/>Die Silberschmuckkunst der Karen<\/strong> in der heutigen Form ist vor ca. 40 Jahren entstanden. Mithilfe eines Projektes zur F\u00f6rderung und Ausbildung der Silberschmiedekunst f\u00fcr Bergv\u00f6lker wurde so f\u00fcr (zwangs)umgesiedelte Karen eine neue Einkommensm\u00f6glichkeit geschaffen.<\/p>\n<p>&nbsp;<\/p>\n<p style=\"text-align: justify\"><strong>S\u00fcdsinn<\/strong> bezieht die Sterling-Silberelemente zu <strong>fairen Bedingungen<\/strong> von den Karen-Silberschmieden<strong>. Karen- und Thaifrauen<\/strong> ziehen nach Design von S\u00fcdsinn die Silberelemente auf Ketten auf und kombinieren sie dabei mit Schmucksteinen und anderen Materialien.<\/p>\n<p style=\"text-align: justify\">Diese Frauen <strong>h\u00e4tten<\/strong> mangels Ausbildung und beruflicher M\u00f6glichkeiten <strong>keine Chance auf gut bezahlte Arbeit<\/strong> in der thail\u00e4ndischen Gesellschaft. Alle Frauen<img loading=\"lazy\" decoding=\"async\" class=\"size-full wp-image-4072 alignright\" src=\"https:\/\/weltlaeden.de\/luebeck\/wp-content\/uploads\/sites\/20\/2022\/06\/image.jpg\" alt=\"\" width=\"237\" height=\"178\" \/> arbeiten entsprechend ihrer zeitlichen Freir\u00e4ume <strong>bei sich zuhause<\/strong>. Da bei <strong>S\u00fcdsinn<\/strong> die <strong>Verarbeitung aller Rohstoffe<\/strong> bis zum Endprodukt<strong> fair bezahlt<\/strong> ist, wird den Frauen ein <strong>guter Lohn <\/strong>gezahlt. Dies erm\u00f6glicht die <strong>Gesundheitsversorgung<\/strong> und unterst\u00fctzt die<strong> Ausbildung der Kinder<\/strong>.<\/p>\n<p style=\"text-align: justify\">Mit dem Verschenken von <strong>S\u00fcdsinn-Schmuck<\/strong> bereiten Sie also nicht nur dem Beschenkten eine<strong> Freude<\/strong>, sondern erm\u00f6glichen auch <strong>Frauen in Thailand<\/strong> eine gut bezahlte Arbeit.<\/p>\n<p><span style=\"color: red\"><strong>\u00a0<\/strong><\/span><\/p>\n<p>&nbsp;<\/p>\n<div id=\"s3gt_translate_tooltip_mini\" class=\"s3gt_translate_tooltip_mini_box\" style=\"background: initial !important;border: initial !important;border-spacing: initial !important;border-collapse: initial !important;direction: ltr !important;font-weight: initial !important;height: initial !important;letter-spacing: initial !important;min-width: initial !important;max-width: initial !important;min-height: initial !important;max-height: initial !important;margin: auto !important;padding: initial !important;text-align: initial !important;width: initial !important;color: inherit !important;font-size: 13px !important;font-family: X-LocaleSpecific, sans-serif, Tahoma, Helvetica !important;line-height: 13px !important;vertical-align: top !important\"><\/div>\n<p>[\/vc_column_text][\/vc_column][\/vc_row]<\/p>\n<\/div>","protected":false},"excerpt":{"rendered":"<p>[vc_row][vc_column][vc_column_text] Fair gehandelter Silberschmuck von S\u00fcdsinn Sie suchen nach einem passenden Geschenk zur Konfirmation oder f\u00fcr die Hochzeit von Freunden? Wie w\u00e4re es denn mit fair gehandeltem Silberschmuck von S\u00fcdsinn? S\u00fcdsinn handelt mit handgefertigtem und hochwertigem Silberschmuck aus Nordthailand, der von Angeh\u00f6rigen des Bergvolkes der Karen hergestellt wird. Die Karen sind mit ca. 450000 Menschen&hellip;<\/p>\n","protected":false},"author":36,"featured_media":0,"parent":217,"menu_order":18,"comment_status":"closed","ping_status":"closed","template":"","meta":{"footnotes":""},"class_list":["post-1283","page","type-page","status-publish","hentry","description-off"],"_links":{"self":[{"href":"https:\/\/weltlaeden.de\/luebeck\/wp-json\/wp\/v2\/pages\/1283","targetHints":{"allow":["GET"]}}],"collection":[{"href":"https:\/\/weltlaeden.de\/luebeck\/wp-json\/wp\/v2\/pages"}],"about":[{"href":"https:\/\/weltlaeden.de\/luebeck\/wp-json\/wp\/v2\/types\/page"}],"author":[{"embeddable":true,"href":"https:\/\/weltlaeden.de\/luebeck\/wp-json\/wp\/v2\/users\/36"}],"replies":[{"embeddable":true,"href":"https:\/\/weltlaeden.de\/luebeck\/wp-json\/wp\/v2\/comments?post=1283"}],"version-history":[{"count":12,"href":"https:\/\/weltlaeden.de\/luebeck\/wp-json\/wp\/v2\/pages\/1283\/revisions"}],"predecessor-version":[{"id":4267,"href":"https:\/\/weltlaeden.de\/luebeck\/wp-json\/wp\/v2\/pages\/1283\/revisions\/4267"}],"up":[{"embeddable":true,"href":"https:\/\/weltlaeden.de\/luebeck\/wp-json\/wp\/v2\/pages\/217"}],"wp:attachment":[{"href":"https:\/\/weltlaeden.de\/luebeck\/wp-json\/wp\/v2\/media?parent=1283"}],"curies":[{"name":"wp","href":"https:\/\/api.w.org\/{rel}","templated":true}]}}