{"id":745,"date":"2024-05-13T12:04:22","date_gmt":"2024-05-13T10:04:22","guid":{"rendered":"https:\/\/weltlaeden.de\/linz\/?page_id=745"},"modified":"2025-01-23T12:23:11","modified_gmt":"2025-01-23T11:23:11","slug":"mitglied-werden","status":"publish","type":"page","link":"https:\/\/weltlaeden.de\/linz\/mitglied-werden\/","title":{"rendered":"Mitglied werden"},"content":{"rendered":"<h1><span style=\"color: #ff6600\"><strong>Es w\u00fcrde uns freuen, wenn Sie Mitglied werden im Verein Eine-Welt Linz e.V.<br \/>\n<\/strong><\/span><\/h1>\n<p>Setzen Sie sich zusammen mit uns f\u00fcr mehr Gerechtigkeit zwischen den V\u00f6lkern sowie die F\u00f6rderung des Verkaufs von fair gehandelten Produkten ein. Der Verein Eine-Welt Linz e.V. verfolgt ausschlie\u00dflich gemeinn\u00fctzige Zwecke auf \u00fcberparteilicher und \u00fcberkonfessioneller Grundlage. Aktuell hat der Verein 118 Mitglieder (Stand Dezember 2024)<\/p>\n<p>&nbsp;<\/p>\n<h3><span style=\"color: #000000\"><strong>Bitte beachten Sie, dass sich unsere am rechten Rand der Beitrittserkl\u00e4rung genannte Kontonummer bei der VR-Bank RheinAhrEifel <\/strong><strong>wie folgt ge\u00e4ndert hat:\u00a0 <\/strong><strong>IBAN: DE31 5776 1591 0555 3000 00<\/strong><\/span><\/h3>\n<h3><em><strong>Die Kontonummer bei der Sparkasse Neuwied hat sich nicht ge\u00e4ndert<\/strong><\/em><\/h3>\n<p>&nbsp;<\/p>\n<h4><img loading=\"lazy\" decoding=\"async\" class=\"alignnone wp-image-1802\" src=\"https:\/\/weltlaeden.de\/linz\/wp-content\/uploads\/sites\/204\/2024\/08\/20240830_143213-214x300.jpg\" alt=\"\" width=\"384\" height=\"539\" srcset=\"https:\/\/weltlaeden.de\/linz\/wp-content\/uploads\/sites\/204\/2024\/08\/20240830_143213-214x300.jpg 214w, https:\/\/weltlaeden.de\/linz\/wp-content\/uploads\/sites\/204\/2024\/08\/20240830_143213-731x1024.jpg 731w, https:\/\/weltlaeden.de\/linz\/wp-content\/uploads\/sites\/204\/2024\/08\/20240830_143213-768x1076.jpg 768w, https:\/\/weltlaeden.de\/linz\/wp-content\/uploads\/sites\/204\/2024\/08\/20240830_143213-1097x1536.jpg 1097w, https:\/\/weltlaeden.de\/linz\/wp-content\/uploads\/sites\/204\/2024\/08\/20240830_143213.jpg 1462w\" sizes=\"auto, (max-width: 384px) 100vw, 384px\" \/><\/h4>\n","protected":false},"excerpt":{"rendered":"<p>Es w\u00fcrde uns freuen, wenn Sie Mitglied werden im Verein Eine-Welt Linz e.V. Setzen Sie sich zusammen mit uns f\u00fcr mehr Gerechtigkeit zwischen den V\u00f6lkern sowie die F\u00f6rderung des Verkaufs von fair gehandelten Produkten ein. Der Verein Eine-Welt Linz e.V. verfolgt ausschlie\u00dflich gemeinn\u00fctzige Zwecke auf \u00fcberparteilicher und \u00fcberkonfessioneller Grundlage. Aktuell hat der Verein 118 Mitglieder&hellip;<\/p>\n","protected":false},"author":298,"featured_media":0,"parent":0,"menu_order":0,"comment_status":"closed","ping_status":"closed","template":"","meta":{"footnotes":""},"class_list":["post-745","page","type-page","status-publish","hentry","description-off"],"yoast_head":"<!-- This site is optimized with the Yoast SEO plugin v26.8 - https:\/\/yoast.com\/product\/yoast-seo-wordpress\/ -->\n<title>Mitglied werden - Weltladen Linz am Rhein<\/title>\n<meta name=\"robots\" content=\"index, follow, max-snippet:-1, max-image-preview:large, max-video-preview:-1\" \/>\n<link rel=\"canonical\" href=\"https:\/\/weltlaeden.de\/linz\/mitglied-werden\/\" \/>\n<meta property=\"og:locale\" content=\"de_DE\" \/>\n<meta property=\"og:type\" content=\"article\" \/>\n<meta property=\"og:title\" content=\"Mitglied werden - Weltladen Linz am Rhein\" \/>\n<meta property=\"og:description\" content=\"Es w\u00fcrde uns freuen, wenn Sie Mitglied werden im Verein Eine-Welt Linz e.V. Setzen Sie sich zusammen mit uns f\u00fcr mehr Gerechtigkeit zwischen den V\u00f6lkern sowie die F\u00f6rderung des Verkaufs von fair gehandelten Produkten ein. Der Verein Eine-Welt Linz e.V. verfolgt ausschlie\u00dflich gemeinn\u00fctzige Zwecke auf \u00fcberparteilicher und \u00fcberkonfessioneller Grundlage. Aktuell hat der Verein 118 Mitglieder&hellip;\" \/>\n<meta property=\"og:url\" content=\"https:\/\/weltlaeden.de\/linz\/mitglied-werden\/\" \/>\n<meta property=\"og:site_name\" content=\"Weltladen Linz am Rhein\" \/>\n<meta property=\"article:modified_time\" content=\"2025-01-23T11:23:11+00:00\" \/>\n<meta property=\"og:image\" content=\"https:\/\/weltlaeden.de\/linz\/wp-content\/uploads\/sites\/204\/2024\/08\/20240830_143213.jpg\" \/>\n\t<meta property=\"og:image:width\" content=\"1462\" \/>\n\t<meta property=\"og:image:height\" content=\"2048\" \/>\n\t<meta property=\"og:image:type\" content=\"image\/jpeg\" \/>\n<meta name=\"twitter:card\" content=\"summary_large_image\" \/>\n<meta name=\"twitter:label1\" content=\"Gesch\u00e4tzte Lesezeit\" \/>\n\t<meta name=\"twitter:data1\" content=\"1\u00a0Minute\" \/>\n<script type=\"application\/ld+json\" class=\"yoast-schema-graph\">{\"@context\":\"https:\/\/schema.org\",\"@graph\":[{\"@type\":\"WebPage\",\"@id\":\"https:\/\/weltlaeden.de\/linz\/mitglied-werden\/\",\"url\":\"https:\/\/weltlaeden.de\/linz\/mitglied-werden\/\",\"name\":\"Mitglied werden - Weltladen Linz am Rhein\",\"isPartOf\":{\"@id\":\"https:\/\/weltlaeden.de\/linz\/#website\"},\"primaryImageOfPage\":{\"@id\":\"https:\/\/weltlaeden.de\/linz\/mitglied-werden\/#primaryimage\"},\"image\":{\"@id\":\"https:\/\/weltlaeden.de\/linz\/mitglied-werden\/#primaryimage\"},\"thumbnailUrl\":\"https:\/\/weltlaeden.de\/linz\/wp-content\/uploads\/sites\/204\/2024\/08\/20240830_143213-214x300.jpg\",\"datePublished\":\"2024-05-13T10:04:22+00:00\",\"dateModified\":\"2025-01-23T11:23:11+00:00\",\"breadcrumb\":{\"@id\":\"https:\/\/weltlaeden.de\/linz\/mitglied-werden\/#breadcrumb\"},\"inLanguage\":\"de\",\"potentialAction\":[{\"@type\":\"ReadAction\",\"target\":[\"https:\/\/weltlaeden.de\/linz\/mitglied-werden\/\"]}]},{\"@type\":\"ImageObject\",\"inLanguage\":\"de\",\"@id\":\"https:\/\/weltlaeden.de\/linz\/mitglied-werden\/#primaryimage\",\"url\":\"https:\/\/weltlaeden.de\/linz\/wp-content\/uploads\/sites\/204\/2024\/08\/20240830_143213.jpg\",\"contentUrl\":\"https:\/\/weltlaeden.de\/linz\/wp-content\/uploads\/sites\/204\/2024\/08\/20240830_143213.jpg\",\"width\":1462,\"height\":2048},{\"@type\":\"BreadcrumbList\",\"@id\":\"https:\/\/weltlaeden.de\/linz\/mitglied-werden\/#breadcrumb\",\"itemListElement\":[{\"@type\":\"ListItem\",\"position\":1,\"name\":\"Startseite\",\"item\":\"https:\/\/weltlaeden.de\/linz\/\"},{\"@type\":\"ListItem\",\"position\":2,\"name\":\"Mitglied werden\"}]},{\"@type\":\"WebSite\",\"@id\":\"https:\/\/weltlaeden.de\/linz\/#website\",\"url\":\"https:\/\/weltlaeden.de\/linz\/\",\"name\":\"Weltladen Linz am Rhein\",\"description\":\"Faire Produkte seit 2013\",\"potentialAction\":[{\"@type\":\"SearchAction\",\"target\":{\"@type\":\"EntryPoint\",\"urlTemplate\":\"https:\/\/weltlaeden.de\/linz\/?s={search_term_string}\"},\"query-input\":{\"@type\":\"PropertyValueSpecification\",\"valueRequired\":true,\"valueName\":\"search_term_string\"}}],\"inLanguage\":\"de\"}]}<\/script>\n<!-- \/ Yoast SEO plugin. -->","yoast_head_json":{"title":"Mitglied werden - Weltladen Linz am Rhein","robots":{"index":"index","follow":"follow","max-snippet":"max-snippet:-1","max-image-preview":"max-image-preview:large","max-video-preview":"max-video-preview:-1"},"canonical":"https:\/\/weltlaeden.de\/linz\/mitglied-werden\/","og_locale":"de_DE","og_type":"article","og_title":"Mitglied werden - Weltladen Linz am Rhein","og_description":"Es w\u00fcrde uns freuen, wenn Sie Mitglied werden im Verein Eine-Welt Linz e.V. Setzen Sie sich zusammen mit uns f\u00fcr mehr Gerechtigkeit zwischen den V\u00f6lkern sowie die F\u00f6rderung des Verkaufs von fair gehandelten Produkten ein. Der Verein Eine-Welt Linz e.V. verfolgt ausschlie\u00dflich gemeinn\u00fctzige Zwecke auf \u00fcberparteilicher und \u00fcberkonfessioneller Grundlage. Aktuell hat der Verein 118 Mitglieder&hellip;","og_url":"https:\/\/weltlaeden.de\/linz\/mitglied-werden\/","og_site_name":"Weltladen Linz am Rhein","article_modified_time":"2025-01-23T11:23:11+00:00","og_image":[{"width":1462,"height":2048,"url":"https:\/\/weltlaeden.de\/linz\/wp-content\/uploads\/sites\/204\/2024\/08\/20240830_143213.jpg","type":"image\/jpeg"}],"twitter_card":"summary_large_image","twitter_misc":{"Gesch\u00e4tzte Lesezeit":"1\u00a0Minute"},"schema":{"@context":"https:\/\/schema.org","@graph":[{"@type":"WebPage","@id":"https:\/\/weltlaeden.de\/linz\/mitglied-werden\/","url":"https:\/\/weltlaeden.de\/linz\/mitglied-werden\/","name":"Mitglied werden - Weltladen Linz am Rhein","isPartOf":{"@id":"https:\/\/weltlaeden.de\/linz\/#website"},"primaryImageOfPage":{"@id":"https:\/\/weltlaeden.de\/linz\/mitglied-werden\/#primaryimage"},"image":{"@id":"https:\/\/weltlaeden.de\/linz\/mitglied-werden\/#primaryimage"},"thumbnailUrl":"https:\/\/weltlaeden.de\/linz\/wp-content\/uploads\/sites\/204\/2024\/08\/20240830_143213-214x300.jpg","datePublished":"2024-05-13T10:04:22+00:00","dateModified":"2025-01-23T11:23:11+00:00","breadcrumb":{"@id":"https:\/\/weltlaeden.de\/linz\/mitglied-werden\/#breadcrumb"},"inLanguage":"de","potentialAction":[{"@type":"ReadAction","target":["https:\/\/weltlaeden.de\/linz\/mitglied-werden\/"]}]},{"@type":"ImageObject","inLanguage":"de","@id":"https:\/\/weltlaeden.de\/linz\/mitglied-werden\/#primaryimage","url":"https:\/\/weltlaeden.de\/linz\/wp-content\/uploads\/sites\/204\/2024\/08\/20240830_143213.jpg","contentUrl":"https:\/\/weltlaeden.de\/linz\/wp-content\/uploads\/sites\/204\/2024\/08\/20240830_143213.jpg","width":1462,"height":2048},{"@type":"BreadcrumbList","@id":"https:\/\/weltlaeden.de\/linz\/mitglied-werden\/#breadcrumb","itemListElement":[{"@type":"ListItem","position":1,"name":"Startseite","item":"https:\/\/weltlaeden.de\/linz\/"},{"@type":"ListItem","position":2,"name":"Mitglied werden"}]},{"@type":"WebSite","@id":"https:\/\/weltlaeden.de\/linz\/#website","url":"https:\/\/weltlaeden.de\/linz\/","name":"Weltladen Linz am Rhein","description":"Faire Produkte seit 2013","potentialAction":[{"@type":"SearchAction","target":{"@type":"EntryPoint","urlTemplate":"https:\/\/weltlaeden.de\/linz\/?s={search_term_string}"},"query-input":{"@type":"PropertyValueSpecification","valueRequired":true,"valueName":"search_term_string"}}],"inLanguage":"de"}]}},"_links":{"self":[{"href":"https:\/\/weltlaeden.de\/linz\/wp-json\/wp\/v2\/pages\/745","targetHints":{"allow":["GET"]}}],"collection":[{"href":"https:\/\/weltlaeden.de\/linz\/wp-json\/wp\/v2\/pages"}],"about":[{"href":"https:\/\/weltlaeden.de\/linz\/wp-json\/wp\/v2\/types\/page"}],"author":[{"embeddable":true,"href":"https:\/\/weltlaeden.de\/linz\/wp-json\/wp\/v2\/users\/298"}],"replies":[{"embeddable":true,"href":"https:\/\/weltlaeden.de\/linz\/wp-json\/wp\/v2\/comments?post=745"}],"version-history":[{"count":20,"href":"https:\/\/weltlaeden.de\/linz\/wp-json\/wp\/v2\/pages\/745\/revisions"}],"predecessor-version":[{"id":2224,"href":"https:\/\/weltlaeden.de\/linz\/wp-json\/wp\/v2\/pages\/745\/revisions\/2224"}],"wp:attachment":[{"href":"https:\/\/weltlaeden.de\/linz\/wp-json\/wp\/v2\/media?parent=745"}],"curies":[{"name":"wp","href":"https:\/\/api.w.org\/{rel}","templated":true}]}}

<h1><span style="color: #ff6600"><strong>Es würde uns freuen, wenn Sie Mitglied werden im Verein Eine-Welt Linz e.V.<br />
</strong></span></h1>
<p>Setzen Sie sich zusammen mit uns für mehr Gerechtigkeit zwischen den Völkern sowie die Förderung des Verkaufs von fair gehandelten Produkten ein. Der Verein Eine-Welt Linz e.V. verfolgt ausschließlich gemeinnützige Zwecke auf überparteilicher und überkonfessioneller Grundlage. Aktuell hat der Verein 118 Mitglieder (Stand Dezember 2024)</p>
<p>&nbsp;</p>
<h3><span style="color: #000000"><strong>Bitte beachten Sie, dass sich unsere am rechten Rand der Beitrittserklärung genannte Kontonummer bei der VR-Bank RheinAhrEifel </strong><strong>wie folgt geändert hat:  </strong><strong>IBAN: DE31 5776 1591 0555 3000 00</strong></span></h3>
<h3><em><strong>Die Kontonummer bei der Sparkasse Neuwied hat sich nicht geändert</strong></em></h3>
<p>&nbsp;</p>
<h4><img loading="lazy" decoding="async" class="alignnone wp-image-1802" src="https://weltlaeden.de/linz/wp-content/uploads/sites/204/2024/08/20240830_143213-214x300.jpg" alt="" width="384" height="539" srcset="https://weltlaeden.de/linz/wp-content/uploads/sites/204/2024/08/20240830_143213-214x300.jpg 214w, https://weltlaeden.de/linz/wp-content/uploads/sites/204/2024/08/20240830_143213-731x1024.jpg 731w, https://weltlaeden.de/linz/wp-content/uploads/sites/204/2024/08/20240830_143213-768x1076.jpg 768w, https://weltlaeden.de/linz/wp-content/uploads/sites/204/2024/08/20240830_143213-1097x1536.jpg 1097w, https://weltlaeden.de/linz/wp-content/uploads/sites/204/2024/08/20240830_143213.jpg 1462w" sizes="auto, (max-width: 384px) 100vw, 384px" /></h4>

<p>Es würde uns freuen, wenn Sie Mitglied werden im Verein Eine-Welt Linz e.V. Setzen Sie sich zusammen mit uns für mehr Gerechtigkeit zwischen den Völkern sowie die Förderung des Verkaufs von fair gehandelten Produkten ein. Der Verein Eine-Welt Linz e.V. verfolgt ausschließlich gemeinnützige Zwecke auf überparteilicher und überkonfessioneller Grundlage. Aktuell hat der Verein 118 Mitglieder&hellip;</p>

<!-- This site is optimized with the Yoast SEO plugin v26.8 - https://yoast.com/product/yoast-seo-wordpress/ -->
<title>Mitglied werden - Weltladen Linz am Rhein</title>
<meta name="robots" content="index, follow, max-snippet:-1, max-image-preview:large, max-video-preview:-1" />
<link rel="canonical" href="https://weltlaeden.de/linz/mitglied-werden/" />
<meta property="og:locale" content="de_DE" />
<meta property="og:type" content="article" />
<meta property="og:title" content="Mitglied werden - Weltladen Linz am Rhein" />
<meta property="og:description" content="Es würde uns freuen, wenn Sie Mitglied werden im Verein Eine-Welt Linz e.V. Setzen Sie sich zusammen mit uns für mehr Gerechtigkeit zwischen den Völkern sowie die Förderung des Verkaufs von fair gehandelten Produkten ein. Der Verein Eine-Welt Linz e.V. verfolgt ausschließlich gemeinnützige Zwecke auf überparteilicher und überkonfessioneller Grundlage. Aktuell hat der Verein 118 Mitglieder&hellip;" />
<meta property="og:url" content="https://weltlaeden.de/linz/mitglied-werden/" />
<meta property="og:site_name" content="Weltladen Linz am Rhein" />
<meta property="article:modified_time" content="2025-01-23T11:23:11+00:00" />
<meta property="og:image" content="https://weltlaeden.de/linz/wp-content/uploads/sites/204/2024/08/20240830_143213.jpg" />
	<meta property="og:image:width" content="1462" />
	<meta property="og:image:height" content="2048" />
	<meta property="og:image:type" content="image/jpeg" />
<meta name="twitter:card" content="summary_large_image" />
<meta name="twitter:label1" content="Geschätzte Lesezeit" />
	<meta name="twitter:data1" content="1 Minute" />
<script type="application/ld+json" class="yoast-schema-graph">{"@context":"https://schema.org","@graph":[{"@type":"WebPage","@id":"https://weltlaeden.de/linz/mitglied-werden/","url":"https://weltlaeden.de/linz/mitglied-werden/","name":"Mitglied werden - Weltladen Linz am Rhein","isPartOf":{"@id":"https://weltlaeden.de/linz/#website"},"primaryImageOfPage":{"@id":"https://weltlaeden.de/linz/mitglied-werden/#primaryimage"},"image":{"@id":"https://weltlaeden.de/linz/mitglied-werden/#primaryimage"},"thumbnailUrl":"https://weltlaeden.de/linz/wp-content/uploads/sites/204/2024/08/20240830_143213-214x300.jpg","datePublished":"2024-05-13T10:04:22+00:00","dateModified":"2025-01-23T11:23:11+00:00","breadcrumb":{"@id":"https://weltlaeden.de/linz/mitglied-werden/#breadcrumb"},"inLanguage":"de","potentialAction":[{"@type":"ReadAction","target":["https://weltlaeden.de/linz/mitglied-werden/"]}]},{"@type":"ImageObject","inLanguage":"de","@id":"https://weltlaeden.de/linz/mitglied-werden/#primaryimage","url":"https://weltlaeden.de/linz/wp-content/uploads/sites/204/2024/08/20240830_143213.jpg","contentUrl":"https://weltlaeden.de/linz/wp-content/uploads/sites/204/2024/08/20240830_143213.jpg","width":1462,"height":2048},{"@type":"BreadcrumbList","@id":"https://weltlaeden.de/linz/mitglied-werden/#breadcrumb","itemListElement":[{"@type":"ListItem","position":1,"name":"Startseite","item":"https://weltlaeden.de/linz/"},{"@type":"ListItem","position":2,"name":"Mitglied werden"}]},{"@type":"WebSite","@id":"https://weltlaeden.de/linz/#website","url":"https://weltlaeden.de/linz/","name":"Weltladen Linz am Rhein","description":"Faire Produkte seit 2013","potentialAction":[{"@type":"SearchAction","target":{"@type":"EntryPoint","urlTemplate":"https://weltlaeden.de/linz/?s={search_term_string}"},"query-input":{"@type":"PropertyValueSpecification","valueRequired":true,"valueName":"search_term_string"}}],"inLanguage":"de"}]}</script>
<!-- / Yoast SEO plugin. -->

Es würde uns freuen, wenn Sie Mitglied werden im Verein Eine-Welt Linz e.V. Setzen Sie sich zusammen mit uns für mehr Gerechtigkeit zwischen den Völkern sowie die Förderung des Verkaufs von fair gehandelten Produkten ein. Der Verein Eine-Welt Linz e.V. verfolgt ausschließlich gemeinnützige Zwecke auf überparteilicher und überkonfessioneller Grundlage. Aktuell hat der Verein 118 Mitglieder&hellip;
