{"id":716,"date":"2024-05-13T11:44:55","date_gmt":"2024-05-13T09:44:55","guid":{"rendered":"https:\/\/weltlaeden.de\/linz\/?page_id=716"},"modified":"2024-09-01T23:39:03","modified_gmt":"2024-09-01T21:39:03","slug":"linz-schokolade-und-weitere-schokoladen","status":"publish","type":"page","link":"https:\/\/weltlaeden.de\/linz\/linz-schokolade-und-weitere-schokoladen\/","title":{"rendered":"Linz-Schokolade und weitere Schokoladen"},"content":{"rendered":"<p>&nbsp;<\/p>\n<h1><span style=\"color: #ff6600\"><strong>Die Linz-Schokolade &#8211;<br \/>\nBeliebt bei Touristen und der Linzer Bev\u00f6lkerung<\/strong><\/span><\/h1>\n<p><strong><img loading=\"lazy\" decoding=\"async\" class=\"alignnone wp-image-1894\" src=\"https:\/\/weltlaeden.de\/linz\/wp-content\/uploads\/sites\/204\/2024\/09\/24000042_24_07_17_Bild-7482_RE-1-300x223.jpg\" alt=\"\" width=\"521\" height=\"387\" srcset=\"https:\/\/weltlaeden.de\/linz\/wp-content\/uploads\/sites\/204\/2024\/09\/24000042_24_07_17_Bild-7482_RE-1-300x223.jpg 300w, https:\/\/weltlaeden.de\/linz\/wp-content\/uploads\/sites\/204\/2024\/09\/24000042_24_07_17_Bild-7482_RE-1-1024x760.jpg 1024w, https:\/\/weltlaeden.de\/linz\/wp-content\/uploads\/sites\/204\/2024\/09\/24000042_24_07_17_Bild-7482_RE-1-768x570.jpg 768w, https:\/\/weltlaeden.de\/linz\/wp-content\/uploads\/sites\/204\/2024\/09\/24000042_24_07_17_Bild-7482_RE-1-1536x1140.jpg 1536w, https:\/\/weltlaeden.de\/linz\/wp-content\/uploads\/sites\/204\/2024\/09\/24000042_24_07_17_Bild-7482_RE-1.jpg 2048w\" sizes=\"auto, (max-width: 521px) 100vw, 521px\" \/><\/strong><\/p>\n<p><strong>Die Linz-Schokolade ist eine s\u00fc\u00dfe Art, sich selbst zu verw\u00f6hnen oder &#8222;Danke&#8220; zu sagen:<\/strong>\u00a0 Eine Milchschokoscheibe mit echter Tiroler Bio-Bergbauernmilch und 40% Kakaopower. Kombiniert mit feinem Haselnussnougat, das mit knackigem Haselnusskrokant verfeinert wird. Rundum mit Rosinen betupft.<\/p>\n<p>&nbsp;<\/p>\n<p><strong>Die Banderole der zweiten Linz-Schokolade<\/strong> mit der Linzer Geb\u00e4udekomposition ist ein Entwurf der Leubsdorfer K\u00fcnstlerin Schalika Hanum, die 2016 an dem Ideenwettbewerb f\u00fcr die erste Linz-Schokolade teilgenommen hatte. Inzwischen wohnt sie in Frankfurt\/Main. Den Hintergrund der von Shalika Hanum entworfenen Linzer Geb\u00e4udekomposition bildet das Rathaus der Stadt, eines der \u00e4ltesten in Rheinland-Pfalz, erbaut 1517 bis 1527. Rechts ist der Turm der Burg Linz zu sehen und links die stadtseitige Ansicht des 1329 vollendeten Rheintores mit seinem Erker. Der mittlere Teil der Geb\u00e4udekomposition zeigt Geb\u00e4ude vom Burgplatz und aus der Altstadt.<\/p>\n<h3><\/h3>\n<p>&nbsp;<\/p>\n<h3><span style=\"color: #000000\"><strong><span style=\"color: #ff0000\">Zus\u00e4tzlich zur Linz-Schokolade gibt es im Weltladen eine Vielzahl von Schokoladen mit den unterschiedlichsten Geschmacksrichtungen. Bestimmt ist eine Schokolade dabei, die Ihren Geschmack trifft.<\/span> <\/strong><\/span><\/h3>\n<p><img loading=\"lazy\" decoding=\"async\" class=\" wp-image-1307\" src=\"https:\/\/weltlaeden.de\/linz\/wp-content\/uploads\/sites\/204\/2024\/07\/24000042_24_06_10_Bild-0004_RE-Kopie-300x209.jpg\" alt=\"\" width=\"364\" height=\"254\" srcset=\"https:\/\/weltlaeden.de\/linz\/wp-content\/uploads\/sites\/204\/2024\/07\/24000042_24_06_10_Bild-0004_RE-Kopie-300x209.jpg 300w, https:\/\/weltlaeden.de\/linz\/wp-content\/uploads\/sites\/204\/2024\/07\/24000042_24_06_10_Bild-0004_RE-Kopie-1024x714.jpg 1024w, https:\/\/weltlaeden.de\/linz\/wp-content\/uploads\/sites\/204\/2024\/07\/24000042_24_06_10_Bild-0004_RE-Kopie-768x536.jpg 768w, https:\/\/weltlaeden.de\/linz\/wp-content\/uploads\/sites\/204\/2024\/07\/24000042_24_06_10_Bild-0004_RE-Kopie-1536x1071.jpg 1536w, https:\/\/weltlaeden.de\/linz\/wp-content\/uploads\/sites\/204\/2024\/07\/24000042_24_06_10_Bild-0004_RE-Kopie.jpg 2048w\" sizes=\"auto, (max-width: 364px) 100vw, 364px\" \/> \u00a0 <img loading=\"lazy\" decoding=\"async\" class=\"alignnone wp-image-1113\" src=\"https:\/\/weltlaeden.de\/linz\/wp-content\/uploads\/sites\/204\/2024\/07\/20201208_153338-300x169.jpg\" alt=\"\" width=\"328\" height=\"185\" srcset=\"https:\/\/weltlaeden.de\/linz\/wp-content\/uploads\/sites\/204\/2024\/07\/20201208_153338-300x169.jpg 300w, https:\/\/weltlaeden.de\/linz\/wp-content\/uploads\/sites\/204\/2024\/07\/20201208_153338-1024x576.jpg 1024w, https:\/\/weltlaeden.de\/linz\/wp-content\/uploads\/sites\/204\/2024\/07\/20201208_153338-768x432.jpg 768w, https:\/\/weltlaeden.de\/linz\/wp-content\/uploads\/sites\/204\/2024\/07\/20201208_153338-1536x864.jpg 1536w, https:\/\/weltlaeden.de\/linz\/wp-content\/uploads\/sites\/204\/2024\/07\/20201208_153338.jpg 2048w\" sizes=\"auto, (max-width: 328px) 100vw, 328px\" \/><\/p>\n<h2><\/h2>\n<p>&nbsp;<\/p>\n<p>&nbsp;<\/p>\n<p>&nbsp;<\/p>\n<h2><span style=\"color: #ff6600\"><strong>Neu im Angebot des Weltladens: &#8222;Segel&#8220;- Schokolade<\/strong>.<\/span><\/h2>\n<h2><strong><img loading=\"lazy\" decoding=\"async\" class=\"alignnone size-medium wp-image-983\" src=\"https:\/\/weltlaeden.de\/linz\/wp-content\/uploads\/sites\/204\/2024\/06\/20240525_140131-300x285.jpg\" alt=\"\" width=\"300\" height=\"285\" srcset=\"https:\/\/weltlaeden.de\/linz\/wp-content\/uploads\/sites\/204\/2024\/06\/20240525_140131-300x285.jpg 300w, https:\/\/weltlaeden.de\/linz\/wp-content\/uploads\/sites\/204\/2024\/06\/20240525_140131-1024x971.jpg 1024w, https:\/\/weltlaeden.de\/linz\/wp-content\/uploads\/sites\/204\/2024\/06\/20240525_140131-768x729.jpg 768w, https:\/\/weltlaeden.de\/linz\/wp-content\/uploads\/sites\/204\/2024\/06\/20240525_140131-1536x1457.jpg 1536w, https:\/\/weltlaeden.de\/linz\/wp-content\/uploads\/sites\/204\/2024\/06\/20240525_140131.jpg 1539w\" sizes=\"auto, (max-width: 300px) 100vw, 300px\" \/><\/strong><\/h2>\n<p>Der Kakao f\u00fcr diese Schokolade kam mit einem Frachtsegler von \u00dcbersee nach Amsterdam, wurde dort zu Schokolade verarbeitet und dann mit Lastenfahrr\u00e4dern an die deutschen Weltl\u00e4den, und den Weltladen Linz, ausgeliefert. Einfach mal probieren. Schmeckt lecker!<\/p>\n<p>&nbsp;<\/p>\n<p>&nbsp;<\/p>\n","protected":false},"excerpt":{"rendered":"<p>&nbsp; Die Linz-Schokolade &#8211; Beliebt bei Touristen und der Linzer Bev\u00f6lkerung Die Linz-Schokolade ist eine s\u00fc\u00dfe Art, sich selbst zu verw\u00f6hnen oder &#8222;Danke&#8220; zu sagen:\u00a0 Eine Milchschokoscheibe mit echter Tiroler Bio-Bergbauernmilch und 40% Kakaopower. Kombiniert mit feinem Haselnussnougat, das mit knackigem Haselnusskrokant verfeinert wird. Rundum mit Rosinen betupft. &nbsp; Die Banderole der zweiten Linz-Schokolade mit&hellip;<\/p>\n","protected":false},"author":298,"featured_media":0,"parent":0,"menu_order":0,"comment_status":"closed","ping_status":"closed","template":"","meta":{"footnotes":""},"class_list":["post-716","page","type-page","status-publish","hentry","description-off"],"yoast_head":"<!-- This site is optimized with the Yoast SEO plugin v26.8 - https:\/\/yoast.com\/product\/yoast-seo-wordpress\/ -->\n<title>Linz-Schokolade und weitere Schokoladen - Weltladen Linz am Rhein<\/title>\n<meta name=\"robots\" content=\"index, follow, max-snippet:-1, max-image-preview:large, max-video-preview:-1\" \/>\n<link rel=\"canonical\" href=\"https:\/\/weltlaeden.de\/linz\/linz-schokolade-und-weitere-schokoladen\/\" \/>\n<meta property=\"og:locale\" content=\"de_DE\" \/>\n<meta property=\"og:type\" content=\"article\" \/>\n<meta property=\"og:title\" content=\"Linz-Schokolade und weitere Schokoladen - Weltladen Linz am Rhein\" \/>\n<meta property=\"og:description\" content=\"&nbsp; Die Linz-Schokolade &#8211; Beliebt bei Touristen und der Linzer Bev\u00f6lkerung Die Linz-Schokolade ist eine s\u00fc\u00dfe Art, sich selbst zu verw\u00f6hnen oder &#8222;Danke&#8220; zu sagen:\u00a0 Eine Milchschokoscheibe mit echter Tiroler Bio-Bergbauernmilch und 40% Kakaopower. Kombiniert mit feinem Haselnussnougat, das mit knackigem Haselnusskrokant verfeinert wird. Rundum mit Rosinen betupft. &nbsp; Die Banderole der zweiten Linz-Schokolade mit&hellip;\" \/>\n<meta property=\"og:url\" content=\"https:\/\/weltlaeden.de\/linz\/linz-schokolade-und-weitere-schokoladen\/\" \/>\n<meta property=\"og:site_name\" content=\"Weltladen Linz am Rhein\" \/>\n<meta property=\"article:modified_time\" content=\"2024-09-01T21:39:03+00:00\" \/>\n<meta property=\"og:image\" content=\"https:\/\/weltlaeden.de\/linz\/wp-content\/uploads\/sites\/204\/2024\/09\/24000042_24_07_17_Bild-7482_RE-1-300x223.jpg\" \/>\n<meta name=\"twitter:card\" content=\"summary_large_image\" \/>\n<meta name=\"twitter:label1\" content=\"Gesch\u00e4tzte Lesezeit\" \/>\n\t<meta name=\"twitter:data1\" content=\"2\u00a0Minuten\" \/>\n<script type=\"application\/ld+json\" class=\"yoast-schema-graph\">{\"@context\":\"https:\/\/schema.org\",\"@graph\":[{\"@type\":\"WebPage\",\"@id\":\"https:\/\/weltlaeden.de\/linz\/linz-schokolade-und-weitere-schokoladen\/\",\"url\":\"https:\/\/weltlaeden.de\/linz\/linz-schokolade-und-weitere-schokoladen\/\",\"name\":\"Linz-Schokolade und weitere Schokoladen - Weltladen Linz am Rhein\",\"isPartOf\":{\"@id\":\"https:\/\/weltlaeden.de\/linz\/#website\"},\"primaryImageOfPage\":{\"@id\":\"https:\/\/weltlaeden.de\/linz\/linz-schokolade-und-weitere-schokoladen\/#primaryimage\"},\"image\":{\"@id\":\"https:\/\/weltlaeden.de\/linz\/linz-schokolade-und-weitere-schokoladen\/#primaryimage\"},\"thumbnailUrl\":\"https:\/\/weltlaeden.de\/linz\/wp-content\/uploads\/sites\/204\/2024\/09\/24000042_24_07_17_Bild-7482_RE-1-300x223.jpg\",\"datePublished\":\"2024-05-13T09:44:55+00:00\",\"dateModified\":\"2024-09-01T21:39:03+00:00\",\"breadcrumb\":{\"@id\":\"https:\/\/weltlaeden.de\/linz\/linz-schokolade-und-weitere-schokoladen\/#breadcrumb\"},\"inLanguage\":\"de\",\"potentialAction\":[{\"@type\":\"ReadAction\",\"target\":[\"https:\/\/weltlaeden.de\/linz\/linz-schokolade-und-weitere-schokoladen\/\"]}]},{\"@type\":\"ImageObject\",\"inLanguage\":\"de\",\"@id\":\"https:\/\/weltlaeden.de\/linz\/linz-schokolade-und-weitere-schokoladen\/#primaryimage\",\"url\":\"https:\/\/weltlaeden.de\/linz\/wp-content\/uploads\/sites\/204\/2024\/09\/24000042_24_07_17_Bild-7482_RE-1.jpg\",\"contentUrl\":\"https:\/\/weltlaeden.de\/linz\/wp-content\/uploads\/sites\/204\/2024\/09\/24000042_24_07_17_Bild-7482_RE-1.jpg\",\"width\":2048,\"height\":1520},{\"@type\":\"BreadcrumbList\",\"@id\":\"https:\/\/weltlaeden.de\/linz\/linz-schokolade-und-weitere-schokoladen\/#breadcrumb\",\"itemListElement\":[{\"@type\":\"ListItem\",\"position\":1,\"name\":\"Startseite\",\"item\":\"https:\/\/weltlaeden.de\/linz\/\"},{\"@type\":\"ListItem\",\"position\":2,\"name\":\"Linz-Schokolade und weitere Schokoladen\"}]},{\"@type\":\"WebSite\",\"@id\":\"https:\/\/weltlaeden.de\/linz\/#website\",\"url\":\"https:\/\/weltlaeden.de\/linz\/\",\"name\":\"Weltladen Linz am Rhein\",\"description\":\"Faire Produkte seit 2013\",\"potentialAction\":[{\"@type\":\"SearchAction\",\"target\":{\"@type\":\"EntryPoint\",\"urlTemplate\":\"https:\/\/weltlaeden.de\/linz\/?s={search_term_string}\"},\"query-input\":{\"@type\":\"PropertyValueSpecification\",\"valueRequired\":true,\"valueName\":\"search_term_string\"}}],\"inLanguage\":\"de\"}]}<\/script>\n<!-- \/ Yoast SEO plugin. -->","yoast_head_json":{"title":"Linz-Schokolade und weitere Schokoladen - Weltladen Linz am Rhein","robots":{"index":"index","follow":"follow","max-snippet":"max-snippet:-1","max-image-preview":"max-image-preview:large","max-video-preview":"max-video-preview:-1"},"canonical":"https:\/\/weltlaeden.de\/linz\/linz-schokolade-und-weitere-schokoladen\/","og_locale":"de_DE","og_type":"article","og_title":"Linz-Schokolade und weitere Schokoladen - Weltladen Linz am Rhein","og_description":"&nbsp; Die Linz-Schokolade &#8211; Beliebt bei Touristen und der Linzer Bev\u00f6lkerung Die Linz-Schokolade ist eine s\u00fc\u00dfe Art, sich selbst zu verw\u00f6hnen oder &#8222;Danke&#8220; zu sagen:\u00a0 Eine Milchschokoscheibe mit echter Tiroler Bio-Bergbauernmilch und 40% Kakaopower. Kombiniert mit feinem Haselnussnougat, das mit knackigem Haselnusskrokant verfeinert wird. Rundum mit Rosinen betupft. &nbsp; Die Banderole der zweiten Linz-Schokolade mit&hellip;","og_url":"https:\/\/weltlaeden.de\/linz\/linz-schokolade-und-weitere-schokoladen\/","og_site_name":"Weltladen Linz am Rhein","article_modified_time":"2024-09-01T21:39:03+00:00","og_image":[{"url":"https:\/\/weltlaeden.de\/linz\/wp-content\/uploads\/sites\/204\/2024\/09\/24000042_24_07_17_Bild-7482_RE-1-300x223.jpg","type":"","width":"","height":""}],"twitter_card":"summary_large_image","twitter_misc":{"Gesch\u00e4tzte Lesezeit":"2\u00a0Minuten"},"schema":{"@context":"https:\/\/schema.org","@graph":[{"@type":"WebPage","@id":"https:\/\/weltlaeden.de\/linz\/linz-schokolade-und-weitere-schokoladen\/","url":"https:\/\/weltlaeden.de\/linz\/linz-schokolade-und-weitere-schokoladen\/","name":"Linz-Schokolade und weitere Schokoladen - Weltladen Linz am Rhein","isPartOf":{"@id":"https:\/\/weltlaeden.de\/linz\/#website"},"primaryImageOfPage":{"@id":"https:\/\/weltlaeden.de\/linz\/linz-schokolade-und-weitere-schokoladen\/#primaryimage"},"image":{"@id":"https:\/\/weltlaeden.de\/linz\/linz-schokolade-und-weitere-schokoladen\/#primaryimage"},"thumbnailUrl":"https:\/\/weltlaeden.de\/linz\/wp-content\/uploads\/sites\/204\/2024\/09\/24000042_24_07_17_Bild-7482_RE-1-300x223.jpg","datePublished":"2024-05-13T09:44:55+00:00","dateModified":"2024-09-01T21:39:03+00:00","breadcrumb":{"@id":"https:\/\/weltlaeden.de\/linz\/linz-schokolade-und-weitere-schokoladen\/#breadcrumb"},"inLanguage":"de","potentialAction":[{"@type":"ReadAction","target":["https:\/\/weltlaeden.de\/linz\/linz-schokolade-und-weitere-schokoladen\/"]}]},{"@type":"ImageObject","inLanguage":"de","@id":"https:\/\/weltlaeden.de\/linz\/linz-schokolade-und-weitere-schokoladen\/#primaryimage","url":"https:\/\/weltlaeden.de\/linz\/wp-content\/uploads\/sites\/204\/2024\/09\/24000042_24_07_17_Bild-7482_RE-1.jpg","contentUrl":"https:\/\/weltlaeden.de\/linz\/wp-content\/uploads\/sites\/204\/2024\/09\/24000042_24_07_17_Bild-7482_RE-1.jpg","width":2048,"height":1520},{"@type":"BreadcrumbList","@id":"https:\/\/weltlaeden.de\/linz\/linz-schokolade-und-weitere-schokoladen\/#breadcrumb","itemListElement":[{"@type":"ListItem","position":1,"name":"Startseite","item":"https:\/\/weltlaeden.de\/linz\/"},{"@type":"ListItem","position":2,"name":"Linz-Schokolade und weitere Schokoladen"}]},{"@type":"WebSite","@id":"https:\/\/weltlaeden.de\/linz\/#website","url":"https:\/\/weltlaeden.de\/linz\/","name":"Weltladen Linz am Rhein","description":"Faire Produkte seit 2013","potentialAction":[{"@type":"SearchAction","target":{"@type":"EntryPoint","urlTemplate":"https:\/\/weltlaeden.de\/linz\/?s={search_term_string}"},"query-input":{"@type":"PropertyValueSpecification","valueRequired":true,"valueName":"search_term_string"}}],"inLanguage":"de"}]}},"_links":{"self":[{"href":"https:\/\/weltlaeden.de\/linz\/wp-json\/wp\/v2\/pages\/716","targetHints":{"allow":["GET"]}}],"collection":[{"href":"https:\/\/weltlaeden.de\/linz\/wp-json\/wp\/v2\/pages"}],"about":[{"href":"https:\/\/weltlaeden.de\/linz\/wp-json\/wp\/v2\/types\/page"}],"author":[{"embeddable":true,"href":"https:\/\/weltlaeden.de\/linz\/wp-json\/wp\/v2\/users\/298"}],"replies":[{"embeddable":true,"href":"https:\/\/weltlaeden.de\/linz\/wp-json\/wp\/v2\/comments?post=716"}],"version-history":[{"count":29,"href":"https:\/\/weltlaeden.de\/linz\/wp-json\/wp\/v2\/pages\/716\/revisions"}],"predecessor-version":[{"id":1895,"href":"https:\/\/weltlaeden.de\/linz\/wp-json\/wp\/v2\/pages\/716\/revisions\/1895"}],"wp:attachment":[{"href":"https:\/\/weltlaeden.de\/linz\/wp-json\/wp\/v2\/media?parent=716"}],"curies":[{"name":"wp","href":"https:\/\/api.w.org\/{rel}","templated":true}]}}