{"id":219,"date":"2016-10-28T13:34:47","date_gmt":"2016-10-28T11:34:47","guid":{"rendered":"https:\/\/wl.heimpixel.de\/vorlage\/ueber-uns\/"},"modified":"2024-12-18T16:14:30","modified_gmt":"2024-12-18T15:14:30","slug":"ueber-uns","status":"publish","type":"page","link":"https:\/\/weltlaeden.de\/linz\/ueber-uns\/","title":{"rendered":"\u00dcber uns"},"content":{"rendered":"<div class=\"wpb-content-wrapper\"><p>[vc_row][vc_column]<div class=\"wl_einzelbild\"><p><img loading=\"lazy\" decoding=\"async\" class=\"alignnone size-medium wp-image-1033\" src=\"https:\/\/weltlaeden.de\/linz\/wp-content\/uploads\/sites\/204\/2024\/06\/2024-06-26-Weltladen-von-aussen-in-der-Sonne-277x300.jpg\" alt=\"\" width=\"277\" height=\"300\" srcset=\"https:\/\/weltlaeden.de\/linz\/wp-content\/uploads\/sites\/204\/2024\/06\/2024-06-26-Weltladen-von-aussen-in-der-Sonne-277x300.jpg 277w, https:\/\/weltlaeden.de\/linz\/wp-content\/uploads\/sites\/204\/2024\/06\/2024-06-26-Weltladen-von-aussen-in-der-Sonne-946x1024.jpg 946w, https:\/\/weltlaeden.de\/linz\/wp-content\/uploads\/sites\/204\/2024\/06\/2024-06-26-Weltladen-von-aussen-in-der-Sonne-768x832.jpg 768w, https:\/\/weltlaeden.de\/linz\/wp-content\/uploads\/sites\/204\/2024\/06\/2024-06-26-Weltladen-von-aussen-in-der-Sonne.jpg 1123w\" sizes=\"auto, (max-width: 277px) 100vw, 277px\" \/><\/p><\/div>[vc_empty_space][vc_column_text css=&#8220;&#8220;]<\/p>\n<h1>\u00dcber den Weltladen Linz am Rhein<\/h1>\n<p>[\/vc_column_text][vc_column_text css=&#8220;&#8220;]<\/p>\n<h4><\/h4>\n<h3><\/h3>\n<p>Der Weltladen Linz wurde am 23. M\u00e4rz 2013 in der Linzer Innenstadt, in unmittelbarer N\u00e4he des Burgplatzes, er\u00f6ffnet. Seit dieser Zeit kommen die Menschen aus der Region Linz sowie Touristen gerne in den Weltladen, um fair gehandelte Lebensmittel, Kunsthandwerk und Textilien zu kaufen.<\/p>\n<p>&nbsp;<\/p>\n<p><img loading=\"lazy\" decoding=\"async\" class=\"alignnone wp-image-1219\" src=\"https:\/\/weltlaeden.de\/linz\/wp-content\/uploads\/sites\/204\/2024\/07\/20221121_145504-300x169.jpg\" alt=\"\" width=\"431\" height=\"243\" srcset=\"https:\/\/weltlaeden.de\/linz\/wp-content\/uploads\/sites\/204\/2024\/07\/20221121_145504-300x169.jpg 300w, https:\/\/weltlaeden.de\/linz\/wp-content\/uploads\/sites\/204\/2024\/07\/20221121_145504-1024x576.jpg 1024w, https:\/\/weltlaeden.de\/linz\/wp-content\/uploads\/sites\/204\/2024\/07\/20221121_145504-768x432.jpg 768w, https:\/\/weltlaeden.de\/linz\/wp-content\/uploads\/sites\/204\/2024\/07\/20221121_145504-1536x864.jpg 1536w, https:\/\/weltlaeden.de\/linz\/wp-content\/uploads\/sites\/204\/2024\/07\/20221121_145504.jpg 2048w\" sizes=\"auto, (max-width: 431px) 100vw, 431px\" \/><\/p>\n<p><img loading=\"lazy\" decoding=\"async\" class=\"alignnone size-medium wp-image-1221\" src=\"https:\/\/weltlaeden.de\/linz\/wp-content\/uploads\/sites\/204\/2024\/07\/DSC04485-200x300.jpg\" alt=\"\" width=\"200\" height=\"300\" srcset=\"https:\/\/weltlaeden.de\/linz\/wp-content\/uploads\/sites\/204\/2024\/07\/DSC04485-200x300.jpg 200w, https:\/\/weltlaeden.de\/linz\/wp-content\/uploads\/sites\/204\/2024\/07\/DSC04485.jpg 682w\" sizes=\"auto, (max-width: 200px) 100vw, 200px\" \/>\u00a0 <img loading=\"lazy\" decoding=\"async\" class=\"size-medium wp-image-1574\" src=\"https:\/\/weltlaeden.de\/linz\/wp-content\/uploads\/sites\/204\/2024\/07\/24000042_24_07_12_Bild-0015_RE-300x200.jpg\" alt=\"\" width=\"300\" height=\"200\" srcset=\"https:\/\/weltlaeden.de\/linz\/wp-content\/uploads\/sites\/204\/2024\/07\/24000042_24_07_12_Bild-0015_RE-300x200.jpg 300w, https:\/\/weltlaeden.de\/linz\/wp-content\/uploads\/sites\/204\/2024\/07\/24000042_24_07_12_Bild-0015_RE-1024x683.jpg 1024w, https:\/\/weltlaeden.de\/linz\/wp-content\/uploads\/sites\/204\/2024\/07\/24000042_24_07_12_Bild-0015_RE-768x512.jpg 768w, https:\/\/weltlaeden.de\/linz\/wp-content\/uploads\/sites\/204\/2024\/07\/24000042_24_07_12_Bild-0015_RE-1536x1024.jpg 1536w, https:\/\/weltlaeden.de\/linz\/wp-content\/uploads\/sites\/204\/2024\/07\/24000042_24_07_12_Bild-0015_RE.jpg 2048w\" sizes=\"auto, (max-width: 300px) 100vw, 300px\" \/><\/p>\n<p>&nbsp;<\/p>\n<p><img loading=\"lazy\" decoding=\"async\" class=\"alignnone wp-image-1222\" src=\"https:\/\/weltlaeden.de\/linz\/wp-content\/uploads\/sites\/204\/2024\/07\/20190709_104834-300x169.jpg\" alt=\"\" width=\"250\" height=\"141\" srcset=\"https:\/\/weltlaeden.de\/linz\/wp-content\/uploads\/sites\/204\/2024\/07\/20190709_104834-300x169.jpg 300w, https:\/\/weltlaeden.de\/linz\/wp-content\/uploads\/sites\/204\/2024\/07\/20190709_104834-1024x576.jpg 1024w, https:\/\/weltlaeden.de\/linz\/wp-content\/uploads\/sites\/204\/2024\/07\/20190709_104834-768x432.jpg 768w, https:\/\/weltlaeden.de\/linz\/wp-content\/uploads\/sites\/204\/2024\/07\/20190709_104834-1536x864.jpg 1536w, https:\/\/weltlaeden.de\/linz\/wp-content\/uploads\/sites\/204\/2024\/07\/20190709_104834.jpg 2048w\" sizes=\"auto, (max-width: 250px) 100vw, 250px\" \/> \u00a0 <img loading=\"lazy\" decoding=\"async\" class=\"alignnone size-medium wp-image-1033\" src=\"https:\/\/weltlaeden.de\/linz\/wp-content\/uploads\/sites\/204\/2024\/06\/2024-06-26-Weltladen-von-aussen-in-der-Sonne-277x300.jpg\" alt=\"\" width=\"277\" height=\"300\" srcset=\"https:\/\/weltlaeden.de\/linz\/wp-content\/uploads\/sites\/204\/2024\/06\/2024-06-26-Weltladen-von-aussen-in-der-Sonne-277x300.jpg 277w, https:\/\/weltlaeden.de\/linz\/wp-content\/uploads\/sites\/204\/2024\/06\/2024-06-26-Weltladen-von-aussen-in-der-Sonne-946x1024.jpg 946w, https:\/\/weltlaeden.de\/linz\/wp-content\/uploads\/sites\/204\/2024\/06\/2024-06-26-Weltladen-von-aussen-in-der-Sonne-768x832.jpg 768w, https:\/\/weltlaeden.de\/linz\/wp-content\/uploads\/sites\/204\/2024\/06\/2024-06-26-Weltladen-von-aussen-in-der-Sonne.jpg 1123w\" sizes=\"auto, (max-width: 277px) 100vw, 277px\" \/><\/p>\n<p>&nbsp;<\/p>\n<p><img loading=\"lazy\" decoding=\"async\" class=\"alignnone wp-image-2196\" src=\"https:\/\/weltlaeden.de\/linz\/wp-content\/uploads\/sites\/204\/2024\/12\/20241202_102249-e1733489010382-300x169.jpg\" alt=\"\" width=\"451\" height=\"254\" \/><\/p>\n<p>Das Fachwerkgeb\u00e4ude hat eine sehenswerte Hausfront, die sich in idealer Weise den umliegenden Fachwerkgeb\u00e4uden anpasst (&#8222;Linz &#8211; Bunte Stadt am Rhein&#8220;)<\/p>\n<p>Der Ladenbereich mit seinen rd. 50 m\u00b2 strahlt eine Atmosph\u00e4re aus die dazu einl\u00e4dt, sich umfassend \u00fcber das breite Angebot an fair gehandelten Produkten (Lebensmittel, Kunsthandwerk, Textilien) zu informieren. Im Herbst 2024 wird die Ladeneinrichtung des Weltladens nach \u00fcber zehn Jahren in wesentlichen Teilen erneuert.<\/p>\n<p>Von den Kunden wird immer wieder best\u00e4tigt, dass es ein sch\u00f6ner Weltladen ist mit einem attraktiven Angebot.<\/p>\n<p>Rund 30 ehrenamtlich t\u00e4tige Mitarbeiterinnen und Mitarbeiter garantieren, dass der Weltladen von Montag bis Freitag durchgehend von 10 bis 18 Uhr und samstags von 10 bis 16 Uhr (im Dezember bis 18 Uhr) ge\u00f6ffnet bleibt. In den Sommermonaten und im Dezember ist der Weltladen zus\u00e4tzlich sonntags von 14 bis 18 Uhr ge\u00f6ffnet.[\/vc_column_text][\/vc_column][\/vc_row][vc_row][vc_column][vc_empty_space][vc_column_text css=&#8220;&#8220;]<\/p>\n<h1>Mitmachen im Weltladen Linz am Rhein<\/h1>\n<p>[\/vc_column_text][vc_column_text css=&#8220;&#8220;]<strong>Wir suchen<\/strong> immer wieder Menschen die Lust haben, sich ehrenamtlich f\u00fcr eine offene, transparente, \u00f6kologische und nachhaltige Form des Wirtschaftens zu engagieren. Die M\u00f6glichkeiten, in unserem Team mitzumachen, sind vielf\u00e4ltig und lassen sich bestimmt auch in Ihren Alltag integrieren! Neben regelm\u00e4\u00dfigen Aufgaben gibt es bei uns auch immer wieder einzelne zeitlich befristete Projekte, f\u00fcr die wir Unterst\u00fctzer\/innen suchen. Viele Aufgaben erfordern keine speziellen Vorkenntnisse, sondern nur die Bereitschaft, F\u00e4higkeiten einzubringen und eventuell in neuen Bereichen dazuzulernen.<\/p>\n<p><strong>Der Weltladen Linz bietet<\/strong> ein freundliches Team aus 30 Engagierten mit vielf\u00e4ltigen M\u00f6glichkeiten, sich selbst einzubringen. Eine Gemeinschaft, die jeden herzlich aufnimmt der bereit ist, ehrenamtlich mitzuarbeiten. Fortbildungsm\u00f6glichkeiten bieten wir je nach Interessen und Aufgaben.<\/p>\n<p>&nbsp;<\/p>\n<p><strong><img loading=\"lazy\" decoding=\"async\" class=\"alignnone wp-image-1350\" src=\"https:\/\/weltlaeden.de\/linz\/wp-content\/uploads\/sites\/204\/2024\/07\/20181114_164516-300x169.jpg\" alt=\"\" width=\"581\" height=\"327\" srcset=\"https:\/\/weltlaeden.de\/linz\/wp-content\/uploads\/sites\/204\/2024\/07\/20181114_164516-300x169.jpg 300w, https:\/\/weltlaeden.de\/linz\/wp-content\/uploads\/sites\/204\/2024\/07\/20181114_164516-1024x576.jpg 1024w, https:\/\/weltlaeden.de\/linz\/wp-content\/uploads\/sites\/204\/2024\/07\/20181114_164516-768x432.jpg 768w, https:\/\/weltlaeden.de\/linz\/wp-content\/uploads\/sites\/204\/2024\/07\/20181114_164516-1536x864.jpg 1536w, https:\/\/weltlaeden.de\/linz\/wp-content\/uploads\/sites\/204\/2024\/07\/20181114_164516.jpg 2048w\" sizes=\"auto, (max-width: 581px) 100vw, 581px\" \/><\/strong><\/p>\n<p><strong>Wer bereit ist vormittags (10-14 Uhr) oder nachmittags (14-18 Uhr) ehrenamtlich im Weltladen\u00a0 mitzuarbeiten den bittet der Vorstand, sich an das f\u00fcr den Personaleinsatz zust\u00e4ndige Vorstandsmitglied Gisela Bach zu wenden.<\/strong><\/p>\n<p><strong>Telefon: 0176 5005 1783\u00a0\u00a0\u00a0\u00a0\u00a0 <\/strong><strong>Mail: <\/strong><a href=\"mailto:gisela@bach-online.de\"><strong>gisela@bach-online.de<\/strong><\/a><\/p>\n<p><strong>Wir freuen uns, wenn Sie mit uns Kontakt aufnehmen!<br \/>\n<\/strong>[\/vc_column_text][\/vc_column][\/vc_row]<\/p>\n<\/div>","protected":false},"excerpt":{"rendered":"<p>[vc_row][vc_column][vc_empty_space][vc_column_text css=&#8220;&#8220;] \u00dcber den Weltladen Linz am Rhein [\/vc_column_text][vc_column_text css=&#8220;&#8220;] Der Weltladen Linz wurde am 23. M\u00e4rz 2013 in der Linzer Innenstadt, in unmittelbarer N\u00e4he des Burgplatzes, er\u00f6ffnet. Seit dieser Zeit kommen die Menschen aus der Region Linz sowie Touristen gerne in den Weltladen, um fair gehandelte Lebensmittel, Kunsthandwerk und Textilien zu kaufen. &nbsp; \u00a0&hellip;<\/p>\n","protected":false},"author":1,"featured_media":0,"parent":0,"menu_order":6,"comment_status":"closed","ping_status":"closed","template":"","meta":{"footnotes":""},"class_list":["post-219","page","type-page","status-publish","hentry","description-off"],"yoast_head":"<!-- This site is optimized with the Yoast SEO plugin v26.8 - https:\/\/yoast.com\/product\/yoast-seo-wordpress\/ -->\n<title>\u00dcber uns - Weltladen Linz am Rhein<\/title>\n<meta name=\"robots\" content=\"index, follow, max-snippet:-1, max-image-preview:large, max-video-preview:-1\" \/>\n<link rel=\"canonical\" href=\"https:\/\/weltlaeden.de\/linz\/ueber-uns\/\" \/>\n<meta property=\"og:locale\" content=\"de_DE\" \/>\n<meta property=\"og:type\" content=\"article\" \/>\n<meta property=\"og:title\" content=\"\u00dcber uns - Weltladen Linz am Rhein\" \/>\n<meta property=\"og:description\" content=\"[vc_row][vc_column][vc_empty_space][vc_column_text css=&#8220;&#8220;] \u00dcber den Weltladen Linz am Rhein [\/vc_column_text][vc_column_text css=&#8220;&#8220;] Der Weltladen Linz wurde am 23. M\u00e4rz 2013 in der Linzer Innenstadt, in unmittelbarer N\u00e4he des Burgplatzes, er\u00f6ffnet. Seit dieser Zeit kommen die Menschen aus der Region Linz sowie Touristen gerne in den Weltladen, um fair gehandelte Lebensmittel, Kunsthandwerk und Textilien zu kaufen. &nbsp; \u00a0&hellip;\" \/>\n<meta property=\"og:url\" content=\"https:\/\/weltlaeden.de\/linz\/ueber-uns\/\" \/>\n<meta property=\"og:site_name\" content=\"Weltladen Linz am Rhein\" \/>\n<meta property=\"article:modified_time\" content=\"2024-12-18T15:14:30+00:00\" \/>\n<meta property=\"og:image\" content=\"https:\/\/weltlaeden.de\/linz\/wp-content\/uploads\/sites\/204\/2024\/06\/2024-06-26-Weltladen-von-aussen-in-der-Sonne.jpg\" \/>\n\t<meta property=\"og:image:width\" content=\"1123\" \/>\n\t<meta property=\"og:image:height\" content=\"1216\" \/>\n\t<meta property=\"og:image:type\" content=\"image\/jpeg\" \/>\n<meta name=\"twitter:card\" content=\"summary_large_image\" \/>\n<meta name=\"twitter:label1\" content=\"Gesch\u00e4tzte Lesezeit\" \/>\n\t<meta name=\"twitter:data1\" content=\"4\u00a0Minuten\" \/>\n<script type=\"application\/ld+json\" class=\"yoast-schema-graph\">{\"@context\":\"https:\/\/schema.org\",\"@graph\":[{\"@type\":\"WebPage\",\"@id\":\"https:\/\/weltlaeden.de\/linz\/ueber-uns\/\",\"url\":\"https:\/\/weltlaeden.de\/linz\/ueber-uns\/\",\"name\":\"\u00dcber uns - Weltladen Linz am Rhein\",\"isPartOf\":{\"@id\":\"https:\/\/weltlaeden.de\/linz\/#website\"},\"primaryImageOfPage\":{\"@id\":\"https:\/\/weltlaeden.de\/linz\/ueber-uns\/#primaryimage\"},\"image\":{\"@id\":\"https:\/\/weltlaeden.de\/linz\/ueber-uns\/#primaryimage\"},\"thumbnailUrl\":\"https:\/\/weltlaeden.de\/linz\/wp-content\/uploads\/sites\/204\/2024\/06\/2024-06-26-Weltladen-von-aussen-in-der-Sonne-277x300.jpg\",\"datePublished\":\"2016-10-28T11:34:47+00:00\",\"dateModified\":\"2024-12-18T15:14:30+00:00\",\"breadcrumb\":{\"@id\":\"https:\/\/weltlaeden.de\/linz\/ueber-uns\/#breadcrumb\"},\"inLanguage\":\"de\",\"potentialAction\":[{\"@type\":\"ReadAction\",\"target\":[\"https:\/\/weltlaeden.de\/linz\/ueber-uns\/\"]}]},{\"@type\":\"ImageObject\",\"inLanguage\":\"de\",\"@id\":\"https:\/\/weltlaeden.de\/linz\/ueber-uns\/#primaryimage\",\"url\":\"https:\/\/weltlaeden.de\/linz\/wp-content\/uploads\/sites\/204\/2024\/06\/2024-06-26-Weltladen-von-aussen-in-der-Sonne.jpg\",\"contentUrl\":\"https:\/\/weltlaeden.de\/linz\/wp-content\/uploads\/sites\/204\/2024\/06\/2024-06-26-Weltladen-von-aussen-in-der-Sonne.jpg\",\"width\":1123,\"height\":1216},{\"@type\":\"BreadcrumbList\",\"@id\":\"https:\/\/weltlaeden.de\/linz\/ueber-uns\/#breadcrumb\",\"itemListElement\":[{\"@type\":\"ListItem\",\"position\":1,\"name\":\"Startseite\",\"item\":\"https:\/\/weltlaeden.de\/linz\/\"},{\"@type\":\"ListItem\",\"position\":2,\"name\":\"\u00dcber uns\"}]},{\"@type\":\"WebSite\",\"@id\":\"https:\/\/weltlaeden.de\/linz\/#website\",\"url\":\"https:\/\/weltlaeden.de\/linz\/\",\"name\":\"Weltladen Linz am Rhein\",\"description\":\"Faire Produkte seit 2013\",\"potentialAction\":[{\"@type\":\"SearchAction\",\"target\":{\"@type\":\"EntryPoint\",\"urlTemplate\":\"https:\/\/weltlaeden.de\/linz\/?s={search_term_string}\"},\"query-input\":{\"@type\":\"PropertyValueSpecification\",\"valueRequired\":true,\"valueName\":\"search_term_string\"}}],\"inLanguage\":\"de\"}]}<\/script>\n<!-- \/ Yoast SEO plugin. -->","yoast_head_json":{"title":"\u00dcber uns - Weltladen Linz am Rhein","robots":{"index":"index","follow":"follow","max-snippet":"max-snippet:-1","max-image-preview":"max-image-preview:large","max-video-preview":"max-video-preview:-1"},"canonical":"https:\/\/weltlaeden.de\/linz\/ueber-uns\/","og_locale":"de_DE","og_type":"article","og_title":"\u00dcber uns - Weltladen Linz am Rhein","og_description":"[vc_row][vc_column][vc_empty_space][vc_column_text css=&#8220;&#8220;] \u00dcber den Weltladen Linz am Rhein [\/vc_column_text][vc_column_text css=&#8220;&#8220;] Der Weltladen Linz wurde am 23. M\u00e4rz 2013 in der Linzer Innenstadt, in unmittelbarer N\u00e4he des Burgplatzes, er\u00f6ffnet. Seit dieser Zeit kommen die Menschen aus der Region Linz sowie Touristen gerne in den Weltladen, um fair gehandelte Lebensmittel, Kunsthandwerk und Textilien zu kaufen. &nbsp; \u00a0&hellip;","og_url":"https:\/\/weltlaeden.de\/linz\/ueber-uns\/","og_site_name":"Weltladen Linz am Rhein","article_modified_time":"2024-12-18T15:14:30+00:00","og_image":[{"width":1123,"height":1216,"url":"https:\/\/weltlaeden.de\/linz\/wp-content\/uploads\/sites\/204\/2024\/06\/2024-06-26-Weltladen-von-aussen-in-der-Sonne.jpg","type":"image\/jpeg"}],"twitter_card":"summary_large_image","twitter_misc":{"Gesch\u00e4tzte Lesezeit":"4\u00a0Minuten"},"schema":{"@context":"https:\/\/schema.org","@graph":[{"@type":"WebPage","@id":"https:\/\/weltlaeden.de\/linz\/ueber-uns\/","url":"https:\/\/weltlaeden.de\/linz\/ueber-uns\/","name":"\u00dcber uns - Weltladen Linz am Rhein","isPartOf":{"@id":"https:\/\/weltlaeden.de\/linz\/#website"},"primaryImageOfPage":{"@id":"https:\/\/weltlaeden.de\/linz\/ueber-uns\/#primaryimage"},"image":{"@id":"https:\/\/weltlaeden.de\/linz\/ueber-uns\/#primaryimage"},"thumbnailUrl":"https:\/\/weltlaeden.de\/linz\/wp-content\/uploads\/sites\/204\/2024\/06\/2024-06-26-Weltladen-von-aussen-in-der-Sonne-277x300.jpg","datePublished":"2016-10-28T11:34:47+00:00","dateModified":"2024-12-18T15:14:30+00:00","breadcrumb":{"@id":"https:\/\/weltlaeden.de\/linz\/ueber-uns\/#breadcrumb"},"inLanguage":"de","potentialAction":[{"@type":"ReadAction","target":["https:\/\/weltlaeden.de\/linz\/ueber-uns\/"]}]},{"@type":"ImageObject","inLanguage":"de","@id":"https:\/\/weltlaeden.de\/linz\/ueber-uns\/#primaryimage","url":"https:\/\/weltlaeden.de\/linz\/wp-content\/uploads\/sites\/204\/2024\/06\/2024-06-26-Weltladen-von-aussen-in-der-Sonne.jpg","contentUrl":"https:\/\/weltlaeden.de\/linz\/wp-content\/uploads\/sites\/204\/2024\/06\/2024-06-26-Weltladen-von-aussen-in-der-Sonne.jpg","width":1123,"height":1216},{"@type":"BreadcrumbList","@id":"https:\/\/weltlaeden.de\/linz\/ueber-uns\/#breadcrumb","itemListElement":[{"@type":"ListItem","position":1,"name":"Startseite","item":"https:\/\/weltlaeden.de\/linz\/"},{"@type":"ListItem","position":2,"name":"\u00dcber uns"}]},{"@type":"WebSite","@id":"https:\/\/weltlaeden.de\/linz\/#website","url":"https:\/\/weltlaeden.de\/linz\/","name":"Weltladen Linz am Rhein","description":"Faire Produkte seit 2013","potentialAction":[{"@type":"SearchAction","target":{"@type":"EntryPoint","urlTemplate":"https:\/\/weltlaeden.de\/linz\/?s={search_term_string}"},"query-input":{"@type":"PropertyValueSpecification","valueRequired":true,"valueName":"search_term_string"}}],"inLanguage":"de"}]}},"_links":{"self":[{"href":"https:\/\/weltlaeden.de\/linz\/wp-json\/wp\/v2\/pages\/219","targetHints":{"allow":["GET"]}}],"collection":[{"href":"https:\/\/weltlaeden.de\/linz\/wp-json\/wp\/v2\/pages"}],"about":[{"href":"https:\/\/weltlaeden.de\/linz\/wp-json\/wp\/v2\/types\/page"}],"author":[{"embeddable":true,"href":"https:\/\/weltlaeden.de\/linz\/wp-json\/wp\/v2\/users\/1"}],"replies":[{"embeddable":true,"href":"https:\/\/weltlaeden.de\/linz\/wp-json\/wp\/v2\/comments?post=219"}],"version-history":[{"count":36,"href":"https:\/\/weltlaeden.de\/linz\/wp-json\/wp\/v2\/pages\/219\/revisions"}],"predecessor-version":[{"id":2204,"href":"https:\/\/weltlaeden.de\/linz\/wp-json\/wp\/v2\/pages\/219\/revisions\/2204"}],"wp:attachment":[{"href":"https:\/\/weltlaeden.de\/linz\/wp-json\/wp\/v2\/media?parent=219"}],"curies":[{"name":"wp","href":"https:\/\/api.w.org\/{rel}","templated":true}]}}