{"id":2016,"date":"2024-09-16T14:37:05","date_gmt":"2024-09-16T12:37:05","guid":{"rendered":"https:\/\/weltlaeden.de\/linz\/?page_id=2016"},"modified":"2024-11-14T18:15:42","modified_gmt":"2024-11-14T17:15:42","slug":"geschenkgutschein-und-struenzerscheck","status":"publish","type":"page","link":"https:\/\/weltlaeden.de\/linz\/geschenkgutschein-und-struenzerscheck\/","title":{"rendered":"Geschenkgutscheine und Str\u00fcnzerSchecks"},"content":{"rendered":"<p>&nbsp;<\/p>\n<h2><strong><span style=\"color: #ff6600\">Geschenkgutscheine des Weltladens sind immer ein sch\u00f6nes Geschenk.<\/span><\/strong><\/h2>\n<h2><span style=\"color: #ff6600\"><strong>Der Weltladen akzeptiert auch den Geschenkgutschein der Linzer Werbegemeinschaft, <\/strong><\/span><span style=\"color: #ff6600\"><strong>den Str\u00fcnzerScheck!<\/strong><\/span><\/h2>\n<p>&nbsp;<\/p>\n<p><img loading=\"lazy\" decoding=\"async\" class=\"alignnone wp-image-2019\" src=\"https:\/\/weltlaeden.de\/linz\/wp-content\/uploads\/sites\/204\/2024\/09\/20240916_133334-300x217.jpg\" alt=\"\" width=\"575\" height=\"416\" srcset=\"https:\/\/weltlaeden.de\/linz\/wp-content\/uploads\/sites\/204\/2024\/09\/20240916_133334-300x217.jpg 300w, https:\/\/weltlaeden.de\/linz\/wp-content\/uploads\/sites\/204\/2024\/09\/20240916_133334-1024x739.jpg 1024w, https:\/\/weltlaeden.de\/linz\/wp-content\/uploads\/sites\/204\/2024\/09\/20240916_133334-768x555.jpg 768w, https:\/\/weltlaeden.de\/linz\/wp-content\/uploads\/sites\/204\/2024\/09\/20240916_133334-1536x1109.jpg 1536w, https:\/\/weltlaeden.de\/linz\/wp-content\/uploads\/sites\/204\/2024\/09\/20240916_133334.jpg 1817w\" sizes=\"auto, (max-width: 575px) 100vw, 575px\" \/><\/p>\n<p><span style=\"color: #ff6600\"><strong>Der Geschenkgutschein des Weltladens Linz<\/strong><\/span> <strong><span style=\"color: #ff6600\">ist ein sch\u00f6nes Geschenk zu jedem Anlass.<\/span> <\/strong>So zum Beispiel zum Geburtstag, Jubil\u00e4um, zur Hochzeit, Geburt, Bef\u00f6rderung, zum erfolgreichen Schulabschluss, zum Abschluss des Studiums, zu Ostern oder Weihnachten. Immer kommt ein Geschenkgutschein des Weltladens Linz gut an. Bereits ab 10 Euro werden Geschenkgutscheine ausgestellt.<\/p>\n<p><span style=\"color: #333333\"><strong>Im Weltladen kann auch der Geschenkgutschein der Linzer Werbegemeinschaft, <span style=\"color: #ff0000\">der Str\u00fcnzerScheck, <span style=\"color: #333333\">eingel\u00f6st werden.<\/span><br \/>\n<\/span><\/strong><\/span><\/p>\n<p>&nbsp;<\/p>\n<p>&nbsp;<\/p>\n","protected":false},"excerpt":{"rendered":"<p>&nbsp; Geschenkgutscheine des Weltladens sind immer ein sch\u00f6nes Geschenk. Der Weltladen akzeptiert auch den Geschenkgutschein der Linzer Werbegemeinschaft, den Str\u00fcnzerScheck! &nbsp; Der Geschenkgutschein des Weltladens Linz ist ein sch\u00f6nes Geschenk zu jedem Anlass. So zum Beispiel zum Geburtstag, Jubil\u00e4um, zur Hochzeit, Geburt, Bef\u00f6rderung, zum erfolgreichen Schulabschluss, zum Abschluss des Studiums, zu Ostern oder Weihnachten. Immer&hellip;<\/p>\n","protected":false},"author":298,"featured_media":0,"parent":0,"menu_order":0,"comment_status":"closed","ping_status":"closed","template":"","meta":{"footnotes":""},"class_list":["post-2016","page","type-page","status-publish","hentry","description-off"],"yoast_head":"<!-- This site is optimized with the Yoast SEO plugin v26.8 - https:\/\/yoast.com\/product\/yoast-seo-wordpress\/ -->\n<title>Geschenkgutscheine und Str\u00fcnzerSchecks - Weltladen Linz am Rhein<\/title>\n<meta name=\"robots\" content=\"index, follow, max-snippet:-1, max-image-preview:large, max-video-preview:-1\" \/>\n<link rel=\"canonical\" href=\"https:\/\/weltlaeden.de\/linz\/geschenkgutschein-und-struenzerscheck\/\" \/>\n<meta property=\"og:locale\" content=\"de_DE\" \/>\n<meta property=\"og:type\" content=\"article\" \/>\n<meta property=\"og:title\" content=\"Geschenkgutscheine und Str\u00fcnzerSchecks - Weltladen Linz am Rhein\" \/>\n<meta property=\"og:description\" content=\"&nbsp; Geschenkgutscheine des Weltladens sind immer ein sch\u00f6nes Geschenk. Der Weltladen akzeptiert auch den Geschenkgutschein der Linzer Werbegemeinschaft, den Str\u00fcnzerScheck! &nbsp; Der Geschenkgutschein des Weltladens Linz ist ein sch\u00f6nes Geschenk zu jedem Anlass. So zum Beispiel zum Geburtstag, Jubil\u00e4um, zur Hochzeit, Geburt, Bef\u00f6rderung, zum erfolgreichen Schulabschluss, zum Abschluss des Studiums, zu Ostern oder Weihnachten. Immer&hellip;\" \/>\n<meta property=\"og:url\" content=\"https:\/\/weltlaeden.de\/linz\/geschenkgutschein-und-struenzerscheck\/\" \/>\n<meta property=\"og:site_name\" content=\"Weltladen Linz am Rhein\" \/>\n<meta property=\"article:modified_time\" content=\"2024-11-14T17:15:42+00:00\" \/>\n<meta property=\"og:image\" content=\"https:\/\/weltlaeden.de\/linz\/wp-content\/uploads\/sites\/204\/2024\/09\/20240916_133334.jpg\" \/>\n\t<meta property=\"og:image:width\" content=\"1817\" \/>\n\t<meta property=\"og:image:height\" content=\"1312\" \/>\n\t<meta property=\"og:image:type\" content=\"image\/jpeg\" \/>\n<meta name=\"twitter:card\" content=\"summary_large_image\" \/>\n<meta name=\"twitter:label1\" content=\"Gesch\u00e4tzte Lesezeit\" \/>\n\t<meta name=\"twitter:data1\" content=\"1\u00a0Minute\" \/>\n<script type=\"application\/ld+json\" class=\"yoast-schema-graph\">{\"@context\":\"https:\/\/schema.org\",\"@graph\":[{\"@type\":\"WebPage\",\"@id\":\"https:\/\/weltlaeden.de\/linz\/geschenkgutschein-und-struenzerscheck\/\",\"url\":\"https:\/\/weltlaeden.de\/linz\/geschenkgutschein-und-struenzerscheck\/\",\"name\":\"Geschenkgutscheine und Str\u00fcnzerSchecks - Weltladen Linz am Rhein\",\"isPartOf\":{\"@id\":\"https:\/\/weltlaeden.de\/linz\/#website\"},\"primaryImageOfPage\":{\"@id\":\"https:\/\/weltlaeden.de\/linz\/geschenkgutschein-und-struenzerscheck\/#primaryimage\"},\"image\":{\"@id\":\"https:\/\/weltlaeden.de\/linz\/geschenkgutschein-und-struenzerscheck\/#primaryimage\"},\"thumbnailUrl\":\"https:\/\/weltlaeden.de\/linz\/wp-content\/uploads\/sites\/204\/2024\/09\/20240916_133334-300x217.jpg\",\"datePublished\":\"2024-09-16T12:37:05+00:00\",\"dateModified\":\"2024-11-14T17:15:42+00:00\",\"breadcrumb\":{\"@id\":\"https:\/\/weltlaeden.de\/linz\/geschenkgutschein-und-struenzerscheck\/#breadcrumb\"},\"inLanguage\":\"de\",\"potentialAction\":[{\"@type\":\"ReadAction\",\"target\":[\"https:\/\/weltlaeden.de\/linz\/geschenkgutschein-und-struenzerscheck\/\"]}]},{\"@type\":\"ImageObject\",\"inLanguage\":\"de\",\"@id\":\"https:\/\/weltlaeden.de\/linz\/geschenkgutschein-und-struenzerscheck\/#primaryimage\",\"url\":\"https:\/\/weltlaeden.de\/linz\/wp-content\/uploads\/sites\/204\/2024\/09\/20240916_133334.jpg\",\"contentUrl\":\"https:\/\/weltlaeden.de\/linz\/wp-content\/uploads\/sites\/204\/2024\/09\/20240916_133334.jpg\",\"width\":1817,\"height\":1312},{\"@type\":\"BreadcrumbList\",\"@id\":\"https:\/\/weltlaeden.de\/linz\/geschenkgutschein-und-struenzerscheck\/#breadcrumb\",\"itemListElement\":[{\"@type\":\"ListItem\",\"position\":1,\"name\":\"Startseite\",\"item\":\"https:\/\/weltlaeden.de\/linz\/\"},{\"@type\":\"ListItem\",\"position\":2,\"name\":\"Geschenkgutscheine und Str\u00fcnzerSchecks\"}]},{\"@type\":\"WebSite\",\"@id\":\"https:\/\/weltlaeden.de\/linz\/#website\",\"url\":\"https:\/\/weltlaeden.de\/linz\/\",\"name\":\"Weltladen Linz am Rhein\",\"description\":\"Faire Produkte seit 2013\",\"potentialAction\":[{\"@type\":\"SearchAction\",\"target\":{\"@type\":\"EntryPoint\",\"urlTemplate\":\"https:\/\/weltlaeden.de\/linz\/?s={search_term_string}\"},\"query-input\":{\"@type\":\"PropertyValueSpecification\",\"valueRequired\":true,\"valueName\":\"search_term_string\"}}],\"inLanguage\":\"de\"}]}<\/script>\n<!-- \/ Yoast SEO plugin. -->","yoast_head_json":{"title":"Geschenkgutscheine und Str\u00fcnzerSchecks - Weltladen Linz am Rhein","robots":{"index":"index","follow":"follow","max-snippet":"max-snippet:-1","max-image-preview":"max-image-preview:large","max-video-preview":"max-video-preview:-1"},"canonical":"https:\/\/weltlaeden.de\/linz\/geschenkgutschein-und-struenzerscheck\/","og_locale":"de_DE","og_type":"article","og_title":"Geschenkgutscheine und Str\u00fcnzerSchecks - Weltladen Linz am Rhein","og_description":"&nbsp; Geschenkgutscheine des Weltladens sind immer ein sch\u00f6nes Geschenk. Der Weltladen akzeptiert auch den Geschenkgutschein der Linzer Werbegemeinschaft, den Str\u00fcnzerScheck! &nbsp; Der Geschenkgutschein des Weltladens Linz ist ein sch\u00f6nes Geschenk zu jedem Anlass. So zum Beispiel zum Geburtstag, Jubil\u00e4um, zur Hochzeit, Geburt, Bef\u00f6rderung, zum erfolgreichen Schulabschluss, zum Abschluss des Studiums, zu Ostern oder Weihnachten. Immer&hellip;","og_url":"https:\/\/weltlaeden.de\/linz\/geschenkgutschein-und-struenzerscheck\/","og_site_name":"Weltladen Linz am Rhein","article_modified_time":"2024-11-14T17:15:42+00:00","og_image":[{"width":1817,"height":1312,"url":"https:\/\/weltlaeden.de\/linz\/wp-content\/uploads\/sites\/204\/2024\/09\/20240916_133334.jpg","type":"image\/jpeg"}],"twitter_card":"summary_large_image","twitter_misc":{"Gesch\u00e4tzte Lesezeit":"1\u00a0Minute"},"schema":{"@context":"https:\/\/schema.org","@graph":[{"@type":"WebPage","@id":"https:\/\/weltlaeden.de\/linz\/geschenkgutschein-und-struenzerscheck\/","url":"https:\/\/weltlaeden.de\/linz\/geschenkgutschein-und-struenzerscheck\/","name":"Geschenkgutscheine und Str\u00fcnzerSchecks - Weltladen Linz am Rhein","isPartOf":{"@id":"https:\/\/weltlaeden.de\/linz\/#website"},"primaryImageOfPage":{"@id":"https:\/\/weltlaeden.de\/linz\/geschenkgutschein-und-struenzerscheck\/#primaryimage"},"image":{"@id":"https:\/\/weltlaeden.de\/linz\/geschenkgutschein-und-struenzerscheck\/#primaryimage"},"thumbnailUrl":"https:\/\/weltlaeden.de\/linz\/wp-content\/uploads\/sites\/204\/2024\/09\/20240916_133334-300x217.jpg","datePublished":"2024-09-16T12:37:05+00:00","dateModified":"2024-11-14T17:15:42+00:00","breadcrumb":{"@id":"https:\/\/weltlaeden.de\/linz\/geschenkgutschein-und-struenzerscheck\/#breadcrumb"},"inLanguage":"de","potentialAction":[{"@type":"ReadAction","target":["https:\/\/weltlaeden.de\/linz\/geschenkgutschein-und-struenzerscheck\/"]}]},{"@type":"ImageObject","inLanguage":"de","@id":"https:\/\/weltlaeden.de\/linz\/geschenkgutschein-und-struenzerscheck\/#primaryimage","url":"https:\/\/weltlaeden.de\/linz\/wp-content\/uploads\/sites\/204\/2024\/09\/20240916_133334.jpg","contentUrl":"https:\/\/weltlaeden.de\/linz\/wp-content\/uploads\/sites\/204\/2024\/09\/20240916_133334.jpg","width":1817,"height":1312},{"@type":"BreadcrumbList","@id":"https:\/\/weltlaeden.de\/linz\/geschenkgutschein-und-struenzerscheck\/#breadcrumb","itemListElement":[{"@type":"ListItem","position":1,"name":"Startseite","item":"https:\/\/weltlaeden.de\/linz\/"},{"@type":"ListItem","position":2,"name":"Geschenkgutscheine und Str\u00fcnzerSchecks"}]},{"@type":"WebSite","@id":"https:\/\/weltlaeden.de\/linz\/#website","url":"https:\/\/weltlaeden.de\/linz\/","name":"Weltladen Linz am Rhein","description":"Faire Produkte seit 2013","potentialAction":[{"@type":"SearchAction","target":{"@type":"EntryPoint","urlTemplate":"https:\/\/weltlaeden.de\/linz\/?s={search_term_string}"},"query-input":{"@type":"PropertyValueSpecification","valueRequired":true,"valueName":"search_term_string"}}],"inLanguage":"de"}]}},"_links":{"self":[{"href":"https:\/\/weltlaeden.de\/linz\/wp-json\/wp\/v2\/pages\/2016","targetHints":{"allow":["GET"]}}],"collection":[{"href":"https:\/\/weltlaeden.de\/linz\/wp-json\/wp\/v2\/pages"}],"about":[{"href":"https:\/\/weltlaeden.de\/linz\/wp-json\/wp\/v2\/types\/page"}],"author":[{"embeddable":true,"href":"https:\/\/weltlaeden.de\/linz\/wp-json\/wp\/v2\/users\/298"}],"replies":[{"embeddable":true,"href":"https:\/\/weltlaeden.de\/linz\/wp-json\/wp\/v2\/comments?post=2016"}],"version-history":[{"count":9,"href":"https:\/\/weltlaeden.de\/linz\/wp-json\/wp\/v2\/pages\/2016\/revisions"}],"predecessor-version":[{"id":2173,"href":"https:\/\/weltlaeden.de\/linz\/wp-json\/wp\/v2\/pages\/2016\/revisions\/2173"}],"wp:attachment":[{"href":"https:\/\/weltlaeden.de\/linz\/wp-json\/wp\/v2\/media?parent=2016"}],"curies":[{"name":"wp","href":"https:\/\/api.w.org\/{rel}","templated":true}]}}