{"id":218,"date":"2016-10-28T13:34:47","date_gmt":"2016-10-28T11:34:47","guid":{"rendered":"https:\/\/wl.heimpixel.de\/vorlage\/fairer-handel\/"},"modified":"2025-08-27T11:47:15","modified_gmt":"2025-08-27T09:47:15","slug":"fairer-handel","status":"publish","type":"page","link":"https:\/\/weltlaeden.de\/lindenberg\/fairer-handel\/","title":{"rendered":"Fairer Handel"},"content":{"rendered":"<h1>Fairer Handel &#8211; gerecht, nachhaltig, menschlich<\/h1>\n<h4><span style=\"font-family: Garamond, serif\"><span style=\"font-size: small\"><img loading=\"lazy\" decoding=\"async\" class=\"wp-image-568 alignnone\" src=\"https:\/\/weltlaeden.de\/lindenberg\/wp-content\/uploads\/sites\/162\/2021\/05\/IMG_20180820_0001-300x220.jpg\" alt=\"\" width=\"400\" height=\"293\" srcset=\"https:\/\/weltlaeden.de\/lindenberg\/wp-content\/uploads\/sites\/162\/2021\/05\/IMG_20180820_0001-300x220.jpg 300w, https:\/\/weltlaeden.de\/lindenberg\/wp-content\/uploads\/sites\/162\/2021\/05\/IMG_20180820_0001.jpg 706w\" sizes=\"auto, (max-width: 400px) 100vw, 400px\" \/><\/span><\/span><\/h4>\n<p>&nbsp;<\/p>\n<p><strong>Fairer Handel<\/strong> bedeutet: Produzent*innen in benachteiligten Regionen erhalten faire Preise, sichere Arbeitsbedingungen und langfristige Perspektiven. Damit k\u00f6nnen sie ihre Familien versorgen, in Bildung investieren und selbstbestimmt leben \u2013 ohne ausbeuterische Kinderarbeit und ohne den Zwang zur Migration.<\/p>\n<p>&nbsp;<\/p>\n<p data-renderer-start-pos=\"383\">Unsere Produkte stammen ausschlie\u00dflich von anerkannten Fairhandels-Organisationen wie <strong data-renderer-mark=\"true\">GEPA<\/strong>, <strong data-renderer-mark=\"true\">WeltPartner Ravensburg<\/strong>, <strong data-renderer-mark=\"true\">El Puente<\/strong>, <strong data-renderer-mark=\"true\">Globo<\/strong> und anderen. Sie setzen auf:<\/p>\n<ul class=\"ak-ul\" data-indent-level=\"1\">\n<li>\n<p data-renderer-start-pos=\"548\"><strong data-renderer-mark=\"true\">Faire Preise<\/strong> und langfristige Partnerschaften<\/p>\n<\/li>\n<li>\n<p data-renderer-start-pos=\"597\"><strong data-renderer-mark=\"true\">Bio-Anbau<\/strong> und hohe \u00f6kologische Standards<\/p>\n<\/li>\n<li>\n<p data-renderer-start-pos=\"641\"><strong data-renderer-mark=\"true\">Zusammenarbeit mit Werkst\u00e4tten f\u00fcr Menschen mit Behinderung<\/strong><\/p>\n<\/li>\n<li>\n<p data-renderer-start-pos=\"704\"><strong data-renderer-mark=\"true\">Transparenz<\/strong> in allen Handelsstufen<\/p>\n<\/li>\n<\/ul>\n<p>&nbsp;<\/p>\n<p data-renderer-start-pos=\"742\">Wir orientieren uns an der <strong data-renderer-mark=\"true\">Konvention der Weltl\u00e4den<\/strong>, die sich an den Prinzipien der <em data-renderer-mark=\"true\">World Fair Trade Organization<\/em> ausrichtet:<\/p>\n<ol class=\"ak-ol\" start=\"1\" data-indent-level=\"1\">\n<li>\n<p data-renderer-start-pos=\"871\">Faire Handelspraktiken<\/p>\n<\/li>\n<li>\n<p data-renderer-start-pos=\"897\">Gute Arbeitsbedingungen<\/p>\n<\/li>\n<li>\n<p data-renderer-start-pos=\"924\">Transparenz<\/p>\n<\/li>\n<li>\n<p data-renderer-start-pos=\"939\">Bildungs- und Informationsarbeit<\/p>\n<\/li>\n<li>\n<p data-renderer-start-pos=\"975\">\u00d6ffentlichkeitsarbeit<\/p>\n<\/li>\n<li>\n<p data-renderer-start-pos=\"1000\">Umweltschutz<\/p>\n<\/li>\n<li>\n<p data-renderer-start-pos=\"1016\">Erg\u00e4nzende regionale Produkte<\/p>\n<\/li>\n<\/ol>\n<p>&nbsp;<\/p>\n<p><strong data-renderer-mark=\"true\">Ihr Einkauf im Weltladen<\/strong> ist deshalb mehr als Shopping \u2013 er ist ein Beitrag zu einer gerechteren Welt.<\/p>\n<div class=\"wpb_text_column wpb_content_element \"><\/div>\n","protected":false},"excerpt":{"rendered":"<p>Fairer Handel &#8211; gerecht, nachhaltig, menschlich &nbsp; Fairer Handel bedeutet: Produzent*innen in benachteiligten Regionen erhalten faire Preise, sichere Arbeitsbedingungen und langfristige Perspektiven. Damit k\u00f6nnen sie ihre Familien versorgen, in Bildung investieren und selbstbestimmt leben \u2013 ohne ausbeuterische Kinderarbeit und ohne den Zwang zur Migration. &nbsp; Unsere Produkte stammen ausschlie\u00dflich von anerkannten Fairhandels-Organisationen wie GEPA, WeltPartner&hellip;<\/p>\n","protected":false},"author":1,"featured_media":0,"parent":0,"menu_order":2,"comment_status":"closed","ping_status":"closed","template":"","meta":{"footnotes":""},"class_list":["post-218","page","type-page","status-publish","hentry","description-off"],"yoast_head":"<!-- This site is optimized with the Yoast SEO plugin v26.8 - https:\/\/yoast.com\/product\/yoast-seo-wordpress\/ -->\n<title>Fairer Handel - Weltladen Lindenberg<\/title>\n<meta name=\"description\" content=\"Der faire Handel der Weltl\u00e4den f\u00f6rdert alternative und gerechtere Wirtschaftsstrukturen.Der h\u00f6here Preis der wertvollen Waren gew\u00e4hrleistet Menschen in benachteiligten L\u00e4ndern viele Grundrechte wie zufriedenstellende Bezahlung, langfristige Liefervertr\u00e4ge, soziale Absicherung und Bildung. So werden ausbeutende Kinderarbeit und Migration verhindert.Unsere Artikel beziehen wir von reinen Fairhandels-Unternehmen wie GEPA, WeltPartner eG Ravensburg, el puente, globo und anderen. Sie f\u00f6rdern gezielt den Bio-Anbau, achten im eigenen Unternehmen sowie bei Transporten auf hohe \u00f6kologische Standards. GEPA und WeltPartner arbeiten mit Werkst\u00e4tten f\u00fcr behinderte Menschen zusammen. Deshalb bietet der Einkauf im Weltladen ein H\u00f6chstma\u00df an Fairem Handel. Burkina Faso (Aufnahme privat)Die vom Weltladen-Dachverband beschlossene Konvention der Weltl\u00e4den respektieren wir. In ihr sind Kriterien des Fairen Handels festgelegt, die auch wir f\u00fcr grundlegend halten.Weitergehende Informationen erhalten Sie bei WeltPartner eG Ravensburg, Gepa \u2013 The Fair Trade Company, Weltladen-Dachverband und derWFTO \u2013 World-Fair-Trade-Organisation oder im Internet.\" \/>\n<meta name=\"robots\" content=\"index, follow, max-snippet:-1, max-image-preview:large, max-video-preview:-1\" \/>\n<link rel=\"canonical\" href=\"https:\/\/weltlaeden.de\/lindenberg\/fairer-handel\/\" \/>\n<meta property=\"og:locale\" content=\"de_DE\" \/>\n<meta property=\"og:type\" content=\"article\" \/>\n<meta property=\"og:title\" content=\"Fairer Handel - Weltladen Lindenberg\" \/>\n<meta property=\"og:description\" content=\"Der faire Handel der Weltl\u00e4den f\u00f6rdert alternative und gerechtere Wirtschaftsstrukturen.Der h\u00f6here Preis der wertvollen Waren gew\u00e4hrleistet Menschen in benachteiligten L\u00e4ndern viele Grundrechte wie zufriedenstellende Bezahlung, langfristige Liefervertr\u00e4ge, soziale Absicherung und Bildung. So werden ausbeutende Kinderarbeit und Migration verhindert.Unsere Artikel beziehen wir von reinen Fairhandels-Unternehmen wie GEPA, WeltPartner eG Ravensburg, el puente, globo und anderen. Sie f\u00f6rdern gezielt den Bio-Anbau, achten im eigenen Unternehmen sowie bei Transporten auf hohe \u00f6kologische Standards. GEPA und WeltPartner arbeiten mit Werkst\u00e4tten f\u00fcr behinderte Menschen zusammen. Deshalb bietet der Einkauf im Weltladen ein H\u00f6chstma\u00df an Fairem Handel. Burkina Faso (Aufnahme privat)Die vom Weltladen-Dachverband beschlossene Konvention der Weltl\u00e4den respektieren wir. In ihr sind Kriterien des Fairen Handels festgelegt, die auch wir f\u00fcr grundlegend halten.Weitergehende Informationen erhalten Sie bei WeltPartner eG Ravensburg, Gepa \u2013 The Fair Trade Company, Weltladen-Dachverband und derWFTO \u2013 World-Fair-Trade-Organisation oder im Internet.\" \/>\n<meta property=\"og:url\" content=\"https:\/\/weltlaeden.de\/lindenberg\/fairer-handel\/\" \/>\n<meta property=\"og:site_name\" content=\"Weltladen Lindenberg\" \/>\n<meta property=\"article:modified_time\" content=\"2025-08-27T09:47:15+00:00\" \/>\n<meta property=\"og:image\" content=\"https:\/\/weltlaeden.de\/lindenberg\/wp-content\/uploads\/sites\/162\/2021\/05\/IMG_20180820_0001.jpg\" \/>\n\t<meta property=\"og:image:width\" content=\"706\" \/>\n\t<meta property=\"og:image:height\" content=\"518\" \/>\n\t<meta property=\"og:image:type\" content=\"image\/jpeg\" \/>\n<meta name=\"twitter:card\" content=\"summary_large_image\" \/>\n<meta name=\"twitter:label1\" content=\"Gesch\u00e4tzte Lesezeit\" \/>\n\t<meta name=\"twitter:data1\" content=\"1\u00a0Minute\" \/>\n<script type=\"application\/ld+json\" class=\"yoast-schema-graph\">{\"@context\":\"https:\/\/schema.org\",\"@graph\":[{\"@type\":\"WebPage\",\"@id\":\"https:\/\/weltlaeden.de\/lindenberg\/fairer-handel\/\",\"url\":\"https:\/\/weltlaeden.de\/lindenberg\/fairer-handel\/\",\"name\":\"Fairer Handel - Weltladen Lindenberg\",\"isPartOf\":{\"@id\":\"https:\/\/weltlaeden.de\/lindenberg\/#website\"},\"primaryImageOfPage\":{\"@id\":\"https:\/\/weltlaeden.de\/lindenberg\/fairer-handel\/#primaryimage\"},\"image\":{\"@id\":\"https:\/\/weltlaeden.de\/lindenberg\/fairer-handel\/#primaryimage\"},\"thumbnailUrl\":\"https:\/\/weltlaeden.de\/lindenberg\/wp-content\/uploads\/sites\/162\/2021\/05\/IMG_20180820_0001-300x220.jpg\",\"datePublished\":\"2016-10-28T11:34:47+00:00\",\"dateModified\":\"2025-08-27T09:47:15+00:00\",\"description\":\"Der faire Handel der Weltl\u00e4den f\u00f6rdert alternative und gerechtere Wirtschaftsstrukturen.Der h\u00f6here Preis der wertvollen Waren gew\u00e4hrleistet Menschen in benachteiligten L\u00e4ndern viele Grundrechte wie zufriedenstellende Bezahlung, langfristige Liefervertr\u00e4ge, soziale Absicherung und Bildung. So werden ausbeutende Kinderarbeit und Migration verhindert.Unsere Artikel beziehen wir von reinen Fairhandels-Unternehmen wie GEPA, WeltPartner eG Ravensburg, el puente, globo und anderen. Sie f\u00f6rdern gezielt den Bio-Anbau, achten im eigenen Unternehmen sowie bei Transporten auf hohe \u00f6kologische Standards. GEPA und WeltPartner arbeiten mit Werkst\u00e4tten f\u00fcr behinderte Menschen zusammen. Deshalb bietet der Einkauf im Weltladen ein H\u00f6chstma\u00df an Fairem Handel. Burkina Faso (Aufnahme privat)Die vom Weltladen-Dachverband beschlossene Konvention der Weltl\u00e4den respektieren wir. In ihr sind Kriterien des Fairen Handels festgelegt, die auch wir f\u00fcr grundlegend halten.Weitergehende Informationen erhalten Sie bei WeltPartner eG Ravensburg, Gepa \u2013 The Fair Trade Company, Weltladen-Dachverband und derWFTO \u2013 World-Fair-Trade-Organisation oder im Internet.\",\"breadcrumb\":{\"@id\":\"https:\/\/weltlaeden.de\/lindenberg\/fairer-handel\/#breadcrumb\"},\"inLanguage\":\"de\",\"potentialAction\":[{\"@type\":\"ReadAction\",\"target\":[\"https:\/\/weltlaeden.de\/lindenberg\/fairer-handel\/\"]}]},{\"@type\":\"ImageObject\",\"inLanguage\":\"de\",\"@id\":\"https:\/\/weltlaeden.de\/lindenberg\/fairer-handel\/#primaryimage\",\"url\":\"https:\/\/weltlaeden.de\/lindenberg\/wp-content\/uploads\/sites\/162\/2021\/05\/IMG_20180820_0001.jpg\",\"contentUrl\":\"https:\/\/weltlaeden.de\/lindenberg\/wp-content\/uploads\/sites\/162\/2021\/05\/IMG_20180820_0001.jpg\",\"width\":706,\"height\":518},{\"@type\":\"BreadcrumbList\",\"@id\":\"https:\/\/weltlaeden.de\/lindenberg\/fairer-handel\/#breadcrumb\",\"itemListElement\":[{\"@type\":\"ListItem\",\"position\":1,\"name\":\"Startseite\",\"item\":\"https:\/\/weltlaeden.de\/lindenberg\/\"},{\"@type\":\"ListItem\",\"position\":2,\"name\":\"Fairer Handel\"}]},{\"@type\":\"WebSite\",\"@id\":\"https:\/\/weltlaeden.de\/lindenberg\/#website\",\"url\":\"https:\/\/weltlaeden.de\/lindenberg\/\",\"name\":\"Weltladen Lindenberg\",\"description\":\"Fair gehandelte Produkte seit 1990\",\"potentialAction\":[{\"@type\":\"SearchAction\",\"target\":{\"@type\":\"EntryPoint\",\"urlTemplate\":\"https:\/\/weltlaeden.de\/lindenberg\/?s={search_term_string}\"},\"query-input\":{\"@type\":\"PropertyValueSpecification\",\"valueRequired\":true,\"valueName\":\"search_term_string\"}}],\"inLanguage\":\"de\"}]}<\/script>\n<!-- \/ Yoast SEO plugin. -->","yoast_head_json":{"title":"Fairer Handel - Weltladen Lindenberg","description":"Der faire Handel der Weltl\u00e4den f\u00f6rdert alternative und gerechtere Wirtschaftsstrukturen.Der h\u00f6here Preis der wertvollen Waren gew\u00e4hrleistet Menschen in benachteiligten L\u00e4ndern viele Grundrechte wie zufriedenstellende Bezahlung, langfristige Liefervertr\u00e4ge, soziale Absicherung und Bildung. So werden ausbeutende Kinderarbeit und Migration verhindert.Unsere Artikel beziehen wir von reinen Fairhandels-Unternehmen wie GEPA, WeltPartner eG Ravensburg, el puente, globo und anderen. Sie f\u00f6rdern gezielt den Bio-Anbau, achten im eigenen Unternehmen sowie bei Transporten auf hohe \u00f6kologische Standards. GEPA und WeltPartner arbeiten mit Werkst\u00e4tten f\u00fcr behinderte Menschen zusammen. Deshalb bietet der Einkauf im Weltladen ein H\u00f6chstma\u00df an Fairem Handel. Burkina Faso (Aufnahme privat)Die vom Weltladen-Dachverband beschlossene Konvention der Weltl\u00e4den respektieren wir. In ihr sind Kriterien des Fairen Handels festgelegt, die auch wir f\u00fcr grundlegend halten.Weitergehende Informationen erhalten Sie bei WeltPartner eG Ravensburg, Gepa \u2013 The Fair Trade Company, Weltladen-Dachverband und derWFTO \u2013 World-Fair-Trade-Organisation oder im Internet.","robots":{"index":"index","follow":"follow","max-snippet":"max-snippet:-1","max-image-preview":"max-image-preview:large","max-video-preview":"max-video-preview:-1"},"canonical":"https:\/\/weltlaeden.de\/lindenberg\/fairer-handel\/","og_locale":"de_DE","og_type":"article","og_title":"Fairer Handel - Weltladen Lindenberg","og_description":"Der faire Handel der Weltl\u00e4den f\u00f6rdert alternative und gerechtere Wirtschaftsstrukturen.Der h\u00f6here Preis der wertvollen Waren gew\u00e4hrleistet Menschen in benachteiligten L\u00e4ndern viele Grundrechte wie zufriedenstellende Bezahlung, langfristige Liefervertr\u00e4ge, soziale Absicherung und Bildung. So werden ausbeutende Kinderarbeit und Migration verhindert.Unsere Artikel beziehen wir von reinen Fairhandels-Unternehmen wie GEPA, WeltPartner eG Ravensburg, el puente, globo und anderen. Sie f\u00f6rdern gezielt den Bio-Anbau, achten im eigenen Unternehmen sowie bei Transporten auf hohe \u00f6kologische Standards. GEPA und WeltPartner arbeiten mit Werkst\u00e4tten f\u00fcr behinderte Menschen zusammen. Deshalb bietet der Einkauf im Weltladen ein H\u00f6chstma\u00df an Fairem Handel. Burkina Faso (Aufnahme privat)Die vom Weltladen-Dachverband beschlossene Konvention der Weltl\u00e4den respektieren wir. In ihr sind Kriterien des Fairen Handels festgelegt, die auch wir f\u00fcr grundlegend halten.Weitergehende Informationen erhalten Sie bei WeltPartner eG Ravensburg, Gepa \u2013 The Fair Trade Company, Weltladen-Dachverband und derWFTO \u2013 World-Fair-Trade-Organisation oder im Internet.","og_url":"https:\/\/weltlaeden.de\/lindenberg\/fairer-handel\/","og_site_name":"Weltladen Lindenberg","article_modified_time":"2025-08-27T09:47:15+00:00","og_image":[{"width":706,"height":518,"url":"https:\/\/weltlaeden.de\/lindenberg\/wp-content\/uploads\/sites\/162\/2021\/05\/IMG_20180820_0001.jpg","type":"image\/jpeg"}],"twitter_card":"summary_large_image","twitter_misc":{"Gesch\u00e4tzte Lesezeit":"1\u00a0Minute"},"schema":{"@context":"https:\/\/schema.org","@graph":[{"@type":"WebPage","@id":"https:\/\/weltlaeden.de\/lindenberg\/fairer-handel\/","url":"https:\/\/weltlaeden.de\/lindenberg\/fairer-handel\/","name":"Fairer Handel - Weltladen Lindenberg","isPartOf":{"@id":"https:\/\/weltlaeden.de\/lindenberg\/#website"},"primaryImageOfPage":{"@id":"https:\/\/weltlaeden.de\/lindenberg\/fairer-handel\/#primaryimage"},"image":{"@id":"https:\/\/weltlaeden.de\/lindenberg\/fairer-handel\/#primaryimage"},"thumbnailUrl":"https:\/\/weltlaeden.de\/lindenberg\/wp-content\/uploads\/sites\/162\/2021\/05\/IMG_20180820_0001-300x220.jpg","datePublished":"2016-10-28T11:34:47+00:00","dateModified":"2025-08-27T09:47:15+00:00","description":"Der faire Handel der Weltl\u00e4den f\u00f6rdert alternative und gerechtere Wirtschaftsstrukturen.Der h\u00f6here Preis der wertvollen Waren gew\u00e4hrleistet Menschen in benachteiligten L\u00e4ndern viele Grundrechte wie zufriedenstellende Bezahlung, langfristige Liefervertr\u00e4ge, soziale Absicherung und Bildung. So werden ausbeutende Kinderarbeit und Migration verhindert.Unsere Artikel beziehen wir von reinen Fairhandels-Unternehmen wie GEPA, WeltPartner eG Ravensburg, el puente, globo und anderen. Sie f\u00f6rdern gezielt den Bio-Anbau, achten im eigenen Unternehmen sowie bei Transporten auf hohe \u00f6kologische Standards. GEPA und WeltPartner arbeiten mit Werkst\u00e4tten f\u00fcr behinderte Menschen zusammen. Deshalb bietet der Einkauf im Weltladen ein H\u00f6chstma\u00df an Fairem Handel. Burkina Faso (Aufnahme privat)Die vom Weltladen-Dachverband beschlossene Konvention der Weltl\u00e4den respektieren wir. In ihr sind Kriterien des Fairen Handels festgelegt, die auch wir f\u00fcr grundlegend halten.Weitergehende Informationen erhalten Sie bei WeltPartner eG Ravensburg, Gepa \u2013 The Fair Trade Company, Weltladen-Dachverband und derWFTO \u2013 World-Fair-Trade-Organisation oder im Internet.","breadcrumb":{"@id":"https:\/\/weltlaeden.de\/lindenberg\/fairer-handel\/#breadcrumb"},"inLanguage":"de","potentialAction":[{"@type":"ReadAction","target":["https:\/\/weltlaeden.de\/lindenberg\/fairer-handel\/"]}]},{"@type":"ImageObject","inLanguage":"de","@id":"https:\/\/weltlaeden.de\/lindenberg\/fairer-handel\/#primaryimage","url":"https:\/\/weltlaeden.de\/lindenberg\/wp-content\/uploads\/sites\/162\/2021\/05\/IMG_20180820_0001.jpg","contentUrl":"https:\/\/weltlaeden.de\/lindenberg\/wp-content\/uploads\/sites\/162\/2021\/05\/IMG_20180820_0001.jpg","width":706,"height":518},{"@type":"BreadcrumbList","@id":"https:\/\/weltlaeden.de\/lindenberg\/fairer-handel\/#breadcrumb","itemListElement":[{"@type":"ListItem","position":1,"name":"Startseite","item":"https:\/\/weltlaeden.de\/lindenberg\/"},{"@type":"ListItem","position":2,"name":"Fairer Handel"}]},{"@type":"WebSite","@id":"https:\/\/weltlaeden.de\/lindenberg\/#website","url":"https:\/\/weltlaeden.de\/lindenberg\/","name":"Weltladen Lindenberg","description":"Fair gehandelte Produkte seit 1990","potentialAction":[{"@type":"SearchAction","target":{"@type":"EntryPoint","urlTemplate":"https:\/\/weltlaeden.de\/lindenberg\/?s={search_term_string}"},"query-input":{"@type":"PropertyValueSpecification","valueRequired":true,"valueName":"search_term_string"}}],"inLanguage":"de"}]}},"_links":{"self":[{"href":"https:\/\/weltlaeden.de\/lindenberg\/wp-json\/wp\/v2\/pages\/218","targetHints":{"allow":["GET"]}}],"collection":[{"href":"https:\/\/weltlaeden.de\/lindenberg\/wp-json\/wp\/v2\/pages"}],"about":[{"href":"https:\/\/weltlaeden.de\/lindenberg\/wp-json\/wp\/v2\/types\/page"}],"author":[{"embeddable":true,"href":"https:\/\/weltlaeden.de\/lindenberg\/wp-json\/wp\/v2\/users\/1"}],"replies":[{"embeddable":true,"href":"https:\/\/weltlaeden.de\/lindenberg\/wp-json\/wp\/v2\/comments?post=218"}],"version-history":[{"count":33,"href":"https:\/\/weltlaeden.de\/lindenberg\/wp-json\/wp\/v2\/pages\/218\/revisions"}],"predecessor-version":[{"id":671,"href":"https:\/\/weltlaeden.de\/lindenberg\/wp-json\/wp\/v2\/pages\/218\/revisions\/671"}],"wp:attachment":[{"href":"https:\/\/weltlaeden.de\/lindenberg\/wp-json\/wp\/v2\/media?parent=218"}],"curies":[{"name":"wp","href":"https:\/\/api.w.org\/{rel}","templated":true}]}}