{"version":"1.0","provider_name":"Weltladen Langen","provider_url":"https:\/\/weltlaeden.de\/langen","title":"Langener Weihnachtsmarkt - Weltladen Langen","type":"rich","width":600,"height":338,"html":"<blockquote class=\"wp-embedded-content\" data-secret=\"DLCfXp9Clx\"><a href=\"https:\/\/weltlaeden.de\/langen\/termin\/langener-weihnachtsmarkt-2\/\">Langener Weihnachtsmarkt<\/a><\/blockquote><iframe sandbox=\"allow-scripts\" security=\"restricted\" src=\"https:\/\/weltlaeden.de\/langen\/termin\/langener-weihnachtsmarkt-2\/embed\/#?secret=DLCfXp9Clx\" width=\"600\" height=\"338\" title=\"&#8222;Langener Weihnachtsmarkt&#8220; &#8211; Weltladen Langen\" data-secret=\"DLCfXp9Clx\" frameborder=\"0\" marginwidth=\"0\" marginheight=\"0\" scrolling=\"no\" class=\"wp-embedded-content\"><\/iframe><script>\n\/*! This file is auto-generated *\/\n!function(d,l){\"use strict\";l.querySelector&&d.addEventListener&&\"undefined\"!=typeof URL&&(d.wp=d.wp||{},d.wp.receiveEmbedMessage||(d.wp.receiveEmbedMessage=function(e){var t=e.data;if((t||t.secret||t.message||t.value)&&!\/[^a-zA-Z0-9]\/.test(t.secret)){for(var s,r,n,a=l.querySelectorAll('iframe[data-secret=\"'+t.secret+'\"]'),o=l.querySelectorAll('blockquote[data-secret=\"'+t.secret+'\"]'),c=new RegExp(\"^https?:$\",\"i\"),i=0;i<o.length;i++)o[i].style.display=\"none\";for(i=0;i<a.length;i++)s=a[i],e.source===s.contentWindow&&(s.removeAttribute(\"style\"),\"height\"===t.message?(1e3<(r=parseInt(t.value,10))?r=1e3:~~r<200&&(r=200),s.height=r):\"link\"===t.message&&(r=new URL(s.getAttribute(\"src\")),n=new URL(t.value),c.test(n.protocol))&&n.host===r.host&&l.activeElement===s&&(d.top.location.href=t.value))}},d.addEventListener(\"message\",d.wp.receiveEmbedMessage,!1),l.addEventListener(\"DOMContentLoaded\",function(){for(var e,t,s=l.querySelectorAll(\"iframe.wp-embedded-content\"),r=0;r<s.length;r++)(t=(e=s[r]).getAttribute(\"data-secret\"))||(t=Math.random().toString(36).substring(2,12),e.src+=\"#?secret=\"+t,e.setAttribute(\"data-secret\",t)),e.contentWindow.postMessage({message:\"ready\",secret:t},\"*\")},!1)))}(window,document);\n<\/script>\n","description":"Vorfreude, sch\u00f6nste Freude&#8230; Auch in diesem Jahr freut sich das Team des Weltladen Langen darauf, Ihnen in festliche Atmosph\u00e4re auf dem Langener Weihnachtsmarkt kleine und etwas gr\u00f6\u00dfere, fair gehandelte Geschenke zum Erwerb anbieten zu k\u00f6nnen. Besuchen Sie uns dort am Freitag (28.11.) von 17 bis 21 Uhr, Samstag (29.11.) von 15 bis 21 Uhr und&hellip;","thumbnail_url":"https:\/\/weltlaeden.de\/langen\/wp-content\/uploads\/sites\/50\/2024\/11\/P1090808a_150x150px.jpg","thumbnail_width":150,"thumbnail_height":150}

Vorfreude, schönste Freude&#8230; Auch in diesem Jahr freut sich das Team des Weltladen Langen darauf, Ihnen in festliche Atmosphäre auf dem Langener Weihnachtsmarkt kleine und etwas größere, fair gehandelte Geschenke zum Erwerb anbieten zu können. Besuchen Sie uns dort am Freitag (28.11.) von 17 bis 21 Uhr, Samstag (29.11.) von 15 bis 21 Uhr und&hellip;
