{"version":"1.0","provider_name":"Weltladen Langen","provider_url":"https:\/\/weltlaeden.de\/langen","title":"Denk mal! - Weltladen Langen","type":"rich","width":600,"height":338,"html":"<blockquote class=\"wp-embedded-content\" data-secret=\"un179rlMde\"><a href=\"https:\/\/weltlaeden.de\/langen\/denk-mal\/\">Denk mal!<\/a><\/blockquote><iframe sandbox=\"allow-scripts\" security=\"restricted\" src=\"https:\/\/weltlaeden.de\/langen\/denk-mal\/embed\/#?secret=un179rlMde\" width=\"600\" height=\"338\" title=\"&#8222;Denk mal!&#8220; &#8211; Weltladen Langen\" data-secret=\"un179rlMde\" frameborder=\"0\" marginwidth=\"0\" marginheight=\"0\" scrolling=\"no\" class=\"wp-embedded-content\"><\/iframe><script>\n\/*! This file is auto-generated *\/\n!function(d,l){\"use strict\";l.querySelector&&d.addEventListener&&\"undefined\"!=typeof URL&&(d.wp=d.wp||{},d.wp.receiveEmbedMessage||(d.wp.receiveEmbedMessage=function(e){var t=e.data;if((t||t.secret||t.message||t.value)&&!\/[^a-zA-Z0-9]\/.test(t.secret)){for(var s,r,n,a=l.querySelectorAll('iframe[data-secret=\"'+t.secret+'\"]'),o=l.querySelectorAll('blockquote[data-secret=\"'+t.secret+'\"]'),c=new RegExp(\"^https?:$\",\"i\"),i=0;i<o.length;i++)o[i].style.display=\"none\";for(i=0;i<a.length;i++)s=a[i],e.source===s.contentWindow&&(s.removeAttribute(\"style\"),\"height\"===t.message?(1e3<(r=parseInt(t.value,10))?r=1e3:~~r<200&&(r=200),s.height=r):\"link\"===t.message&&(r=new URL(s.getAttribute(\"src\")),n=new URL(t.value),c.test(n.protocol))&&n.host===r.host&&l.activeElement===s&&(d.top.location.href=t.value))}},d.addEventListener(\"message\",d.wp.receiveEmbedMessage,!1),l.addEventListener(\"DOMContentLoaded\",function(){for(var e,t,s=l.querySelectorAll(\"iframe.wp-embedded-content\"),r=0;r<s.length;r++)(t=(e=s[r]).getAttribute(\"data-secret\"))||(t=Math.random().toString(36).substring(2,12),e.src+=\"#?secret=\"+t,e.setAttribute(\"data-secret\",t)),e.contentWindow.postMessage({message:\"ready\",secret:t},\"*\")},!1)))}(window,document);\n<\/script>\n","description":"[vc_row][vc_column][vc_empty_space][vc_column_text css=&#8220;&#8220;] Denk mal! Langen gegen die Gleichg\u00fcltigkeit [\/vc_column_text][\/vc_column][\/vc_row][vc_row][vc_column width=&#8220;1\/2&#8243;][\/vc_column][vc_column width=&#8220;1\/2&#8243;][\/vc_column][\/vc_row][vc_row][vc_column][vc_column_text css=&#8220;&#8220;][\/vc_column_text][vc_empty_space][vc_column_text css=&#8220;&#8220;]Liebe BesucherIn dieser Seite, herzlich Willkommen, sch\u00f6n dass Sie hier sind! &nbsp; der Weltladen Langen hat mit Unterst\u00fctzung der Partnerschaft f\u00fcr Demokratie \u201eVielfalt in Langen\u201c im Rahmen des Bundesprogramms \u201eDemokratie leben!\u201c das Projekt \u201eDenkmal gegen die Gleichg\u00fcltigkeit\u201c ins Leben gerufen. Das Denkmal soll&hellip;","thumbnail_url":"https:\/\/weltlaeden.de\/langen\/wp-content\/uploads\/sites\/50\/2023\/11\/Denkmal-gdG-Flyer-S1a-190x300.jpg"}

[vc_row][vc_column][vc_empty_space][vc_column_text css=&#8220;&#8220;] Denk mal! Langen gegen die Gleichgültigkeit [/vc_column_text][/vc_column][/vc_row][vc_row][vc_column width=&#8220;1/2&#8243;][/vc_column][vc_column width=&#8220;1/2&#8243;][/vc_column][/vc_row][vc_row][vc_column][vc_column_text css=&#8220;&#8220;][/vc_column_text][vc_empty_space][vc_column_text css=&#8220;&#8220;]Liebe BesucherIn dieser Seite, herzlich Willkommen, schön dass Sie hier sind! &nbsp; der Weltladen Langen hat mit Unterstützung der Partnerschaft für Demokratie „Vielfalt in Langen“ im Rahmen des Bundesprogramms „Demokratie leben!“ das Projekt „Denkmal gegen die Gleichgültigkeit“ ins Leben gerufen. Das Denkmal soll&hellip;
