{"version":"1.0","provider_name":"Weltladen Landsberg","provider_url":"https:\/\/weltlaeden.de\/landsberg","title":"Workshop Flucht und Asyl - Weltladen Landsberg","type":"rich","width":600,"height":338,"html":"<blockquote class=\"wp-embedded-content\" data-secret=\"k9Fb9uzcGd\"><a href=\"https:\/\/weltlaeden.de\/landsberg\/workshop-flucht-und-asyl\/\">Workshop Flucht und Asyl<\/a><\/blockquote><iframe sandbox=\"allow-scripts\" security=\"restricted\" src=\"https:\/\/weltlaeden.de\/landsberg\/workshop-flucht-und-asyl\/embed\/#?secret=k9Fb9uzcGd\" width=\"600\" height=\"338\" title=\"&#8222;Workshop Flucht und Asyl&#8220; &#8211; Weltladen Landsberg\" data-secret=\"k9Fb9uzcGd\" frameborder=\"0\" marginwidth=\"0\" marginheight=\"0\" scrolling=\"no\" class=\"wp-embedded-content\"><\/iframe><script>\n\/*! This file is auto-generated *\/\n!function(d,l){\"use strict\";l.querySelector&&d.addEventListener&&\"undefined\"!=typeof URL&&(d.wp=d.wp||{},d.wp.receiveEmbedMessage||(d.wp.receiveEmbedMessage=function(e){var t=e.data;if((t||t.secret||t.message||t.value)&&!\/[^a-zA-Z0-9]\/.test(t.secret)){for(var s,r,n,a=l.querySelectorAll('iframe[data-secret=\"'+t.secret+'\"]'),o=l.querySelectorAll('blockquote[data-secret=\"'+t.secret+'\"]'),c=new RegExp(\"^https?:$\",\"i\"),i=0;i<o.length;i++)o[i].style.display=\"none\";for(i=0;i<a.length;i++)s=a[i],e.source===s.contentWindow&&(s.removeAttribute(\"style\"),\"height\"===t.message?(1e3<(r=parseInt(t.value,10))?r=1e3:~~r<200&&(r=200),s.height=r):\"link\"===t.message&&(r=new URL(s.getAttribute(\"src\")),n=new URL(t.value),c.test(n.protocol))&&n.host===r.host&&l.activeElement===s&&(d.top.location.href=t.value))}},d.addEventListener(\"message\",d.wp.receiveEmbedMessage,!1),l.addEventListener(\"DOMContentLoaded\",function(){for(var e,t,s=l.querySelectorAll(\"iframe.wp-embedded-content\"),r=0;r<s.length;r++)(t=(e=s[r]).getAttribute(\"data-secret\"))||(t=Math.random().toString(36).substring(2,12),e.src+=\"#?secret=\"+t,e.setAttribute(\"data-secret\",t)),e.contentWindow.postMessage({message:\"ready\",secret:t},\"*\")},!1)))}(window,document);\n<\/script>\n","description":"Workshop zum Thema Flucht und Asyl am 12. Oktober 2018 Weltweit nimmt die Zahl von Menschen zu, die auf der Flucht vor Kriegen, Verfolgung, Diskriminierung und Zerst\u00f6rung ihrer Lebensgrundlagen sind. Europa reagiert mit einem versch\u00e4rften Grenzregime, dem Ausbau der \u201eFestung Europa\u201c. Mediale Berichterstattung bedient oft eher \u00c4ngste und Vorurteile. Aber auch die Hilfsbereitschaft gegen\u00fcber Fl\u00fcchtlingen&hellip;"}

Workshop zum Thema Flucht und Asyl am 12. Oktober 2018 Weltweit nimmt die Zahl von Menschen zu, die auf der Flucht vor Kriegen, Verfolgung, Diskriminierung und Zerstörung ihrer Lebensgrundlagen sind. Europa reagiert mit einem verschärften Grenzregime, dem Ausbau der „Festung Europa“. Mediale Berichterstattung bedient oft eher Ängste und Vorurteile. Aber auch die Hilfsbereitschaft gegenüber Flüchtlingen&hellip;
