{"id":23,"date":"2016-10-14T09:05:21","date_gmt":"2016-10-14T07:05:21","guid":{"rendered":"https:\/\/wl.heimpixel.de\/vorlage\/termine\/"},"modified":"2024-10-14T18:03:33","modified_gmt":"2024-10-14T16:03:33","slug":"termine","status":"publish","type":"page","link":"https:\/\/weltlaeden.de\/lampertheim\/termine\/","title":{"rendered":"Termine"},"content":{"rendered":"<div class=\"wpb-content-wrapper\"><p>[vc_row][vc_column]<div class=\"wl_einzelbild\"><p><img loading=\"lazy\" decoding=\"async\" class=\"aligncenter size-full wp-image-nsm-3-33\" src=\"https:\/\/weltlaeden.de\/lampertheim\/wp-content\/uploads\/sites\/3\/2018\/07\/pocket-watch-1637396_1920_pixabay.png\" alt=\"\" width=\"787\" height=\"340\" \/><\/p><\/div>[vc_empty_space height=&#8220;30px&#8220;][vc_column_text]<\/p>\n<h1>Termine<\/h1>\n<h4><\/h4>\n<p>[\/vc_column_text][vc_empty_space height=&#8220;30px&#8220;][\/vc_column][\/vc_row][vc_row][vc_column width=&#8220;2\/3&#8243;][vc_column_text]<\/p>\n<h2>Kommende Termine<\/h2>\n<p>[\/vc_column_text]<ul class=\"termine-page current aktuell\">[vc_empty_space height=&#8220;30px&#8220;][vc_column_text]<\/p>\n<h2>Vergangene Termine<\/h2>\n<p>[\/vc_column_text]<ul class=\"termine-page past vergangen\"><li><h5 class=\"termine-titel\"><a href=\"https:\/\/weltlaeden.de\/lampertheim\/termin\/walk-talk-der-fairen-schokolade-auf-der-spur\/\">Walk &amp; Talk &#8222;Der fairen Schokolade auf der Spur&#8220;<\/a><\/h5><p class=\"termine-date\">Sa., 20.09.2025, 11:00 bis 20.09.2025, 13:00<\/p><p class=\"termine-auszug\"><p class=termine-ort\"><small>Ort: <i>Weltladen Lampertheim<\/i><\/small><\/p><\/li><li><h5 class=\"termine-titel\"><a href=\"https:\/\/weltlaeden.de\/lampertheim\/termin\/fuenf-jahre-gibt-es-uns-schon-ein-grund-zum-feiern\/\">F\u00fcnf Jahre gibt es uns schon! &#8211; Ein Grund zum Feiern!<\/a><\/h5><p class=\"termine-date\">Sa., 19.10.2024, 10:30<\/p><p class=\"termine-auszug\"><strong>F\u00fcnf Jahre gibt es den Weltladen in Lampertheim schon, das ist ein Grund zum Feiern!<\/strong> Wann? Samstag 19.10.2024 ab 10:30 Uhr <strong>Programm:<\/strong> 10:30 Uhr Empfang des B\u00fcrgermeisters Fair Trade Stadt Lampertheim ab 11 Uhr Kaffeeverkostung und weitere \u00dcberraschungen <strong>Alle sind herzlich eingeladen!<\/strong> <strong>Wir freuen uns mit Euch\/Ihnen zu feiern!<\/strong> <strong>Eine Welt Lampertheim e.V.<\/strong><\/li><li><h5 class=\"termine-titel\"><a href=\"https:\/\/weltlaeden.de\/lampertheim\/termin\/weltladentag\/\">Weltladentag &#8211; Thema: F\u00fcr Klimasch\u00e4den Verantwortung \u00fcbernehmen<\/a><\/h5><p class=\"termine-date\">Sa., 11.05.2024, 09:00<\/p><p class=\"termine-auszug\"><a href=\"https:\/\/www.weltladen.de\/politik-veraendern\/aktuelle-kampagne\/\"><\/a>Thema dieses Jahr: F\u00fcr Klimasch\u00e4den Verantwortung \u00fcbernehmen. Von 09:00-13:00. &nbsp; An diesem Tag ist auch wieder das Kaffeemobil der Lukasgemeinde dabei. Es sind fair gehandelte Kaffeespezialit\u00e4ten im Ausschank. Ebenso werden vegan K\u00f6stlichkeiten von plants.food.minds aus Lampertheim angeboten. Wir freuen uns darauf! &nbsp; Weitere Infos finden Sie <a href=\"https:\/\/www.weltladen.de\/politik-veraendern\/aktuelle-kampagne\/\" target=\"_blank\" rel=\"noopener\">hier<\/a><p class=termine-ort\"><small>Ort: <i>Weltladen Lampertheim Kaiserstra\u00dfe 17 68623 Lampertheim<\/i><\/small><\/p><\/li><li><h5 class=\"termine-titel\"><a href=\"https:\/\/weltlaeden.de\/lampertheim\/termin\/internationaler-frauentag\/\">Internationaler Frauentag<\/a><\/h5><p class=\"termine-date\">Fr., 08.03.2024<\/p><p class=\"termine-auszug\"><\/li><li><h5 class=\"termine-titel\"><a href=\"https:\/\/weltlaeden.de\/lampertheim\/termin\/weltgebetstag-der-frauen\/\">Weltgebetstag der Frauen<\/a><\/h5><p class=\"termine-date\">Fr., 01.03.2024, 19:00<\/p><p class=\"termine-auszug\">Thema: Pal\u00e4stina Wir sind mit einem kleinen Stand fairer Produkte aus Pal\u00e4stina in der Martin Luther Kirche vertreten.<p class=termine-ort\"><small>Ort: <i>Martin Luther Kirche Lampertheim<\/i><\/small><\/p><\/li><li><h5 class=\"termine-titel\"><a href=\"https:\/\/weltlaeden.de\/lampertheim\/termin\/made-in-bangladesh\/\">Made in Bangladesh<\/a><\/h5><p class=\"termine-date\">Mi., 08.03.2023, 18:00<\/p><p class=\"termine-auszug\">Film und Diskussion anl\u00e4sslich des Weltfrauentags. <a href=\"https:\/\/weltlaeden.de\/lampertheim\/wp-content\/uploads\/sites\/87\/2023\/03\/Flyer-Weltladen-Ru_ckseite-Neu.jpg\"><\/a> <a href=\"https:\/\/weltlaeden.de\/lampertheim\/wp-content\/uploads\/sites\/87\/2023\/03\/Flyer-Weltladen-Vorderseite-Neu.jpg\"><\/a><p class=termine-ort\"><small>Ort: <i>R\u00f6merstra\u00dfe 94, 68623 Lampertheim<\/i><\/small><\/p><\/li><li><h5 class=\"termine-titel\"><a href=\"https:\/\/weltlaeden.de\/lampertheim\/termin\/candlelight-shopping\/\">Candlelight-Shopping<\/a><\/h5><p class=\"termine-date\">Fr., 16.12.2022, 18:00<\/p><p class=\"termine-auszug\">Wir machen mit beim Candlelight-Shopping am 16.12.22 von 18-23 Uhr und freuen uns auf Ihren Besuch! Neben unserem Sortiment bieten wir Ihnen hei\u00dfe Schokolade und leckeren Punsch an. <a href=\"https:\/\/www.stadtmarketing-lampertheim.de\/stadtmarketing\/events\/Candlelight-Shopping.php\" target=\"_blank\" rel=\"noopener\">Candlelight-Shopping 2022 <\/a><\/li><li><h5 class=\"termine-titel\"><a href=\"https:\/\/weltlaeden.de\/lampertheim\/termin\/bundesweiter-weltladentag\/\">Bundesweiter Weltladentag<\/a><\/h5><p class=\"termine-date\">Sa., 14.05.2022<\/p><p class=\"termine-auszug\"><strong>Weltladen Lampertheim<\/strong> <strong>fordert gerechte Preise <\/strong> <strong>Bundesweiter Weltladentag unter dem Motto \u201eM\u00c4CHTIG unfair\u201c <\/strong> <strong>Zum Weltladentag am 14. Mai fordern hunderte Weltl\u00e4den bundesweit, dass die Gewinne entlang globaler Lieferketten gerechter verteilt werden m\u00fcssen. Unter dem Motto \u201eM\u00c4CHTIG unfair\u201c zeigen sie die negativen Auswirkungen niedriger Erzeuger*innen-Preise auf. Auch der Weltladen Lampertheim beteiligt sich mit einer Aktion an der bundesweiten Kampagne des Weltladen-Dachverbandes.<\/strong> <strong>Lampertheim<\/strong> Warum sind ein Box-Handschuh, eine Saftpresse und eine Kaffeem\u00fchle ausgestellt? Zu dieser kuriosen Ausstellung l\u00e4dt der Weltladen Lampertheim anl\u00e4sslich des Weltladentags am Samstag, den 14. Mai 22 von 9-12 Uhr in der Kaiserstrasse ein. Anhand verschiedener Alltagsgegenst\u00e4nde machen Weltl\u00e4den in ganz Deutschland unter dem Motto \u201eM\u00c4CHTIG unfair\u201c darauf aufmerksam, dass viele Produzent*innen weltweit kein existenzsicherndes Einkommen aus dem Handel mit ihren Produkten erzielen. \u201eOft decken die Preise, die die Produzent*innen f\u00fcr Kaffee, Kakao, Bananen oder Milch erhalten, nicht einmal die Produktionskosten,\u201c erl\u00e4utert Rita L\u00fcling vom Verein \u201eEine Welt [...] <a href=\"https:\/\/weltlaeden.de\/lampertheim\/termin\/bundesweiter-weltladentag\/\"><small>[WEITERLESEN]<\/small><\/a><\/p><\/li><li><h5 class=\"termine-titel\"><a href=\"https:\/\/weltlaeden.de\/lampertheim\/termin\/muttertag-verkaufsoffener-nachmittag\/\">Muttertag &#8211; Verkaufsoffener Nachmittag<\/a><\/h5><p class=\"termine-date\">So., 08.05.2022, 13:00<\/p><p class=\"termine-auszug\"><\/li><li><h5 class=\"termine-titel\"><a href=\"https:\/\/weltlaeden.de\/lampertheim\/termin\/kerwe-sonntag-geoeffnet\/\">Kerwe Sonntag ge\u00f6ffnet<\/a><\/h5><p class=\"termine-date\">So., 13.09.2020, 13:00 bis 13.09.2020, 18:00<\/p><p class=\"termine-auszug\">Am Kerwe Sonntag \u00f6ffnen wir ab 13 Uhr den Weltladen. Im Au\u00dfenbereich gibt es verschiedene Kaffeesorten, Espresso und hausgemachten Kuchen. Nat\u00fcrlich unter Einhaltung der notwendigen Corona-Bedingungen.<\/li><li><h5 class=\"termine-titel\"><a href=\"https:\/\/weltlaeden.de\/lampertheim\/termin\/weihnachtsmarkt-lampertheim-2019-2\/\">Weihnachtsmarkt Lampertheim 2019<\/a><\/h5><p class=\"termine-date\">Fr., 06.12.2019 bis 08.12.2019<\/p><p class=\"termine-auszug\"><\/li><li><h5 class=\"termine-titel\"><a href=\"https:\/\/weltlaeden.de\/lampertheim\/termin\/weihnachtsmarkt-lampertheim-2019\/\">Weihnachtsmarkt Lampertheim 2019<\/a><\/h5><p class=\"termine-date\">Fr., 29.11.2019 bis 01.12.2019<\/p><p class=\"termine-auszug\"><\/li><li><h5 class=\"termine-titel\"><a href=\"https:\/\/weltlaeden.de\/lampertheim\/termin\/allerheiligen-durchgehend-geoeffnet\/\">Allerheiligen 2019 durchgehend ge\u00f6ffnet<\/a><\/h5><p class=\"termine-date\">Fr., 01.11.2019, 09:30<\/p><p class=\"termine-auszug\">Am 01. November 2019 haben wir durchgehend ge\u00f6ffnet von 09:30-18:00. Wir freuen uns auf euch!<\/li><li><h5 class=\"termine-titel\"><a href=\"https:\/\/weltlaeden.de\/lampertheim\/termin\/eroeffnung\/\">Er\u00f6ffnung<\/a><\/h5><p class=\"termine-date\">Sa., 14.09.2019, 10:00<\/p><p class=\"termine-auszug\">Endlich ist es soweit und der Weltladen Lampertheim er\u00f6ffnet! Ab 10 Uhr begr\u00fc\u00dfen wir G\u00e4ste und Freunde zur Er\u00f6ffnung bei Getr\u00e4nken &amp; Knabberein.<\/li><li><h5 class=\"termine-titel\"><a href=\"https:\/\/weltlaeden.de\/lampertheim\/termin\/lange-einkaufsnacht-in-lampertheim\/\">Lange Einkaufsnacht in Lampertheim<\/a><\/h5><p class=\"termine-date\">Fr., 16.08.2019, 18:00 bis 16.08.2019, 23:00<\/p><p class=\"termine-auszug\"><\/li><\/ul>[\/vc_column][\/vc_row]<\/p>\n<\/div>","protected":false},"excerpt":{"rendered":"<p>[vc_row][vc_column][vc_empty_space height=&#8220;30px&#8220;][vc_column_text] Termine [\/vc_column_text][vc_empty_space height=&#8220;30px&#8220;][\/vc_column][\/vc_row][vc_row][vc_column width=&#8220;2\/3&#8243;][vc_column_text] Kommende Termine [\/vc_column_text][vc_empty_space height=&#8220;30px&#8220;][vc_column_text] Vergangene Termine [\/vc_column_text][\/vc_column][\/vc_row]<\/p>\n","protected":false},"author":1,"featured_media":0,"parent":0,"menu_order":5,"comment_status":"closed","ping_status":"closed","template":"","meta":{"footnotes":""},"class_list":["post-23","page","type-page","status-publish","hentry","description-off"],"yoast_head":"<!-- This site is optimized with the Yoast SEO plugin v26.8 - https:\/\/yoast.com\/product\/yoast-seo-wordpress\/ -->\n<title>Termine - Weltladen Lampertheim<\/title>\n<meta name=\"robots\" content=\"index, follow, max-snippet:-1, max-image-preview:large, max-video-preview:-1\" \/>\n<link rel=\"canonical\" href=\"https:\/\/weltlaeden.de\/lampertheim\/termine\/\" \/>\n<meta property=\"og:locale\" content=\"de_DE\" \/>\n<meta property=\"og:type\" content=\"article\" \/>\n<meta property=\"og:title\" content=\"Termine - Weltladen Lampertheim\" \/>\n<meta property=\"og:description\" content=\"[vc_row][vc_column][vc_empty_space height=&#8220;30px&#8220;][vc_column_text] Termine [\/vc_column_text][vc_empty_space height=&#8220;30px&#8220;][\/vc_column][\/vc_row][vc_row][vc_column width=&#8220;2\/3&#8243;][vc_column_text] Kommende Termine [\/vc_column_text][vc_empty_space height=&#8220;30px&#8220;][vc_column_text] Vergangene Termine [\/vc_column_text][\/vc_column][\/vc_row]\" \/>\n<meta property=\"og:url\" content=\"https:\/\/weltlaeden.de\/lampertheim\/termine\/\" \/>\n<meta property=\"og:site_name\" content=\"Weltladen Lampertheim\" \/>\n<meta property=\"article:modified_time\" content=\"2024-10-14T16:03:33+00:00\" \/>\n<meta property=\"og:image\" content=\"https:\/\/weltlaeden.de\/lampertheim\/wp-content\/uploads\/sites\/3\/2018\/07\/pocket-watch-1637396_1920_pixabay.png\" \/>\n<meta name=\"twitter:card\" content=\"summary_large_image\" \/>\n<meta name=\"twitter:label1\" content=\"Gesch\u00e4tzte Lesezeit\" \/>\n\t<meta name=\"twitter:data1\" content=\"1\u00a0Minute\" \/>\n<script type=\"application\/ld+json\" class=\"yoast-schema-graph\">{\"@context\":\"https:\/\/schema.org\",\"@graph\":[{\"@type\":\"WebPage\",\"@id\":\"https:\/\/weltlaeden.de\/lampertheim\/termine\/\",\"url\":\"https:\/\/weltlaeden.de\/lampertheim\/termine\/\",\"name\":\"Termine - Weltladen Lampertheim\",\"isPartOf\":{\"@id\":\"https:\/\/weltlaeden.de\/lampertheim\/#website\"},\"primaryImageOfPage\":{\"@id\":\"https:\/\/weltlaeden.de\/lampertheim\/termine\/#primaryimage\"},\"image\":{\"@id\":\"https:\/\/weltlaeden.de\/lampertheim\/termine\/#primaryimage\"},\"thumbnailUrl\":\"https:\/\/weltlaeden.de\/lampertheim\/wp-content\/uploads\/sites\/3\/2018\/07\/pocket-watch-1637396_1920_pixabay.png\",\"datePublished\":\"2016-10-14T07:05:21+00:00\",\"dateModified\":\"2024-10-14T16:03:33+00:00\",\"breadcrumb\":{\"@id\":\"https:\/\/weltlaeden.de\/lampertheim\/termine\/#breadcrumb\"},\"inLanguage\":\"de\",\"potentialAction\":[{\"@type\":\"ReadAction\",\"target\":[\"https:\/\/weltlaeden.de\/lampertheim\/termine\/\"]}]},{\"@type\":\"ImageObject\",\"inLanguage\":\"de\",\"@id\":\"https:\/\/weltlaeden.de\/lampertheim\/termine\/#primaryimage\",\"url\":\"https:\/\/weltlaeden.de\/lampertheim\/wp-content\/uploads\/sites\/3\/2018\/07\/pocket-watch-1637396_1920_pixabay.png\",\"contentUrl\":\"https:\/\/weltlaeden.de\/lampertheim\/wp-content\/uploads\/sites\/3\/2018\/07\/pocket-watch-1637396_1920_pixabay.png\"},{\"@type\":\"BreadcrumbList\",\"@id\":\"https:\/\/weltlaeden.de\/lampertheim\/termine\/#breadcrumb\",\"itemListElement\":[{\"@type\":\"ListItem\",\"position\":1,\"name\":\"Startseite\",\"item\":\"https:\/\/weltlaeden.de\/lampertheim\/\"},{\"@type\":\"ListItem\",\"position\":2,\"name\":\"Termine\"}]},{\"@type\":\"WebSite\",\"@id\":\"https:\/\/weltlaeden.de\/lampertheim\/#website\",\"url\":\"https:\/\/weltlaeden.de\/lampertheim\/\",\"name\":\"Weltladen Lampertheim\",\"description\":\"Bio-Produkte aus fairer Produktion\",\"potentialAction\":[{\"@type\":\"SearchAction\",\"target\":{\"@type\":\"EntryPoint\",\"urlTemplate\":\"https:\/\/weltlaeden.de\/lampertheim\/?s={search_term_string}\"},\"query-input\":{\"@type\":\"PropertyValueSpecification\",\"valueRequired\":true,\"valueName\":\"search_term_string\"}}],\"inLanguage\":\"de\"}]}<\/script>\n<!-- \/ Yoast SEO plugin. -->","yoast_head_json":{"title":"Termine - Weltladen Lampertheim","robots":{"index":"index","follow":"follow","max-snippet":"max-snippet:-1","max-image-preview":"max-image-preview:large","max-video-preview":"max-video-preview:-1"},"canonical":"https:\/\/weltlaeden.de\/lampertheim\/termine\/","og_locale":"de_DE","og_type":"article","og_title":"Termine - Weltladen Lampertheim","og_description":"[vc_row][vc_column][vc_empty_space height=&#8220;30px&#8220;][vc_column_text] Termine [\/vc_column_text][vc_empty_space height=&#8220;30px&#8220;][\/vc_column][\/vc_row][vc_row][vc_column width=&#8220;2\/3&#8243;][vc_column_text] Kommende Termine [\/vc_column_text][vc_empty_space height=&#8220;30px&#8220;][vc_column_text] Vergangene Termine [\/vc_column_text][\/vc_column][\/vc_row]","og_url":"https:\/\/weltlaeden.de\/lampertheim\/termine\/","og_site_name":"Weltladen Lampertheim","article_modified_time":"2024-10-14T16:03:33+00:00","og_image":[{"url":"https:\/\/weltlaeden.de\/lampertheim\/wp-content\/uploads\/sites\/3\/2018\/07\/pocket-watch-1637396_1920_pixabay.png","type":"","width":"","height":""}],"twitter_card":"summary_large_image","twitter_misc":{"Gesch\u00e4tzte Lesezeit":"1\u00a0Minute"},"schema":{"@context":"https:\/\/schema.org","@graph":[{"@type":"WebPage","@id":"https:\/\/weltlaeden.de\/lampertheim\/termine\/","url":"https:\/\/weltlaeden.de\/lampertheim\/termine\/","name":"Termine - Weltladen Lampertheim","isPartOf":{"@id":"https:\/\/weltlaeden.de\/lampertheim\/#website"},"primaryImageOfPage":{"@id":"https:\/\/weltlaeden.de\/lampertheim\/termine\/#primaryimage"},"image":{"@id":"https:\/\/weltlaeden.de\/lampertheim\/termine\/#primaryimage"},"thumbnailUrl":"https:\/\/weltlaeden.de\/lampertheim\/wp-content\/uploads\/sites\/3\/2018\/07\/pocket-watch-1637396_1920_pixabay.png","datePublished":"2016-10-14T07:05:21+00:00","dateModified":"2024-10-14T16:03:33+00:00","breadcrumb":{"@id":"https:\/\/weltlaeden.de\/lampertheim\/termine\/#breadcrumb"},"inLanguage":"de","potentialAction":[{"@type":"ReadAction","target":["https:\/\/weltlaeden.de\/lampertheim\/termine\/"]}]},{"@type":"ImageObject","inLanguage":"de","@id":"https:\/\/weltlaeden.de\/lampertheim\/termine\/#primaryimage","url":"https:\/\/weltlaeden.de\/lampertheim\/wp-content\/uploads\/sites\/3\/2018\/07\/pocket-watch-1637396_1920_pixabay.png","contentUrl":"https:\/\/weltlaeden.de\/lampertheim\/wp-content\/uploads\/sites\/3\/2018\/07\/pocket-watch-1637396_1920_pixabay.png"},{"@type":"BreadcrumbList","@id":"https:\/\/weltlaeden.de\/lampertheim\/termine\/#breadcrumb","itemListElement":[{"@type":"ListItem","position":1,"name":"Startseite","item":"https:\/\/weltlaeden.de\/lampertheim\/"},{"@type":"ListItem","position":2,"name":"Termine"}]},{"@type":"WebSite","@id":"https:\/\/weltlaeden.de\/lampertheim\/#website","url":"https:\/\/weltlaeden.de\/lampertheim\/","name":"Weltladen Lampertheim","description":"Bio-Produkte aus fairer Produktion","potentialAction":[{"@type":"SearchAction","target":{"@type":"EntryPoint","urlTemplate":"https:\/\/weltlaeden.de\/lampertheim\/?s={search_term_string}"},"query-input":{"@type":"PropertyValueSpecification","valueRequired":true,"valueName":"search_term_string"}}],"inLanguage":"de"}]}},"_links":{"self":[{"href":"https:\/\/weltlaeden.de\/lampertheim\/wp-json\/wp\/v2\/pages\/23","targetHints":{"allow":["GET"]}}],"collection":[{"href":"https:\/\/weltlaeden.de\/lampertheim\/wp-json\/wp\/v2\/pages"}],"about":[{"href":"https:\/\/weltlaeden.de\/lampertheim\/wp-json\/wp\/v2\/types\/page"}],"author":[{"embeddable":true,"href":"https:\/\/weltlaeden.de\/lampertheim\/wp-json\/wp\/v2\/users\/1"}],"replies":[{"embeddable":true,"href":"https:\/\/weltlaeden.de\/lampertheim\/wp-json\/wp\/v2\/comments?post=23"}],"version-history":[{"count":16,"href":"https:\/\/weltlaeden.de\/lampertheim\/wp-json\/wp\/v2\/pages\/23\/revisions"}],"predecessor-version":[{"id":875,"href":"https:\/\/weltlaeden.de\/lampertheim\/wp-json\/wp\/v2\/pages\/23\/revisions\/875"}],"wp:attachment":[{"href":"https:\/\/weltlaeden.de\/lampertheim\/wp-json\/wp\/v2\/media?parent=23"}],"curies":[{"name":"wp","href":"https:\/\/api.w.org\/{rel}","templated":true}]}}