{"id":219,"date":"2016-10-28T13:34:47","date_gmt":"2016-10-28T11:34:47","guid":{"rendered":"https:\/\/wl.heimpixel.de\/vorlage\/ueber-uns\/"},"modified":"2024-04-14T17:54:01","modified_gmt":"2024-04-14T15:54:01","slug":"ueber-uns","status":"publish","type":"page","link":"https:\/\/weltlaeden.de\/lampertheim\/ueber-uns\/","title":{"rendered":"\u00dcber uns"},"content":{"rendered":"<div class=\"wpb-content-wrapper\"><p>[vc_row][vc_column]<div class=\"wl_einzelbild\"><p><img loading=\"lazy\" decoding=\"async\" class=\"alignnone wp-image-793 size-full\" src=\"https:\/\/weltlaeden.de\/lampertheim\/wp-content\/uploads\/sites\/87\/2024\/02\/Schild_Weltladen_0224_02_klein-e1708896849891.jpg\" alt=\"\" width=\"2048\" height=\"645\" srcset=\"https:\/\/weltlaeden.de\/lampertheim\/wp-content\/uploads\/sites\/87\/2024\/02\/Schild_Weltladen_0224_02_klein-e1708896849891.jpg 2048w, https:\/\/weltlaeden.de\/lampertheim\/wp-content\/uploads\/sites\/87\/2024\/02\/Schild_Weltladen_0224_02_klein-e1708896849891-300x94.jpg 300w, https:\/\/weltlaeden.de\/lampertheim\/wp-content\/uploads\/sites\/87\/2024\/02\/Schild_Weltladen_0224_02_klein-e1708896849891-1024x323.jpg 1024w, https:\/\/weltlaeden.de\/lampertheim\/wp-content\/uploads\/sites\/87\/2024\/02\/Schild_Weltladen_0224_02_klein-e1708896849891-768x242.jpg 768w, https:\/\/weltlaeden.de\/lampertheim\/wp-content\/uploads\/sites\/87\/2024\/02\/Schild_Weltladen_0224_02_klein-e1708896849891-1536x484.jpg 1536w\" sizes=\"auto, (max-width: 2048px) 100vw, 2048px\" \/><\/p><\/div>[vc_empty_space height=&#8220;5px&#8220;][vc_column_text]<\/p>\n<h1>\u00dcber den Verein \u201eEine Welt Lampertheim e.V.\u201c<\/h1>\n<p>[\/vc_column_text][vc_column_text]Im Mai 2018 wurde in Lampertheim der Verein \u201eEine Welt Lampertheim e.V.\u201c mit dem Zweck der F\u00f6rderung der Entwicklungszusammenarbeit und des Fairen Handels gegr\u00fcndet. Der Verein hat seinen Sitz in der Kaiserstra\u00dfe 17 in Lampertheim. Der Verein ist politisch und konfessionell unabh\u00e4ngig. Der Verein hat sich zum Ziel gesetzt, durch Bildungs- und Informationsveranstaltungen und den Betrieb des \u201eWeltladen Lampertheim\u201c, den Fairen Handel und die globale soziale Gerechtigkeit zu f\u00f6rdern. Durch diese Aktionen sollen die Menschen in Lampertheim und Umgebung \u00fcber den Fairen Handel informiert werden. Der Weltladen mit seinen ehren\u00adamtlichen Mitarbeiter\/innen stellt ein vielf\u00e4ltiges Informations- und Hintergrundmaterial bereit.<\/p>\n<p><strong>Unsere Unterst\u00fctzer<\/strong><br \/>\n\u201eEine Welt Lampertheim e.V.\u201c wird unterst\u00fctzt von der Stadt Lampertheim der \u00d6kumene in Lampertheim und von anderen Vereinen und Institutionen vor Ort.<br \/>\nDer Verein ist als gemeinn\u00fctzig anerkannt und hat sich dem Weltladen Dachverband als Mitglied angeschlossen.[\/vc_column_text][\/vc_column][\/vc_row][vc_row][vc_column][vc_empty_space height=&#8220;10px&#8220;][vc_column_text]<\/p>\n<h1>Mitmachen im Weltladen Lampertheim<\/h1>\n<p>[\/vc_column_text][vc_column_text]<strong>Wir suchen<\/strong> Menschen, die Lust haben, sich ehrenamtlich f\u00fcr eine offene, transparente, \u00f6kologische und nachhaltige Form des Wirtschaftens zu engagieren. Ob im Verkauf, der Informations- oder Bildungsarbeit &#8211; die M\u00f6glichkeiten, in unserem Team mitzumachen sind vielf\u00e4ltig und lassen sich bestimmt auch in Deinen Alltag integrieren! Neben regelm\u00e4\u00dfigen Aufgaben gibt es bei uns auch immer wieder einzelne zeitlich befristete Projekte, f\u00fcr die wir Unterst\u00fctzer\/innen suchen. Viele Aufgaben erfordern keine speziellen Vorkenntnisse, sondern nur Deine Bereitschaft, Deine F\u00e4higkeiten einzubringen und eventuell in neuen Bereichen dazuzulernen.<\/p>\n<p><strong>Wir bieten<\/strong> ein nettes Team aus Engagierten mit vielf\u00e4ltigen M\u00f6glichkeiten, sich selbst einzubringen. Eine Gemeinschaft, die Dich herzlich aufnimmt, einarbeitet und bei Fragen zur Verf\u00fcgung steht. Fortbildungsm\u00f6glichkeiten nach Deinen Interessen und Aufgaben.<\/p>\n<p><strong>Ansprechpartner\/in:<\/strong><br \/>\nvorstand@eineweltlampertheim.de<\/p>\n<p><strong>Wir freuen uns auf Dich!<\/strong>[\/vc_column_text][\/vc_column][\/vc_row]<\/p>\n<\/div>","protected":false},"excerpt":{"rendered":"<p>[vc_row][vc_column][vc_empty_space height=&#8220;5px&#8220;][vc_column_text] \u00dcber den Verein \u201eEine Welt Lampertheim e.V.\u201c [\/vc_column_text][vc_column_text]Im Mai 2018 wurde in Lampertheim der Verein \u201eEine Welt Lampertheim e.V.\u201c mit dem Zweck der F\u00f6rderung der Entwicklungszusammenarbeit und des Fairen Handels gegr\u00fcndet. Der Verein hat seinen Sitz in der Kaiserstra\u00dfe 17 in Lampertheim. Der Verein ist politisch und konfessionell unabh\u00e4ngig. Der Verein hat sich&hellip;<\/p>\n","protected":false},"author":1,"featured_media":0,"parent":0,"menu_order":1,"comment_status":"closed","ping_status":"closed","template":"","meta":{"footnotes":""},"class_list":["post-219","page","type-page","status-publish","hentry","description-off"],"yoast_head":"<!-- This site is optimized with the Yoast SEO plugin v26.8 - https:\/\/yoast.com\/product\/yoast-seo-wordpress\/ -->\n<title>\u00dcber uns - Weltladen Lampertheim<\/title>\n<meta name=\"description\" content=\"Hier finden Sie Informationen \u00fcber den Weltladen Lampertheim und den Verein &quot;Eine Welt Lampertheim e.V&quot;, der den Laden betreibt.\" \/>\n<meta name=\"robots\" content=\"index, follow, max-snippet:-1, max-image-preview:large, max-video-preview:-1\" \/>\n<link rel=\"canonical\" href=\"https:\/\/weltlaeden.de\/lampertheim\/ueber-uns\/\" \/>\n<meta property=\"og:locale\" content=\"de_DE\" \/>\n<meta property=\"og:type\" content=\"article\" \/>\n<meta property=\"og:title\" content=\"\u00dcber uns - Weltladen Lampertheim\" \/>\n<meta property=\"og:description\" content=\"Hier finden Sie Informationen \u00fcber den Weltladen Lampertheim und den Verein &quot;Eine Welt Lampertheim e.V&quot;, der den Laden betreibt.\" \/>\n<meta property=\"og:url\" content=\"https:\/\/weltlaeden.de\/lampertheim\/ueber-uns\/\" \/>\n<meta property=\"og:site_name\" content=\"Weltladen Lampertheim\" \/>\n<meta property=\"article:modified_time\" content=\"2024-04-14T15:54:01+00:00\" \/>\n<meta property=\"og:image\" content=\"https:\/\/weltlaeden.de\/lampertheim\/wp-content\/uploads\/sites\/87\/2024\/02\/Schild_Weltladen_0224_02_klein-e1708896849891.jpg\" \/>\n<meta name=\"twitter:card\" content=\"summary_large_image\" \/>\n<meta name=\"twitter:label1\" content=\"Gesch\u00e4tzte Lesezeit\" \/>\n\t<meta name=\"twitter:data1\" content=\"2\u00a0Minuten\" \/>\n<script type=\"application\/ld+json\" class=\"yoast-schema-graph\">{\"@context\":\"https:\/\/schema.org\",\"@graph\":[{\"@type\":\"WebPage\",\"@id\":\"https:\/\/weltlaeden.de\/lampertheim\/ueber-uns\/\",\"url\":\"https:\/\/weltlaeden.de\/lampertheim\/ueber-uns\/\",\"name\":\"\u00dcber uns - Weltladen Lampertheim\",\"isPartOf\":{\"@id\":\"https:\/\/weltlaeden.de\/lampertheim\/#website\"},\"primaryImageOfPage\":{\"@id\":\"https:\/\/weltlaeden.de\/lampertheim\/ueber-uns\/#primaryimage\"},\"image\":{\"@id\":\"https:\/\/weltlaeden.de\/lampertheim\/ueber-uns\/#primaryimage\"},\"thumbnailUrl\":\"https:\/\/weltlaeden.de\/lampertheim\/wp-content\/uploads\/sites\/87\/2024\/02\/Schild_Weltladen_0224_02_klein-e1708896849891.jpg\",\"datePublished\":\"2016-10-28T11:34:47+00:00\",\"dateModified\":\"2024-04-14T15:54:01+00:00\",\"description\":\"Hier finden Sie Informationen \u00fcber den Weltladen Lampertheim und den Verein \\\"Eine Welt Lampertheim e.V\\\", der den Laden betreibt.\",\"breadcrumb\":{\"@id\":\"https:\/\/weltlaeden.de\/lampertheim\/ueber-uns\/#breadcrumb\"},\"inLanguage\":\"de\",\"potentialAction\":[{\"@type\":\"ReadAction\",\"target\":[\"https:\/\/weltlaeden.de\/lampertheim\/ueber-uns\/\"]}]},{\"@type\":\"ImageObject\",\"inLanguage\":\"de\",\"@id\":\"https:\/\/weltlaeden.de\/lampertheim\/ueber-uns\/#primaryimage\",\"url\":\"https:\/\/weltlaeden.de\/lampertheim\/wp-content\/uploads\/sites\/87\/2024\/02\/Schild_Weltladen_0224_02_klein-e1708896849891.jpg\",\"contentUrl\":\"https:\/\/weltlaeden.de\/lampertheim\/wp-content\/uploads\/sites\/87\/2024\/02\/Schild_Weltladen_0224_02_klein-e1708896849891.jpg\",\"width\":2048,\"height\":645},{\"@type\":\"BreadcrumbList\",\"@id\":\"https:\/\/weltlaeden.de\/lampertheim\/ueber-uns\/#breadcrumb\",\"itemListElement\":[{\"@type\":\"ListItem\",\"position\":1,\"name\":\"Startseite\",\"item\":\"https:\/\/weltlaeden.de\/lampertheim\/\"},{\"@type\":\"ListItem\",\"position\":2,\"name\":\"\u00dcber uns\"}]},{\"@type\":\"WebSite\",\"@id\":\"https:\/\/weltlaeden.de\/lampertheim\/#website\",\"url\":\"https:\/\/weltlaeden.de\/lampertheim\/\",\"name\":\"Weltladen Lampertheim\",\"description\":\"Bio-Produkte aus fairer Produktion\",\"potentialAction\":[{\"@type\":\"SearchAction\",\"target\":{\"@type\":\"EntryPoint\",\"urlTemplate\":\"https:\/\/weltlaeden.de\/lampertheim\/?s={search_term_string}\"},\"query-input\":{\"@type\":\"PropertyValueSpecification\",\"valueRequired\":true,\"valueName\":\"search_term_string\"}}],\"inLanguage\":\"de\"}]}<\/script>\n<!-- \/ Yoast SEO plugin. -->","yoast_head_json":{"title":"\u00dcber uns - Weltladen Lampertheim","description":"Hier finden Sie Informationen \u00fcber den Weltladen Lampertheim und den Verein \"Eine Welt Lampertheim e.V\", der den Laden betreibt.","robots":{"index":"index","follow":"follow","max-snippet":"max-snippet:-1","max-image-preview":"max-image-preview:large","max-video-preview":"max-video-preview:-1"},"canonical":"https:\/\/weltlaeden.de\/lampertheim\/ueber-uns\/","og_locale":"de_DE","og_type":"article","og_title":"\u00dcber uns - Weltladen Lampertheim","og_description":"Hier finden Sie Informationen \u00fcber den Weltladen Lampertheim und den Verein \"Eine Welt Lampertheim e.V\", der den Laden betreibt.","og_url":"https:\/\/weltlaeden.de\/lampertheim\/ueber-uns\/","og_site_name":"Weltladen Lampertheim","article_modified_time":"2024-04-14T15:54:01+00:00","og_image":[{"url":"https:\/\/weltlaeden.de\/lampertheim\/wp-content\/uploads\/sites\/87\/2024\/02\/Schild_Weltladen_0224_02_klein-e1708896849891.jpg","type":"","width":"","height":""}],"twitter_card":"summary_large_image","twitter_misc":{"Gesch\u00e4tzte Lesezeit":"2\u00a0Minuten"},"schema":{"@context":"https:\/\/schema.org","@graph":[{"@type":"WebPage","@id":"https:\/\/weltlaeden.de\/lampertheim\/ueber-uns\/","url":"https:\/\/weltlaeden.de\/lampertheim\/ueber-uns\/","name":"\u00dcber uns - Weltladen Lampertheim","isPartOf":{"@id":"https:\/\/weltlaeden.de\/lampertheim\/#website"},"primaryImageOfPage":{"@id":"https:\/\/weltlaeden.de\/lampertheim\/ueber-uns\/#primaryimage"},"image":{"@id":"https:\/\/weltlaeden.de\/lampertheim\/ueber-uns\/#primaryimage"},"thumbnailUrl":"https:\/\/weltlaeden.de\/lampertheim\/wp-content\/uploads\/sites\/87\/2024\/02\/Schild_Weltladen_0224_02_klein-e1708896849891.jpg","datePublished":"2016-10-28T11:34:47+00:00","dateModified":"2024-04-14T15:54:01+00:00","description":"Hier finden Sie Informationen \u00fcber den Weltladen Lampertheim und den Verein \"Eine Welt Lampertheim e.V\", der den Laden betreibt.","breadcrumb":{"@id":"https:\/\/weltlaeden.de\/lampertheim\/ueber-uns\/#breadcrumb"},"inLanguage":"de","potentialAction":[{"@type":"ReadAction","target":["https:\/\/weltlaeden.de\/lampertheim\/ueber-uns\/"]}]},{"@type":"ImageObject","inLanguage":"de","@id":"https:\/\/weltlaeden.de\/lampertheim\/ueber-uns\/#primaryimage","url":"https:\/\/weltlaeden.de\/lampertheim\/wp-content\/uploads\/sites\/87\/2024\/02\/Schild_Weltladen_0224_02_klein-e1708896849891.jpg","contentUrl":"https:\/\/weltlaeden.de\/lampertheim\/wp-content\/uploads\/sites\/87\/2024\/02\/Schild_Weltladen_0224_02_klein-e1708896849891.jpg","width":2048,"height":645},{"@type":"BreadcrumbList","@id":"https:\/\/weltlaeden.de\/lampertheim\/ueber-uns\/#breadcrumb","itemListElement":[{"@type":"ListItem","position":1,"name":"Startseite","item":"https:\/\/weltlaeden.de\/lampertheim\/"},{"@type":"ListItem","position":2,"name":"\u00dcber uns"}]},{"@type":"WebSite","@id":"https:\/\/weltlaeden.de\/lampertheim\/#website","url":"https:\/\/weltlaeden.de\/lampertheim\/","name":"Weltladen Lampertheim","description":"Bio-Produkte aus fairer Produktion","potentialAction":[{"@type":"SearchAction","target":{"@type":"EntryPoint","urlTemplate":"https:\/\/weltlaeden.de\/lampertheim\/?s={search_term_string}"},"query-input":{"@type":"PropertyValueSpecification","valueRequired":true,"valueName":"search_term_string"}}],"inLanguage":"de"}]}},"_links":{"self":[{"href":"https:\/\/weltlaeden.de\/lampertheim\/wp-json\/wp\/v2\/pages\/219","targetHints":{"allow":["GET"]}}],"collection":[{"href":"https:\/\/weltlaeden.de\/lampertheim\/wp-json\/wp\/v2\/pages"}],"about":[{"href":"https:\/\/weltlaeden.de\/lampertheim\/wp-json\/wp\/v2\/types\/page"}],"author":[{"embeddable":true,"href":"https:\/\/weltlaeden.de\/lampertheim\/wp-json\/wp\/v2\/users\/1"}],"replies":[{"embeddable":true,"href":"https:\/\/weltlaeden.de\/lampertheim\/wp-json\/wp\/v2\/comments?post=219"}],"version-history":[{"count":21,"href":"https:\/\/weltlaeden.de\/lampertheim\/wp-json\/wp\/v2\/pages\/219\/revisions"}],"predecessor-version":[{"id":861,"href":"https:\/\/weltlaeden.de\/lampertheim\/wp-json\/wp\/v2\/pages\/219\/revisions\/861"}],"wp:attachment":[{"href":"https:\/\/weltlaeden.de\/lampertheim\/wp-json\/wp\/v2\/media?parent=219"}],"curies":[{"name":"wp","href":"https:\/\/api.w.org\/{rel}","templated":true}]}}

Über uns

<div class="wpb-content-wrapper"><p>[vc_row][vc_column]<div class="wl_einzelbild"><p><img loading="lazy" decoding="async" class="alignnone wp-image-793 size-full" src="https://weltlaeden.de/lampertheim/wp-content/uploads/sites/87/2024/02/Schild_Weltladen_0224_02_klein-e1708896849891.jpg" alt="" width="2048" height="645" srcset="https://weltlaeden.de/lampertheim/wp-content/uploads/sites/87/2024/02/Schild_Weltladen_0224_02_klein-e1708896849891.jpg 2048w, https://weltlaeden.de/lampertheim/wp-content/uploads/sites/87/2024/02/Schild_Weltladen_0224_02_klein-e1708896849891-300x94.jpg 300w, https://weltlaeden.de/lampertheim/wp-content/uploads/sites/87/2024/02/Schild_Weltladen_0224_02_klein-e1708896849891-1024x323.jpg 1024w, https://weltlaeden.de/lampertheim/wp-content/uploads/sites/87/2024/02/Schild_Weltladen_0224_02_klein-e1708896849891-768x242.jpg 768w, https://weltlaeden.de/lampertheim/wp-content/uploads/sites/87/2024/02/Schild_Weltladen_0224_02_klein-e1708896849891-1536x484.jpg 1536w" sizes="auto, (max-width: 2048px) 100vw, 2048px" /></p></div>[vc_empty_space height=&#8220;5px&#8220;][vc_column_text]</p>
<h1>Über den Verein „Eine Welt Lampertheim e.V.“</h1>
<p>[/vc_column_text][vc_column_text]Im Mai 2018 wurde in Lampertheim der Verein „Eine Welt Lampertheim e.V.“ mit dem Zweck der Förderung der Entwicklungszusammenarbeit und des Fairen Handels gegründet. Der Verein hat seinen Sitz in der Kaiserstraße 17 in Lampertheim. Der Verein ist politisch und konfessionell unabhängig. Der Verein hat sich zum Ziel gesetzt, durch Bildungs- und Informationsveranstaltungen und den Betrieb des „Weltladen Lampertheim“, den Fairen Handel und die globale soziale Gerechtigkeit zu fördern. Durch diese Aktionen sollen die Menschen in Lampertheim und Umgebung über den Fairen Handel informiert werden. Der Weltladen mit seinen ehren­amtlichen Mitarbeiter/innen stellt ein vielfältiges Informations- und Hintergrundmaterial bereit.</p>
<p><strong>Unsere Unterstützer</strong><br />
„Eine Welt Lampertheim e.V.“ wird unterstützt von der Stadt Lampertheim der Ökumene in Lampertheim und von anderen Vereinen und Institutionen vor Ort.<br />
Der Verein ist als gemeinnützig anerkannt und hat sich dem Weltladen Dachverband als Mitglied angeschlossen.[/vc_column_text][/vc_column][/vc_row][vc_row][vc_column][vc_empty_space height=&#8220;10px&#8220;][vc_column_text]</p>
<h1>Mitmachen im Weltladen Lampertheim</h1>
<p>[/vc_column_text][vc_column_text]<strong>Wir suchen</strong> Menschen, die Lust haben, sich ehrenamtlich für eine offene, transparente, ökologische und nachhaltige Form des Wirtschaftens zu engagieren. Ob im Verkauf, der Informations- oder Bildungsarbeit &#8211; die Möglichkeiten, in unserem Team mitzumachen sind vielfältig und lassen sich bestimmt auch in Deinen Alltag integrieren! Neben regelmäßigen Aufgaben gibt es bei uns auch immer wieder einzelne zeitlich befristete Projekte, für die wir Unterstützer/innen suchen. Viele Aufgaben erfordern keine speziellen Vorkenntnisse, sondern nur Deine Bereitschaft, Deine Fähigkeiten einzubringen und eventuell in neuen Bereichen dazuzulernen.</p>
<p><strong>Wir bieten</strong> ein nettes Team aus Engagierten mit vielfältigen Möglichkeiten, sich selbst einzubringen. Eine Gemeinschaft, die Dich herzlich aufnimmt, einarbeitet und bei Fragen zur Verfügung steht. Fortbildungsmöglichkeiten nach Deinen Interessen und Aufgaben.</p>
<p><strong>Ansprechpartner/in:</strong><br />
vorstand@eineweltlampertheim.de</p>
<p><strong>Wir freuen uns auf Dich!</strong>[/vc_column_text][/vc_column][/vc_row]</p>
</div>

<p>[vc_row][vc_column][vc_empty_space height=&#8220;5px&#8220;][vc_column_text] Über den Verein „Eine Welt Lampertheim e.V.“ [/vc_column_text][vc_column_text]Im Mai 2018 wurde in Lampertheim der Verein „Eine Welt Lampertheim e.V.“ mit dem Zweck der Förderung der Entwicklungszusammenarbeit und des Fairen Handels gegründet. Der Verein hat seinen Sitz in der Kaiserstraße 17 in Lampertheim. Der Verein ist politisch und konfessionell unabhängig. Der Verein hat sich&hellip;</p>

<!-- This site is optimized with the Yoast SEO plugin v26.8 - https://yoast.com/product/yoast-seo-wordpress/ -->
<title>Über uns - Weltladen Lampertheim</title>
<meta name="description" content="Hier finden Sie Informationen über den Weltladen Lampertheim und den Verein &quot;Eine Welt Lampertheim e.V&quot;, der den Laden betreibt." />
<meta name="robots" content="index, follow, max-snippet:-1, max-image-preview:large, max-video-preview:-1" />
<link rel="canonical" href="https://weltlaeden.de/lampertheim/ueber-uns/" />
<meta property="og:locale" content="de_DE" />
<meta property="og:type" content="article" />
<meta property="og:title" content="Über uns - Weltladen Lampertheim" />
<meta property="og:description" content="Hier finden Sie Informationen über den Weltladen Lampertheim und den Verein &quot;Eine Welt Lampertheim e.V&quot;, der den Laden betreibt." />
<meta property="og:url" content="https://weltlaeden.de/lampertheim/ueber-uns/" />
<meta property="og:site_name" content="Weltladen Lampertheim" />
<meta property="article:modified_time" content="2024-04-14T15:54:01+00:00" />
<meta property="og:image" content="https://weltlaeden.de/lampertheim/wp-content/uploads/sites/87/2024/02/Schild_Weltladen_0224_02_klein-e1708896849891.jpg" />
<meta name="twitter:card" content="summary_large_image" />
<meta name="twitter:label1" content="Geschätzte Lesezeit" />
	<meta name="twitter:data1" content="2 Minuten" />
<script type="application/ld+json" class="yoast-schema-graph">{"@context":"https://schema.org","@graph":[{"@type":"WebPage","@id":"https://weltlaeden.de/lampertheim/ueber-uns/","url":"https://weltlaeden.de/lampertheim/ueber-uns/","name":"Über uns - Weltladen Lampertheim","isPartOf":{"@id":"https://weltlaeden.de/lampertheim/#website"},"primaryImageOfPage":{"@id":"https://weltlaeden.de/lampertheim/ueber-uns/#primaryimage"},"image":{"@id":"https://weltlaeden.de/lampertheim/ueber-uns/#primaryimage"},"thumbnailUrl":"https://weltlaeden.de/lampertheim/wp-content/uploads/sites/87/2024/02/Schild_Weltladen_0224_02_klein-e1708896849891.jpg","datePublished":"2016-10-28T11:34:47+00:00","dateModified":"2024-04-14T15:54:01+00:00","description":"Hier finden Sie Informationen über den Weltladen Lampertheim und den Verein \"Eine Welt Lampertheim e.V\", der den Laden betreibt.","breadcrumb":{"@id":"https://weltlaeden.de/lampertheim/ueber-uns/#breadcrumb"},"inLanguage":"de","potentialAction":[{"@type":"ReadAction","target":["https://weltlaeden.de/lampertheim/ueber-uns/"]}]},{"@type":"ImageObject","inLanguage":"de","@id":"https://weltlaeden.de/lampertheim/ueber-uns/#primaryimage","url":"https://weltlaeden.de/lampertheim/wp-content/uploads/sites/87/2024/02/Schild_Weltladen_0224_02_klein-e1708896849891.jpg","contentUrl":"https://weltlaeden.de/lampertheim/wp-content/uploads/sites/87/2024/02/Schild_Weltladen_0224_02_klein-e1708896849891.jpg","width":2048,"height":645},{"@type":"BreadcrumbList","@id":"https://weltlaeden.de/lampertheim/ueber-uns/#breadcrumb","itemListElement":[{"@type":"ListItem","position":1,"name":"Startseite","item":"https://weltlaeden.de/lampertheim/"},{"@type":"ListItem","position":2,"name":"Über uns"}]},{"@type":"WebSite","@id":"https://weltlaeden.de/lampertheim/#website","url":"https://weltlaeden.de/lampertheim/","name":"Weltladen Lampertheim","description":"Bio-Produkte aus fairer Produktion","potentialAction":[{"@type":"SearchAction","target":{"@type":"EntryPoint","urlTemplate":"https://weltlaeden.de/lampertheim/?s={search_term_string}"},"query-input":{"@type":"PropertyValueSpecification","valueRequired":true,"valueName":"search_term_string"}}],"inLanguage":"de"}]}</script>
<!-- / Yoast SEO plugin. -->

Über uns - Weltladen Lampertheim

Hier finden Sie Informationen über den Weltladen Lampertheim und den Verein "Eine Welt Lampertheim e.V", der den Laden betreibt.
