{"id":361,"date":"2018-04-05T09:52:53","date_gmt":"2018-04-05T07:52:53","guid":{"rendered":"https:\/\/weltlaeden.de\/weltladen-koeln\/?page_id=361"},"modified":"2026-05-04T17:11:37","modified_gmt":"2026-05-04T15:11:37","slug":"aktuelles","status":"publish","type":"page","link":"https:\/\/weltlaeden.de\/koeln\/aktuelles\/","title":{"rendered":"Aktuelles"},"content":{"rendered":"<div class=\"wpb-content-wrapper\"><p>[vc_row][vc_column][vc_column_text css=&#8220;&#8220;]<\/p>\n<h1 style=\"text-align: left\">Aktuelles<\/h1>\n<p>[\/vc_column_text][vc_column_text css=&#8220;&#8220;]<strong>Weltladentag am 9.5.26<\/strong><br \/>\nAm 09. Mai ist wieder Weltladentag! Dieses Jahr unter dem Motto \u201eFair fruchtet!\u201c. Wir nehmen den Tag zum Anlass, um darauf aufmerksam zu machen, dass in vielen globalen Frucht-Lieferketten noch immer gro\u00dfe Ungleichheit steckt. Oft profitieren diejenigen am Anfang der Lieferkette am wenigsten, obwohl sie die meiste Arbeit leisten.<br \/>\nDer Faire Handel zeigt, dass es anders geht. Er st\u00e4rkt Produzent*innen, schafft mehr Planungssicherheit und setzt sich f\u00fcr gerechtere Handelsstrukturen entlang der gesamten Lieferkette ein. So k\u00f6nnen Fr\u00fcchte nicht nur lecker sein, sondern auch fair produziert und gehandelt werden.<\/p>\n<p><strong>Fr\u00fcchte schmecken auch auf dem Brot! Probiert unsere neuen herzhaften Mangoaufstriche von weltpartner!<\/strong><br \/>\nZwei k\u00f6stliche Aufstriche, die begeistern \u2013 mit Bio Mango von PREDA.<br \/>\nSchwarzk\u00fcmmel-Mango-Aufstrich und Kichererbse-Mangoaufstrich.<br \/>\nBeide Aufstriche sind in Bio Qualitat und rein pflanzlich (vegan).<br \/>\nAm Weltladentag k\u00f6nnt ihr beide Aufstriche bei uns im Weltladen probieren und gleich mitnehmen, mit 10% Aktionsrabatt.<img loading=\"lazy\" decoding=\"async\" class=\"size-full wp-image-1676 aligncenter\" src=\"https:\/\/weltlaeden.de\/koeln\/wp-content\/uploads\/sites\/214\/2026\/05\/Weltladentag-2026.jpg\" alt=\"\" width=\"819\" height=\"1024\" srcset=\"https:\/\/weltlaeden.de\/koeln\/wp-content\/uploads\/sites\/214\/2026\/05\/Weltladentag-2026.jpg 819w, https:\/\/weltlaeden.de\/koeln\/wp-content\/uploads\/sites\/214\/2026\/05\/Weltladentag-2026-240x300.jpg 240w, https:\/\/weltlaeden.de\/koeln\/wp-content\/uploads\/sites\/214\/2026\/05\/Weltladentag-2026-768x960.jpg 768w\" sizes=\"auto, (max-width: 819px) 100vw, 819px\" \/>[\/vc_column_text][\/vc_column][\/vc_row][vc_row][vc_column][vc_empty_space][\/vc_column][\/vc_row]<\/p>\n<\/div>","protected":false},"excerpt":{"rendered":"<p>[vc_row][vc_column][vc_column_text css=&#8220;&#8220;] Aktuelles [\/vc_column_text][vc_column_text css=&#8220;&#8220;]Weltladentag am 9.5.26 Am 09. Mai ist wieder Weltladentag! Dieses Jahr unter dem Motto \u201eFair fruchtet!\u201c. Wir nehmen den Tag zum Anlass, um darauf aufmerksam zu machen, dass in vielen globalen Frucht-Lieferketten noch immer gro\u00dfe Ungleichheit steckt. Oft profitieren diejenigen am Anfang der Lieferkette am wenigsten, obwohl sie die meiste Arbeit&hellip;<\/p>\n","protected":false},"author":1,"featured_media":0,"parent":0,"menu_order":6,"comment_status":"closed","ping_status":"closed","template":"","meta":{"footnotes":""},"class_list":["post-361","page","type-page","status-publish","hentry","description-off"],"yoast_head":"<!-- This site is optimized with the Yoast SEO plugin v26.8 - https:\/\/yoast.com\/product\/yoast-seo-wordpress\/ -->\n<title>Aktuelles - Weltladen K\u00f6ln<\/title>\n<meta name=\"robots\" content=\"index, follow, max-snippet:-1, max-image-preview:large, max-video-preview:-1\" \/>\n<link rel=\"canonical\" href=\"https:\/\/weltlaeden.de\/koeln\/aktuelles\/\" \/>\n<meta property=\"og:locale\" content=\"de_DE\" \/>\n<meta property=\"og:type\" content=\"article\" \/>\n<meta property=\"og:title\" content=\"Aktuelles - Weltladen K\u00f6ln\" \/>\n<meta property=\"og:description\" content=\"[vc_row][vc_column][vc_column_text css=&#8220;&#8220;] Aktuelles [\/vc_column_text][vc_column_text css=&#8220;&#8220;]Weltladentag am 9.5.26 Am 09. Mai ist wieder Weltladentag! Dieses Jahr unter dem Motto \u201eFair fruchtet!\u201c. Wir nehmen den Tag zum Anlass, um darauf aufmerksam zu machen, dass in vielen globalen Frucht-Lieferketten noch immer gro\u00dfe Ungleichheit steckt. Oft profitieren diejenigen am Anfang der Lieferkette am wenigsten, obwohl sie die meiste Arbeit&hellip;\" \/>\n<meta property=\"og:url\" content=\"https:\/\/weltlaeden.de\/koeln\/aktuelles\/\" \/>\n<meta property=\"og:site_name\" content=\"Weltladen K\u00f6ln\" \/>\n<meta property=\"article:modified_time\" content=\"2026-05-04T15:11:37+00:00\" \/>\n<meta property=\"og:image\" content=\"https:\/\/weltlaeden.de\/koeln\/wp-content\/uploads\/sites\/214\/2026\/05\/Weltladentag-2026.jpg\" \/>\n\t<meta property=\"og:image:width\" content=\"819\" \/>\n\t<meta property=\"og:image:height\" content=\"1024\" \/>\n\t<meta property=\"og:image:type\" content=\"image\/jpeg\" \/>\n<meta name=\"twitter:card\" content=\"summary_large_image\" \/>\n<meta name=\"twitter:label1\" content=\"Gesch\u00e4tzte Lesezeit\" \/>\n\t<meta name=\"twitter:data1\" content=\"1\u00a0Minute\" \/>\n<script type=\"application\/ld+json\" class=\"yoast-schema-graph\">{\"@context\":\"https:\/\/schema.org\",\"@graph\":[{\"@type\":\"WebPage\",\"@id\":\"https:\/\/weltlaeden.de\/koeln\/aktuelles\/\",\"url\":\"https:\/\/weltlaeden.de\/koeln\/aktuelles\/\",\"name\":\"Aktuelles - Weltladen K\u00f6ln\",\"isPartOf\":{\"@id\":\"https:\/\/weltlaeden.de\/koeln\/#website\"},\"primaryImageOfPage\":{\"@id\":\"https:\/\/weltlaeden.de\/koeln\/aktuelles\/#primaryimage\"},\"image\":{\"@id\":\"https:\/\/weltlaeden.de\/koeln\/aktuelles\/#primaryimage\"},\"thumbnailUrl\":\"https:\/\/weltlaeden.de\/koeln\/wp-content\/uploads\/sites\/214\/2026\/05\/Weltladentag-2026.jpg\",\"datePublished\":\"2018-04-05T07:52:53+00:00\",\"dateModified\":\"2026-05-04T15:11:37+00:00\",\"breadcrumb\":{\"@id\":\"https:\/\/weltlaeden.de\/koeln\/aktuelles\/#breadcrumb\"},\"inLanguage\":\"de\",\"potentialAction\":[{\"@type\":\"ReadAction\",\"target\":[\"https:\/\/weltlaeden.de\/koeln\/aktuelles\/\"]}]},{\"@type\":\"ImageObject\",\"inLanguage\":\"de\",\"@id\":\"https:\/\/weltlaeden.de\/koeln\/aktuelles\/#primaryimage\",\"url\":\"https:\/\/weltlaeden.de\/koeln\/wp-content\/uploads\/sites\/214\/2026\/05\/Weltladentag-2026.jpg\",\"contentUrl\":\"https:\/\/weltlaeden.de\/koeln\/wp-content\/uploads\/sites\/214\/2026\/05\/Weltladentag-2026.jpg\",\"width\":819,\"height\":1024},{\"@type\":\"BreadcrumbList\",\"@id\":\"https:\/\/weltlaeden.de\/koeln\/aktuelles\/#breadcrumb\",\"itemListElement\":[{\"@type\":\"ListItem\",\"position\":1,\"name\":\"Startseite\",\"item\":\"https:\/\/weltlaeden.de\/koeln\/\"},{\"@type\":\"ListItem\",\"position\":2,\"name\":\"Aktuelles\"}]},{\"@type\":\"WebSite\",\"@id\":\"https:\/\/weltlaeden.de\/koeln\/#website\",\"url\":\"https:\/\/weltlaeden.de\/koeln\/\",\"name\":\"Weltladen K\u00f6ln\",\"description\":\"Faire Produkte seit 1990\",\"potentialAction\":[{\"@type\":\"SearchAction\",\"target\":{\"@type\":\"EntryPoint\",\"urlTemplate\":\"https:\/\/weltlaeden.de\/koeln\/?s={search_term_string}\"},\"query-input\":{\"@type\":\"PropertyValueSpecification\",\"valueRequired\":true,\"valueName\":\"search_term_string\"}}],\"inLanguage\":\"de\"}]}<\/script>\n<!-- \/ Yoast SEO plugin. -->","yoast_head_json":{"title":"Aktuelles - Weltladen K\u00f6ln","robots":{"index":"index","follow":"follow","max-snippet":"max-snippet:-1","max-image-preview":"max-image-preview:large","max-video-preview":"max-video-preview:-1"},"canonical":"https:\/\/weltlaeden.de\/koeln\/aktuelles\/","og_locale":"de_DE","og_type":"article","og_title":"Aktuelles - Weltladen K\u00f6ln","og_description":"[vc_row][vc_column][vc_column_text css=&#8220;&#8220;] Aktuelles [\/vc_column_text][vc_column_text css=&#8220;&#8220;]Weltladentag am 9.5.26 Am 09. Mai ist wieder Weltladentag! Dieses Jahr unter dem Motto \u201eFair fruchtet!\u201c. Wir nehmen den Tag zum Anlass, um darauf aufmerksam zu machen, dass in vielen globalen Frucht-Lieferketten noch immer gro\u00dfe Ungleichheit steckt. Oft profitieren diejenigen am Anfang der Lieferkette am wenigsten, obwohl sie die meiste Arbeit&hellip;","og_url":"https:\/\/weltlaeden.de\/koeln\/aktuelles\/","og_site_name":"Weltladen K\u00f6ln","article_modified_time":"2026-05-04T15:11:37+00:00","og_image":[{"width":819,"height":1024,"url":"https:\/\/weltlaeden.de\/koeln\/wp-content\/uploads\/sites\/214\/2026\/05\/Weltladentag-2026.jpg","type":"image\/jpeg"}],"twitter_card":"summary_large_image","twitter_misc":{"Gesch\u00e4tzte Lesezeit":"1\u00a0Minute"},"schema":{"@context":"https:\/\/schema.org","@graph":[{"@type":"WebPage","@id":"https:\/\/weltlaeden.de\/koeln\/aktuelles\/","url":"https:\/\/weltlaeden.de\/koeln\/aktuelles\/","name":"Aktuelles - Weltladen K\u00f6ln","isPartOf":{"@id":"https:\/\/weltlaeden.de\/koeln\/#website"},"primaryImageOfPage":{"@id":"https:\/\/weltlaeden.de\/koeln\/aktuelles\/#primaryimage"},"image":{"@id":"https:\/\/weltlaeden.de\/koeln\/aktuelles\/#primaryimage"},"thumbnailUrl":"https:\/\/weltlaeden.de\/koeln\/wp-content\/uploads\/sites\/214\/2026\/05\/Weltladentag-2026.jpg","datePublished":"2018-04-05T07:52:53+00:00","dateModified":"2026-05-04T15:11:37+00:00","breadcrumb":{"@id":"https:\/\/weltlaeden.de\/koeln\/aktuelles\/#breadcrumb"},"inLanguage":"de","potentialAction":[{"@type":"ReadAction","target":["https:\/\/weltlaeden.de\/koeln\/aktuelles\/"]}]},{"@type":"ImageObject","inLanguage":"de","@id":"https:\/\/weltlaeden.de\/koeln\/aktuelles\/#primaryimage","url":"https:\/\/weltlaeden.de\/koeln\/wp-content\/uploads\/sites\/214\/2026\/05\/Weltladentag-2026.jpg","contentUrl":"https:\/\/weltlaeden.de\/koeln\/wp-content\/uploads\/sites\/214\/2026\/05\/Weltladentag-2026.jpg","width":819,"height":1024},{"@type":"BreadcrumbList","@id":"https:\/\/weltlaeden.de\/koeln\/aktuelles\/#breadcrumb","itemListElement":[{"@type":"ListItem","position":1,"name":"Startseite","item":"https:\/\/weltlaeden.de\/koeln\/"},{"@type":"ListItem","position":2,"name":"Aktuelles"}]},{"@type":"WebSite","@id":"https:\/\/weltlaeden.de\/koeln\/#website","url":"https:\/\/weltlaeden.de\/koeln\/","name":"Weltladen K\u00f6ln","description":"Faire Produkte seit 1990","potentialAction":[{"@type":"SearchAction","target":{"@type":"EntryPoint","urlTemplate":"https:\/\/weltlaeden.de\/koeln\/?s={search_term_string}"},"query-input":{"@type":"PropertyValueSpecification","valueRequired":true,"valueName":"search_term_string"}}],"inLanguage":"de"}]}},"_links":{"self":[{"href":"https:\/\/weltlaeden.de\/koeln\/wp-json\/wp\/v2\/pages\/361","targetHints":{"allow":["GET"]}}],"collection":[{"href":"https:\/\/weltlaeden.de\/koeln\/wp-json\/wp\/v2\/pages"}],"about":[{"href":"https:\/\/weltlaeden.de\/koeln\/wp-json\/wp\/v2\/types\/page"}],"author":[{"embeddable":true,"href":"https:\/\/weltlaeden.de\/koeln\/wp-json\/wp\/v2\/users\/1"}],"replies":[{"embeddable":true,"href":"https:\/\/weltlaeden.de\/koeln\/wp-json\/wp\/v2\/comments?post=361"}],"version-history":[{"count":37,"href":"https:\/\/weltlaeden.de\/koeln\/wp-json\/wp\/v2\/pages\/361\/revisions"}],"predecessor-version":[{"id":1677,"href":"https:\/\/weltlaeden.de\/koeln\/wp-json\/wp\/v2\/pages\/361\/revisions\/1677"}],"wp:attachment":[{"href":"https:\/\/weltlaeden.de\/koeln\/wp-json\/wp\/v2\/media?parent=361"}],"curies":[{"name":"wp","href":"https:\/\/api.w.org\/{rel}","templated":true}]}}