{"id":23,"date":"2016-10-14T09:05:21","date_gmt":"2016-10-14T07:05:21","guid":{"rendered":"https:\/\/wl.heimpixel.de\/kiel\/termine\/"},"modified":"2022-03-30T17:07:14","modified_gmt":"2022-03-30T15:07:14","slug":"termine","status":"publish","type":"page","link":"https:\/\/weltlaeden.de\/kiel\/termine\/","title":{"rendered":"Termine"},"content":{"rendered":"<div class=\"wpb-content-wrapper\"><p>[vc_row][vc_column]<div class=\"wl_einzelbild\"><p><img loading=\"lazy\" decoding=\"async\" class=\"alignnone size-full wp-image-nsm-3-19\" src=\"https:\/\/weltlaeden.de\/kiel\/wp-content\/uploads\/sites\/3\/2016\/11\/Termine.jpg\" alt=\"\" width=\"1200\" height=\"519\" \/><\/p><\/div>[vc_empty_space height=&#8220;30px&#8220;][vc_column_text]<\/p>\n<h1>Termine<\/h1>\n<h4><\/h4>\n<p>[\/vc_column_text][vc_empty_space height=&#8220;30px&#8220;][\/vc_column][\/vc_row][vc_row][vc_column width=&#8220;2\/3&#8243;][vc_column_text]<\/p>\n<h2>Kommende Termine<\/h2>\n<p>[\/vc_column_text]<ul class=\"termine-page current aktuell\">[vc_empty_space height=&#8220;30px&#8220;][vc_column_text]<\/p>\n<h2>Vergangene Termine<\/h2>\n<p>[\/vc_column_text]<ul class=\"termine-page past vergangen\"><li><h5 class=\"termine-titel\"><a href=\"https:\/\/weltlaeden.de\/kiel\/termin\/mobilitaetsfest-auf-dem-tilsiter-platz\/\">Mobilit\u00e4tsfest in  Schilksee, Olympiazentrum<\/a><\/h5><p class=\"termine-date\">So., 15.09.2024, 11:00<\/p><p class=\"termine-auszug\">ab 11.00 Uhr<strong> <\/strong>Kaffee, k\u00fchle Getr\u00e4nke, Radlerfr\u00fchst\u00fcck<\/li><li><h5 class=\"termine-titel\"><a href=\"https:\/\/weltlaeden.de\/kiel\/termin\/14-8-strassenfest-holtenauer-strasse\/\">Stra\u00dfenfest Holtenauer Stra\u00dfe<\/a><\/h5><p class=\"termine-date\">So., 08.09.2024, 13:00<\/p><p class=\"termine-auszug\">Wir schenken wieder Kaffee aus. Wer seinen eigenen Becher mitbringt bekommt den Kaffee kostenlos.<\/li><li><h5 class=\"termine-titel\"><a href=\"https:\/\/weltlaeden.de\/kiel\/termin\/kaffee-verbindet-oder\/\">Kaffee verbindet oder?<\/a><\/h5><p class=\"termine-date\">Sa., 06.05.2023, 14:00<\/p><p class=\"termine-auszug\">Lass uns \u00fcber den Weg des Kaffees sprechen. Eintritt: Kostenfrei. Anmeldung per Mail unter <a href=\"mailto:m.kriwy@diakonie-sh.de\">m.kriwy@diakonie-sh.de<\/a> oder direkt im Weltladen Kiel B\u00fcndnis Eine Welt Schleswig-Holstein e.V. (BEI), Brot f\u00fcr die Welt im Diakonischen Werk Schleswig-Holstein, Weltladen Kiel REFERENTIN Hannah Weber (Klimaschutzmanagerin Landkreis L\u00fcneburg und Expertin f\u00fcr nachhaltige Kaffeewertsch\u00f6pfung) Den Veranstaltungsflyer mit mehr Infos zur Veranstaltung kann man sich als PDF-Datei <a href=\"https:\/\/weltlaeden.de\/kiel\/wp-content\/uploads\/sites\/27\/2023\/03\/BEI_Kaffee_Flyer_final_WEB.pdf\">hier<\/a> herunter laden.<p class=termine-ort\"><small>Ort: <i>Weltladen Kiel, Wilhelminenstr. 51<\/i><\/small><\/p><\/li><li><h5 class=\"termine-titel\"><a href=\"https:\/\/weltlaeden.de\/kiel\/termin\/afrikatage-kiel\/\">Afrikatage Kiel<\/a><\/h5><p class=\"termine-date\">Mo., 19.09.2022 bis 25.09.2022<\/p><p class=\"termine-auszug\">Mehr Infos: <a href=\"https:\/\/weltlaeden.de\/kiel\/wp-content\/uploads\/sites\/27\/2022\/07\/Save-the-date-Afrikatage-Kiel-2022pdf.pdf\">Save the date Afrikatage-Kiel 2022pdf<\/a><\/li><li><h5 class=\"termine-titel\"><a href=\"https:\/\/weltlaeden.de\/kiel\/termin\/28-8-mobilitaetstag\/\">28. 8. Mobilit\u00e4tstag<\/a><\/h5><p class=\"termine-date\">Mi., 08.06.2022 bis 28.08.2022<\/p><p class=\"termine-auszug\">Am 28. August wird erneut das beliebte Kieler Mobilit\u00e4tsfest veranstaltet und es gibt einige gro\u00dfartige Erweiterungen. Denn in diesem Jahr findet das Fest auf beiden Seiten der F\u00f6rde statt. Wie in den Vorjahren werden an und um die Reventloubr\u00fccke viele St\u00e4nde und Attraktionen pr\u00e4sentiert. Doch auch am Anleger Dietrichsdorf werden mit Aktionen, St\u00e4nden und Verpflegung die Besucher und Besucherinnen \u00fcberrascht, u.a. gibt es an beiden Orten neue Mobilit\u00e4tsstationen. Verbunden werden die beiden Anleger mit einer E-F\u00e4hre, die in kurzer Taktung die G\u00e4ste abgasfrei hin- und hertransportiert.<\/li><li><h5 class=\"termine-titel\"><a href=\"https:\/\/weltlaeden.de\/kiel\/termin\/afrikatag-kiel\/\">Afrikatag &#8211; Kiel<\/a><\/h5><p class=\"termine-date\">Sa., 25.05.2019, 12:00<\/p><p class=\"termine-auszug\"><p class=termine-ort\"><small>Ort: <i>Audimax der CAU Kiel, Christian-Albrechtsplatz 4, 24118 Kiel<\/i><\/small><\/p><\/li><li><h5 class=\"termine-titel\"><a href=\"https:\/\/weltlaeden.de\/kiel\/termin\/faires-fruehstueck\/\">FAIRES FR\u00dcHST\u00dcCK<\/a><\/h5><p class=\"termine-date\">Sa., 20.10.2018, 10:00<\/p><p class=\"termine-auszug\">Am 20. Oktober findet wieder unser \" FAIRES FR\u00dcHST\u00dcCK \" in gem\u00fctlicher Runde in unserem Weltladen statt. - Leckeres Fr\u00fchst\u00fcck gegen eine faire Spende f\u00fcr den Weltladen - Geschmaust werden darf von 10 - 14 Uhr.<\/li><li><h5 class=\"termine-titel\"><a href=\"https:\/\/weltlaeden.de\/kiel\/termin\/7-wochen-7-tueten\/\">7 Wochen &#8211; 7 T\u00fcten vom 14. Februar bis zum 1.04. 2018<\/a><\/h5><p class=\"termine-date\">So., 01.04.2018, 15:23<\/p><p class=\"termine-auszug\">Die besondere Fastenaktion Der Weltladen Kiel bietet wieder von Aschermittwoch bis Ostern die M\u00f6glichkeit, jede Woche eine von uns zusammengestellte Einkaufst\u00fcte mit Fairen Produkten auszuprobieren. Nutzen Sie diese Zeit um Ihre Konsumgewohnheiten unter die Lupe zu nehmen. Lassen Sie sich anregen, achtsamer einzukaufen, das Lebensmittel nicht nur als ein Produkt der Notwendigkeit zu sehen sondern es genau so achten wie auch die Menschen die uns t\u00e4glich damit versorgen. So funktioniert es: Einfach bei uns im Weltladen zur Aktion anmelden, und jede Woche die f\u00fcr Sie pers\u00f6nlich gepackte T\u00fcte mit fair gehandelten Produkten abholen.Die 7 T\u00fcten werden bei der Anmeldung bzw. bei der Abholung der ersten T\u00fcte im Voraus bezahlt. Anmeldung bis zum 02.02.2018 erbeten; Anmeldung bei uns im Laden oder per E-mail: <a href=\"mailto:info@weltladen-kiel.de\">info@weltladen-kiel.de<\/a> Kosten pro T\u00fcte: 10,00 \u20ac (7 T\u00fcten 70,00 \u20ac) Es besteht auch die M\u00f6glichkeit einzelne T\u00fcten zu bestellen ( z.B: f\u00fcr Woche 1, 3 \u2026) Weltladen [...] <a href=\"https:\/\/weltlaeden.de\/kiel\/termin\/7-wochen-7-tueten\/\"><small>[WEITERLESEN]<\/small><\/a><\/p><\/li><\/ul>[\/vc_column][\/vc_row]<\/p>\n<\/div>","protected":false},"excerpt":{"rendered":"<p>[vc_row][vc_column][vc_empty_space height=&#8220;30px&#8220;][vc_column_text] Termine [\/vc_column_text][vc_empty_space height=&#8220;30px&#8220;][\/vc_column][\/vc_row][vc_row][vc_column width=&#8220;2\/3&#8243;][vc_column_text] Kommende Termine [\/vc_column_text][vc_empty_space height=&#8220;30px&#8220;][vc_column_text] Vergangene Termine [\/vc_column_text][\/vc_column][\/vc_row]<\/p>\n","protected":false},"author":1,"featured_media":0,"parent":0,"menu_order":7,"comment_status":"closed","ping_status":"closed","template":"","meta":{"footnotes":""},"class_list":["post-23","page","type-page","status-publish","hentry","description-off"],"_links":{"self":[{"href":"https:\/\/weltlaeden.de\/kiel\/wp-json\/wp\/v2\/pages\/23","targetHints":{"allow":["GET"]}}],"collection":[{"href":"https:\/\/weltlaeden.de\/kiel\/wp-json\/wp\/v2\/pages"}],"about":[{"href":"https:\/\/weltlaeden.de\/kiel\/wp-json\/wp\/v2\/types\/page"}],"author":[{"embeddable":true,"href":"https:\/\/weltlaeden.de\/kiel\/wp-json\/wp\/v2\/users\/1"}],"replies":[{"embeddable":true,"href":"https:\/\/weltlaeden.de\/kiel\/wp-json\/wp\/v2\/comments?post=23"}],"version-history":[{"count":12,"href":"https:\/\/weltlaeden.de\/kiel\/wp-json\/wp\/v2\/pages\/23\/revisions"}],"predecessor-version":[{"id":315,"href":"https:\/\/weltlaeden.de\/kiel\/wp-json\/wp\/v2\/pages\/23\/revisions\/315"}],"wp:attachment":[{"href":"https:\/\/weltlaeden.de\/kiel\/wp-json\/wp\/v2\/media?parent=23"}],"curies":[{"name":"wp","href":"https:\/\/api.w.org\/{rel}","templated":true}]}}

<div class="wpb-content-wrapper"><p>[vc_row][vc_column]<div class="wl_einzelbild"><p><img loading="lazy" decoding="async" class="alignnone size-full wp-image-nsm-3-19" src="https://weltlaeden.de/kiel/wp-content/uploads/sites/3/2016/11/Termine.jpg" alt="" width="1200" height="519" /></p></div>[vc_empty_space height=&#8220;30px&#8220;][vc_column_text]</p>
<h1>Termine</h1>
<h4></h4>
<p>[/vc_column_text][vc_empty_space height=&#8220;30px&#8220;][/vc_column][/vc_row][vc_row][vc_column width=&#8220;2/3&#8243;][vc_column_text]</p>
<h2>Kommende Termine</h2>
<p>[/vc_column_text]<ul class="termine-page current aktuell">[vc_empty_space height=&#8220;30px&#8220;][vc_column_text]</p>
<h2>Vergangene Termine</h2>
<p>[/vc_column_text]<ul class="termine-page past vergangen"><li><h5 class="termine-titel"><a href="https://weltlaeden.de/kiel/termin/mobilitaetsfest-auf-dem-tilsiter-platz/">Mobilitätsfest in  Schilksee, Olympiazentrum</a></h5><p class="termine-date">So., 15.09.2024, 11:00</p><p class="termine-auszug">ab 11.00 Uhr<strong> </strong>Kaffee, kühle Getränke, Radlerfrühstück</li><li><h5 class="termine-titel"><a href="https://weltlaeden.de/kiel/termin/14-8-strassenfest-holtenauer-strasse/">Straßenfest Holtenauer Straße</a></h5><p class="termine-date">So., 08.09.2024, 13:00</p><p class="termine-auszug">Wir schenken wieder Kaffee aus. Wer seinen eigenen Becher mitbringt bekommt den Kaffee kostenlos.</li><li><h5 class="termine-titel"><a href="https://weltlaeden.de/kiel/termin/kaffee-verbindet-oder/">Kaffee verbindet oder?</a></h5><p class="termine-date">Sa., 06.05.2023, 14:00</p><p class="termine-auszug">Lass uns über den Weg des Kaffees sprechen. Eintritt: Kostenfrei. Anmeldung per Mail unter <a href="mailto:m.kriwy@diakonie-sh.de">m.kriwy@diakonie-sh.de</a> oder direkt im Weltladen Kiel Bündnis Eine Welt Schleswig-Holstein e.V. (BEI), Brot für die Welt im Diakonischen Werk Schleswig-Holstein, Weltladen Kiel REFERENTIN Hannah Weber (Klimaschutzmanagerin Landkreis Lüneburg und Expertin für nachhaltige Kaffeewertschöpfung) Den Veranstaltungsflyer mit mehr Infos zur Veranstaltung kann man sich als PDF-Datei <a href="https://weltlaeden.de/kiel/wp-content/uploads/sites/27/2023/03/BEI_Kaffee_Flyer_final_WEB.pdf">hier</a> herunter laden.<p class=termine-ort"><small>Ort: <i>Weltladen Kiel, Wilhelminenstr. 51</i></small></p></li><li><h5 class="termine-titel"><a href="https://weltlaeden.de/kiel/termin/afrikatage-kiel/">Afrikatage Kiel</a></h5><p class="termine-date">Mo., 19.09.2022 bis 25.09.2022</p><p class="termine-auszug">Mehr Infos: <a href="https://weltlaeden.de/kiel/wp-content/uploads/sites/27/2022/07/Save-the-date-Afrikatage-Kiel-2022pdf.pdf">Save the date Afrikatage-Kiel 2022pdf</a></li><li><h5 class="termine-titel"><a href="https://weltlaeden.de/kiel/termin/28-8-mobilitaetstag/">28. 8. Mobilitätstag</a></h5><p class="termine-date">Mi., 08.06.2022 bis 28.08.2022</p><p class="termine-auszug">Am 28. August wird erneut das beliebte Kieler Mobilitätsfest veranstaltet und es gibt einige großartige Erweiterungen. Denn in diesem Jahr findet das Fest auf beiden Seiten der Förde statt. Wie in den Vorjahren werden an und um die Reventloubrücke viele Stände und Attraktionen präsentiert. Doch auch am Anleger Dietrichsdorf werden mit Aktionen, Ständen und Verpflegung die Besucher und Besucherinnen überrascht, u.a. gibt es an beiden Orten neue Mobilitätsstationen. Verbunden werden die beiden Anleger mit einer E-Fähre, die in kurzer Taktung die Gäste abgasfrei hin- und hertransportiert.</li><li><h5 class="termine-titel"><a href="https://weltlaeden.de/kiel/termin/afrikatag-kiel/">Afrikatag &#8211; Kiel</a></h5><p class="termine-date">Sa., 25.05.2019, 12:00</p><p class="termine-auszug"><p class=termine-ort"><small>Ort: <i>Audimax der CAU Kiel, Christian-Albrechtsplatz 4, 24118 Kiel</i></small></p></li><li><h5 class="termine-titel"><a href="https://weltlaeden.de/kiel/termin/faires-fruehstueck/">FAIRES FRÜHSTÜCK</a></h5><p class="termine-date">Sa., 20.10.2018, 10:00</p><p class="termine-auszug">Am 20. Oktober findet wieder unser " FAIRES FRÜHSTÜCK " in gemütlicher Runde in unserem Weltladen statt. - Leckeres Frühstück gegen eine faire Spende für den Weltladen - Geschmaust werden darf von 10 - 14 Uhr.</li><li><h5 class="termine-titel"><a href="https://weltlaeden.de/kiel/termin/7-wochen-7-tueten/">7 Wochen &#8211; 7 Tüten vom 14. Februar bis zum 1.04. 2018</a></h5><p class="termine-date">So., 01.04.2018, 15:23</p><p class="termine-auszug">Die besondere Fastenaktion Der Weltladen Kiel bietet wieder von Aschermittwoch bis Ostern die Möglichkeit, jede Woche eine von uns zusammengestellte Einkaufstüte mit Fairen Produkten auszuprobieren. Nutzen Sie diese Zeit um Ihre Konsumgewohnheiten unter die Lupe zu nehmen. Lassen Sie sich anregen, achtsamer einzukaufen, das Lebensmittel nicht nur als ein Produkt der Notwendigkeit zu sehen sondern es genau so achten wie auch die Menschen die uns täglich damit versorgen. So funktioniert es: Einfach bei uns im Weltladen zur Aktion anmelden, und jede Woche die für Sie persönlich gepackte Tüte mit fair gehandelten Produkten abholen.Die 7 Tüten werden bei der Anmeldung bzw. bei der Abholung der ersten Tüte im Voraus bezahlt. Anmeldung bis zum 02.02.2018 erbeten; Anmeldung bei uns im Laden oder per E-mail: <a href="mailto:info@weltladen-kiel.de">info@weltladen-kiel.de</a> Kosten pro Tüte: 10,00 € (7 Tüten 70,00 €) Es besteht auch die Möglichkeit einzelne Tüten zu bestellen ( z.B: für Woche 1, 3 …) Weltladen [...] <a href="https://weltlaeden.de/kiel/termin/7-wochen-7-tueten/"><small>[WEITERLESEN]</small></a></p></li></ul>[/vc_column][/vc_row]</p>
</div>
