{"id":983,"date":"2025-12-01T09:00:00","date_gmt":"2025-12-01T08:00:00","guid":{"rendered":"https:\/\/weltlaeden.de\/katzenelnbogen\/?page_id=983"},"modified":"2025-11-27T12:07:09","modified_gmt":"2025-11-27T11:07:09","slug":"schon-im-alten-rom-beliebt-das-fruchtig-pikante-olivenoel-des-rumi-baumes","status":"publish","type":"page","link":"https:\/\/weltlaeden.de\/katzenelnbogen\/produkte\/schon-im-alten-rom-beliebt-das-fruchtig-pikante-olivenoel-des-rumi-baumes\/","title":{"rendered":"Schon im alten Rom beliebt &#8211; das fruchtig-pikante Oliven\u00f6l des Rumi-Baumes"},"content":{"rendered":"<div class=\"wpb-content-wrapper\"><p>[vc_row][vc_column]<div class=\"wl_einzelbild\"><p><img loading=\"lazy\" decoding=\"async\" class=\"alignnone size-medium wp-image-984\" src=\"https:\/\/weltlaeden.de\/katzenelnbogen\/wp-content\/uploads\/sites\/229\/2025\/11\/image02-240x300.png\" alt=\"\" width=\"240\" height=\"300\" \/><\/p><\/div>[\/vc_column][\/vc_row][vc_row][vc_column][vc_empty_space][\/vc_column][\/vc_row][vc_row][vc_column][vc_column_text css=&#8220;&#8220;]<strong><em>Blitzlicht Produkte<\/em><\/strong><\/p>\n<h1>Schon im alten Rom beliebt &#8211; das fruchtig-pikante Oliven\u00f6l des Rumi-Baumes<\/h1>\n<p>Schon zu Zeiten des R\u00f6mischen Reiches sch\u00e4tzten die Menschen in Pal\u00e4stina Fr\u00fcchte und Oliven\u00f6l des Rumi-Baumes. Von Generation zu Generation weitervererbt, sind die \u00e4ltesten Rumi-B\u00e4ume heute \u00fcber 1.000 Jahre alt und werden wie alters her ausschlie\u00dflich von Hand gepflegt und geerntet. Durch die sorgf\u00e4ltige Verarbeitung und Kaltpressung bleibt das typisch fruchtig-pikante Aroma der Rumi-Olive im \u00d6l erhalten. Ein Bio-Oliven\u00f6l von Kleinbauern der Fairhandelsorganisation Canaan Fair Trade\/Pal\u00e4stina. Im ansprechenden Jerusalem-Design des pal\u00e4stinensischen K\u00fcnstlers Ibrahim Shalaby ist dieses Oliven\u00f6l f\u00fcr alle Sinne ein Genuss.<\/p>\n<p>Canaan Fair Trade f\u00f6rdert benachteiligte pal\u00e4stinensische Gemeinschaften durch den Vertrieb von Naturland Fair zertifiziertem Oliven\u00f6l, Mandeln und anderen K\u00f6stlichkeiten. \u00dcber 1.600 Kleinbauernfamilien k\u00f6nnen dadurch ihren Lebensunterhalt und ihre Kultur aufrechterhalten. Mit fairen Preisen entlang der gesamten Wertsch\u00f6pfungskette erm\u00f6glicht Canaan eine nachhaltige Verbesserung des Lebensstandards.<\/p>\n<p><strong>Diesen Genuss f\u00fcr alle Sinne findest Du bei uns im Weltladen.<\/strong><\/p>\n<p>[\/vc_column_text][\/vc_column][\/vc_row]<\/p>\n<\/div>","protected":false},"excerpt":{"rendered":"<p>[vc_row][vc_column][\/vc_column][\/vc_row][vc_row][vc_column][vc_empty_space][\/vc_column][\/vc_row][vc_row][vc_column][vc_column_text css=&#8220;&#8220;]Blitzlicht Produkte Schon im alten Rom beliebt &#8211; das fruchtig-pikante Oliven\u00f6l des Rumi-Baumes Schon zu Zeiten des R\u00f6mischen Reiches sch\u00e4tzten die Menschen in Pal\u00e4stina Fr\u00fcchte und Oliven\u00f6l des Rumi-Baumes. Von Generation zu Generation weitervererbt, sind die \u00e4ltesten Rumi-B\u00e4ume heute \u00fcber 1.000 Jahre alt und werden wie alters her ausschlie\u00dflich von Hand gepflegt und geerntet.&hellip;<\/p>\n","protected":false},"author":340,"featured_media":0,"parent":217,"menu_order":3,"comment_status":"closed","ping_status":"closed","template":"","meta":{"footnotes":""},"class_list":["post-983","page","type-page","status-publish","hentry","description-off"],"yoast_head":"<!-- This site is optimized with the Yoast SEO plugin v26.8 - https:\/\/yoast.com\/product\/yoast-seo-wordpress\/ -->\n<title>Schon im alten Rom beliebt - das fruchtig-pikante Oliven\u00f6l des Rumi-Baumes - Weltladen Katzenelnbogen<\/title>\n<meta name=\"robots\" content=\"index, follow, max-snippet:-1, max-image-preview:large, max-video-preview:-1\" \/>\n<link rel=\"canonical\" href=\"https:\/\/weltlaeden.de\/katzenelnbogen\/produkte\/schon-im-alten-rom-beliebt-das-fruchtig-pikante-olivenoel-des-rumi-baumes\/\" \/>\n<meta property=\"og:locale\" content=\"de_DE\" \/>\n<meta property=\"og:type\" content=\"article\" \/>\n<meta property=\"og:title\" content=\"Schon im alten Rom beliebt - das fruchtig-pikante Oliven\u00f6l des Rumi-Baumes - Weltladen Katzenelnbogen\" \/>\n<meta property=\"og:description\" content=\"[vc_row][vc_column][\/vc_column][\/vc_row][vc_row][vc_column][vc_empty_space][\/vc_column][\/vc_row][vc_row][vc_column][vc_column_text css=&#8220;&#8220;]Blitzlicht Produkte Schon im alten Rom beliebt &#8211; das fruchtig-pikante Oliven\u00f6l des Rumi-Baumes Schon zu Zeiten des R\u00f6mischen Reiches sch\u00e4tzten die Menschen in Pal\u00e4stina Fr\u00fcchte und Oliven\u00f6l des Rumi-Baumes. Von Generation zu Generation weitervererbt, sind die \u00e4ltesten Rumi-B\u00e4ume heute \u00fcber 1.000 Jahre alt und werden wie alters her ausschlie\u00dflich von Hand gepflegt und geerntet.&hellip;\" \/>\n<meta property=\"og:url\" content=\"https:\/\/weltlaeden.de\/katzenelnbogen\/produkte\/schon-im-alten-rom-beliebt-das-fruchtig-pikante-olivenoel-des-rumi-baumes\/\" \/>\n<meta property=\"og:site_name\" content=\"Weltladen Katzenelnbogen\" \/>\n<meta property=\"og:image\" content=\"https:\/\/weltlaeden.de\/katzenelnbogen\/wp-content\/uploads\/sites\/229\/2025\/11\/image02-e1764242087167.png\" \/>\n\t<meta property=\"og:image:width\" content=\"188\" \/>\n\t<meta property=\"og:image:height\" content=\"235\" \/>\n\t<meta property=\"og:image:type\" content=\"image\/png\" \/>\n<meta name=\"twitter:card\" content=\"summary_large_image\" \/>\n<meta name=\"twitter:label1\" content=\"Gesch\u00e4tzte Lesezeit\" \/>\n\t<meta name=\"twitter:data1\" content=\"2\u00a0Minuten\" \/>\n<script type=\"application\/ld+json\" class=\"yoast-schema-graph\">{\"@context\":\"https:\/\/schema.org\",\"@graph\":[{\"@type\":\"WebPage\",\"@id\":\"https:\/\/weltlaeden.de\/katzenelnbogen\/produkte\/schon-im-alten-rom-beliebt-das-fruchtig-pikante-olivenoel-des-rumi-baumes\/\",\"url\":\"https:\/\/weltlaeden.de\/katzenelnbogen\/produkte\/schon-im-alten-rom-beliebt-das-fruchtig-pikante-olivenoel-des-rumi-baumes\/\",\"name\":\"Schon im alten Rom beliebt - das fruchtig-pikante Oliven\u00f6l des Rumi-Baumes - Weltladen Katzenelnbogen\",\"isPartOf\":{\"@id\":\"https:\/\/weltlaeden.de\/katzenelnbogen\/#website\"},\"primaryImageOfPage\":{\"@id\":\"https:\/\/weltlaeden.de\/katzenelnbogen\/produkte\/schon-im-alten-rom-beliebt-das-fruchtig-pikante-olivenoel-des-rumi-baumes\/#primaryimage\"},\"image\":{\"@id\":\"https:\/\/weltlaeden.de\/katzenelnbogen\/produkte\/schon-im-alten-rom-beliebt-das-fruchtig-pikante-olivenoel-des-rumi-baumes\/#primaryimage\"},\"thumbnailUrl\":\"https:\/\/weltlaeden.de\/katzenelnbogen\/wp-content\/uploads\/sites\/229\/2025\/11\/image02-240x300.png\",\"datePublished\":\"2025-12-01T08:00:00+00:00\",\"breadcrumb\":{\"@id\":\"https:\/\/weltlaeden.de\/katzenelnbogen\/produkte\/schon-im-alten-rom-beliebt-das-fruchtig-pikante-olivenoel-des-rumi-baumes\/#breadcrumb\"},\"inLanguage\":\"de\",\"potentialAction\":[{\"@type\":\"ReadAction\",\"target\":[\"https:\/\/weltlaeden.de\/katzenelnbogen\/produkte\/schon-im-alten-rom-beliebt-das-fruchtig-pikante-olivenoel-des-rumi-baumes\/\"]}]},{\"@type\":\"ImageObject\",\"inLanguage\":\"de\",\"@id\":\"https:\/\/weltlaeden.de\/katzenelnbogen\/produkte\/schon-im-alten-rom-beliebt-das-fruchtig-pikante-olivenoel-des-rumi-baumes\/#primaryimage\",\"url\":\"https:\/\/weltlaeden.de\/katzenelnbogen\/wp-content\/uploads\/sites\/229\/2025\/11\/image02-e1764242087167.png\",\"contentUrl\":\"https:\/\/weltlaeden.de\/katzenelnbogen\/wp-content\/uploads\/sites\/229\/2025\/11\/image02-e1764242087167.png\",\"width\":188,\"height\":235},{\"@type\":\"BreadcrumbList\",\"@id\":\"https:\/\/weltlaeden.de\/katzenelnbogen\/produkte\/schon-im-alten-rom-beliebt-das-fruchtig-pikante-olivenoel-des-rumi-baumes\/#breadcrumb\",\"itemListElement\":[{\"@type\":\"ListItem\",\"position\":1,\"name\":\"Startseite\",\"item\":\"https:\/\/weltlaeden.de\/katzenelnbogen\/\"},{\"@type\":\"ListItem\",\"position\":2,\"name\":\"Produkte\",\"item\":\"https:\/\/weltlaeden.de\/katzenelnbogen\/produkte\/\"},{\"@type\":\"ListItem\",\"position\":3,\"name\":\"Schon im alten Rom beliebt &#8211; das fruchtig-pikante Oliven\u00f6l des Rumi-Baumes\"}]},{\"@type\":\"WebSite\",\"@id\":\"https:\/\/weltlaeden.de\/katzenelnbogen\/#website\",\"url\":\"https:\/\/weltlaeden.de\/katzenelnbogen\/\",\"name\":\"Weltladen Katzenelnbogen\",\"description\":\"Faire Produkte seit 1990\",\"potentialAction\":[{\"@type\":\"SearchAction\",\"target\":{\"@type\":\"EntryPoint\",\"urlTemplate\":\"https:\/\/weltlaeden.de\/katzenelnbogen\/?s={search_term_string}\"},\"query-input\":{\"@type\":\"PropertyValueSpecification\",\"valueRequired\":true,\"valueName\":\"search_term_string\"}}],\"inLanguage\":\"de\"}]}<\/script>\n<!-- \/ Yoast SEO plugin. -->","yoast_head_json":{"title":"Schon im alten Rom beliebt - das fruchtig-pikante Oliven\u00f6l des Rumi-Baumes - Weltladen Katzenelnbogen","robots":{"index":"index","follow":"follow","max-snippet":"max-snippet:-1","max-image-preview":"max-image-preview:large","max-video-preview":"max-video-preview:-1"},"canonical":"https:\/\/weltlaeden.de\/katzenelnbogen\/produkte\/schon-im-alten-rom-beliebt-das-fruchtig-pikante-olivenoel-des-rumi-baumes\/","og_locale":"de_DE","og_type":"article","og_title":"Schon im alten Rom beliebt - das fruchtig-pikante Oliven\u00f6l des Rumi-Baumes - Weltladen Katzenelnbogen","og_description":"[vc_row][vc_column][\/vc_column][\/vc_row][vc_row][vc_column][vc_empty_space][\/vc_column][\/vc_row][vc_row][vc_column][vc_column_text css=&#8220;&#8220;]Blitzlicht Produkte Schon im alten Rom beliebt &#8211; das fruchtig-pikante Oliven\u00f6l des Rumi-Baumes Schon zu Zeiten des R\u00f6mischen Reiches sch\u00e4tzten die Menschen in Pal\u00e4stina Fr\u00fcchte und Oliven\u00f6l des Rumi-Baumes. Von Generation zu Generation weitervererbt, sind die \u00e4ltesten Rumi-B\u00e4ume heute \u00fcber 1.000 Jahre alt und werden wie alters her ausschlie\u00dflich von Hand gepflegt und geerntet.&hellip;","og_url":"https:\/\/weltlaeden.de\/katzenelnbogen\/produkte\/schon-im-alten-rom-beliebt-das-fruchtig-pikante-olivenoel-des-rumi-baumes\/","og_site_name":"Weltladen Katzenelnbogen","og_image":[{"width":188,"height":235,"url":"https:\/\/weltlaeden.de\/katzenelnbogen\/wp-content\/uploads\/sites\/229\/2025\/11\/image02-e1764242087167.png","type":"image\/png"}],"twitter_card":"summary_large_image","twitter_misc":{"Gesch\u00e4tzte Lesezeit":"2\u00a0Minuten"},"schema":{"@context":"https:\/\/schema.org","@graph":[{"@type":"WebPage","@id":"https:\/\/weltlaeden.de\/katzenelnbogen\/produkte\/schon-im-alten-rom-beliebt-das-fruchtig-pikante-olivenoel-des-rumi-baumes\/","url":"https:\/\/weltlaeden.de\/katzenelnbogen\/produkte\/schon-im-alten-rom-beliebt-das-fruchtig-pikante-olivenoel-des-rumi-baumes\/","name":"Schon im alten Rom beliebt - das fruchtig-pikante Oliven\u00f6l des Rumi-Baumes - Weltladen Katzenelnbogen","isPartOf":{"@id":"https:\/\/weltlaeden.de\/katzenelnbogen\/#website"},"primaryImageOfPage":{"@id":"https:\/\/weltlaeden.de\/katzenelnbogen\/produkte\/schon-im-alten-rom-beliebt-das-fruchtig-pikante-olivenoel-des-rumi-baumes\/#primaryimage"},"image":{"@id":"https:\/\/weltlaeden.de\/katzenelnbogen\/produkte\/schon-im-alten-rom-beliebt-das-fruchtig-pikante-olivenoel-des-rumi-baumes\/#primaryimage"},"thumbnailUrl":"https:\/\/weltlaeden.de\/katzenelnbogen\/wp-content\/uploads\/sites\/229\/2025\/11\/image02-240x300.png","datePublished":"2025-12-01T08:00:00+00:00","breadcrumb":{"@id":"https:\/\/weltlaeden.de\/katzenelnbogen\/produkte\/schon-im-alten-rom-beliebt-das-fruchtig-pikante-olivenoel-des-rumi-baumes\/#breadcrumb"},"inLanguage":"de","potentialAction":[{"@type":"ReadAction","target":["https:\/\/weltlaeden.de\/katzenelnbogen\/produkte\/schon-im-alten-rom-beliebt-das-fruchtig-pikante-olivenoel-des-rumi-baumes\/"]}]},{"@type":"ImageObject","inLanguage":"de","@id":"https:\/\/weltlaeden.de\/katzenelnbogen\/produkte\/schon-im-alten-rom-beliebt-das-fruchtig-pikante-olivenoel-des-rumi-baumes\/#primaryimage","url":"https:\/\/weltlaeden.de\/katzenelnbogen\/wp-content\/uploads\/sites\/229\/2025\/11\/image02-e1764242087167.png","contentUrl":"https:\/\/weltlaeden.de\/katzenelnbogen\/wp-content\/uploads\/sites\/229\/2025\/11\/image02-e1764242087167.png","width":188,"height":235},{"@type":"BreadcrumbList","@id":"https:\/\/weltlaeden.de\/katzenelnbogen\/produkte\/schon-im-alten-rom-beliebt-das-fruchtig-pikante-olivenoel-des-rumi-baumes\/#breadcrumb","itemListElement":[{"@type":"ListItem","position":1,"name":"Startseite","item":"https:\/\/weltlaeden.de\/katzenelnbogen\/"},{"@type":"ListItem","position":2,"name":"Produkte","item":"https:\/\/weltlaeden.de\/katzenelnbogen\/produkte\/"},{"@type":"ListItem","position":3,"name":"Schon im alten Rom beliebt &#8211; das fruchtig-pikante Oliven\u00f6l des Rumi-Baumes"}]},{"@type":"WebSite","@id":"https:\/\/weltlaeden.de\/katzenelnbogen\/#website","url":"https:\/\/weltlaeden.de\/katzenelnbogen\/","name":"Weltladen Katzenelnbogen","description":"Faire Produkte seit 1990","potentialAction":[{"@type":"SearchAction","target":{"@type":"EntryPoint","urlTemplate":"https:\/\/weltlaeden.de\/katzenelnbogen\/?s={search_term_string}"},"query-input":{"@type":"PropertyValueSpecification","valueRequired":true,"valueName":"search_term_string"}}],"inLanguage":"de"}]}},"_links":{"self":[{"href":"https:\/\/weltlaeden.de\/katzenelnbogen\/wp-json\/wp\/v2\/pages\/983","targetHints":{"allow":["GET"]}}],"collection":[{"href":"https:\/\/weltlaeden.de\/katzenelnbogen\/wp-json\/wp\/v2\/pages"}],"about":[{"href":"https:\/\/weltlaeden.de\/katzenelnbogen\/wp-json\/wp\/v2\/types\/page"}],"author":[{"embeddable":true,"href":"https:\/\/weltlaeden.de\/katzenelnbogen\/wp-json\/wp\/v2\/users\/340"}],"replies":[{"embeddable":true,"href":"https:\/\/weltlaeden.de\/katzenelnbogen\/wp-json\/wp\/v2\/comments?post=983"}],"version-history":[{"count":1,"href":"https:\/\/weltlaeden.de\/katzenelnbogen\/wp-json\/wp\/v2\/pages\/983\/revisions"}],"predecessor-version":[{"id":985,"href":"https:\/\/weltlaeden.de\/katzenelnbogen\/wp-json\/wp\/v2\/pages\/983\/revisions\/985"}],"up":[{"embeddable":true,"href":"https:\/\/weltlaeden.de\/katzenelnbogen\/wp-json\/wp\/v2\/pages\/217"}],"wp:attachment":[{"href":"https:\/\/weltlaeden.de\/katzenelnbogen\/wp-json\/wp\/v2\/media?parent=983"}],"curies":[{"name":"wp","href":"https:\/\/api.w.org\/{rel}","templated":true}]}}