{"id":801,"date":"2025-10-01T09:00:19","date_gmt":"2025-10-01T07:00:19","guid":{"rendered":"https:\/\/weltlaeden.de\/katzenelnbogen\/produkte\/limos-von-copermate-und-coopecanera-2\/"},"modified":"2025-10-01T09:53:31","modified_gmt":"2025-10-01T07:53:31","slug":"dattelschokoladechoco4change","status":"publish","type":"page","link":"https:\/\/weltlaeden.de\/katzenelnbogen\/produkte\/dattelschokoladechoco4change\/","title":{"rendered":"Dattelschokolade #Choco4Change Vegan"},"content":{"rendered":"<div class=\"wpb-content-wrapper\"><p>[vc_row][vc_column]<div class=\"wl_einzelbild\"><p><img loading=\"lazy\" decoding=\"async\" class=\"alignnone size-medium wp-image-805\" src=\"https:\/\/weltlaeden.de\/katzenelnbogen\/wp-content\/uploads\/sites\/229\/2025\/07\/Choco4Change_Vegan_9G8A9507-3_C-Schreer_big-e1752061665333-300x300.jpg\" alt=\"\" width=\"300\" height=\"300\" \/><\/p><\/div>[\/vc_column][\/vc_row][vc_row][vc_column][vc_empty_space][\/vc_column][\/vc_row][vc_row][vc_column][vc_column_text css=&#8220;&#8220;]<span style=\"color: #808080\"><strong><em>Blitzlicht Produkte<\/em><\/strong><\/span><\/p>\n<h1 class=\"text-center h2\">Dattelschokolade #<abbr lang=\"en\" title=\"Choco For Change - Schokolade f\u00fcr Ver\u00e4nderung\">Choco4Change<\/abbr> Vegan<\/h1>\n<p>Seit 2024 gibt es von der GEPA diese vegane Klimaschokolade, die ihre S\u00fc\u00dfe allein aus Datteln bezieht. Klimaschokolade deshalb, da 20 Cent jeder verkauften Tafel #<abbr lang=\"en\" title=\"Choco For Change - Schokolade f\u00fcr Ver\u00e4nderung\">Choco4Change Vegan<\/abbr> unter dem Motto \u201eDein Beitrag\u201c in Klimaschutzprojekte einflie\u00dfen. So unterst\u00fctzen die Konsument*innen die Produzent*innen zus\u00e4tzlich zum Fairen Handel und Bio-Anbau dabei, die Herausforderungen der Klimakrise zu bew\u00e4ltigen. Dieser Zusatzbetrag flie\u00dft zum GEPA Handelspartner CECAQ-11 auf S\u00e3o Tom\u00e9. Daraus finanziert die Organisation die Aufforstung und Pflege von drei W\u00e4ldern sowie drei Baumschulen. Die Setzlinge werden zudem an die Kakaob\u00e4uer*innen verschenkt. Gerne im Laden ausprobieren und sich von der nat\u00fcrlichen S\u00fc\u00dfe der gemahlenen Datteln, dem feinen Geschmack der behutsam conchierten Schokoladenmasse und dem hohen Kakaoanteil dieser veganen Schokolade \u00fcberzeugen sowie gleichzeitig dieses wichtige Klimaprojekt unterst\u00fctzen.<\/p>\n<h4>Die bio-faire Dattelschokolade #<abbr lang=\"en\" title=\"Choco For Change - Schokolade f\u00fcr Ver\u00e4nderung\">Choco4Change<\/abbr> Vegan:<br \/>\nSt\u00fcck f\u00fcr St\u00fcck zu mehr Klimagerechtigkeit.<\/h4>\n<p><strong>\u00a0<\/strong><\/p>\n<p>&nbsp;<\/p>\n<p>[\/vc_column_text][\/vc_column][\/vc_row]<\/p>\n<\/div>","protected":false},"excerpt":{"rendered":"<p>[vc_row][vc_column][\/vc_column][\/vc_row][vc_row][vc_column][vc_empty_space][\/vc_column][\/vc_row][vc_row][vc_column][vc_column_text css=&#8220;&#8220;]Blitzlicht Produkte Dattelschokolade #Choco4Change Vegan Seit 2024 gibt es von der GEPA diese vegane Klimaschokolade, die ihre S\u00fc\u00dfe allein aus Datteln bezieht. Klimaschokolade deshalb, da 20 Cent jeder verkauften Tafel #Choco4Change Vegan unter dem Motto \u201eDein Beitrag\u201c in Klimaschutzprojekte einflie\u00dfen. So unterst\u00fctzen die Konsument*innen die Produzent*innen zus\u00e4tzlich zum Fairen Handel und Bio-Anbau dabei, die&hellip;<\/p>\n","protected":false},"author":340,"featured_media":0,"parent":217,"menu_order":6,"comment_status":"closed","ping_status":"closed","template":"","meta":{"footnotes":""},"class_list":["post-801","page","type-page","status-publish","hentry","description-off"],"yoast_head":"<!-- This site is optimized with the Yoast SEO plugin v26.8 - https:\/\/yoast.com\/product\/yoast-seo-wordpress\/ -->\n<title>Dattelschokolade #Choco4Change Vegan - Weltladen Katzenelnbogen<\/title>\n<meta name=\"robots\" content=\"index, follow, max-snippet:-1, max-image-preview:large, max-video-preview:-1\" \/>\n<link rel=\"canonical\" href=\"https:\/\/weltlaeden.de\/katzenelnbogen\/produkte\/dattelschokoladechoco4change\/\" \/>\n<meta property=\"og:locale\" content=\"de_DE\" \/>\n<meta property=\"og:type\" content=\"article\" \/>\n<meta property=\"og:title\" content=\"Dattelschokolade #Choco4Change Vegan - Weltladen Katzenelnbogen\" \/>\n<meta property=\"og:description\" content=\"[vc_row][vc_column][\/vc_column][\/vc_row][vc_row][vc_column][vc_empty_space][\/vc_column][\/vc_row][vc_row][vc_column][vc_column_text css=&#8220;&#8220;]Blitzlicht Produkte Dattelschokolade #Choco4Change Vegan Seit 2024 gibt es von der GEPA diese vegane Klimaschokolade, die ihre S\u00fc\u00dfe allein aus Datteln bezieht. Klimaschokolade deshalb, da 20 Cent jeder verkauften Tafel #Choco4Change Vegan unter dem Motto \u201eDein Beitrag\u201c in Klimaschutzprojekte einflie\u00dfen. So unterst\u00fctzen die Konsument*innen die Produzent*innen zus\u00e4tzlich zum Fairen Handel und Bio-Anbau dabei, die&hellip;\" \/>\n<meta property=\"og:url\" content=\"https:\/\/weltlaeden.de\/katzenelnbogen\/produkte\/dattelschokoladechoco4change\/\" \/>\n<meta property=\"og:site_name\" content=\"Weltladen Katzenelnbogen\" \/>\n<meta property=\"article:modified_time\" content=\"2025-10-01T07:53:31+00:00\" \/>\n<meta property=\"og:image\" content=\"https:\/\/weltlaeden.de\/katzenelnbogen\/wp-content\/uploads\/sites\/229\/2025\/07\/Choco4Change_Vegan_9G8A9507-3_C-Schreer_big-e1752062376799.jpg\" \/>\n\t<meta property=\"og:image:width\" content=\"222\" \/>\n\t<meta property=\"og:image:height\" content=\"235\" \/>\n\t<meta property=\"og:image:type\" content=\"image\/jpeg\" \/>\n<meta name=\"twitter:card\" content=\"summary_large_image\" \/>\n<meta name=\"twitter:label1\" content=\"Gesch\u00e4tzte Lesezeit\" \/>\n\t<meta name=\"twitter:data1\" content=\"1\u00a0Minute\" \/>\n<script type=\"application\/ld+json\" class=\"yoast-schema-graph\">{\"@context\":\"https:\/\/schema.org\",\"@graph\":[{\"@type\":\"WebPage\",\"@id\":\"https:\/\/weltlaeden.de\/katzenelnbogen\/produkte\/dattelschokoladechoco4change\/\",\"url\":\"https:\/\/weltlaeden.de\/katzenelnbogen\/produkte\/dattelschokoladechoco4change\/\",\"name\":\"Dattelschokolade #Choco4Change Vegan - Weltladen Katzenelnbogen\",\"isPartOf\":{\"@id\":\"https:\/\/weltlaeden.de\/katzenelnbogen\/#website\"},\"primaryImageOfPage\":{\"@id\":\"https:\/\/weltlaeden.de\/katzenelnbogen\/produkte\/dattelschokoladechoco4change\/#primaryimage\"},\"image\":{\"@id\":\"https:\/\/weltlaeden.de\/katzenelnbogen\/produkte\/dattelschokoladechoco4change\/#primaryimage\"},\"thumbnailUrl\":\"https:\/\/weltlaeden.de\/katzenelnbogen\/wp-content\/uploads\/sites\/229\/2025\/07\/Choco4Change_Vegan_9G8A9507-3_C-Schreer_big-e1752061665333-300x300.jpg\",\"datePublished\":\"2025-10-01T07:00:19+00:00\",\"dateModified\":\"2025-10-01T07:53:31+00:00\",\"breadcrumb\":{\"@id\":\"https:\/\/weltlaeden.de\/katzenelnbogen\/produkte\/dattelschokoladechoco4change\/#breadcrumb\"},\"inLanguage\":\"de\",\"potentialAction\":[{\"@type\":\"ReadAction\",\"target\":[\"https:\/\/weltlaeden.de\/katzenelnbogen\/produkte\/dattelschokoladechoco4change\/\"]}]},{\"@type\":\"ImageObject\",\"inLanguage\":\"de\",\"@id\":\"https:\/\/weltlaeden.de\/katzenelnbogen\/produkte\/dattelschokoladechoco4change\/#primaryimage\",\"url\":\"https:\/\/weltlaeden.de\/katzenelnbogen\/wp-content\/uploads\/sites\/229\/2025\/07\/Choco4Change_Vegan_9G8A9507-3_C-Schreer_big-e1752062376799.jpg\",\"contentUrl\":\"https:\/\/weltlaeden.de\/katzenelnbogen\/wp-content\/uploads\/sites\/229\/2025\/07\/Choco4Change_Vegan_9G8A9507-3_C-Schreer_big-e1752062376799.jpg\",\"width\":222,\"height\":235},{\"@type\":\"BreadcrumbList\",\"@id\":\"https:\/\/weltlaeden.de\/katzenelnbogen\/produkte\/dattelschokoladechoco4change\/#breadcrumb\",\"itemListElement\":[{\"@type\":\"ListItem\",\"position\":1,\"name\":\"Startseite\",\"item\":\"https:\/\/weltlaeden.de\/katzenelnbogen\/\"},{\"@type\":\"ListItem\",\"position\":2,\"name\":\"Produkte\",\"item\":\"https:\/\/weltlaeden.de\/katzenelnbogen\/produkte\/\"},{\"@type\":\"ListItem\",\"position\":3,\"name\":\"Dattelschokolade #Choco4Change Vegan\"}]},{\"@type\":\"WebSite\",\"@id\":\"https:\/\/weltlaeden.de\/katzenelnbogen\/#website\",\"url\":\"https:\/\/weltlaeden.de\/katzenelnbogen\/\",\"name\":\"Weltladen Katzenelnbogen\",\"description\":\"Faire Produkte seit 1990\",\"potentialAction\":[{\"@type\":\"SearchAction\",\"target\":{\"@type\":\"EntryPoint\",\"urlTemplate\":\"https:\/\/weltlaeden.de\/katzenelnbogen\/?s={search_term_string}\"},\"query-input\":{\"@type\":\"PropertyValueSpecification\",\"valueRequired\":true,\"valueName\":\"search_term_string\"}}],\"inLanguage\":\"de\"}]}<\/script>\n<!-- \/ Yoast SEO plugin. -->","yoast_head_json":{"title":"Dattelschokolade #Choco4Change Vegan - Weltladen Katzenelnbogen","robots":{"index":"index","follow":"follow","max-snippet":"max-snippet:-1","max-image-preview":"max-image-preview:large","max-video-preview":"max-video-preview:-1"},"canonical":"https:\/\/weltlaeden.de\/katzenelnbogen\/produkte\/dattelschokoladechoco4change\/","og_locale":"de_DE","og_type":"article","og_title":"Dattelschokolade #Choco4Change Vegan - Weltladen Katzenelnbogen","og_description":"[vc_row][vc_column][\/vc_column][\/vc_row][vc_row][vc_column][vc_empty_space][\/vc_column][\/vc_row][vc_row][vc_column][vc_column_text css=&#8220;&#8220;]Blitzlicht Produkte Dattelschokolade #Choco4Change Vegan Seit 2024 gibt es von der GEPA diese vegane Klimaschokolade, die ihre S\u00fc\u00dfe allein aus Datteln bezieht. Klimaschokolade deshalb, da 20 Cent jeder verkauften Tafel #Choco4Change Vegan unter dem Motto \u201eDein Beitrag\u201c in Klimaschutzprojekte einflie\u00dfen. So unterst\u00fctzen die Konsument*innen die Produzent*innen zus\u00e4tzlich zum Fairen Handel und Bio-Anbau dabei, die&hellip;","og_url":"https:\/\/weltlaeden.de\/katzenelnbogen\/produkte\/dattelschokoladechoco4change\/","og_site_name":"Weltladen Katzenelnbogen","article_modified_time":"2025-10-01T07:53:31+00:00","og_image":[{"width":222,"height":235,"url":"https:\/\/weltlaeden.de\/katzenelnbogen\/wp-content\/uploads\/sites\/229\/2025\/07\/Choco4Change_Vegan_9G8A9507-3_C-Schreer_big-e1752062376799.jpg","type":"image\/jpeg"}],"twitter_card":"summary_large_image","twitter_misc":{"Gesch\u00e4tzte Lesezeit":"1\u00a0Minute"},"schema":{"@context":"https:\/\/schema.org","@graph":[{"@type":"WebPage","@id":"https:\/\/weltlaeden.de\/katzenelnbogen\/produkte\/dattelschokoladechoco4change\/","url":"https:\/\/weltlaeden.de\/katzenelnbogen\/produkte\/dattelschokoladechoco4change\/","name":"Dattelschokolade #Choco4Change Vegan - Weltladen Katzenelnbogen","isPartOf":{"@id":"https:\/\/weltlaeden.de\/katzenelnbogen\/#website"},"primaryImageOfPage":{"@id":"https:\/\/weltlaeden.de\/katzenelnbogen\/produkte\/dattelschokoladechoco4change\/#primaryimage"},"image":{"@id":"https:\/\/weltlaeden.de\/katzenelnbogen\/produkte\/dattelschokoladechoco4change\/#primaryimage"},"thumbnailUrl":"https:\/\/weltlaeden.de\/katzenelnbogen\/wp-content\/uploads\/sites\/229\/2025\/07\/Choco4Change_Vegan_9G8A9507-3_C-Schreer_big-e1752061665333-300x300.jpg","datePublished":"2025-10-01T07:00:19+00:00","dateModified":"2025-10-01T07:53:31+00:00","breadcrumb":{"@id":"https:\/\/weltlaeden.de\/katzenelnbogen\/produkte\/dattelschokoladechoco4change\/#breadcrumb"},"inLanguage":"de","potentialAction":[{"@type":"ReadAction","target":["https:\/\/weltlaeden.de\/katzenelnbogen\/produkte\/dattelschokoladechoco4change\/"]}]},{"@type":"ImageObject","inLanguage":"de","@id":"https:\/\/weltlaeden.de\/katzenelnbogen\/produkte\/dattelschokoladechoco4change\/#primaryimage","url":"https:\/\/weltlaeden.de\/katzenelnbogen\/wp-content\/uploads\/sites\/229\/2025\/07\/Choco4Change_Vegan_9G8A9507-3_C-Schreer_big-e1752062376799.jpg","contentUrl":"https:\/\/weltlaeden.de\/katzenelnbogen\/wp-content\/uploads\/sites\/229\/2025\/07\/Choco4Change_Vegan_9G8A9507-3_C-Schreer_big-e1752062376799.jpg","width":222,"height":235},{"@type":"BreadcrumbList","@id":"https:\/\/weltlaeden.de\/katzenelnbogen\/produkte\/dattelschokoladechoco4change\/#breadcrumb","itemListElement":[{"@type":"ListItem","position":1,"name":"Startseite","item":"https:\/\/weltlaeden.de\/katzenelnbogen\/"},{"@type":"ListItem","position":2,"name":"Produkte","item":"https:\/\/weltlaeden.de\/katzenelnbogen\/produkte\/"},{"@type":"ListItem","position":3,"name":"Dattelschokolade #Choco4Change Vegan"}]},{"@type":"WebSite","@id":"https:\/\/weltlaeden.de\/katzenelnbogen\/#website","url":"https:\/\/weltlaeden.de\/katzenelnbogen\/","name":"Weltladen Katzenelnbogen","description":"Faire Produkte seit 1990","potentialAction":[{"@type":"SearchAction","target":{"@type":"EntryPoint","urlTemplate":"https:\/\/weltlaeden.de\/katzenelnbogen\/?s={search_term_string}"},"query-input":{"@type":"PropertyValueSpecification","valueRequired":true,"valueName":"search_term_string"}}],"inLanguage":"de"}]}},"_links":{"self":[{"href":"https:\/\/weltlaeden.de\/katzenelnbogen\/wp-json\/wp\/v2\/pages\/801","targetHints":{"allow":["GET"]}}],"collection":[{"href":"https:\/\/weltlaeden.de\/katzenelnbogen\/wp-json\/wp\/v2\/pages"}],"about":[{"href":"https:\/\/weltlaeden.de\/katzenelnbogen\/wp-json\/wp\/v2\/types\/page"}],"author":[{"embeddable":true,"href":"https:\/\/weltlaeden.de\/katzenelnbogen\/wp-json\/wp\/v2\/users\/340"}],"replies":[{"embeddable":true,"href":"https:\/\/weltlaeden.de\/katzenelnbogen\/wp-json\/wp\/v2\/comments?post=801"}],"version-history":[{"count":5,"href":"https:\/\/weltlaeden.de\/katzenelnbogen\/wp-json\/wp\/v2\/pages\/801\/revisions"}],"predecessor-version":[{"id":812,"href":"https:\/\/weltlaeden.de\/katzenelnbogen\/wp-json\/wp\/v2\/pages\/801\/revisions\/812"}],"up":[{"embeddable":true,"href":"https:\/\/weltlaeden.de\/katzenelnbogen\/wp-json\/wp\/v2\/pages\/217"}],"wp:attachment":[{"href":"https:\/\/weltlaeden.de\/katzenelnbogen\/wp-json\/wp\/v2\/media?parent=801"}],"curies":[{"name":"wp","href":"https:\/\/api.w.org\/{rel}","templated":true}]}}